03-23 19:09:38.071 567 567 I ServiceManagement: Removing namespace from process name vendor.qti.hardware.soter@1.0-service to soter@1.0-service.
03-23 19:09:38.073 660 660 E PerMgrProxy: Starting pm-proxy service
03-23 19:09:38.074 567 567 E vendor.qti.hardware.soter@1.0-service: Registered SOTER HAL service success
03-23 19:09:38.089 559 559 W vendor.qti.gnss: type=1400 audit(0.0:51): avc: denied { read } for name="name" dev="sysfs" ino=40486 scontext=u:r:hal_gnss_qti:s0 tcontext=u:object_r:sysfs:s0 tclass=file permissive=0
03-23 19:09:38.091 650 673 E Sensors : sns_reg_la.c(85):reg read: offset 4864, num bytes: 52
03-23 19:09:38.092 595 622 D PerMgrSrv: modem state: is off-line, add client PM-PROXY-THREAD
03-23 19:09:38.092 595 622 D PerMgrSrv: PM-PROXY-THREAD registered
03-23 19:09:38.092 650 673 E Sensors : sns_reg_la.c(193):reg write: offset 4864, num bytes: 52
03-23 19:09:38.095 660 660 D PerMgrLib: PM-PROXY-THREAD successfully registered for modem
03-23 19:09:38.095 660 660 I PerMgrProxy: Casting proxy vote for modem
03-23 19:09:38.095 660 660 D PerMgrLib: PM-PROXY-THREAD voting for modem
03-23 19:09:38.095 595 622 D PerMgrSrv: PM-PROXY-THREAD voting for modem
03-23 19:09:38.096 595 622 D PerMgrSrv: modem new state: going on-line
03-23 19:09:38.096 595 622 D PerMgrSrv: modem num voters is 1
03-23 19:09:38.096 660 660 I PerMgrProxy: pm-proxy-thread vote successful for modem
03-23 19:09:38.096 650 673 E Sensors : sns_reg_la.c(193):reg write: offset 4864, num bytes: 52
03-23 19:09:38.100 650 673 E Sensors : sns_reg_la.c(85):reg read: offset 16896, num bytes: 14
03-23 19:09:38.100 559 559 E libmdmdetect: Failed to open /sys/bus/msm_subsys/devices/subsys3/name: Permission denied
03-23 19:09:38.101 489 675 I Cryptfs : cryptfs_check_passwd
03-23 19:09:38.104 608 608 D vndksupport: Loading /vendor/lib64/egl/libGLESv1_CM_adreno.so from current namespace instead of sphal namespace.
03-23 19:09:38.105 489 675 D : HW based disk encryption is enabled
03-23 19:09:38.106 650 673 E Sensors : sns_reg_la.c(85):reg read: offset 17152, num bytes: 14
03-23 19:09:38.106 650 673 E Sensors : sns_reg_la.c(85):reg read: offset 17408, num bytes: 14
03-23 19:09:38.106 650 673 E Sensors : sns_reg_la.c(85):reg read: offset 17664, num bytes: 14
03-23 19:09:38.106 650 673 E Sensors : sns_reg_la.c(85):reg read: offset 17920, num bytes: 14
03-23 19:09:38.106 650 673 E Sensors : sns_reg_la.c(85):reg read: offset 18176, num bytes: 14
03-23 19:09:38.107 650 673 E Sensors : sns_reg_la.c(85):reg read: offset 18432, num bytes: 14
03-23 19:09:38.107 650 673 E Sensors : sns_reg_la.c(85):reg read: offset 18688, num bytes: 14
03-23 19:09:38.107 650 673 E Sensors : sns_reg_la.c(85):reg read: offset 18944, num bytes: 14
03-23 19:09:38.107 650 673 E Sensors : sns_reg_la.c(85):reg read: offset 19200, num bytes: 14
03-23 19:09:38.108 489 675 D Cryptfs : crypt_ftr->fs_size = 112477112
03-23 19:09:38.108 489 675 D : HW based disk encryption is enabled
03-23 19:09:38.108 489 675 D vndksupport: Loading /vendor/lib64/hw/keystore.msm8996.so from current namespace instead of sphal namespace.
03-23 19:09:38.108 559 559 D LocSvc_LBSProxy: checkIfLocationExtendedClientExists] File Exists
03-23 19:09:38.109 489 675 I Cryptfs : Using scrypt with keymaster for cryptfs KDF
03-23 19:09:38.110 608 608 D libEGL : loaded /vendor/lib64/egl/libGLESv1_CM_adreno.so
03-23 19:09:38.126 608 608 D vndksupport: Loading /vendor/lib64/egl/libGLESv2_adreno.so from current namespace instead of sphal namespace.
03-23 19:09:38.128 650 673 E Sensors : sns_reg_la.c(85):reg read: offset 19456, num bytes: 14
03-23 19:09:38.128 650 673 E Sensors : sns_reg_la.c(85):reg read: offset 19712, num bytes: 14
03-23 19:09:38.128 650 673 E Sensors : sns_reg_la.c(85):reg read: offset 19968, num bytes: 14
03-23 19:09:38.129 650 673 E Sensors : sns_reg_la.c(85):reg read: offset 20224, num bytes: 14
03-23 19:09:38.129 650 673 E Sensors : sns_reg_la.c(85):reg read: offset 20480, num bytes: 14
03-23 19:09:38.129 650 673 E Sensors : sns_reg_la.c(85):reg read: offset 20736, num bytes: 14
03-23 19:09:38.130 650 673 E Sensors : sns_reg_la.c(85):reg read: offset 20992, num bytes: 14
03-23 19:09:38.130 650 673 E Sensors : sns_reg_la.c(85):reg read: offset 21248, num bytes: 14
03-23 19:09:38.130 650 673 E Sensors : sns_reg_la.c(85):reg read: offset 21504, num bytes: 14
03-23 19:09:38.131 650 673 E Sensors : sns_reg_la.c(85):reg read: offset 21760, num bytes: 14
03-23 19:09:38.131 608 608 D libEGL : loaded /vendor/lib64/egl/libGLESv2_adreno.so
03-23 19:09:38.137 650 673 E Sensors : sns_reg_la.c(85):reg read: offset 22016, num bytes: 14
03-23 19:09:38.138 650 673 E Sensors : sns_reg_la.c(85):reg read: offset 22272, num bytes: 14
03-23 19:09:38.138 650 673 E Sensors : sns_reg_la.c(85):reg read: offset 22528, num bytes: 14
03-23 19:09:38.138 650 673 E Sensors : sns_reg_la.c(85):reg read: offset 22784, num bytes: 14
03-23 19:09:38.147 650 673 E Sensors : sns_reg_la.c(85):reg read: offset 23040, num bytes: 14
03-23 19:09:38.147 559 559 I ServiceManagement: Removing namespace from process name vendor.qti.gnss@1.0-service to gnss@1.0-service.
03-23 19:09:38.148 650 673 E Sensors : sns_reg_la.c(85):reg read: offset 23296, num bytes: 14
03-23 19:09:38.148 650 673 E Sensors : sns_reg_la.c(85):reg read: offset 23552, num bytes: 14
03-23 19:09:38.149 650 673 E Sensors : sns_reg_la.c(85):reg read: offset 23808, num bytes: 14
03-23 19:09:38.155 661 661 I Dpps : GetInstance: DppsServer ref count increased to 1
03-23 19:09:38.155 661 661 I Dpps : InitPrimaryContextFeatures():298 Dpps feature enable properties are false, skipping primary feature context init
03-23 19:09:38.156 650 673 E Sensors : sns_reg_la.c(85):reg read: offset 24064, num bytes: 14
03-23 19:09:38.156 650 673 E Sensors : sns_reg_la.c(85):reg read: offset 24320, num bytes: 14
03-23 19:09:38.156 559 559 I LocSvc_HIDL_vendor.qti.gnss@1.0-service: Registration complete for vendor.qti.gnss@1.0::ILocHidlGnss/gnss_vendor.
03-23 19:09:38.156 650 673 E Sensors : sns_reg_la.c(85):reg read: offset 7936, num bytes: 34
03-23 19:09:38.159 608 608 I Adreno : QUALCOMM build : 365e321, I294de8bafa
03-23 19:09:38.159 608 608 I Adreno : Build Date : 01/08/19
03-23 19:09:38.159 608 608 I Adreno : OpenGL ES Shader Compiler Version: EV031.25.03.02
03-23 19:09:38.159 608 608 I Adreno : Local Branch :
03-23 19:09:38.159 608 608 I Adreno : Remote Branch : refs/tags/AU_LINUX_ANDROID_LA.UM.7.5.R1.09.00.00.464.040
03-23 19:09:38.159 608 608 I Adreno : Remote Branch : NONE
03-23 19:09:38.159 608 608 I Adreno : Reconstruct Branch : NOTHING
03-23 19:09:38.159 608 608 I Adreno : Build Config : S L 6.0.7 AArch64
03-23 19:09:38.160 608 608 D vndksupport: Loading /vendor/lib64/hw/gralloc.msm8996.so from current namespace instead of sphal namespace.
03-23 19:09:38.163 650 673 E Sensors : sns_reg_la.c(85):reg read: offset 5888, num bytes: 256
03-23 19:09:38.167 608 608 I Adreno : PFP: 0x005ff110, ME: 0x005ff066
03-23 19:09:38.169 650 673 E Sensors : sns_reg_la.c(85):reg read: offset 6144, num bytes: 256
03-23 19:09:38.170 650 673 E Sensors : sns_reg_la.c(85):reg read: offset 6400, num bytes: 256
03-23 19:09:38.170 650 673 E Sensors : sns_reg_la.c(85):reg read: offset 6656, num bytes: 256
03-23 19:09:38.170 650 673 E Sensors : sns_reg_la.c(85):reg read: offset 6912, num bytes: 256
03-23 19:09:38.170 650 673 E Sensors : sns_reg_la.c(85):reg read: offset 7168, num bytes: 256
03-23 19:09:38.171 650 673 E Sensors : sns_reg_la.c(85):reg read: offset 9984, num bytes: 256
03-23 19:09:38.172 650 673 E Sensors : sns_reg_la.c(85):reg read: offset 11520, num bytes: 256
03-23 19:09:38.172 650 673 E Sensors : sns_reg_la.c(85):reg read: offset 11776, num bytes: 256
03-23 19:09:38.174 650 673 E Sensors : sns_reg_la.c(85):reg read: offset 12544, num bytes: 256
03-23 19:09:38.174 650 673 E Sensors : sns_reg_la.c(85):reg read: offset 13568, num bytes: 256
03-23 19:09:38.186 608 608 I ConfigStore: android::hardware::configstore::V1_0::ISurfaceFlingerConfigs::hasWideColorDisplay retrieved: 0
03-23 19:09:38.187 608 608 I ConfigStore: android::hardware::configstore::V1_0::ISurfaceFlingerConfigs::hasHDRDisplay retrieved: 0
03-23 19:09:38.193 608 608 I SurfaceFlinger: EGL information:
03-23 19:09:38.193 608 608 I SurfaceFlinger: vendor : Android
03-23 19:09:38.193 608 608 I SurfaceFlinger: version : 1.4 Android META-EGL
03-23 19:09:38.193 608 608 I SurfaceFlinger: extensions: EGL_KHR_get_all_proc_addresses EGL_ANDROID_presentation_time EGL_KHR_swap_buffers_with_damage EGL_ANDROID_get_native_client_buffer EGL_ANDROID_front_buffer_auto_refresh EGL_ANDROID_get_frame_timestamps EGL_EXT_surface_SMPTE2086_metadata EGL_EXT_surface_CTA861_3_metadata EGL_KHR_image EGL_KHR_image_base EGL_EXT_image_gl_colorspace EGL_KHR_lock_surface EGL_KHR_gl_colorspace EGL_KHR_gl_texture_2D_image EGL_KHR_gl_texture_3D_image EGL_KHR_gl_texture_cubemap_image EGL_KHR_gl_renderbuffer_image EGL_KHR_reusable_sync EGL_KHR_fence_sync EGL_KHR_create_context EGL_KHR_surfaceless_context EGL_EXT_create_context_robustness EGL_ANDROID_image_native_buffer EGL_KHR_wait_sync EGL_ANDROID_recordable EGL_KHR_partial_update EGL_EXT_pixel_format_float EGL_KHR_create_context_no_error EGL_KHR_mutable_render_buffer EGL_EXT_yuv_surface EGL_EXT_protected_content EGL_IMG_context_priority EGL_KHR_no_config_context
03-23 19:09:38.193 608 608 I SurfaceFlinger: Client API: OpenGL_ES
03-23 19:09:38.193 608 608 I SurfaceFlinger: EGLSurface: 8-8-8-8, config=0x73e678be80
03-23 19:09:38.194 608 608 I SurfaceFlinger: OpenGL ES informations:
03-23 19:09:38.194 608 608 I SurfaceFlinger: vendor : Qualcomm
03-23 19:09:38.194 608 608 I SurfaceFlinger: renderer : Adreno (TM) 530
03-23 19:09:38.194 608 608 I SurfaceFlinger: version : OpenGL ES 3.2 V@331.0 (GIT@365e321, I294de8bafa) (Date:01/08/19)
03-23 19:09:38.194 608 608 I SurfaceFlinger: extensions: GL_OES_EGL_image GL_OES_EGL_image_external GL_OES_EGL_sync GL_OES_vertex_half_float GL_OES_framebuffer_object GL_OES_rgb8_rgba8 GL_OES_compressed_ETC1_RGB8_texture GL_AMD_compressed_ATC_texture GL_KHR_texture_compression_astc_ldr GL_KHR_texture_compression_astc_hdr GL_OES_texture_compression_astc GL_OES_texture_npot GL_EXT_texture_filter_anisotropic GL_EXT_texture_format_BGRA8888 GL_OES_texture_3D GL_EXT_color_buffer_float GL_EXT_color_buffer_half_float GL_QCOM_alpha_test GL_OES_depth24 GL_OES_packed_depth_stencil GL_OES_depth_texture GL_OES_depth_texture_cube_map GL_EXT_sRGB GL_OES_texture_float GL_OES_texture_float_linear GL_OES_texture_half_float GL_OES_texture_half_float_linear GL_EXT_texture_type_2_10_10_10_REV GL_EXT_texture_sRGB_decode GL_EXT_texture_format_sRGB_override GL_OES_element_index_uint GL_EXT_copy_image GL_EXT_geometry_shader GL_EXT_tessellation_shader GL_OES_texture_stencil8 GL_EXT_shader_io_blocks GL_OES_shader_image_atomic GL_OES_sample_variables GL_EXT_texture_border_clamp G
03-23 19:09:38.194 608 608 I SurfaceFlinger: GL_MAX_TEXTURE_SIZE = 16384
03-23 19:09:38.194 608 608 I SurfaceFlinger: GL_MAX_VIEWPORT_DIMS = 16384
03-23 19:09:38.201 540 540 D vndksupport: Loading /vendor/lib64/hw/android.hardware.graphics.mapper@2.0-impl.so from current namespace instead of sphal namespace.
03-23 19:09:38.203 540 540 D vndksupport: Loading /vendor/lib64/hw/gralloc.msm8996.so from current namespace instead of sphal namespace.
03-23 19:09:38.208 540 685 D SDM : HWCSession::RegisterCallback: Registering callback: Hotplug
03-23 19:09:38.210 540 685 I SDM : HWCDisplay::GetHdrCapabilities: HDR is not supported
03-23 19:09:38.210 540 685 I SDM : HWCDisplay::GetHdrCapabilities: HDR is not supported
03-23 19:09:38.212 608 608 E HWComposer: getSupportedPerFrameMetadata: getSupportedPerFrameMetadata failed for display 0: Unsupported (8)
03-23 19:09:38.214 608 608 D vndksupport: Loading /vendor/lib64/hw/android.hardware.graphics.mapper@2.0-impl.so from current namespace instead of sphal namespace.
03-23 19:09:38.216 608 608 D vndksupport: Loading /vendor/lib64/hw/gralloc.msm8996.so from current namespace instead of sphal namespace.
03-23 19:09:38.238 540 685 D SDM : HWCSession::RegisterCallback: Registering callback: Refresh
03-23 19:09:38.238 540 685 D SDM : HWCSession::RegisterCallback: Registering callback: Vsync
03-23 19:09:38.325 650 673 E Sensors : sns_reg_la.c(193):reg write: offset 5888, num bytes: 256
03-23 19:09:38.328 650 673 E Sensors : sns_reg_la.c(193):reg write: offset 9728, num bytes: 256
03-23 19:09:38.332 650 673 E Sensors : sns_reg_la.c(193):reg write: offset 14592, num bytes: 256
03-23 19:09:38.337 650 673 E Sensors : sns_reg_la.c(85):reg read: offset 7424, num bytes: 224
03-23 19:09:38.339 650 673 E Sensors : sns_reg_la.c(85):reg read: offset 0, num bytes: 24
03-23 19:09:38.342 650 673 E Sensors : sns_reg_la.c(85):reg read: offset 2048, num bytes: 24
03-23 19:09:38.441 650 673 E Sensors : sns_reg_la.c(85):reg read: offset 2560, num bytes: 3
03-23 19:09:38.441 650 673 E Sensors : sns_reg_la.c(85):reg read: offset 3072, num bytes: 3
03-23 19:09:38.442 650 673 E Sensors : sns_reg_la.c(85):reg read: offset 3328, num bytes: 3
03-23 19:09:38.442 650 673 E Sensors : sns_reg_la.c(85):reg read: offset 256, num bytes: 128
03-23 19:09:38.459 650 673 E Sensors : sns_reg_la.c(85):reg read: offset 10500, num bytes: 1
03-23 19:09:38.470 650 673 E Sensors : sns_reg_la.c(85):reg read: offset 512, num bytes: 16
03-23 19:09:38.470 650 673 E Sensors : sns_reg_la.c(85):reg read: offset 1024, num bytes: 24
03-23 19:09:38.470 650 673 E Sensors : sns_reg_la.c(85):reg read: offset 5376, num bytes: 16
03-23 19:09:38.471 650 673 E Sensors : sns_reg_la.c(85):reg read: offset 11264, num bytes: 32
03-23 19:09:38.472 650 673 E Sensors : sns_reg_la.c(85):reg read: offset 14848, num bytes: 20
03-23 19:09:38.474 650 673 E Sensors : sns_reg_la.c(85):reg read: offset 8704, num bytes: 4
03-23 19:09:38.475 650 673 E Sensors : sns_reg_la.c(85):reg read: offset 3840, num bytes: 24
03-23 19:09:38.478 650 673 E Sensors : sns_reg_la.c(85):reg read: offset 4352, num bytes: 12
03-23 19:09:38.478 650 673 E Sensors : sns_reg_la.c(85):reg read: offset 4096, num bytes: 10
03-23 19:09:38.479 650 673 E Sensors : sns_reg_la.c(85):reg read: offset 512, num bytes: 16
03-23 19:09:38.479 650 673 E Sensors : sns_reg_la.c(85):reg read: offset 10240, num bytes: 4
03-23 19:09:38.479 650 673 E Sensors : sns_reg_la.c(85):reg read: offset 3584, num bytes: 36
03-23 19:09:38.479 650 673 E Sensors : sns_reg_la.c(85):reg read: offset 4352, num bytes: 12
03-23 19:09:38.480 650 673 E Sensors : sns_reg_la.c(85):reg read: offset 8960, num bytes: 4
03-23 19:09:38.480 650 673 E Sensors : sns_reg_la.c(85):reg read: offset 9472, num bytes: 8
03-23 19:09:38.481 650 673 E Sensors : sns_reg_la.c(85):reg read: offset 9216, num bytes: 36
03-23 19:09:38.481 650 673 E Sensors : sns_reg_la.c(85):reg read: offset 8192, num bytes: 4
03-23 19:09:38.481 650 673 E Sensors : sns_reg_la.c(85):reg read: offset 8448, num bytes: 4
03-23 19:09:38.482 650 673 E Sensors : sns_reg_la.c(85):reg read: offset 15360, num bytes: 12
03-23 19:09:38.482 650 673 E Sensors : sns_reg_la.c(85):reg read: offset 512, num bytes: 16
03-23 19:09:38.482 650 673 E Sensors : sns_reg_la.c(85):reg read: offset 16128, num bytes: 90
03-23 19:09:38.483 650 673 E Sensors : sns_reg_la.c(85):reg read: offset 24576, num bytes: 20
03-23 19:09:38.483 650 673 E Sensors : sns_reg_la.c(85):reg read: offset 24832, num bytes: 28
03-23 19:09:38.506 650 650 E Sensors : sns_debug_main.c(294):Debug Config File missing in EFS!
03-23 19:09:38.594 650 673 E Sensors : sns_reg_la.c(85):reg read: offset 1792, num bytes: 24
03-23 19:09:38.595 650 673 E Sensors : sns_reg_la.c(85):reg read: offset 10752, num bytes: 58
03-23 19:09:38.595 650 673 E Sensors : sns_reg_la.c(85):reg read: offset 1280, num bytes: 21
03-23 19:09:38.595 650 673 E Sensors : sns_reg_la.c(85):reg read: offset 10496, num bytes: 143
03-23 19:09:38.596 650 673 E Sensors : sns_reg_la.c(85):reg read: offset 11008, num bytes: 22
03-23 19:09:38.596 547 691 E qti_sensors_hal: Calibration File is not present! /persist/sensors/gyro_sensitity_cal
03-23 19:09:38.596 547 691 E qti_sensors_hal: Calibration File is not present! /persist/sensors/gyro_sensitity_cal
03-23 19:09:38.649 603 603 I FastMixerState: sMaxFastTracks = 8
03-23 19:09:38.650 603 603 V MediaUtils: physMem: 4294967295
03-23 19:09:38.650 603 603 V MediaUtils: requested limit: 536870912
03-23 19:09:38.650 603 603 V MediaUtils: actual limit: 536870912
03-23 19:09:38.650 603 603 V MediaUtils: original limits: 4294967295/4294967295
03-23 19:09:38.650 603 603 V MediaUtils: new limits: 536870912/4294967295
03-23 19:09:38.652 603 603 I audioserver: ServiceManager: 0xf399c1c0
03-23 19:09:38.652 603 603 D audioserver: audioserver get Service Manager need time 1 ms
03-23 19:09:38.652 603 603 W BatteryNotifier: batterystats service unavailable!
03-23 19:09:38.666 608 608 D SurfaceFlinger: shader cache generated - 24 shaders in 426.980103 ms
03-23 19:09:38.672 608 608 D SurfaceFlinger: Set power mode=2, type=0 flinger=0x73e6655000
03-23 19:09:38.672 540 685 I SDM : DisplayBase::SetDisplayState: Set state = 1, display 0
03-23 19:09:38.673 608 608 D SurfaceFlinger: Finished set power mode=2, type=0
03-23 19:09:38.681 547 547 W qti_sensors_hal: addSensor : Not supported sensor with handle 67!
03-23 19:09:38.686 593 593 E oemlogkit: oemlogkit: Directory create failed! Error: Permission denied
03-23 19:09:38.686 593 593 E oemlogkit: oemlogkit: Wait for /cache/boot_log/ is ready
03-23 19:09:38.697 489 675 I Cryptfs : Signing safely-padded object
03-23 19:09:38.701 479 479 W hwservicemanager: getTransport: Cannot find entry android.hardware.keymaster@4.0::IKeymasterDevice/default in either framework or device manifest.
03-23 19:09:38.704 489 675 I vold : List of Keymaster HALs found:
03-23 19:09:38.704 489 675 I vold : Keymaster HAL #1: SoftwareWrappedKeymaster1Device from Google SecurityLevel: TRUSTED_ENVIRONMENT HAL: android.hardware.keymaster@3.0::IKeymasterDevice/default
03-23 19:09:38.705 489 675 I vold : Using SoftwareWrappedKeymaster1Device from Google for encryption. Security level: TRUSTED_ENVIRONMENT, HAL: android.hardware.keymaster@3.0::IKeymasterDevice/default
03-23 19:09:38.746 547 547 W qti_sensors_hal: addSensor : Not supported sensor with handle 39!
03-23 19:09:38.761 547 547 W qti_sensors_hal: addSensor : Not supported sensor with handle 48!
03-23 19:09:38.761 547 547 W qti_sensors_hal: addSensor : Not supported sensor with handle 49!
03-23 19:09:38.765 547 547 W qti_sensors_hal: addSensor : Not supported sensor with handle 53!
03-23 19:09:38.772 547 547 W qti_sensors_hal: addSensor : Not supported sensor with handle 68!
03-23 19:09:38.772 547 547 E libsensor1: sensor1_write: qmi_idl_get_message_c_struct_len error -43
03-23 19:09:38.773 547 547 E libsensor1: log_api_call: qmi_idl_get_max_message_len error -43
03-23 19:09:38.773 547 547 E qti_sensors_hal: sendAlgoAttribReq: sensor1_write() error: 5
03-23 19:09:38.773 547 547 E libsensor1: sensor1_write: qmi_idl_get_message_c_struct_len error -43
03-23 19:09:38.773 547 547 E libsensor1: log_api_call: qmi_idl_get_max_message_len error -43
03-23 19:09:38.773 547 547 E qti_sensors_hal: sendAlgoAttribReq: sensor1_write() error: 5
03-23 19:09:38.773 547 547 E qti_sensors_hal: Calibration File is not present! /persist/sensors/gyro_sensitity_cal
03-23 19:09:38.773 547 547 E qti_sensors_hal: Calibration File is not present! /persist/sensors/gyro_sensitity_cal
03-23 19:09:38.780 650 673 E Sensors : sns_reg_la.c(85):reg read: offset 5944, num bytes: 1
03-23 19:09:38.781 650 673 E Sensors : sns_reg_la.c(85):reg read: offset 5992, num bytes: 1
03-23 19:09:38.782 650 673 E Sensors : sns_reg_la.c(85):reg read: offset 6040, num bytes: 1
03-23 19:09:38.782 650 673 E Sensors : sns_reg_la.c(85):reg read: offset 6088, num bytes: 1
03-23 19:09:38.783 650 673 E Sensors : sns_reg_la.c(85):reg read: offset 6136, num bytes: 1
03-23 19:09:38.783 547 547 I : Loaded library from sensors.ssc.so
03-23 19:09:38.783 547 547 E /vendor/bin/hw/android.hardware.sensors@1.0-service: HAL specifies version 1.4, but does not implement set_operation_mode()
03-23 19:09:38.785 547 547 I ServiceManagement: Removing namespace from process name android.hardware.sensors@1.0-service to sensors@1.0-service.
03-23 19:09:38.792 547 547 I android.hardware.sensors@1.0-service: Registration complete for android.hardware.sensors@1.0::ISensors/default.
03-23 19:09:38.954 590 590 I tftp_server: pid=590 tid=590 tftp-server : INF :[tftp_server.c, 667] rcvd request [2] [73] [2] [5] [7]
03-23 19:09:38.954 590 761 I tftp_server: pid=590 tid=761 tftp-server : INF :[tftp_server_utils.c, 113] file [readwrite/server_check.txt] : [/vendor/rfs/msm/adsp/readwrite/server_check.txt]
03-23 19:09:38.956 590 761 I tftp_server: pid=590 tid=761 tftp-server : INF :[tftp_server.c, 1222] OACK options : [7680, 1500, 10, 0, 0, 0, 0, 0]
03-23 19:09:38.957 590 761 I tftp_server: pid=590 tid=761 tftp-server : INF :[tftp_server.c, 893] Using temp file[/vendor/rfs/msm/adsp/readwrite/server_check.txt.rfs_tmp] for atomic put
03-23 19:09:38.957 590 761 I tftp_server: pid=590 tid=761 tftp-server : INF :[tftp_os_la.c, 63] open : [-1] [-1] [384] [577] [/vendor/rfs/msm/adsp/readwrite/server_check.txt.rfs_tmp]
03-23 19:09:38.971 590 761 I tftp_server: pid=590 tid=761 tftp-server : INF :[tftp_server.c, 1500] WRQ stats : total-blocks = 1 : total-bytes = 5 : 5 timedout-pkts = 0, wrong-pkts = 0
03-23 19:09:38.971 590 761 I tftp_server: pid=590 tid=761 tftp-server : INF :[tftp_server.c, 1504] WRQ time stats : Total : [TX, RX] = [213, 1556, 1440738308]
03-23 19:09:38.971 590 761 I tftp_server: pid=590 tid=761 tftp-server : INF :[tftp_server.c, 1508] WRQ time stats : Tx [Min, Max] = [95, 118]
03-23 19:09:38.971 590 761 I tftp_server: pid=590 tid=761 tftp-server : INF :[tftp_server.c, 1512] WRQ time stats : Rx [Min, Max] = [706, 850]
03-23 19:09:39.018 590 590 I tftp_server: pid=590 tid=590 tftp-server : INF :[tftp_server.c, 667] rcvd request [2] [73] [2] [5] [11]
03-23 19:09:39.027 590 763 I tftp_server: pid=590 tid=763 tftp-server : INF :[tftp_server_utils.c, 113] file [readwrite/server_check.txt] : [/vendor/rfs/msm/adsp/readwrite/server_check.txt]
03-23 19:09:39.027 590 763 I tftp_server: pid=590 tid=763 tftp-server : INF :[tftp_server.c, 1222] OACK options : [7680, 1500, 10, 0, 0, 0, 0, 0]
03-23 19:09:39.027 590 763 I tftp_server: pid=590 tid=763 tftp-server : INF :[tftp_server.c, 893] Using temp file[/vendor/rfs/msm/adsp/readwrite/server_check.txt.rfs_tmp] for atomic put
03-23 19:09:39.027 590 763 I tftp_server: pid=590 tid=763 tftp-server : INF :[tftp_os_la.c, 63] open : [-1] [-1] [384] [577] [/vendor/rfs/msm/adsp/readwrite/server_check.txt.rfs_tmp]
03-23 19:09:39.092 590 763 I tftp_server: pid=590 tid=763 tftp-server : INF :[tftp_server.c, 1500] WRQ stats : total-blocks = 1 : total-bytes = 5 : 5 timedout-pkts = 0, wrong-pkts = 0
03-23 19:09:39.092 590 763 I tftp_server: pid=590 tid=763 tftp-server : INF :[tftp_server.c, 1504] WRQ time stats : Total : [TX, RX] = [259, 904, 1440738308]
03-23 19:09:39.092 590 763 I tftp_server: pid=590 tid=763 tftp-server : INF :[tftp_server.c, 1508] WRQ time stats : Tx [Min, Max] = [129, 130]
03-23 19:09:39.092 590 763 I tftp_server: pid=590 tid=763 tftp-server : INF :[tftp_server.c, 1512] WRQ time stats : Rx [Min, Max] = [436, 468]
03-23 19:09:39.343 595 622 D PerMgrSrv: modem new state: is on-line
03-23 19:09:39.444 589 589 I vendor.rmt_storage: rmt_storage_connect_cb: clnt_h=0x1 conn_h=0x7f8a22c010
03-23 19:09:39.444 589 589 I vendor.rmt_storage: rmt_storage_open_cb: /boot/modem_fs1: req_h=0x1 msg_id=1: Client found
03-23 19:09:39.444 589 589 I vendor.rmt_storage: rmt_storage_open_cb: /boot/modem_fs1: req_h=0x1 msg_id=1: Send response: res=0 err=0
03-23 19:09:39.444 589 771 I vendor.rmt_storage: rmt_storage_client_thread: /boot/modem_fs1: Worker thread started
03-23 19:09:39.444 589 771 I vendor.rmt_storage: wake lock name: rmt_storage_547775546608, name creation success: 24
03-23 19:09:39.445 589 589 I vendor.rmt_storage: rmt_storage_connect_cb: clnt_h=0x2 conn_h=0x7f8a22c020
03-23 19:09:39.445 589 589 I vendor.rmt_storage: rmt_storage_open_cb: /boot/modem_fs2: req_h=0x2 msg_id=1: Client found
03-23 19:09:39.445 589 589 I vendor.rmt_storage: rmt_storage_open_cb: /boot/modem_fs2: req_h=0x2 msg_id=1: Send response: res=0 err=0
03-23 19:09:39.445 589 772 I vendor.rmt_storage: rmt_storage_client_thread: /boot/modem_fs2: Worker thread started
03-23 19:09:39.445 589 589 I vendor.rmt_storage: rmt_storage_disconnect_cb: clnt_h=0x1 conn_h=0x7f8a22c010
03-23 19:09:39.445 589 772 I vendor.rmt_storage: wake lock name: rmt_storage_547774506224, name creation success: 24
03-23 19:09:39.446 589 589 I vendor.rmt_storage: rmt_storage_disconnect_cb: clnt_h=0x2 conn_h=0x7f8a22c020
03-23 19:09:39.446 589 589 I vendor.rmt_storage: rmt_storage_connect_cb: clnt_h=0x3 conn_h=0x7f8a22c020
03-23 19:09:39.447 589 589 I vendor.rmt_storage: rmt_storage_open_cb: /boot/modem_fsg: req_h=0x3 msg_id=1: Client found
03-23 19:09:39.447 589 589 I vendor.rmt_storage: rmt_storage_open_cb: /boot/modem_fsg: req_h=0x3 msg_id=1: Send response: res=0 err=0
03-23 19:09:39.447 589 589 I vendor.rmt_storage: rmt_storage_disconnect_cb: clnt_h=0x3 conn_h=0x7f8a22c020
03-23 19:09:39.447 589 773 I vendor.rmt_storage: rmt_storage_client_thread: /boot/modem_fsg: Worker thread started
03-23 19:09:39.447 589 773 I vendor.rmt_storage: wake lock name: rmt_storage_547773465840, name creation success: 24
03-23 19:09:39.448 589 589 I vendor.rmt_storage: rmt_storage_connect_cb: clnt_h=0x4 conn_h=0x7f8a22c020
03-23 19:09:39.448 589 589 I vendor.rmt_storage: rmt_storage_open_cb: /boot/modem_fsc: req_h=0x4 msg_id=1: Client found
03-23 19:09:39.449 589 774 I vendor.rmt_storage: rmt_storage_client_thread: /boot/modem_fsc: Worker thread started
03-23 19:09:39.449 589 589 I vendor.rmt_storage: rmt_storage_open_cb: /boot/modem_fsc: req_h=0x4 msg_id=1: Send response: res=0 err=0
03-23 19:09:39.449 589 774 I vendor.rmt_storage: wake lock name: rmt_storage_547772425456, name creation success: 24
03-23 19:09:39.449 589 589 I vendor.rmt_storage: rmt_storage_disconnect_cb: clnt_h=0x4 conn_h=0x7f8a22c020
03-23 19:09:39.450 589 589 I vendor.rmt_storage: rmt_storage_connect_cb: clnt_h=0x5 conn_h=0x7f8a22c020
03-23 19:09:39.450 589 589 I oem_rmts: oem_remote_storage_should_create_client: init a new client for path:/oem/nvbk/static
03-23 19:09:39.450 589 589 I vendor.rmt_storage: rmt_storage_open_cb: /oem/nvbk/static: req_h=0x5 msg_id=1: Client found
03-23 19:09:39.450 589 589 I vendor.rmt_storage: rmt_storage_open_cb: /oem/nvbk/static: req_h=0x5 msg_id=1: Send response: res=0 err=0
03-23 19:09:39.450 589 775 I vendor.rmt_storage: rmt_storage_client_thread: /oem/nvbk/static: Worker thread started
03-23 19:09:39.450 589 775 I vendor.rmt_storage: wake lock name: rmt_storage_547771385072, name creation success: 24
03-23 19:09:39.450 589 589 I vendor.rmt_storage: rmt_storage_connect_cb: clnt_h=0x6 conn_h=0x7f8a22c010
03-23 19:09:39.450 589 589 I oem_rmts: oem_remote_storage_should_create_client: init a new client for path:/oem/nvbk/dynamic
03-23 19:09:39.451 589 589 I vendor.rmt_storage: rmt_storage_open_cb: /oem/nvbk/dynamic: req_h=0x6 msg_id=1: Client found
03-23 19:09:39.451 589 589 I vendor.rmt_storage: rmt_storage_open_cb: /oem/nvbk/dynamic: req_h=0x6 msg_id=1: Send response: res=0 err=0
03-23 19:09:39.451 589 589 I vendor.rmt_storage: rmt_storage_disconnect_cb: clnt_h=0x5 conn_h=0x7f8a22c020
03-23 19:09:39.451 589 776 I vendor.rmt_storage: rmt_storage_client_thread: /oem/nvbk/dynamic: Worker thread started
03-23 19:09:39.451 589 776 I vendor.rmt_storage: wake lock name: rmt_storage_547770344688, name creation success: 24
03-23 19:09:39.451 589 589 I vendor.rmt_storage: rmt_storage_disconnect_cb: clnt_h=0x6 conn_h=0x7f8a22c010
03-23 19:09:39.452 589 589 I vendor.rmt_storage: rmt_storage_connect_cb: clnt_h=0x7 conn_h=0x7f8a22c010
03-23 19:09:39.452 589 589 I vendor.rmt_storage: rmt_storage_alloc_buff_cb: /boot/modem_fs1: req_h=0x7 msg_id=4: Alloc request received: Size: 0
03-23 19:09:39.452 589 589 I vendor.rmt_storage: rmt_storage_alloc_buff_cb: /boot/modem_fs1: req_h=0x7 msg_id=4: New client making a dummy request with buffer req size 0
03-23 19:09:39.452 589 589 I vendor.rmt_storage: rmt_storage_alloc_buff_cb: /boot/modem_fs1: req_h=0x7 msg_id=4: Send response: res=0 err=0
03-23 19:09:39.452 589 589 I vendor.rmt_storage: rmt_storage_disconnect_cb: clnt_h=0x7 conn_h=0x7f8a22c010
03-23 19:09:39.453 589 589 I vendor.rmt_storage: rmt_storage_connect_cb: clnt_h=0x8 conn_h=0x7f8a22c010
03-23 19:09:39.453 589 589 I vendor.rmt_storage: rmt_storage_get_client: No client found for hndl=10
03-23 19:09:39.453 589 589 I vendor.rmt_storage: rmt_storage_rw_iovec_cb: /oem/nvbk/static: req_h=0x8 msg_id=3: R/W request received
03-23 19:09:39.453 589 589 I oem_rmts: oem_remote_storage_is_oem_client: It's an oem storage client.
03-23 19:09:39.453 589 589 I vendor.rmt_storage: wakelock acquired: 1, error no: 42
03-23 19:09:39.453 589 775 I vendor.rmt_storage: rmt_storage_client_thread: /oem/nvbk/static: Unblock worker thread (th_id: 547771385072)
03-23 19:09:39.454 589 775 I vendor.rmt_storage: rmt_storage_client_thread: /oem/nvbk/static: req_h=0x8 msg_id=3: Bytes read = 512
03-23 19:09:39.454 589 775 I vendor.rmt_storage: rmt_storage_client_thread: /oem/nvbk/static: req_h=0x8 msg_id=3: Send response: res=0 err=0
03-23 19:09:39.454 589 775 I vendor.rmt_storage: rmt_storage_client_thread: /oem/nvbk/static: About to block rmt_storage client thread (th_id: 547771385072) wakelock released: 1, error no: 0
03-23 19:09:39.454 589 775 I vendor.rmt_storage:
03-23 19:09:39.455 589 589 I vendor.rmt_storage: rmt_storage_disconnect_cb: clnt_h=0x8 conn_h=0x7f8a22c010
03-23 19:09:39.455 589 589 I vendor.rmt_storage: rmt_storage_connect_cb: clnt_h=0x9 conn_h=0x7f8a22c010
03-23 19:09:39.455 589 589 I vendor.rmt_storage: rmt_storage_get_client: No client found for hndl=10
03-23 19:09:39.455 589 589 I vendor.rmt_storage: rmt_storage_rw_iovec_cb: /oem/nvbk/static: req_h=0x9 msg_id=3: R/W request received
03-23 19:09:39.455 589 589 I oem_rmts: oem_remote_storage_is_oem_client: It's an oem storage client.
03-23 19:09:39.455 589 589 I vendor.rmt_storage: wakelock acquired: 1, error no: 42
03-23 19:09:39.455 589 775 I vendor.rmt_storage: rmt_storage_client_thread: /oem/nvbk/static: Unblock worker thread (th_id: 547771385072)
03-23 19:09:39.462 589 775 I vendor.rmt_storage: rmt_storage_client_thread: /oem/nvbk/static: req_h=0x9 msg_id=3: Bytes read = 505344
03-23 19:09:39.462 589 775 I vendor.rmt_storage: rmt_storage_client_thread: /oem/nvbk/static: req_h=0x9 msg_id=3: Send response: res=0 err=0
03-23 19:09:39.462 589 775 I vendor.rmt_storage: rmt_storage_client_thread: /oem/nvbk/static: About to block rmt_storage client thread (th_id: 547771385072) wakelock released: 1, error no: 0
03-23 19:09:39.462 589 775 I vendor.rmt_storage:
03-23 19:09:39.463 589 589 I vendor.rmt_storage: rmt_storage_disconnect_cb: clnt_h=0x9 conn_h=0x7f8a22c010
03-23 19:09:39.472 589 589 I vendor.rmt_storage: rmt_storage_connect_cb: clnt_h=0xa conn_h=0x7f8a22c010
03-23 19:09:39.472 589 589 I vendor.rmt_storage: rmt_storage_get_client: No client found for hndl=9
03-23 19:09:39.472 589 589 I vendor.rmt_storage: rmt_storage_rw_iovec_cb: /oem/nvbk/dynamic: req_h=0xa msg_id=3: R/W request received
03-23 19:09:39.472 589 589 I oem_rmts: oem_remote_storage_is_oem_client: It's an oem storage client.
03-23 19:09:39.472 589 589 I vendor.rmt_storage: wakelock acquired: 1, error no: 42
03-23 19:09:39.473 589 776 I vendor.rmt_storage: rmt_storage_client_thread: /oem/nvbk/dynamic: Unblock worker thread (th_id: 547770344688)
03-23 19:09:39.474 589 776 I vendor.rmt_storage: rmt_storage_client_thread: /oem/nvbk/dynamic: req_h=0xa msg_id=3: Bytes read = 512
03-23 19:09:39.474 589 776 I vendor.rmt_storage: rmt_storage_client_thread: /oem/nvbk/dynamic: req_h=0xa msg_id=3: Send response: res=0 err=0
03-23 19:09:39.475 589 776 I vendor.rmt_storage: rmt_storage_client_thread: /oem/nvbk/dynamic: About to block rmt_storage client thread (th_id: 547770344688) wakelock released: 1, error no: 0
03-23 19:09:39.475 589 776 I vendor.rmt_storage:
03-23 19:09:39.475 589 589 I vendor.rmt_storage: rmt_storage_disconnect_cb: clnt_h=0xa conn_h=0x7f8a22c010
03-23 19:09:39.475 589 589 I vendor.rmt_storage: rmt_storage_connect_cb: clnt_h=0xb conn_h=0x7f8a22c010
03-23 19:09:39.475 589 589 I vendor.rmt_storage: rmt_storage_get_client: No client found for hndl=9
03-23 19:09:39.475 589 589 I vendor.rmt_storage: rmt_storage_rw_iovec_cb: /oem/nvbk/dynamic: req_h=0xb msg_id=3: R/W request received
03-23 19:09:39.476 589 589 I oem_rmts: oem_remote_storage_is_oem_client: It's an oem storage client.
03-23 19:09:39.476 589 589 I vendor.rmt_storage: wakelock acquired: 1, error no: 42
03-23 19:09:39.476 589 776 I vendor.rmt_storage: rmt_storage_client_thread: /oem/nvbk/dynamic: Unblock worker thread (th_id: 547770344688)
03-23 19:09:39.478 589 776 I vendor.rmt_storage: rmt_storage_client_thread: /oem/nvbk/dynamic: req_h=0xb msg_id=3: Bytes read = 148992
03-23 19:09:39.478 589 776 I vendor.rmt_storage: rmt_storage_client_thread: /oem/nvbk/dynamic: req_h=0xb msg_id=3: Send response: res=0 err=0
03-23 19:09:39.478 589 776 I vendor.rmt_storage: rmt_storage_client_thread: /oem/nvbk/dynamic: About to block rmt_storage client thread (th_id: 547770344688) wakelock released: 1, error no: 0
03-23 19:09:39.478 589 776 I vendor.rmt_storage:
03-23 19:09:39.479 589 589 I vendor.rmt_storage: rmt_storage_disconnect_cb: clnt_h=0xb conn_h=0x7f8a22c010
03-23 19:09:39.482 589 589 I vendor.rmt_storage: rmt_storage_connect_cb: clnt_h=0xc conn_h=0x7f8a22c010
03-23 19:09:39.482 589 589 I vendor.rmt_storage: rmt_storage_get_client: No client found for hndl=9
03-23 19:09:39.482 589 589 I vendor.rmt_storage: rmt_storage_rw_iovec_cb: /oem/nvbk/dynamic: req_h=0xc msg_id=3: R/W request received
03-23 19:09:39.482 589 589 I oem_rmts: oem_remote_storage_is_oem_client: It's an oem storage client.
03-23 19:09:39.482 589 589 I vendor.rmt_storage: wakelock acquired: 1, error no: 42
03-23 19:09:39.482 589 776 I vendor.rmt_storage: rmt_storage_client_thread: /oem/nvbk/dynamic: Unblock worker thread (th_id: 547770344688)
03-23 19:09:39.484 589 776 I vendor.rmt_storage: rmt_storage_client_thread: /oem/nvbk/dynamic: req_h=0xc msg_id=3: Bytes read = 200704
03-23 19:09:39.484 589 776 I vendor.rmt_storage: rmt_storage_client_thread: /oem/nvbk/dynamic: req_h=0xc msg_id=3: Send response: res=0 err=0
03-23 19:09:39.484 589 776 I vendor.rmt_storage: rmt_storage_client_thread: /oem/nvbk/dynamic: About to block rmt_storage client thread (th_id: 547770344688) wakelock released: 1, error no: 0
03-23 19:09:39.484 589 776 I vendor.rmt_storage:
03-23 19:09:39.485 589 589 I vendor.rmt_storage: rmt_storage_disconnect_cb: clnt_h=0xc conn_h=0x7f8a22c010
03-23 19:09:39.488 715 779 D vndksupport: Loading /vendor/lib64/egl/libEGL_adreno.so from current namespace instead of sphal namespace.
03-23 19:09:39.489 589 589 I vendor.rmt_storage: rmt_storage_connect_cb: clnt_h=0xd conn_h=0x7f8a22c010
03-23 19:09:39.489 589 589 I vendor.rmt_storage: rmt_storage_rw_iovec_cb: /boot/modem_fs1: req_h=0xd msg_id=3: R/W request received
03-23 19:09:39.489 589 589 I vendor.rmt_storage: wakelock acquired: 1, error no: 42
03-23 19:09:39.490 589 771 I vendor.rmt_storage: rmt_storage_client_thread: /boot/modem_fs1: Unblock worker thread (th_id: 547775546608)
03-23 19:09:39.490 715 779 D libEGL : loaded /vendor/lib64/egl/libEGL_adreno.so
03-23 19:09:39.490 589 771 I vendor.rmt_storage: rmt_storage_client_thread: /boot/modem_fs1: req_h=0xd msg_id=3: Bytes read = 512
03-23 19:09:39.491 589 771 I vendor.rmt_storage: rmt_storage_client_thread: /boot/modem_fs1: req_h=0xd msg_id=3: Send response: res=0 err=0
03-23 19:09:39.491 589 771 I vendor.rmt_storage: rmt_storage_client_thread: /boot/modem_fs1: About to block rmt_storage client thread (th_id: 547775546608) wakelock released: 1, error no: 0
03-23 19:09:39.491 589 771 I vendor.rmt_storage:
03-23 19:09:39.492 589 589 I vendor.rmt_storage: rmt_storage_disconnect_cb: clnt_h=0xd conn_h=0x7f8a22c010
03-23 19:09:39.492 589 589 I vendor.rmt_storage: rmt_storage_connect_cb: clnt_h=0xe conn_h=0x7f8a22c010
03-23 19:09:39.492 589 589 I vendor.rmt_storage: rmt_storage_rw_iovec_cb: /boot/modem_fs2: req_h=0xe msg_id=3: R/W request received
03-23 19:09:39.492 589 589 I vendor.rmt_storage: wakelock acquired: 1, error no: 42
03-23 19:09:39.493 589 772 I vendor.rmt_storage: rmt_storage_client_thread: /boot/modem_fs2: Unblock worker thread (th_id: 547774506224)
03-23 19:09:39.493 589 772 I vendor.rmt_storage: rmt_storage_client_thread: /boot/modem_fs2: req_h=0xe msg_id=3: Bytes read = 512
03-23 19:09:39.493 589 772 I vendor.rmt_storage: rmt_storage_client_thread: /boot/modem_fs2: req_h=0xe msg_id=3: Send response: res=0 err=0
03-23 19:09:39.494 589 772 I vendor.rmt_storage: rmt_storage_client_thread: /boot/modem_fs2: About to block rmt_storage client thread (th_id: 547774506224) wakelock released: 1, error no: 0
03-23 19:09:39.494 589 772 I vendor.rmt_storage:
03-23 19:09:39.494 589 589 I vendor.rmt_storage: rmt_storage_disconnect_cb: clnt_h=0xe conn_h=0x7f8a22c010
03-23 19:09:39.496 589 589 I vendor.rmt_storage: rmt_storage_connect_cb: clnt_h=0xf conn_h=0x7f8a22c010
03-23 19:09:39.496 589 589 I vendor.rmt_storage: rmt_storage_rw_iovec_cb: /boot/modem_fs1: req_h=0xf msg_id=3: R/W request received
03-23 19:09:39.496 589 589 I vendor.rmt_storage: wakelock acquired: 1, error no: 42
03-23 19:09:39.497 589 771 I vendor.rmt_storage: rmt_storage_client_thread: /boot/modem_fs1: Unblock worker thread (th_id: 547775546608)
03-23 19:09:39.498 715 779 D vndksupport: Loading /vendor/lib64/egl/libGLESv1_CM_adreno.so from current namespace instead of sphal namespace.
03-23 19:09:39.499 715 779 D libEGL : loaded /vendor/lib64/egl/libGLESv1_CM_adreno.so
03-23 19:09:39.505 589 771 I vendor.rmt_storage: rmt_storage_client_thread: /boot/modem_fs1: req_h=0xf msg_id=3: Bytes read = 2096128
03-23 19:09:39.506 589 771 I vendor.rmt_storage: rmt_storage_client_thread: /boot/modem_fs1: req_h=0xf msg_id=3: Send response: res=0 err=0
03-23 19:09:39.506 589 771 I vendor.rmt_storage: rmt_storage_client_thread: /boot/modem_fs1: About to block rmt_storage client thread (th_id: 547775546608) wakelock released: 1, error no: 0
03-23 19:09:39.506 589 771 I vendor.rmt_storage:
03-23 19:09:39.506 589 589 I vendor.rmt_storage: rmt_storage_disconnect_cb: clnt_h=0xf conn_h=0x7f8a22c010
03-23 19:09:39.522 715 779 D vndksupport: Loading /vendor/lib64/egl/libGLESv2_adreno.so from current namespace instead of sphal namespace.
03-23 19:09:39.523 715 779 D libEGL : loaded /vendor/lib64/egl/libGLESv2_adreno.so
03-23 19:09:39.547 715 779 I Adreno : QUALCOMM build : 365e321, I294de8bafa
03-23 19:09:39.547 715 779 I Adreno : Build Date : 01/08/19
03-23 19:09:39.547 715 779 I Adreno : OpenGL ES Shader Compiler Version: EV031.25.03.02
03-23 19:09:39.547 715 779 I Adreno : Local Branch :
03-23 19:09:39.547 715 779 I Adreno : Remote Branch : refs/tags/AU_LINUX_ANDROID_LA.UM.7.5.R1.09.00.00.464.040
03-23 19:09:39.547 715 779 I Adreno : Remote Branch : NONE
03-23 19:09:39.547 715 779 I Adreno : Reconstruct Branch : NOTHING
03-23 19:09:39.547 715 779 I Adreno : Build Config : S L 6.0.7 AArch64
03-23 19:09:39.548 715 779 D vndksupport: Loading /vendor/lib64/hw/gralloc.msm8996.so from current namespace instead of sphal namespace.
03-23 19:09:39.552 715 779 I Adreno : PFP: 0x005ff110, ME: 0x005ff066
03-23 19:09:39.557 715 779 I ConfigStore: android::hardware::configstore::V1_0::ISurfaceFlingerConfigs::hasWideColorDisplay retrieved: 0
03-23 19:09:39.558 715 779 I ConfigStore: android::hardware::configstore::V1_0::ISurfaceFlingerConfigs::hasHDRDisplay retrieved: 0
03-23 19:09:39.595 489 675 D : HW based disk encryption is enabled
03-23 19:09:39.595 489 675 E : get_tmp_passwd: Passed argument is NULL
03-23 19:09:39.629 590 590 I tftp_server: pid=590 tid=590 tftp-server : INF :[tftp_server.c, 667] rcvd request [1] [73] [2] [0] [26]
03-23 19:09:39.630 590 780 I tftp_server: pid=590 tid=780 tftp-server : INF :[tftp_server_utils.c, 113] file [readwrite/server_check.txt] : [/vendor/rfs/msm/mpss/readwrite/server_check.txt]
03-23 19:09:39.631 590 780 I tftp_server: pid=590 tid=780 tftp-server : INF :[tftp_server.c, 1222] OACK options : [7680, 1500, 10, 0, 0, 0, 0, 0]
03-23 19:09:39.631 590 780 I tftp_server: pid=590 tid=780 tftp-server : INF :[tftp_server.c, 893] Using temp file[/vendor/rfs/msm/mpss/readwrite/server_check.txt.rfs_tmp] for atomic put
03-23 19:09:39.631 590 780 I tftp_server: pid=590 tid=780 tftp-server : INF :[tftp_os_la.c, 63] open : [-1] [-1] [384] [577] [/vendor/rfs/msm/mpss/readwrite/server_check.txt.rfs_tmp]
03-23 19:09:39.635 715 779 D BootAnimation: BootAnimationShownTiming start time: 8988ms
03-23 19:09:39.642 590 780 I tftp_server: pid=590 tid=780 tftp-server : INF :[tftp_server.c, 1500] WRQ stats : total-blocks = 1 : total-bytes = 5 : 5 timedout-pkts = 0, wrong-pkts = 0
03-23 19:09:39.642 590 780 I tftp_server: pid=590 tid=780 tftp-server : INF :[tftp_server.c, 1504] WRQ time stats : Total : [TX, RX] = [316, 696, 1440738308]
03-23 19:09:39.642 590 780 I tftp_server: pid=590 tid=780 tftp-server : INF :[tftp_server.c, 1508] WRQ time stats : Tx [Min, Max] = [154, 162]
03-23 19:09:39.642 590 780 I tftp_server: pid=590 tid=780 tftp-server : INF :[tftp_server.c, 1512] WRQ time stats : Rx [Min, Max] = [248, 448]
03-23 19:09:39.669 715 779 D vndksupport: Loading /vendor/lib64/hw/android.hardware.graphics.mapper@2.0-impl.so from current namespace instead of sphal namespace.
03-23 19:09:39.670 715 779 D vndksupport: Loading /vendor/lib64/hw/gralloc.msm8996.so from current namespace instead of sphal namespace.
03-23 19:09:39.679 593 593 W oemlogkit: type=1400 audit(0.0:60): avc: denied { dac_override } for capability=1 scontext=u:r:logserver:s0 tcontext=u:r:logserver:s0 tclass=capability permissive=0
03-23 19:09:39.679 593 593 W oemlogkit: type=1400 audit(0.0:61): avc: denied { dac_read_search } for capability=2 scontext=u:r:logserver:s0 tcontext=u:r:logserver:s0 tclass=capability permissive=0
03-23 19:09:39.679 593 593 W oemlogkit: type=1400 audit(0.0:62): avc: denied { dac_override } for capability=1 scontext=u:r:logserver:s0 tcontext=u:r:logserver:s0 tclass=capability permissive=0
03-23 19:09:39.679 593 593 W oemlogkit: type=1400 audit(0.0:63): avc: denied { dac_read_search } for capability=2 scontext=u:r:logserver:s0 tcontext=u:r:logserver:s0 tclass=capability permissive=0
03-23 19:09:39.679 593 593 W oemlogkit: type=1400 audit(0.0:64): avc: denied { dac_override } for capability=1 scontext=u:r:logserver:s0 tcontext=u:r:logserver:s0 tclass=capability permissive=0
03-23 19:09:39.687 593 593 E oemlogkit: oemlogkit: Directory create failed! Error: Permission denied
03-23 19:09:39.687 593 593 E oemlogkit: oemlogkit: Wait for /cache/boot_log/ is ready
03-23 19:09:39.711 608 608 I SurfaceFlinger: Enter boot animation
03-23 19:09:39.739 540 685 D qdutils : DEBUG_CALC_FPS: 0
03-23 19:09:39.740 540 685 D qdutils : period: 10
03-23 19:09:39.740 540 685 D qdutils : ignorethresh_us: 500000
03-23 19:09:39.926 526 526 D audio_hw_utils: audio_extn_utils_open_snd_mixer: snd_card_name: msm8996-tasha-mtp-snd-card
03-23 19:09:39.927 526 526 W hardware_info: update_hardware_info_8996: Not a 8996 device
03-23 19:09:39.927 526 526 D audio_hw_utils: audio_extn_utils_open_snd_mixer: Opened sound card:0
03-23 19:09:40.021 489 675 E : SUCESS::ioctl call to create encryption key for usage 3 success with ret = 0
03-23 19:09:40.036 489 675 D : HW based disk encryption is enabled
03-23 19:09:40.037 489 675 I Cryptfs : Extra parameters for dm_crypt: fde_enabled ice
03-23 19:09:40.037 489 675 D : HW based disk encryption is enabled
03-23 19:09:40.037 489 675 I Cryptfs : target_type = req-crypt
03-23 19:09:40.037 489 675 I Cryptfs : real_blk_name = /dev/block/bootdevice/by-name/userdata, extra_params = fde_enabled ice
03-23 19:09:40.040 489 492 D vold : Disk at 254:0 changed
03-23 19:09:40.043 489 675 D Cryptfs : Password is default - restarting filesystem
03-23 19:09:40.047 489 675 D Cryptfs : unmounting /data succeeded
03-23 19:09:40.102 489 675 I vold : F2FS fs_mgr_check_data_magic_num block_count:14059639
03-23 19:09:40.103 489 675 I vold : [libfs_mgr]Running /system/bin/fsck.f2fs -a /dev/block/dm-0
03-23 19:09:40.338 489 675 I vold : [libfs_mgr]__mount(source=/dev/block/dm-0,target=/data,type=f2fs)=0: Success
03-23 19:09:40.341 489 675 D Cryptfs : Just triggered post_fs_data
03-23 19:09:40.552 526 526 D sound_trigger_platform: call audio_hw_acdb_init_v2
03-23 19:09:40.553 526 526 E platform_info: param tag only supported with CONFIG_PARAMS section
03-23 19:09:40.553 526 526 I chatty : uid=1041(audioserver) audio@2.0-servi identical 3 lines
03-23 19:09:40.553 526 526 E platform_info: param tag only supported with CONFIG_PARAMS section
03-23 19:09:40.556 526 526 E audio_hw_acdb: acdb_init_v2: dlsym error undefined symbol: acdb_loader_init_v4 for acdb_loader_init_v4
03-23 19:09:40.557 526 526 D ACDB-LOADER: ACDB -> No .acdb files found in /vendor/etc/acdbdata!
03-23 19:09:40.557 526 526 D ACDB-LOADER: ACDB -> found 0 form factor & soundcard independant files
03-23 19:09:40.558 526 526 D ACDB-LOADER: ACDB -> Load file: /vendor/etc/acdbdata/MTP/MTP_Speaker_cal.acdb
03-23 19:09:40.558 526 526 D ACDB-LOADER: ACDB -> Load file: /vendor/etc/acdbdata/MTP/MTP_Bluetooth_cal.acdb
03-23 19:09:40.558 526 526 D ACDB-LOADER: ACDB -> Load file: /vendor/etc/acdbdata/MTP/MTP_Global_cal.acdb
03-23 19:09:40.558 526 526 D ACDB-LOADER: ACDB -> Load file: /vendor/etc/acdbdata/MTP/MTP_General_cal.acdb
03-23 19:09:40.558 526 526 D ACDB-LOADER: ACDB -> Load file: /vendor/etc/acdbdata/MTP/MTP_Headset_cal.acdb
03-23 19:09:40.558 526 526 D ACDB-LOADER: ACDB -> Load file: /vendor/etc/acdbdata/MTP/MTP_Hdmi_cal.acdb
03-23 19:09:40.558 526 526 D ACDB-LOADER: ACDB -> Load file: /vendor/etc/acdbdata/MTP/MTP_Handset_cal.acdb
03-23 19:09:40.558 526 526 D ACDB-LOADER: ACDB -> ACDB_CMD_INITIALIZE_V2
03-23 19:09:40.560 526 526 D : [ACDB Command]->SW Minor/Major/Revision version info for /vendor/etc/acdbdata/MTP/MTP_Speaker_cal.acdb
03-23 19:09:40.560 526 526 D : [ACDB Command]->ACDB Sw Major = 9, ACDB Sw Minor = 0, ACDB Sw Revision = 4, ACDB Sw Cpl Number = 0
03-23 19:09:40.560 526 526 D : [ACDB Command]->ACDB File Major = 7, ACDB File Minor = 0, ACDB File Revision = 5
03-23 19:09:40.563 526 526 D : [ACDB Command]->SW Minor/Major/Revision version info for /vendor/etc/acdbdata/MTP/MTP_Bluetooth_cal.acdb
03-23 19:09:40.563 526 526 D : [ACDB Command]->ACDB Sw Major = 9, ACDB Sw Minor = 0, ACDB Sw Revision = 4, ACDB Sw Cpl Number = 0
03-23 19:09:40.563 526 526 D : [ACDB Command]->ACDB File Major = 7, ACDB File Minor = 0, ACDB File Revision = 5
03-23 19:09:40.564 526 526 D : [ACDB Command]->SW Minor/Major/Revision version info for /vendor/etc/acdbdata/MTP/MTP_Global_cal.acdb
03-23 19:09:40.564 526 526 D : [ACDB Command]->ACDB Sw Major = 9, ACDB Sw Minor = 0, ACDB Sw Revision = 4, ACDB Sw Cpl Number = 0
03-23 19:09:40.565 526 526 D : [ACDB Command]->ACDB File Major = 7, ACDB File Minor = 0, ACDB File Revision = 5
03-23 19:09:40.566 526 526 D : [ACDB Command]->SW Minor/Major/Revision version info for /vendor/etc/acdbdata/MTP/MTP_General_cal.acdb
03-23 19:09:40.566 526 526 D : [ACDB Command]->ACDB Sw Major = 9, ACDB Sw Minor = 0, ACDB Sw Revision = 4, ACDB Sw Cpl Number = 0
03-23 19:09:40.566 526 526 D : [ACDB Command]->ACDB File Major = 7, ACDB File Minor = 0, ACDB File Revision = 5
03-23 19:09:40.568 526 526 D : [ACDB Command]->SW Minor/Major/Revision version info for /vendor/etc/acdbdata/MTP/MTP_Headset_cal.acdb
03-23 19:09:40.569 526 526 D : [ACDB Command]->ACDB Sw Major = 9, ACDB Sw Minor = 0, ACDB Sw Revision = 4, ACDB Sw Cpl Number = 0
03-23 19:09:40.569 526 526 D : [ACDB Command]->ACDB File Major = 7, ACDB File Minor = 0, ACDB File Revision = 5
03-23 19:09:40.571 526 526 D : [ACDB Command]->SW Minor/Major/Revision version info for /vendor/etc/acdbdata/MTP/MTP_Hdmi_cal.acdb
03-23 19:09:40.571 526 526 D : [ACDB Command]->ACDB Sw Major = 9, ACDB Sw Minor = 0, ACDB Sw Revision = 4, ACDB Sw Cpl Number = 0
03-23 19:09:40.571 526 526 D : [ACDB Command]->ACDB File Major = 7, ACDB File Minor = 0, ACDB File Revision = 5
03-23 19:09:40.574 526 526 D : [ACDB Command]->SW Minor/Major/Revision version info for /vendor/etc/acdbdata/MTP/MTP_Handset_cal.acdb
03-23 19:09:40.574 526 526 D : [ACDB Command]->ACDB Sw Major = 9, ACDB Sw Minor = 0, ACDB Sw Revision = 4, ACDB Sw Cpl Number = 0
03-23 19:09:40.574 526 526 D : [ACDB Command]->ACDB File Major = 7, ACDB File Minor = 0, ACDB File Revision = 5
03-23 19:09:40.575 526 526 D ACDB-LOADER: ACDB -> ACPH INIT
03-23 19:09:40.575 526 526 D : [ACPH]->Online service registered with ACPH
03-23 19:09:40.577 526 526 D : [ACPH]->ACPH init success
03-23 19:09:40.577 526 526 D ACDB-LOADER: ACDB -> RTAC INIT
03-23 19:09:40.577 526 526 D : [ACPH]->DSP RTC service registered with ACPH
03-23 19:09:40.577 526 526 D ACDB-LOADER: ACDB -> MCS, FTS INIT
03-23 19:09:40.577 526 526 E ACDB-MCS: acdb_mcs_init: /vendor/etc/audio_tuning_mixer_tasha.txt not present, using /vendor/etc/audio_tuning_mixer.txt config file
03-23 19:09:40.578 526 526 D : [ACPH]->MCS RTC service registered with ACPH
03-23 19:09:40.578 526 526 D : [ACPH]->FTS RTC service registered with ACPH
03-23 19:09:40.578 526 526 D ACDB-LOADER: ACDB -> ADIE RTAC INIT
03-23 19:09:40.578 526 526 D : [ACPH]->ADIE RTC service registered with ACPH
03-23 19:09:40.578 526 526 D ACDB-LOADER: ACDB -> ACDB_CMD_GET_VOC_PROC_DYNAMIC_TABLE_SIZE
03-23 19:09:40.600 489 491 D vold : e4crypt_init_user0
03-23 19:09:40.600 489 491 D vold : e4crypt_prepare_user_storage for volume null, user 0, serial 0, flags 1
03-23 19:09:40.600 489 491 D vold : Preparing: /data/system/users/0
