09-13 17:02:45.431 918 918 W MediaCodecsXmlParser: unable to open media codecs configuration xml file: /data/misc/media/media_codecs_profiling_results.xml
09-13 17:02:45.431 918 918 W MediaCodecsXmlParser: parseTopLevelXMLFile(/data/misc/media/media_codecs_profiling_results.xml) failed
09-13 17:02:45.433 918 918 I ServiceManagement: Removing namespace from process name android.hardware.media.omx@1.0-service to omx@1.0-service.
09-13 17:02:45.439 1031 1031 E : open failed: /target: No such file or directory
09-13 17:02:45.439 1031 1031 W : HAL: loc_get_target returned 3
09-13 17:02:45.444 918 918 D vndksupport: Loading libstagefrighthw.so from current namespace instead of sphal namespace.
09-13 17:02:45.448 1031 1086 I ServiceManagement: getService: Trying again for android.frameworks.sensorservice@1.0::ISensorManager/default...
09-13 17:02:45.454 1084 1088 I adbd : initializing functionfs
09-13 17:02:45.454 1084 1088 I adbd : opening control endpoint /dev/usb-ffs/adb/ep0
09-13 17:02:45.468 1031 1089 E LocSvc_ApiV02: open:412:11]: Failed to get features supported from QMI_LOC_GET_SUPPORTED_FEATURE_REQ_V02.
09-13 17:02:45.472 1031 1094 E QMI_FW : QCCI qmi_cci_xport_recv: txn not found. svc_id: 16
09-13 17:02:45.472 1031 1089 E LocSvc_LBSApiV02: injectFeatureConfig:910]: Error : st = 3, ind.status = 0
09-13 17:02:45.577 883 883 I mediaserver: ServiceManager: 0xf449c1c0
09-13 17:02:45.586 883 883 W BatteryNotifier: batterystats service unavailable!
09-13 17:02:45.591 881 881 V MediaUtils: physMem: 6017732608
09-13 17:02:45.591 881 881 V MediaUtils: requested limit: 1203546520
09-13 17:02:45.591 881 881 V MediaUtils: cfi shadow size: 2147483648
09-13 17:02:45.591 881 881 V MediaUtils: actual limit: 3351030168
09-13 17:02:45.591 881 881 V MediaUtils: original limits: -1/-1
09-13 17:02:45.591 881 881 V MediaUtils: new limits: 3351030168/-1
09-13 17:02:45.591 881 881 D vndksupport: Loading libutils.so from current namespace instead of sphal namespace.
09-13 17:02:45.597 1084 1088 I adbd : functionfs successfully initialized
09-13 17:02:45.597 1084 1088 I adbd : registering usb transport
09-13 17:02:45.597 881 881 W mediaextractor: libminijail[881]: failed to get path of fd 5: No such file or directory
09-13 17:02:45.597 881 881 W mediaextractor: libminijail[881]: allowing syscall: connect
09-13 17:02:45.597 881 881 W mediaextractor: libminijail[881]: allowing syscall: fcntl
09-13 17:02:45.597 881 881 W mediaextractor: libminijail[881]: allowing syscall: sendto
09-13 17:02:45.597 881 881 W mediaextractor: libminijail[881]: allowing syscall: socket
09-13 17:02:45.597 881 881 W mediaextractor: libminijail[881]: allowing syscall: writev
09-13 17:02:45.598 881 881 W mediaextractor: libminijail[881]: logging seccomp filter failures
09-13 17:02:45.621 884 884 I Netd : Initializing RouteController: 296.7ms
09-13 17:02:45.622 882 882 I mediametrics: ServiceManager: 0x7cf3c3d800
09-13 17:02:45.622 884 884 D XfrmController: Sending Netlink XFRM Message: XFRM_MSG_FLUSHSA
09-13 17:02:45.622 882 882 D MediaAnalyticsService: MediaAnalyticsService created
09-13 17:02:45.622 884 884 D XfrmController: Sending Netlink XFRM Message: XFRM_MSG_FLUSHPOLICY
09-13 17:02:45.650 887 1100 I ServiceManager: Waiting for service 'package_native' on '/dev/binder'...
09-13 17:02:45.716 860 860 E Typeface: Error mapping font file /system/fonts/RobotoCondensed-Thin.ttf
09-13 17:02:45.727 884 884 I Netd : Initializing XfrmController: 105.3ms
09-13 17:02:45.734 884 884 E Netd : Unable to create netlink socket: Protocol not supported
09-13 17:02:45.734 884 884 W Netd : Unable to open qlog quota socket, check if xt_quota2 can send via UeventHandler
09-13 17:02:45.736 884 884 D MDnsDS : MDnsSdListener::Hander starting up
09-13 17:02:45.742 860 860 E Typeface: Error mapping font file /system/fonts/NotoSansKhmer-Regular.ttf
09-13 17:02:45.742 860 860 E Typeface: Error mapping font file /system/fonts/NotoSansKhmer-Bold.ttf
09-13 17:02:45.742 860 860 E Typeface: Unable to load Family: null : [und-Khmr]
09-13 17:02:45.750 884 1127 D MDnsDS : MDnsSdListener starting to monitor
09-13 17:02:45.750 884 1127 D MDnsDS : Going to poll with pollCount 1
09-13 17:02:45.763 884 884 I Netd : Registering NetdNativeService: 18.7ms
09-13 17:02:45.763 884 884 I Netd : Starting CommandListener: 0.1ms
09-13 17:02:45.769 884 884 I Netd : Registering NetdHwService: 6.5ms
09-13 17:02:45.769 884 884 I Netd : Netd started in 753ms
09-13 17:02:45.770 887 1100 I ServiceManager: Waiting for service 'package_native' on '/dev/binder'...
09-13 17:02:45.784 860 860 E Typeface: Error mapping font file /system/fonts/DroidSansFallback.ttf
09-13 17:02:45.785 860 860 E Typeface: Unable to load Family: null : null
09-13 17:02:45.801 1117 1117 E libmdmdetect: Failed to open /sys/bus/msm_subsys/devices/subsys3/name: Permission denied
09-13 17:02:45.804 1117 1117 E Diag_Lib: qpLogDiagInit <== result : 1
09-13 17:02:45.804 1117 1117 E Diag_Lib: DATAD : gIsQXDMDisabled 0, gIsADBDisabled 1, gIsDebugDisabled 0, gIsIMSLogsDisabled 0
09-13 17:02:45.804 1117 1117 E Diag_Lib: [IMS_DataD] imsdatad.c | 5855 | | 1117 |DATAD#$$#0#DATAD STARTED
09-13 17:02:45.867 595 622 D PerMgrSrv: modem state: is on-line, add client QCRIL
09-13 17:02:45.867 595 622 D PerMgrSrv: QCRIL registered
09-13 17:02:45.867 1082 1082 D PerMgrLib: QCRIL successfully registered for modem
09-13 17:02:45.878 887 1100 I ServiceManager: Waiting for service 'package_native' on '/dev/binder'...
09-13 17:02:45.917 1137 1137 I IPAHALService: makeIPAHAL(1, provided)
09-13 17:02:45.948 1137 1137 I IPAHALService: Successfully registered IOffloadControl
09-13 17:02:45.949 1137 1137 I IPAHALService: Successfully registered IOffloadConfig
09-13 17:02:45.978 887 1100 I ServiceManager: Waiting for service 'package_native' on '/dev/binder'...
09-13 17:02:45.992 1155 1155 E libmdmdetect: Failed to open /sys/bus/msm_subsys/devices/subsys3/name: Permission denied
09-13 17:02:46.002 1160 1160 E libmdmdetect: Failed to open /sys/bus/msm_subsys/devices/subsys3/name: Permission denied
09-13 17:02:46.003 1160 1160 E Diag_Lib: Diag_LSM_Init: Failed to open handle to diag driver, error = 13
09-13 17:02:46.003 1160 1160 I ADPL_SDM_INFO: [adpl_main.c:204] main():Start ADPL
09-13 17:02:46.006 1082 1143 D PerMgrLib: QCRIL voting for modem
09-13 17:02:46.006 595 622 D PerMgrSrv: QCRIL voting for modem
09-13 17:02:46.006 595 622 D PerMgrSrv: modem num voters is 2
09-13 17:02:46.008 1155 1155 I QTI_SDM_INFO: [qti_main.c:391] main():Successfully got the watch descriptor for the hex dumps
09-13 17:02:46.008 1155 1155 I QTI_SDM_INFO: [qti_main.c:408] main():Start QTI
09-13 17:02:46.008 1155 1155 E libmdmdetect: Failed to open /sys/bus/msm_subsys/devices/subsys3/name: Permission denied
09-13 17:02:46.008 1155 1155 I QTI_SDM_INFO: [qti_main.c:497] main():DPL mode only 0
09-13 17:02:46.008 1155 1155 I QTI_SDM_INFO: [qti_rmnet_peripheral.c:801] qti_rmnet_ph_init():Open peripheral file to receive QMI messages
09-13 17:02:46.008 1155 1155 I QTI_SDM_INFO: [qti_rmnet_peripheral.c:747] qti_file_open():Successfully opened device file. FD is 7
09-13 17:02:46.008 1155 1155 I QTI_SDM_INFO: [qti_rmnet_peripheral.c:819] qti_rmnet_ph_init():Opened USB file's fd is 7
09-13 17:02:46.009 1155 1155 E QTI_SDM_INFO: [qti_rmnet_peripheral.c:739] qti_file_open():Could not open device file. Errno 2 error msg=No such file or directory
09-13 17:02:46.014 1160 1160 E libmdmdetect: Failed to open /sys/bus/msm_subsys/devices/subsys3/name: Permission denied
09-13 17:02:46.015 1160 1160 E ADPL_SDM_INFO: [adpl_main.c:213] main():Non Hana Target, exiting from ADPL daemon
09-13 17:02:46.017 862 862 W ServiceManagement: Waited one second for android.hardware.camera.provider@2.4::ICameraProvider/legacy/0
09-13 17:02:46.019 862 862 I ServiceManagement: getService: Trying again for android.hardware.camera.provider@2.4::ICameraProvider/legacy/0...
09-13 17:02:46.027 860 860 E ActivityRecognitionHardware: activity_recognition HAL is deprecated. class_init is effectively a no-op
09-13 17:02:46.030 1082 1143 E QMI_FW : QMUXD: WARNING qmi_qmux_if_pwr_up_init failed! rc=-6
09-13 17:02:46.095 860 860 I zygote64: Thread[1,tid=860,Native,Thread*=0x76c9814c00,peer=0x130c0088,"main"] recursive attempt to load library "/system/lib64/libmedia_jni.so"
09-13 17:02:46.095 860 860 D MtpDeviceJNI: register_android_mtp_MtpDevice
09-13 17:02:46.095 860 860 I zygote64: Thread[1,tid=860,Native,Thread*=0x76c9814c00,peer=0x130c0088,"main"] recursive attempt to load library "/system/lib64/libmedia_jni.so"
09-13 17:02:46.096 860 860 I zygote64: Thread[1,tid=860,Native,Thread*=0x76c9814c00,peer=0x130c0088,"main"] recursive attempt to load library "/system/lib64/libmedia_jni.so"
09-13 17:02:46.108 887 1100 I ServiceManager: Waiting for service 'package_native' on '/dev/binder'...
09-13 17:02:46.109 1169 1169 E libmdmdetect: Failed to open /sys/bus/msm_subsys/devices/subsys3/name: Permission denied
09-13 17:02:46.147 1192 1192 I NetUtilsWrapper: Unexpected command: /system/bin/iptables -w -W 10000 -t mangle -A PREROUTING -m mark --mark 0x20 -j ACCEPT
09-13 17:02:46.163 595 622 D PerMgrSrv: modem state: is on-line, add client QCRIL
09-13 17:02:46.163 595 622 D PerMgrSrv: QCRIL registered
09-13 17:02:46.163 1145 1145 D PerMgrLib: QCRIL successfully registered for modem
09-13 17:02:46.153 1193 1193 W iptables-wrappe: type=1400 audit(0.0:168): avc: denied { read write } for path="/dev/diag" dev="tmpfs" ino=7350 scontext=u:r:netutils_wrapper:s0 tcontext=u:object_r:diag_device:s0 tclass=chr_file permissive=0
09-13 17:02:46.163 1194 1194 W ip6tables-wrapp: type=1400 audit(0.0:169): avc: denied { read write } for path="/dev/diag" dev="tmpfs" ino=7350 scontext=u:r:netutils_wrapper:s0 tcontext=u:object_r:diag_device:s0 tclass=chr_file permissive=0
09-13 17:02:46.168 851 875 D QC-time-services: Daemon:genoff_wlan_qmi_service_request: qmi_client_get_service_list returned -2num_services 0
09-13 17:02:46.186 1193 1193 I NetUtilsWrapper: Unexpected command: /system/bin/iptables -w -W 10000 -t mangle -D PREROUTING -m mark --mark 0x20 -j ACCEPT
09-13 17:02:46.193 1187 1187 W port-bridge: type=1400 audit(0.0:170): avc: denied { read } for name="name" dev="sysfs" ino=40486 scontext=u:r:port-bridge:s0 tcontext=u:object_r:sysfs:s0 tclass=file permissive=0
09-13 17:02:46.198 1187 1187 E libmdmdetect: Failed to open /sys/bus/msm_subsys/devices/subsys3/name: Permission denied
09-13 17:02:46.199 1169 1169 E libmdmdetect: Failed to open /sys/bus/msm_subsys/devices/subsys3/name: Permission denied
09-13 17:02:46.193 1169 1169 W netmgrd : type=1400 audit(0.0:171): avc: denied { read } for name="name" dev="sysfs" ino=40486 scontext=u:r:netmgrd:s0 tcontext=u:object_r:sysfs:s0 tclass=file permissive=0
09-13 17:02:46.223 860 860 W main : type=1400 audit(0.0:172): avc: denied { read } for name="u:object_r:vendor_scroll_prop:s0" dev="tmpfs" ino=16517 scontext=u:r:zygote:s0 tcontext=u:object_r:vendor_scroll_prop:s0 tclass=file permissive=0
09-13 17:02:46.228 887 1100 I ServiceManager: Waiting for service 'package_native' on '/dev/binder'...
09-13 17:02:46.228 860 860 E libc : Access denied finding property "vendor.perf.gestureflingboost.enable"
09-13 17:02:46.239 1010 1010 I mm-camera: < INFO> 420: init: memleak lib init.
09-13 17:02:46.240 1010 1010 I mm-camera: < INFO> 439: init: memleak tracer not attached
09-13 17:02:46.241 860 860 E libc : Access denied finding property "vendor.perf.gestureflingboost.enable"
09-13 17:02:46.243 1145 1173 D PerMgrLib: QCRIL voting for modem
09-13 17:02:46.244 595 622 D PerMgrSrv: QCRIL voting for modem
09-13 17:02:46.244 595 622 D PerMgrSrv: modem num voters is 3
09-13 17:02:46.245 1145 1173 E QMI_FW : QMUXD: WARNING qmi_qmux_if_pwr_up_init failed! rc=-6
09-13 17:02:46.289 860 860 I DpmTcmClient: DpmTcmClient constructor
09-13 17:02:46.328 860 860 I Zygote : ...preloaded 6535 classes in 958ms.
09-13 17:02:46.328 860 860 I zygote64: VMRuntime.preloadDexCaches starting
09-13 17:02:46.329 887 1100 I ServiceManager: Waiting for service 'package_native' on '/dev/binder'...
09-13 17:02:46.339 1010 1010 E mm-camera: 385: eebin_read: failed!
09-13 17:02:46.339 1010 1010 E mm-camera: 385: eebin_read: failed!
09-13 17:02:46.339 1010 1010 E mm-camera: 467: sensor_init_probe: failed: to probe eeprom bin sensors (non-fatal)
09-13 17:02:46.341 1084 1084 I adbd : Calling send_auth_request...
09-13 17:02:46.358 1084 1084 I adbd : Loading keys from /data/misc/adb/adb_keys
09-13 17:02:46.360 1084 1084 I adbd : adb client authorized
09-13 17:02:46.365 1145 1173 W libc : Unable to set property "ro.vendor.ril.svlte1x" to "false": error code: 0xb
09-13 17:02:46.365 1145 1173 W libc : Unable to set property "ro.vendor.ril.svdo" to "false": error code: 0xb
09-13 17:02:46.367 1032 1080 E LocSvc_LocIpc: sendData:206] cannot send to socket. reason:No such file or directory
09-13 17:02:46.377 860 860 I zygote64: VMRuntime.preloadDexCaches strings total=356396 before=14612 after=14612
09-13 17:02:46.377 860 860 I zygote64: VMRuntime.preloadDexCaches types total=32715 before=8120 after=8129
09-13 17:02:46.377 860 860 I zygote64: VMRuntime.preloadDexCaches fields total=146899 before=9193 after=9207
09-13 17:02:46.377 860 860 I zygote64: VMRuntime.preloadDexCaches methods total=256431 before=13225 after=13240
09-13 17:02:46.377 860 860 I zygote64: VMRuntime.preloadDexCaches finished
09-13 17:02:46.429 887 1100 I ServiceManager: Waiting for service 'package_native' on '/dev/binder'...
09-13 17:02:46.432 1145 1173 W libc : Unable to set property "ro.ril.supportLTE" to "1": error code: 0xb
09-13 17:02:46.449 1031 1086 W ServiceManagement: Waited one second for android.frameworks.sensorservice@1.0::ISensorManager/default
09-13 17:02:46.450 1031 1086 I ServiceManagement: getService: Trying again for android.frameworks.sensorservice@1.0::ISensorManager/default...
09-13 17:02:46.483 918 918 E GPU-STATS: OpenCL build err = 0x0
09-13 17:02:46.490 918 918 W MediaCodecsXmlParser: unable to open media codecs configuration xml file: /data/misc/media/media_codecs_profiling_results.xml
09-13 17:02:46.490 918 918 W MediaCodecsXmlParser: parseTopLevelXMLFile(/data/misc/media/media_codecs_profiling_results.xml) failed
09-13 17:02:46.491 918 918 I ServiceManagement: Removing namespace from process name android.hardware.media.omx@1.0-service to omx@1.0-service.
09-13 17:02:46.493 918 918 I media.codec: IOmx HAL service created.
09-13 17:02:46.514 1082 1143 D QMI_FW : chen-screen on: is_screen_off = 0
09-13 17:02:46.530 887 1100 I ServiceManager: Waiting for service 'package_native' on '/dev/binder'...
09-13 17:02:46.542 860 860 I AssetManager: no overlays.list file found
09-13 17:02:46.543 860 860 I Zygote : Preloading resources...
09-13 17:02:46.560 860 860 W Resources: Preloaded drawable resource #0x1080265 (android:drawable/dialog_background_material) that varies with configuration!!
09-13 17:02:46.572 1145 1173 D QMI_FW : chen-screen on: is_screen_off = 0
09-13 17:02:46.581 860 860 I Zygote : ...preloaded 64 resources in 37ms.
09-13 17:02:46.585 860 860 I Zygote : ...preloaded 41 resources in 5ms.
09-13 17:02:46.586 860 860 D vndksupport: Loading /vendor/lib64/hw/android.hardware.graphics.mapper@2.0-impl.so from current namespace instead of sphal namespace.
09-13 17:02:46.587 860 860 D vndksupport: Loading /vendor/lib64/egl/libEGL_adreno.so from current namespace instead of sphal namespace.
09-13 17:02:46.588 860 860 D libEGL : loaded /vendor/lib64/egl/libEGL_adreno.so
09-13 17:02:46.593 860 860 D vndksupport: Loading /vendor/lib64/egl/libGLESv1_CM_adreno.so from current namespace instead of sphal namespace.
09-13 17:02:46.594 860 860 D libEGL : loaded /vendor/lib64/egl/libGLESv1_CM_adreno.so
09-13 17:02:46.605 860 860 D vndksupport: Loading /vendor/lib64/egl/libGLESv2_adreno.so from current namespace instead of sphal namespace.
09-13 17:02:46.605 860 860 D libEGL : loaded /vendor/lib64/egl/libGLESv2_adreno.so
09-13 17:02:46.607 1010 1010 E mm-camera: 199: sensor_probe: [s5k3p8sp]CFG_SINIT_PROBE failed
09-13 17:02:46.607 1010 1010 E mm-camera: 332: sensor_init_xml_probe: failed: to probe s5k3p8sp
09-13 17:02:46.618 860 860 I Zygote : Preloading shared libraries...
09-13 17:02:46.629 860 860 I Zygote : Uninstalled ICU cache reference pinning...
09-13 17:02:46.629 860 860 I Zygote : Installed AndroidKeyStoreProvider in 0ms.
09-13 17:02:46.630 887 1100 I ServiceManager: Waiting for service 'package_native' on '/dev/binder'...
09-13 17:02:46.636 860 860 I Zygote : Warmed up JCA providers in 7ms.
09-13 17:02:46.636 860 860 D Zygote : end preload
09-13 17:02:46.636 1010 1010 I mm-camera: sony_imx298_eeprom_format_wbdata: IMX298 vendor id:4 (1-Sunny/4-Lite_On)
09-13 17:02:46.636 1010 1010 I mm-camera: sony_imx298_eeprom_format_wbdata: 5100K awb_r_over_gr: 0.441718, awb_b_over_gr: 0.521472, awb_gr_over_gb: 1.000000
09-13 17:02:46.636 1010 1010 I mm-camera: sony_imx298_eeprom_format_wbdata: 3000K awb_r_over_gr: 0.709220, awb_b_over_gr: 0.375887, awb_gr_over_gb: 1.000000
09-13 17:02:46.636 1010 1010 I mm-camera: sony_imx298_eeprom_format_afdata orig macro:600 infinity:315
09-13 17:02:46.639 1010 1010 D mm-camera: sony_imx179_eeprom_format_wbdata: d50 valid page=0
09-13 17:02:46.639 1010 1010 I mm-camera: sony_imx179_eeprom_format_wbdata_page_d50: Lens ID:0
09-13 17:02:46.639 1010 1010 I mm-camera: sony_imx179_eeprom_format_wbdata_page_d50: LightType 6, awb_r_over_gr: 0.464789, awb_b_over_gr: 0.563380, awb_gr_over_gb: 1.000000
09-13 17:02:46.639 1010 1010 D mm-camera: sony_imx179_eeprom_format_wbdata: alight valid page=0
09-13 17:02:46.639 1010 1010 I mm-camera: sony_imx179_eeprom_format_wbdata_page_alight: LightType 2, awb_r_over_gr: 0.731544, awb_b_over_gr: 0.355705
09-13 17:02:46.639 1010 1010 I mm-camera: sony_imx179_eeprom_get_calibration_items: A light valid page:0, D50 valid page:0
09-13 17:02:46.639 1010 1010 E mm-camera: 71: cm_create: Sensor_name: imx298 Vendor_info: 4 Lens_info: 0
09-13 17:02:46.649 1010 1010 E mm-camera: 119: cm_create: 3A chromatix name (preview, video) = (imx298_zsl_preview, imx298_zsl_video)
09-13 17:02:46.654 1010 1010 E mm-camera: 119: cm_create: 3A chromatix name (preview, video) = (imx298_default_preview, imx298_default_video)
09-13 17:02:46.658 1010 1010 E mm-camera: 119: cm_create: 3A chromatix name (preview, video) = (imx298_hfr_60_3a, imx298_hfr_60_3a)
09-13 17:02:46.664 1010 1010 E mm-camera: 119: cm_create: 3A chromatix name (preview, video) = (imx298_hfr_90_3a, imx298_hfr_90_3a)
09-13 17:02:46.668 860 860 I zygote64: Explicit concurrent copying GC freed 20862(1170KB) AllocSpace objects, 0(0B) LOS objects, 50% free, 2MB/4MB, paused 61us total 32.056ms
09-13 17:02:46.669 1010 1010 E mm-camera: 119: cm_create: 3A chromatix name (preview, video) = (imx298_hfr_120_3a, imx298_hfr_120_3a)
09-13 17:02:46.673 1010 1010 E mm-camera: 119: cm_create: 3A chromatix name (preview, video) = (imx298_4K_preview, imx298_4K_video)
09-13 17:02:46.676 1010 1010 E mm-camera: 119: cm_create: 3A chromatix name (preview, video) = (, )
09-13 17:02:46.678 1010 1010 E mm-camera: 119: cm_create: 3A chromatix name (preview, video) = (, )
09-13 17:02:46.681 1010 1010 E mm-camera: 119: cm_create: 3A chromatix name (preview, video) = (imx298_zsl_preview, )
09-13 17:02:46.684 1010 1010 E mm-camera: 119: cm_create: 3A chromatix name (preview, video) = (imx298_3a_HDR, )
09-13 17:02:46.684 1010 1010 E mm-camera: 119: cm_create: 3A chromatix name (preview, video) = (, )
09-13 17:02:46.691 1010 1010 E mm-camera: 119: cm_create: 3A chromatix name (preview, video) = (imx298_3a_clearshot, )
09-13 17:02:46.695 1010 1010 E mm-camera: 119: cm_create: 3A chromatix name (preview, video) = (imx298_3a_panorama, )
09-13 17:02:46.697 860 860 I zygote64: Explicit concurrent copying GC freed 1669(97KB) AllocSpace objects, 0(0B) LOS objects, 50% free, 2MB/4MB, paused 44us total 27.285ms
09-13 17:02:46.697 1010 1010 E mm-camera: 119: cm_create: 3A chromatix name (preview, video) = (, )
09-13 17:02:46.699 1010 1010 E mm-camera: 119: cm_create: 3A chromatix name (preview, video) = (, imx298_4K_video)
09-13 17:02:46.699 1010 1010 E mm-camera: 119: cm_create: 3A chromatix name (preview, video) = (, )
09-13 17:02:46.699 1010 1010 E mm-camera: 71: cm_create: Sensor_name: imx179 Vendor_info: 0 Lens_info: 0
09-13 17:02:46.714 1010 1010 E mm-camera: 119: cm_create: 3A chromatix name (preview, video) = (imx179_3a_3280x2464_30fps_preview, imx179_3a_3280x2464_30fps_video)
09-13 17:02:46.725 1010 1010 E mm-camera: 119: cm_create: 3A chromatix name (preview, video) = (imx179_3a_3280x1846_30fps_preview, imx179_3a_3280x1846_30fps_video)
09-13 17:02:46.730 887 1100 I ServiceManager: Waiting for service 'package_native' on '/dev/binder'...
09-13 17:02:46.734 1010 1010 E mm-camera: 119: cm_create: 3A chromatix name (preview, video) = (imx179_3a_1640x924_30fps_preview, imx179_3a_1640x924_30fps_video)
09-13 17:02:46.737 1010 1010 E mm-camera: 119: cm_create: 3A chromatix name (preview, video) = (, )
09-13 17:02:46.738 1010 1010 E mm-camera: 119: cm_create: 3A chromatix name (preview, video) = (, )
09-13 17:02:46.743 1010 1010 E mm-camera: 119: cm_create: 3A chromatix name (preview, video) = (imx179_3a_3280x2464_30fps_facebeauty, )
09-13 17:02:46.743 1010 1010 E mm-camera: 12480: iface_util_setloglevel: iface_util_setloglevel:12480 IFACE_Loglevel 1
09-13 17:02:46.777 860 860 I Zygote : System server process 1272 has been created
09-13 17:02:46.778 860 860 I Zygote : Accepting command socket connections
09-13 17:02:46.794 1272 1272 E system_server: Not starting debugger since process cannot load the jdwp agent.
09-13 17:02:46.807 1272 1272 I Zygote : Process: zygote socket RESERVED/zygote_secondary opened, supported ABIS: armeabi-v7a,armeabi
09-13 17:02:46.829 870 1012 V installed: DexInv: --- BEGIN '/system/framework/services.jar' ---
09-13 17:02:46.832 887 1100 I ServiceManager: Waiting for service 'package_native' on '/dev/binder'...
09-13 17:02:46.876 1284 1284 I dex2oat : /system/bin/dex2oat --input-vdex-fd=-1 --output-vdex-fd=9 --compiler-filter=speed --classpath-dir=/system/framework --class-loader-context=PCL[] --generate-mini-debug-info --compact-dex-level=none --compilation-reason=server-dexopt
09-13 17:02:46.925 1010 1010 E mm-camera: 1168: frameproc_comp_reload_lib: frameproc_comp_reload_lib:1168] Error opening frameproc library libmmcamera_ppeiscore.so error dlopen failed: library "libmmcamera_ppeiscore.so" not found
09-13 17:02:46.925 1010 1010 E mm-camera: 1037: frameproc_comp_load: frameproc_comp_load:1037] cannot load libmmcamera_ppeiscore.so
09-13 17:02:46.925 1010 1010 E mm-camera: 3115: module_imgbase_init: module_imgbase_init_ppeiscore:3115] Error rc -7
09-13 17:02:46.932 887 1100 I ServiceManager: Waiting for service 'package_native' on '/dev/binder'...
09-13 17:02:46.949 1010 1010 E mm-camera: 957: frameproc_comp_load_fn_ptrs: img_algo_post_process can be NULL for few AOST features
09-13 17:02:46.951 1010 1010 E mm-camera: 1168: frameproc_comp_reload_lib: frameproc_comp_reload_lib:1168] Error opening frameproc library libmmcamera_llvd.so error dlopen failed: library "libmmcamera_llvd.so" not found
09-13 17:02:46.951 1010 1010 E mm-camera: 1037: frameproc_comp_load: frameproc_comp_load:1037] cannot load libmmcamera_llvd.so
09-13 17:02:46.951 1010 1010 E mm-camera: 3115: module_imgbase_init: module_imgbase_init_llvd:3115] Error rc -7
09-13 17:02:46.969 1010 1010 E mm-camera: 957: frameproc_comp_load_fn_ptrs: img_algo_post_process can be NULL for few AOST features
09-13 17:02:46.993 1010 1010 E mm-camera: 1168: frameproc_comp_reload_lib: frameproc_comp_reload_lib:1168] Error opening frameproc library libmmcamera_chromaflash_lib.so error dlopen failed: library "libmmcamera_chromaflash_lib.so" not found
09-13 17:02:46.993 1010 1010 E mm-camera: 1037: frameproc_comp_load: frameproc_comp_load:1037] cannot load libmmcamera_chromaflash_lib.so
09-13 17:02:46.993 1010 1010 E mm-camera: 3115: module_imgbase_init: module_imgbase_init_imglib_chroma_flash:3115] Error rc -7
09-13 17:02:46.993 1010 1010 E mm-camera: 744: module_imglib_create_topology: module_imglib_create_topology:744] Can not init the module imglib_chroma_flash
09-13 17:02:46.994 1010 1010 E mm-camera: 1168: frameproc_comp_reload_lib: frameproc_comp_reload_lib:1168] Error opening frameproc library libmmcamera_optizoom_lib.so error dlopen failed: library "libmmcamera_optizoom_lib.so" not found
09-13 17:02:46.994 1010 1010 E mm-camera: 1037: frameproc_comp_load: frameproc_comp_load:1037] cannot load libmmcamera_optizoom_lib.so
09-13 17:02:46.994 1010 1010 E mm-camera: 3115: module_imgbase_init: module_imgbase_init_imglib_optizoom:3115] Error rc -7
09-13 17:02:46.994 1010 1010 E mm-camera: 744: module_imglib_create_topology: module_imglib_create_topology:744] Can not init the module imglib_optizoom
09-13 17:02:46.995 1010 1010 E mm-camera: 1168: frameproc_comp_reload_lib: frameproc_comp_reload_lib:1168] Error opening frameproc library libmmcamera_ubifocus_lib.so error dlopen failed: library "libmmcamera_ubifocus_lib.so" not found
09-13 17:02:46.995 1010 1010 E mm-camera: 1037: frameproc_comp_load: frameproc_comp_load:1037] cannot load libmmcamera_ubifocus_lib.so
09-13 17:02:46.995 1010 1010 E mm-camera: 3115: module_imgbase_init: module_imgbase_init_imglib_ubifocus:3115] Error rc -7
09-13 17:02:46.995 1010 1010 E mm-camera: 744: module_imglib_create_topology: module_imglib_create_topology:744] Can not init the module imglib_ubifocus
09-13 17:02:46.995 1010 1010 E mm-camera: 1168: frameproc_comp_reload_lib: frameproc_comp_reload_lib:1168] Error opening frameproc library libmmcamera_ubifocus_lib.so error dlopen failed: library "libmmcamera_ubifocus_lib.so" not found
09-13 17:02:46.995 1010 1010 E mm-camera: 1037: frameproc_comp_load: frameproc_comp_load:1037] cannot load libmmcamera_ubifocus_lib.so
09-13 17:02:46.995 1010 1010 E mm-camera: 3115: module_imgbase_init: module_imgbase_init_imglib_refocus:3115] Error rc -7
09-13 17:02:46.995 1010 1010 E mm-camera: 744: module_imglib_create_topology: module_imglib_create_topology:744] Can not init the module imglib_refocus
09-13 17:02:46.996 1010 1010 E mm-camera: 1168: frameproc_comp_reload_lib: frameproc_comp_reload_lib:1168] Error opening frameproc library libmmcamera_trueportrait_lib.so error dlopen failed: library "libmmcamera_trueportrait_lib.so" not found
09-13 17:02:46.996 1010 1010 E mm-camera: 1037: frameproc_comp_load: frameproc_comp_load:1037] cannot load libmmcamera_trueportrait_lib.so
09-13 17:02:46.996 1010 1010 E mm-camera: 3115: module_imgbase_init: module_imgbase_init_imglib_trueportrait:3115] Error rc -7
09-13 17:02:46.996 1010 1010 E mm-camera: 744: module_imglib_create_topology: module_imglib_create_topology:744] Can not init the module imglib_trueportrait
09-13 17:02:46.996 1010 1010 E mm-camera: 1168: frameproc_comp_reload_lib: frameproc_comp_reload_lib:1168] Error opening frameproc library libmmcamera_stillmore_lib.so error dlopen failed: library "libmmcamera_stillmore_lib.so" not found
09-13 17:02:46.996 1010 1010 E mm-camera: 1037: frameproc_comp_load: frameproc_comp_load:1037] cannot load libmmcamera_stillmore_lib.so
09-13 17:02:46.996 1010 1010 E mm-camera: 3115: module_imgbase_init: module_imgbase_init_imglib_stillmore:3115] Error rc -7
09-13 17:02:46.996 1010 1010 E mm-camera: 744: module_imglib_create_topology: module_imglib_create_topology:744] Can not init the module imglib_stillmore
09-13 17:02:46.996 1010 1010 E mm-camera: 744: module_imglib_create_topology: module_imglib_create_topology:744] Can not init the module imglib_oem1
09-13 17:02:47.000 531 531 I QCamera : get_num_of_cameras: 1952: dev_info[id=0,name='video2']
09-13 17:02:47.000 531 531 I QCamera : get_num_of_cameras: 1952: dev_info[id=1,name='video3']
09-13 17:02:47.000 531 531 I QCamera : sort_camera_info: 1707: YUV Aux camera exposed 0
09-13 17:02:47.000 531 531 I QCamera : sort_camera_info: 1784: Camera id: 0 facing: 0, type: 1 is_yuv: 0
09-13 17:02:47.000 531 531 I QCamera : sort_camera_info: 1784: Camera id: 1 facing: 1, type: 0 is_yuv: 0
09-13 17:02:47.000 531 531 I QCamera : sort_camera_info: 1787: Number of cameras 2 sorted 2
09-13 17:02:47.000 531 531 I QCamera : get_num_of_cameras: 1974: num_cameras=2
09-13 17:02:47.000 531 531 I CamProvider@2.4-impl: Loaded "QCamera Module" camera module
09-13 17:02:47.001 531 531 I QCamera : getCameraInfo: 341: Camera id 0 API version 768
09-13 17:02:47.009 1155 1155 E QTI_SDM_INFO: [qti_rmnet_peripheral.c:739] qti_file_open():Could not open device file. Errno 2 error msg=No such file or directory
09-13 17:02:47.019 862 862 W ServiceManagement: Waited one second for android.hardware.camera.provider@2.4::ICameraProvider/legacy/0
09-13 17:02:47.020 862 862 I ServiceManagement: getService: Trying again for android.hardware.camera.provider@2.4::ICameraProvider/legacy/0...
09-13 17:02:47.032 887 1100 I ServiceManager: Waiting for service 'package_native' on '/dev/binder'...
09-13 17:02:47.040 1010 1346 W mm-3a-core: init_light_sensor: skip light sensor init, cnt=1
09-13 17:02:47.043 1010 1346 E mm-camera: 448: dsps_open: try to sensor1_open()
09-13 17:02:47.044 1010 1346 E libc : Access denied finding property "persist.vendor.diag.max.size"
09-13 17:02:47.044 1010 1346 E Diag_Lib: Diag_LSM_Init: Failed to open handle to diag driver, error = 13
09-13 17:02:47.078 1010 1010 I mm-camera: < INFO> 292: af_core_init: af_core_init
09-13 17:02:47.079 1010 1010 E mm-camera: 2865: stats_port_check_caps_reserve: Invalid Port capability type!
09-13 17:02:47.079 1010 1010 I chatty : uid=1006(camera) mm-qcamera-daem identical 3 lines
09-13 17:02:47.079 1010 1010 E mm-camera: 2865: stats_port_check_caps_reserve: Invalid Port capability type!
09-13 17:02:47.080 1010 1010 I mm-3a-core: q3a_thread_aecawb_start Enter
09-13 17:02:47.096 1010 1362 E mm-camera: 2966: sensor_get_cur_chromatix_name: Sensor name:imx298,sensor id:0x0, vendor id:4, lens id:0
09-13 17:02:47.096 1010 1362 E mm-camera: 3129: sensor_get_cur_chromatix_name: 3A chromatix : imx298_zsl_preview
09-13 17:02:47.096 1010 1362 I : processFpsTable: fps[0]=30.00/30.00 30.00/30.00
09-13 17:02:47.096 1010 1362 I : processFpsTable: fps[1]=15.00/30.02 15.00/30.02
09-13 17:02:47.096 1010 1362 I : processFpsTable: fps[2]=15.00/30.03 15.00/30.03
09-13 17:02:47.096 1010 1362 I : processFpsTable: fps[3]=15.00/60.00 15.00/60.00
09-13 17:02:47.096 1010 1362 I : processFpsTable: fps[4]=15.00/120.00 15.00/120.00
09-13 17:02:47.098 531 1365 D : cmdtype=MM_CAMERA_CMD_TYPE_EXIT
09-13 17:02:47.133 887 1100 I ServiceManager: Waiting for service 'package_native' on '/dev/binder'...
09-13 17:02:47.213 1010 1340 E mm-camera: 731: eeprom_process: failed NULL pointer detected: eeprom_ctrl :
09-13 17:02:47.213 1010 1340 E mm-camera: 325: module_sensor_offload_ois_init_calibrate: Get Is OIS calibration failed
09-13 17:02:47.228 531 531 I QCamera : getCamInfo: 9007: camera 0 resource cost is 100
09-13 17:02:47.229 531 531 I QCamera : openLegacy: 680: openLegacy halVersion: 256
09-13 17:02:47.229 531 1373 I QCameraStateMachine: E
09-13 17:02:47.230 531 1374 I QCameraHWI_Mem: memoryPoolThread: E
09-13 17:02:47.230 531 1374 I QCameraHWI_Mem: memoryPoolThread: start proc
09-13 17:02:47.231 531 531 I OneplusCamera: initClientPackageNameFlag: com.android.facelock
09-13 17:02:47.231 531 531 D vndksupport: Loading /vendor/lib/hw/power.qcom.so from current namespace instead of sphal namespace.
09-13 17:02:47.234 887 1100 I ServiceManager: Waiting for service 'package_native' on '/dev/binder'...
09-13 17:02:47.240 531 531 I QCamera2HWI: QCamera2HardwareInterface: mClientPackageName = com.android.facelock
09-13 17:02:47.240 531 531 I QCamera : openCamera: 2057: [KPI Perf]: E PROFILE_OPEN_CAMERA camera id 0
09-13 17:02:47.241 531 531 I OneplusCamera: dlopen libopcamera_native_modules.so
09-13 17:02:47.244 531 531 I OPCAMERA_SERVICE: init_module: module=0xe8c97c20 private=0xe8c9c8a0 list=0xe26c3130
09-13 17:02:47.247 531 531 E OneplusCamera: acquire: fail
09-13 17:02:47.247 531 1375 I QCamera2HWI: QCamera2HardwareInterface::deferredWorkRoutine id=1
09-13 17:02:47.248 531 1375 I QCamera2HWI: QCamera2HardwareInterface::dequeueDeferredWork id=1
09-13 17:02:47.248 531 1375 I QCamera2HWI: QCamera2HardwareInterface::deferredWorkRoutine id=2
09-13 17:02:47.252 531 1375 I QCamera2HWI: QCamera2HardwareInterface::dequeueDeferredWork id=2
09-13 17:02:47.256 1010 1382 W mm-3a-core: init_light_sensor: skip light sensor init, cnt=2
09-13 17:02:47.259 1010 1382 E mm-camera: 448: dsps_open: try to sensor1_open()
09-13 17:02:47.284 1010 1010 I mm-camera: < INFO> 292: af_core_init: af_core_init
09-13 17:02:47.285 1010 1010 E mm-camera: 2865: stats_port_check_caps_reserve: Invalid Port capability type!
09-13 17:02:47.285 1010 1010 I chatty : uid=1006(camera) mm-qcamera-daem identical 3 lines
09-13 17:02:47.285 1010 1010 E mm-camera: 2865: stats_port_check_caps_reserve: Invalid Port capability type!
09-13 17:02:47.286 1010 1010 I mm-3a-core: q3a_thread_aecawb_start Enter
09-13 17:02:47.288 531 1375 I QCamera2HWI: QCamera2HardwareInterface::deferredWorkRoutine id=3
09-13 17:02:47.288 531 531 I QCamera : openCamera: 2070: [KPI Perf]: X PROFILE_OPEN_CAMERA camera id 0, rc: 0
09-13 17:02:47.288 531 531 I QCamera : close_camera_device: 1649: [KPI Perf]: E camera id 0
09-13 17:02:47.288 531 1375 I QCameraParameters: Open flash for camera Id: 0 (flash fd: 34)
09-13 17:02:47.289 531 1375 I QCameraParameters: init: no sensor name matched
09-13 17:02:47.289 531 1375 D QCameraParameters: sensor_active_size is 4656 3496
09-13 17:02:47.290 531 1375 I QCamera : setFocusMode: 7701: Setting focus mode auto
09-13 17:02:47.290 531 1375 I QCamera : setFocusAreas: 9967: Default ROI
09-13 17:02:47.290 531 1375 I OPCAMERA_VFB: init_module: module=0xe8c97c18 private=0xe1fd2000 list=0xe1fd7020
09-13 17:02:47.291 531 1403 I OPCAMERA_VFB: sensor_config: enable cfg for imx298
09-13 17:02:47.292 531 1375 I OPCAMERA_SFB: init_module: module=0xe1fd8000 private=0xe1fd9000 list=0xe1fd7030
09-13 17:02:47.294 531 1405 I OPCAMERA_SFB: sensor_config: imx298.is_sensor_cfg=1
09-13 17:02:47.294 531 1375 E OneplusCamera: createFaceBeautyLevelString facebeauty levels=0,1,2,3,4,5,6,7,8
09-13 17:02:47.295 531 1375 I OPCAMERA_VFB: deinit_module: module=0xe8c97c18 private=0xe1fd2000 list=0x0
09-13 17:02:47.296 531 1375 I OPCAMERA_SFB: deinit_module: module=0xe1fd8000 private=0xe1fd9000 list=0x0
09-13 17:02:47.299 1010 1398 E mm-camera: 2966: sensor_get_cur_chromatix_name: Sensor name:imx298,sensor id:0x0, vendor id:4, lens id:0
09-13 17:02:47.299 1010 1398 E mm-camera: 3129: sensor_get_cur_chromatix_name: 3A chromatix : imx298_zsl_preview
09-13 17:02:47.300 531 1375 I QCamera2HWI: QCamera2HardwareInterface::dequeueDeferredWork id=3
09-13 17:02:47.302 531 531 I QCameraStateMachine: E
09-13 17:02:47.302 531 1373 I QCameraStateMachine: QCAMERA_SM_CMD_TYPE_EXIT
09-13 17:02:47.302 531 1373 I QCameraStateMachine: X
09-13 17:02:47.302 531 531 I QCameraStateMachine: X
09-13 17:02:47.302 531 531 I QCamera : closeCamera: 2479: E
09-13 17:02:47.302 531 531 I QCamera : closeCamera: 2484: [KPI Perf]: E PROFILE_CLOSE_CAMERA camera id 0
09-13 17:02:47.303 531 531 E OneplusCamera: acquire: fail
09-13 17:02:47.303 1010 1398 I : sensor_pick_resolution res_idx: 2
09-13 17:02:47.303 1010 1398 I : sensor_pick_resolution Matched pick_w:2328, pick_h:1748, pick_fps:30.020000, pick_clk:299300000, pick_mode:1
09-13 17:02:47.304 1010 1310 E mm-camera: 303: AllocateBuffers: Invalid dimensions 0x0
09-13 17:02:47.304 1010 1310 E mm-camera: 203: img_algo_preload: Preload: Failed to allocate buffer, rc -4
09-13 17:02:47.304 1010 1310 E mm-camera: 117: module_imgbase_client_preload_exec: IMG_CORE_PRELOAD failed -4
09-13 17:02:47.306 531 531 I QCameraParameters: Close flash fd: 34
09-13 17:02:47.311 531 531 D QCameraPostProc: stop: E
09-13 17:02:47.311 531 531 E QCameraPostProc: stop: X
09-13 17:02:47.303 1406 1406 W tc-wrapper-1.0: type=1400 audit(0.0:187): avc: denied { read write } for path="/dev/diag" dev="tmpfs" ino=7350 scontext=u:r:netutils_wrapper:s0 tcontext=u:object_r:diag_device:s0 tclass=chr_file permissive=0
09-13 17:02:47.313 531 1401 D : cmdtype=MM_CAMERA_CMD_TYPE_EXIT
09-13 17:02:47.326 1010 1010 E mm-camera: 916: isp_port_check_caps_unreserve: ISP session resource not dellocated in time
09-13 17:02:47.334 1010 1410 E mm-camera: 528: isp_module_stop_session: warning: ISP resource is not freed on time!
09-13 17:02:47.335 887 1100 I ServiceManager: Waiting for service 'package_native' on '/dev/binder'...
09-13 17:02:47.333 1408 1408 W tc-wrapper-1.0: type=1400 audit(0.0:188): avc: denied { read write } for path="/dev/diag" dev="tmpfs" ino=7350 scontext=u:r:netutils_wrapper:s0 tcontext=u:object_r:diag_device:s0 tclass=chr_file permissive=0
09-13 17:02:47.353 1414 1414 W tc-wrapper-1.0: type=1400 audit(0.0:189): avc: denied { read write } for path="/dev/diag" dev="tmpfs" ino=7350 scontext=u:r:netutils_wrapper:s0 tcontext=u:object_r:diag_device:s0 tclass=chr_file permissive=0
09-13 17:02:47.373 1415 1415 W tc-wrapper-1.0: type=1400 audit(0.0:190): avc: denied { read write } for path="/dev/diag" dev="tmpfs" ino=7350 scontext=u:r:netutils_wrapper:s0 tcontext=u:object_r:diag_device:s0 tclass=chr_file permissive=0
09-13 17:02:47.393 1419 1419 W tc-wrapper-1.0: type=1400 audit(0.0:191): avc: denied { read write } for path="/dev/diag" dev="tmpfs" ino=7350 scontext=u:r:netutils_wrapper:s0 tcontext=u:object_r:diag_device:s0 tclass=chr_file permissive=0
09-13 17:02:47.436 887 1100 I ServiceManager: Waiting for service 'package_native' on '/dev/binder'...
09-13 17:02:47.450 1031 1086 W ServiceManagement: Waited one second for android.frameworks.sensorservice@1.0::ISensorManager/default
09-13 17:02:47.451 1031 1086 I ServiceManagement: getService: Trying again for android.frameworks.sensorservice@1.0::ISensorManager/default...
09-13 17:02:47.462 1010 1378 E mm-camera: 731: eeprom_process: failed NULL pointer detected: eeprom_ctrl :
09-13 17:02:47.464 1010 1378 E mm-camera: 325: module_sensor_offload_ois_init_calibrate: Get Is OIS calibration failed
09-13 17:02:47.490 531 531 I OPCAMERA_SERVICE: deinit_module: module=0xe8c97c20 private=0xe8c9c8a0 list=0x0
09-13 17:02:47.491 531 531 I QCamera : closeCamera: 2575: [KPI Perf]: X PROFILE_CLOSE_CAMERA camera id 0, rc: 0
09-13 17:02:47.491 531 1374 I QCameraHWI_Mem: memoryPoolThread: stop proc
09-13 17:02:47.491 531 1374 I QCameraHWI_Mem: memoryPoolThread: X
09-13 17:02:47.491 531 531 I QCamera : close_camera_device: 1651: [KPI Perf]: X
09-13 17:02:47.491 531 531 I QCamera : getCameraInfo: 341: Camera id 1 API version 768
09-13 17:02:47.522 1010 1430 I mm-3a-core: dlopen libopcamera_native_modules.so
09-13 17:02:47.537 887 1100 I ServiceManager: Waiting for service 'package_native' on '/dev/binder'...
09-13 17:02:47.555 1010 1426 I mm-camera: sony_imx179_eeprom_get_calibration_items: A light valid page:0, D50 valid page:0
09-13 17:02:47.632 1010 1430 E mm-3a-core: light_sensor_init init fail
09-13 17:02:47.634 1010 1430 E mm-camera: 448: dsps_open: try to sensor1_open()
09-13 17:02:47.637 887 1100 I ServiceManager: Waiting for service 'package_native' on '/dev/binder'...
09-13 17:02:47.665 1010 1010 I mm-camera: < INFO> 292: af_core_init: af_core_init
09-13 17:02:47.666 1010 1010 E mm-camera: 2865: stats_port_check_caps_reserve: Invalid Port capability type!
09-13 17:02:47.666 1010 1010 I chatty : uid=1006(camera) mm-qcamera-daem identical 3 lines
09-13 17:02:47.666 1010 1010 E mm-camera: 2865: stats_port_check_caps_reserve: Invalid Port capability type!
09-13 17:02:47.666 1010 1010 I mm-3a-core: q3a_thread_aecawb_start Enter
09-13 17:02:47.679 1010 1450 E mm-camera: 2966: sensor_get_cur_chromatix_name: Sensor name:imx179,sensor id:0x0, vendor id:0, lens id:0
09-13 17:02:47.679 1010 1450 E mm-camera: 3129: sensor_get_cur_chromatix_name: 3A chromatix : imx179_3a_3280x2464_30fps_preview
09-13 17:02:47.679 1010 1450 I : processFpsTable: fps[0]=7.50/30.00 7.50/29.00
09-13 17:02:47.679 1010 1450 I : processFpsTable: fps[1]=7.50/30.00 7.50/30.00
09-13 17:02:47.679 1010 1450 I : processFpsTable: fps[2]=30.00/30.00 30.00/30.00
09-13 17:02:47.683 531 1454 D : cmdtype=MM_CAMERA_CMD_TYPE_EXIT
09-13 17:02:47.732 531 531 I QCamera : getCamInfo: 9007: camera 1 resource cost is 100
09-13 17:02:47.732 531 531 I QCamera : openLegacy: 680: openLegacy halVersion: 256
09-13 17:02:47.739 887 1100 I ServiceManager: Waiting for service 'package_native' on '/dev/binder'...
09-13 17:02:47.741 531 1464 I QCameraHWI_Mem: memoryPoolThread: E
09-13 17:02:47.741 531 1464 I QCameraHWI_Mem: memoryPoolThread: start proc
09-13 17:02:47.741 531 531 I OneplusCamera: initClientPackageNameFlag: com.android.facelock
09-13 17:02:47.742 531 531 D vndksupport: Loading /vendor/lib/hw/power.qcom.so from current namespace instead of sphal namespace.
09-13 17:02:47.746 531 531 I QCamera2HWI: QCamera2HardwareInterface: mClientPackageName = com.android.facelock
09-13 17:02:47.746 531 531 I QCamera : openCamera: 2057: [KPI Perf]: E PROFILE_OPEN_CAMERA camera id 1
09-13 17:02:47.747 531 531 I OPCAMERA_SERVICE: init_module: module=0xe8c97c30 private=0xe1fa2c40 list=0xe26c3130
09-13 17:02:47.747 531 531 E OneplusCamera: acquire: fail
09-13 17:02:47.752 531 1463 I QCameraStateMachine: E
09-13 17:02:47.761 531 1466 I QCamera2HWI: QCamera2HardwareInterface::deferredWorkRoutine id=4
09-13 17:02:47.762 531 1466 I QCamera2HWI: QCamera2HardwareInterface::dequeueDeferredWork id=4
09-13 17:02:47.762 531 1466 I QCamera2HWI: QCamera2HardwareInterface::deferredWorkRoutine id=5
09-13 17:02:47.763 531 1466 I QCamera2HWI: QCamera2HardwareInterface::dequeueDeferredWork id=5
09-13 17:02:47.785 1010 1474 E mm-3a-core: light_sensor_init init fail
09-13 17:02:47.787 1010 1474 E mm-camera: 448: dsps_open: try to sensor1_open()
09-13 17:02:47.790 1010 1470 I mm-camera: sony_imx179_eeprom_get_calibration_items: A light valid page:0, D50 valid page:0
09-13 17:02:47.841 887 1100 I ServiceManager: Waiting for service 'package_native' on '/dev/binder'...
09-13 17:02:47.860 1010 1010 I mm-camera: < INFO> 292: af_core_init: af_core_init
09-13 17:02:47.861 1010 1010 E mm-camera: 2865: stats_port_check_caps_reserve: Invalid Port capability type!
09-13 17:02:47.861 1010 1010 I chatty : uid=1006(camera) mm-qcamera-daem identical 3 lines
09-13 17:02:47.861 1010 1010 E mm-camera: 2865: stats_port_check_caps_reserve: Invalid Port capability type!
09-13 17:02:47.861 1010 1010 I mm-3a-core: q3a_thread_aecawb_start Enter
09-13 17:02:47.885 531 531 I QCamera : openCamera: 2070: [KPI Perf]: X PROFILE_OPEN_CAMERA camera id 1, rc: 0
09-13 17:02:47.885 531 1466 I QCamera2HWI: QCamera2HardwareInterface::deferredWorkRoutine id=6
09-13 17:02:47.885 531 531 I QCamera : close_camera_device: 1649: [KPI Perf]: E camera id 1
09-13 17:02:47.886 531 1466 D QCameraParameters: sensor_active_size is 3288 2480
09-13 17:02:47.886 531 1466 I QCamera : setFocusMode: 7701: Setting focus mode fixed
09-13 17:02:47.887 531 1466 I OPCAMERA_VFB: init_module: module=0xe8c97c20 private=0xe1ff7000 list=0xe1f98020
09-13 17:02:47.888 531 1497 I OPCAMERA_VFB: sensor_config: enable cfg for imx179
09-13 17:02:47.889 531 1466 I OPCAMERA_SFB: init_module: module=0xe1f99000 private=0xe1fd0000 list=0xe1f98030
09-13 17:02:47.898 531 1499 I OPCAMERA_SFB: sensor_config: imx179.is_sensor_cfg=1
09-13 17:02:47.898 531 1466 E OneplusCamera: createFaceBeautyLevelString facebeauty levels=0,1,2,3,4,5,6,7,8
09-13 17:02:47.900 531 1466 I OPCAMERA_VFB: deinit_module: module=0xe8c97c20 private=0xe1ff7000 list=0x0
09-13 17:02:47.903 531 1466 I OPCAMERA_SFB: deinit_module: module=0xe1f99000 private=0xe1fd0000 list=0x0
09-13 17:02:47.905 1010 1491 E mm-camera: 2966: sensor_get_cur_chromatix_name: Sensor name:imx179,sensor id:0x0, vendor id:0, lens id:0
09-13 17:02:47.905 1010 1491 E mm-camera: 3129: sensor_get_cur_chromatix_name: 3A chromatix : imx179_3a_3280x2464_30fps_preview
09-13 17:02:47.906 531 1466 I QCamera2HWI: QCamera2HardwareInterface::dequeueDeferredWork id=6
09-13 17:02:47.908 531 531 I QCameraStateMachine: E
09-13 17:02:47.909 531 1463 I QCameraStateMachine: QCAMERA_SM_CMD_TYPE_EXIT
09-13 17:02:47.909 531 1463 I QCameraStateMachine: X
09-13 17:02:47.909 531 531 I QCameraStateMachine: X
09-13 17:02:47.909 531 531 I QCamera : closeCamera: 2479: E
09-13 17:02:47.909 531 531 I QCamera : closeCamera: 2484: [KPI Perf]: E PROFILE_CLOSE_CAMERA camera id 1
09-13 17:02:47.910 531 531 E OneplusCamera: acquire: fail
09-13 17:02:47.910 1010 1491 I : sensor_pick_resolution res_idx: 2
09-13 17:02:47.910 1010 1491 I : sensor_pick_resolution Matched pick_w:1640, pick_h:924, pick_fps:30.000000, pick_clk:136000000, pick_mode:1
09-13 17:02:47.911 1010 1310 E mm-camera: 303: AllocateBuffers: Invalid dimensions 0x0
09-13 17:02:47.911 1010 1310 E mm-camera: 203: img_algo_preload: Preload: Failed to allocate buffer, rc -4
09-13 17:02:47.911 1010 1310 E mm-camera: 117: module_imgbase_client_preload_exec: IMG_CORE_PRELOAD failed -4
09-13 17:02:47.914 531 531 D QCameraPostProc: stop: E
09-13 17:02:47.914 531 531 E QCameraPostProc: stop: X
09-13 17:02:47.918 531 1494 D : cmdtype=MM_CAMERA_CMD_TYPE_EXIT
09-13 17:02:47.919 1010 1010 E mm-camera: 916: isp_port_check_caps_unreserve: ISP session resource not dellocated in time
09-13 17:02:47.929 1010 1503 E mm-camera: 528: isp_module_stop_session: warning: ISP resource is not freed on time!
09-13 17:02:47.941 887 1100 I ServiceManager: Waiting for service 'package_native' on '/dev/binder'...
09-13 17:02:47.952 531 531 I OPCAMERA_SERVICE: deinit_module: module=0xe8c97c30 private=0xe1fa2c40 list=0x0
09-13 17:02:47.952 531 531 I QCamera : closeCamera: 2575: [KPI Perf]: X PROFILE_CLOSE_CAMERA camera id 1, rc: 0
09-13 17:02:47.953 531 1464 I QCameraHWI_Mem: memoryPoolThread: stop proc
09-13 17:02:47.954 531 1464 I QCameraHWI_Mem: memoryPoolThread: X
09-13 17:02:47.955 531 531 I QCamera : close_camera_device: 1651: [KPI Perf]: X
09-13 17:02:47.956 531 531 I ServiceManagement: Removing namespace from process name android.hardware.camera.provider@2.4-service to provider@2.4-service.
09-13 17:02:47.958 531 531 I android.hardware.camera.provider@2.4-service: Registration complete for android.hardware.camera.provider@2.4::ICameraProvider/legacy/0.
09-13 17:02:47.959 862 862 I CameraProviderManager: Connecting to new camera provider: legacy/0, isRemote? 1
09-13 17:02:47.959 862 862 I CameraProviderManager: Enumerating new camera device: device@1.0/legacy/0
09-13 17:02:47.961 531 531 I CamDev@1.0-impl: Opening camera 0
09-13 17:02:47.961 531 531 I QCamera : openLegacy: 680: openLegacy halVersion: 256
09-13 17:02:47.966 531 1511 I QCameraHWI_Mem: memoryPoolThread: E
09-13 17:02:47.966 531 1511 I QCameraHWI_Mem: memoryPoolThread: start proc
09-13 17:02:47.966 531 531 I OneplusCamera: initClientPackageNameFlag: com.android.facelock
09-13 17:02:47.967 531 531 D vndksupport: Loading /vendor/lib/hw/power.qcom.so from current namespace instead of sphal namespace.
09-13 17:02:47.970 531 531 I QCamera2HWI: QCamera2HardwareInterface: mClientPackageName = com.android.facelock
09-13 17:02:47.970 531 531 I QCamera : openCamera: 2057: [KPI Perf]: E PROFILE_OPEN_CAMERA camera id 0
09-13 17:02:47.970 531 531 I OPCAMERA_SERVICE: init_module: module=0xe8c97c10 private=0xe1fa2c40 list=0xe26c3290
09-13 17:02:47.971 531 531 E OneplusCamera: acquire: fail
09-13 17:02:47.971 862 862 W CameraProviderManager: Camera provider legacy/0 says an unknown camera device@1.0/legacy/0 now has torch status 0. Curious.
09-13 17:02:47.971 862 862 W CameraProviderManager: Camera provider legacy/0 says an unknown camera device@3.3/legacy/0 now has torch status 0. Curious.
09-13 17:02:47.972 531 1510 I QCameraStateMachine: E
09-13 17:02:47.975 531 1512 I QCamera2HWI: QCamera2HardwareInterface::deferredWorkRoutine id=7
09-13 17:02:47.977 531 1512 I QCamera2HWI: QCamera2HardwareInterface::dequeueDeferredWork id=7
09-13 17:02:47.977 531 1512 I QCamera2HWI: QCamera2HardwareInterface::deferredWorkRoutine id=8
09-13 17:02:47.977 531 1512 I QCamera2HWI: QCamera2HardwareInterface::dequeueDeferredWork id=8
09-13 17:02:48.017 1155 1155 E QTI_SDM_INFO: [qti_rmnet_peripheral.c:739] qti_file_open():Could not open device file. Errno 2 error msg=No such file or directory
09-13 17:02:48.017 1010 1520 E mm-3a-core: light_sensor_init init fail
09-13 17:02:48.019 1010 1520 E mm-camera: 448: dsps_open: try to sensor1_open()
09-13 17:02:48.045 887 1100 I ServiceManager: Waiting for service 'package_native' on '/dev/binder'...
09-13 17:02:48.048 1010 1010 I mm-camera: < INFO> 292: af_core_init: af_core_init
09-13 17:02:48.048 1010 1010 E mm-camera: 2865: stats_port_check_caps_reserve: Invalid Port capability type!
09-13 17:02:48.049 1010 1010 I chatty : uid=1006(camera) mm-qcamera-daem identical 3 lines
09-13 17:02:48.049 1010 1010 E mm-camera: 2865: stats_port_check_caps_reserve: Invalid Port capability type!
09-13 17:02:48.049 1010 1010 I mm-3a-core: q3a_thread_aecawb_start Enter
09-13 17:02:48.055 531 1512 I QCamera2HWI: QCamera2HardwareInterface::deferredWorkRoutine id=9
09-13 17:02:48.055 531 531 I QCamera : openCamera: 2070: [KPI Perf]: X PROFILE_OPEN_CAMERA camera id 0, rc: 0
09-13 17:02:48.055 531 531 I CamDev@1.0-impl: could not cast ICameraDeviceCallback to IQCameraDeviceCallback
09-13 17:02:48.055 531 1512 I QCameraParameters: Open flash for camera Id: 0 (flash fd: 34)
09-13 17:02:48.057 531 1512 I QCameraParameters: init: no sensor name matched
09-13 17:02:48.057 531 1512 D QCameraParameters: sensor_active_size is 4656 3496
09-13 17:02:48.058 531 1512 I QCamera : setFocusMode: 7701: Setting focus mode auto
09-13 17:02:48.058 531 1512 I QCamera : setFocusAreas: 9967: Default ROI
09-13 17:02:48.058 531 1512 I OPCAMERA_VFB: init_module: module=0xe8c97c28 private=0xe26c4a00 list=0xe26c3360
09-13 17:02:48.059 531 1545 I OPCAMERA_VFB: sensor_config: enable cfg for imx298
