09-13 17:03:39.816 4031 4031 I system_server: at java.lang.Class java.lang.Class.classForName(java.lang.String, boolean, java.lang.ClassLoader) (Class.java:-2)
09-13 17:03:39.816 4031 4031 I system_server: at java.lang.Class java.lang.Class.forName(java.lang.String, boolean, java.lang.ClassLoader) (Class.java:453)
09-13 17:03:39.816 4031 4031 I system_server: at java.lang.Runnable com.android.internal.os.RuntimeInit.findStaticMain(java.lang.String, java.lang.String[], java.lang.ClassLoader) (RuntimeInit.java:336)
09-13 17:03:39.816 4031 4031 I system_server: at java.lang.Runnable com.android.internal.os.RuntimeInit.applicationInit(int, java.lang.String[], java.lang.ClassLoader) (RuntimeInit.java:409)
09-13 17:03:39.816 4031 4031 I system_server: at java.lang.Runnable com.android.internal.os.ZygoteInit.zygoteInit(int, java.lang.String[], java.lang.ClassLoader) (ZygoteInit.java:912)
09-13 17:03:39.816 4031 4031 I system_server: at java.lang.Runnable com.android.internal.os.ZygoteInit.handleSystemServerProcess(com.android.internal.os.ZygoteConnection$Arguments) (ZygoteInit.java:506)
09-13 17:03:39.816 4031 4031 I system_server: at java.lang.Runnable com.android.internal.os.ZygoteInit.forkSystemServer(java.lang.String, java.lang.String, com.android.internal.os.ZygoteServer) (ZygoteInit.java:730)
09-13 17:03:39.816 4031 4031 I system_server: at void com.android.internal.os.ZygoteInit.main(java.lang.String[]) (ZygoteInit.java:833)
09-13 17:03:39.816 4031 4031 I system_server:
09-13 17:03:39.816 3834 3834 D vndksupport: Loading /vendor/lib/hw/android.hardware.audio@4.0-impl.so from current namespace instead of sphal namespace.
09-13 17:03:39.819 4031 4031 I system_server: Rejecting re-init on previously-failed class java.lang.Class: java.lang.NoClassDefFoundError: Failed resolution of: Landroid/view/WindowManagerPolicy$WindowManagerFuncs;
09-13 17:03:39.819 4031 4031 I system_server: at java.lang.Class java.lang.Class.classForName(java.lang.String, boolean, java.lang.ClassLoader) (Class.java:-2)
09-13 17:03:39.819 4031 4031 I system_server: at java.lang.Class java.lang.Class.forName(java.lang.String, boolean, java.lang.ClassLoader) (Class.java:453)
09-13 17:03:39.819 4031 4031 I system_server: at java.lang.Runnable com.android.internal.os.RuntimeInit.findStaticMain(java.lang.String, java.lang.String[], java.lang.ClassLoader) (RuntimeInit.java:336)
09-13 17:03:39.819 4031 4031 I system_server: at java.lang.Runnable com.android.internal.os.RuntimeInit.applicationInit(int, java.lang.String[], java.lang.ClassLoader) (RuntimeInit.java:409)
09-13 17:03:39.819 4031 4031 I system_server: at java.lang.Runnable com.android.internal.os.ZygoteInit.zygoteInit(int, java.lang.String[], java.lang.ClassLoader) (ZygoteInit.java:912)
09-13 17:03:39.819 4031 4031 I system_server: at java.lang.Runnable com.android.internal.os.ZygoteInit.handleSystemServerProcess(com.android.internal.os.ZygoteConnection$Arguments) (ZygoteInit.java:506)
09-13 17:03:39.819 4031 4031 I system_server: at java.lang.Runnable com.android.internal.os.ZygoteInit.forkSystemServer(java.lang.String, java.lang.String, com.android.internal.os.ZygoteServer) (ZygoteInit.java:730)
09-13 17:03:39.819 4031 4031 I system_server: at void com.android.internal.os.ZygoteInit.main(java.lang.String[]) (ZygoteInit.java:833)
09-13 17:03:39.819 4031 4031 I system_server: Caused by: java.lang.ClassNotFoundException: Didn't find class "android.view.WindowManagerPolicy$WindowManagerFuncs" on path: DexPathList[[zip file "/system/framework/services.jar", zip file "/system/framework/ethernet-service.jar", zip file "/system/framework/wifi-service.jar", zip file "/system/framework/com.android.location.provider.jar"],nativeLibraryDirectories=[/system/lib64, /system/vendor/lib64, /system/lib64, /system/vendor/lib64]]
09-13 17:03:39.819 4031 4031 I system_server: at java.lang.Class dalvik.system.BaseDexClassLoader.findClass(java.lang.String) (BaseDexClassLoader.java:169)
09-13 17:03:39.819 4031 4031 I system_server: at java.lang.Class java.lang.ClassLoader.loadClass(java.lang.String, boolean) (ClassLoader.java:379)
09-13 17:03:39.819 4031 4031 I system_server: at java.lang.Class java.lang.ClassLoader.loadClass(java.lang.String) (ClassLoader.java:312)
09-13 17:03:39.819 4031 4031 I system_server: at java.lang.Class java.lang.Class.classForName(java.lang.String, boolean, java.lang.ClassLoader) (Class.java:-2)
09-13 17:03:39.819 4031 4031 I system_server: at java.lang.Class java.lang.Class.forName(java.lang.String, boolean, java.lang.ClassLoader) (Class.java:453)
09-13 17:03:39.819 4031 4031 I system_server: at java.lang.Runnable com.android.internal.os.RuntimeInit.findStaticMain(java.lang.String, java.lang.String[], java.lang.ClassLoader) (RuntimeInit.java:336)
09-13 17:03:39.819 4031 4031 I system_server: at java.lang.Runnable com.android.internal.os.RuntimeInit.applicationInit(int, java.lang.String[], java.lang.ClassLoader) (RuntimeInit.java:409)
09-13 17:03:39.819 4031 4031 I system_server: at java.lang.Runnable com.android.internal.os.ZygoteInit.zygoteInit(int, java.lang.String[], java.lang.ClassLoader) (ZygoteInit.java:912)
09-13 17:03:39.819 4031 4031 I system_server: at java.lang.Runnable com.android.internal.os.ZygoteInit.handleSystemServerProcess(com.android.internal.os.ZygoteConnection$Arguments) (ZygoteInit.java:506)
09-13 17:03:39.819 4031 4031 I system_server: at java.lang.Runnable com.android.internal.os.ZygoteInit.forkSystemServer(java.lang.String, java.lang.String, com.android.internal.os.ZygoteServer) (ZygoteInit.java:730)
09-13 17:03:39.819 4031 4031 I system_server: at void com.android.internal.os.ZygoteInit.main(java.lang.String[]) (ZygoteInit.java:833)
09-13 17:03:39.819 4031 4031 I system_server:
09-13 17:03:39.820 4031 4031 I system_server: Rejecting re-init on previously-failed class java.lang.Class: java.lang.NoClassDefFoundError: Failed resolution of: Landroid/view/WindowManagerPolicy$WindowManagerFuncs;
09-13 17:03:39.820 4031 4031 I system_server: at java.lang.Class java.lang.Class.classForName(java.lang.String, boolean, java.lang.ClassLoader) (Class.java:-2)
09-13 17:03:39.820 4031 4031 I system_server: at java.lang.Class java.lang.Class.forName(java.lang.String, boolean, java.lang.ClassLoader) (Class.java:453)
09-13 17:03:39.820 4031 4031 I system_server: at java.lang.Runnable com.android.internal.os.RuntimeInit.findStaticMain(java.lang.String, java.lang.String[], java.lang.ClassLoader) (RuntimeInit.java:336)
09-13 17:03:39.820 4031 4031 I system_server: at java.lang.Runnable com.android.internal.os.RuntimeInit.applicationInit(int, java.lang.String[], java.lang.ClassLoader) (RuntimeInit.java:409)
09-13 17:03:39.820 4031 4031 I system_server: at java.lang.Runnable com.android.internal.os.ZygoteInit.zygoteInit(int, java.lang.String[], java.lang.ClassLoader) (ZygoteInit.java:912)
09-13 17:03:39.820 4031 4031 I system_server: at java.lang.Runnable com.android.internal.os.ZygoteInit.handleSystemServerProcess(com.android.internal.os.ZygoteConnection$Arguments) (ZygoteInit.java:506)
09-13 17:03:39.820 4031 4031 I system_server: at java.lang.Runnable com.android.internal.os.ZygoteInit.forkSystemServer(java.lang.String, java.lang.String, com.android.internal.os.ZygoteServer) (ZygoteInit.java:730)
09-13 17:03:39.820 4031 4031 I system_server: at void com.android.internal.os.ZygoteInit.main(java.lang.String[]) (ZygoteInit.java:833)
09-13 17:03:39.820 4031 4031 I system_server: Caused by: java.lang.ClassNotFoundException: Didn't find class "android.view.WindowManagerPolicy$WindowManagerFuncs" on path: DexPathList[[zip file "/system/framework/services.jar", zip file "/system/framework/ethernet-service.jar", zip file "/system/framework/wifi-service.jar", zip file "/system/framework/com.android.location.provider.jar"],nativeLibraryDirectories=[/system/lib64, /system/vendor/lib64, /system/lib64, /system/vendor/lib64]]
09-13 17:03:39.820 4031 4031 I system_server: at java.lang.Class dalvik.system.BaseDexClassLoader.findClass(java.lang.String) (BaseDexClassLoader.java:169)
09-13 17:03:39.820 4031 4031 I system_server: at java.lang.Class java.lang.ClassLoader.loadClass(java.lang.String, boolean) (ClassLoader.java:379)
09-13 17:03:39.820 4031 4031 I system_server: at java.lang.Class java.lang.ClassLoader.loadClass(java.lang.String) (ClassLoader.java:312)
09-13 17:03:39.820 4031 4031 I system_server: at java.lang.Class java.lang.Class.classForName(java.lang.String, boolean, java.lang.ClassLoader) (Class.java:-2)
09-13 17:03:39.820 4031 4031 I system_server: at java.lang.Class java.lang.Class.forName(java.lang.String, boolean, java.lang.ClassLoader) (Class.java:453)
09-13 17:03:39.820 4031 4031 I system_server: at java.lang.Runnable com.android.internal.os.RuntimeInit.findStaticMain(java.lang.String, java.lang.String[], java.lang.ClassLoader) (RuntimeInit.java:336)
09-13 17:03:39.820 4031 4031 I system_server: at java.lang.Runnable com.android.internal.os.RuntimeInit.applicationInit(int, java.lang.String[], java.lang.ClassLoader) (RuntimeInit.java:409)
09-13 17:03:39.820 4031 4031 I system_server: at java.lang.Runnable com.android.internal.os.ZygoteInit.zygoteInit(int, java.lang.String[], java.lang.ClassLoader) (ZygoteInit.java:912)
09-13 17:03:39.820 4031 4031 I system_server: at java.lang.Runnable com.android.internal.os.ZygoteInit.handleSystemServerProcess(com.android.internal.os.ZygoteConnection$Arguments) (ZygoteInit.java:506)
09-13 17:03:39.820 4031 4031 I system_server: at java.lang.Runnable com.android.internal.os.ZygoteInit.forkSystemServer(java.lang.String, java.lang.String, com.android.internal.os.ZygoteServer) (ZygoteInit.java:730)
09-13 17:03:39.820 4031 4031 I system_server: at void com.android.internal.os.ZygoteInit.main(java.lang.String[]) (ZygoteInit.java:833)
09-13 17:03:39.820 4031 4031 I system_server:
09-13 17:03:39.821 4031 4031 I system_server: Rejecting re-init on previously-failed class java.lang.Class: java.lang.NoClassDefFoundError: Failed resolution of: Landroid/view/WindowManagerPolicy$WindowManagerFuncs;
09-13 17:03:39.821 4031 4031 I system_server: at java.lang.Class java.lang.Class.classForName(java.lang.String, boolean, java.lang.ClassLoader) (Class.java:-2)
09-13 17:03:39.821 4031 4031 I system_server: at java.lang.Class java.lang.Class.forName(java.lang.String, boolean, java.lang.ClassLoader) (Class.java:453)
09-13 17:03:39.821 4031 4031 I system_server: at java.lang.Runnable com.android.internal.os.RuntimeInit.findStaticMain(java.lang.String, java.lang.String[], java.lang.ClassLoader) (RuntimeInit.java:336)
09-13 17:03:39.821 4031 4031 I system_server: at java.lang.Runnable com.android.internal.os.RuntimeInit.applicationInit(int, java.lang.String[], java.lang.ClassLoader) (RuntimeInit.java:409)
09-13 17:03:39.821 4031 4031 I system_server: at java.lang.Runnable com.android.internal.os.ZygoteInit.zygoteInit(int, java.lang.String[], java.lang.ClassLoader) (ZygoteInit.java:912)
09-13 17:03:39.821 4031 4031 I system_server: at java.lang.Runnable com.android.internal.os.ZygoteInit.handleSystemServerProcess(com.android.internal.os.ZygoteConnection$Arguments) (ZygoteInit.java:506)
09-13 17:03:39.821 4031 4031 I system_server: at java.lang.Runnable com.android.internal.os.ZygoteInit.forkSystemServer(java.lang.String, java.lang.String, com.android.internal.os.ZygoteServer) (ZygoteInit.java:730)
09-13 17:03:39.821 4031 4031 I system_server: at void com.android.internal.os.ZygoteInit.main(java.lang.String[]) (ZygoteInit.java:833)
09-13 17:03:39.821 4031 4031 I system_server: Caused by: java.lang.ClassNotFoundException: Didn't find class "android.view.WindowManagerPolicy$WindowManagerFuncs" on path: DexPathList[[zip file "/system/framework/services.jar", zip file "/system/framework/ethernet-service.jar", zip file "/system/framework/wifi-service.jar", zip file "/system/framework/com.android.location.provider.jar"],nativeLibraryDirectories=[/system/lib64, /system/vendor/lib64, /system/lib64, /system/vendor/lib64]]
09-13 17:03:39.821 4031 4031 I system_server: at java.lang.Class dalvik.system.BaseDexClassLoader.findClass(java.lang.String) (BaseDexClassLoader.java:169)
09-13 17:03:39.821 4031 4031 I system_server: at java.lang.Class java.lang.ClassLoader.loadClass(java.lang.String, boolean) (ClassLoader.java:379)
09-13 17:03:39.821 4031 4031 I system_server: at java.lang.Class java.lang.ClassLoader.loadClass(java.lang.String) (ClassLoader.java:312)
09-13 17:03:39.821 4031 4031 I system_server: at java.lang.Class java.lang.Class.classForName(java.lang.String, boolean, java.lang.ClassLoader) (Class.java:-2)
09-13 17:03:39.821 4031 4031 I system_server: at java.lang.Class java.lang.Class.forName(java.lang.String, boolean, java.lang.ClassLoader) (Class.java:453)
09-13 17:03:39.821 4031 4031 I system_server: at java.lang.Runnable com.android.internal.os.RuntimeInit.findStaticMain(java.lang.String, java.lang.String[], java.lang.ClassLoader) (RuntimeInit.java:336)
09-13 17:03:39.821 4031 4031 I system_server: at java.lang.Runnable com.android.internal.os.RuntimeInit.applicationInit(int, java.lang.String[], java.lang.ClassLoader) (RuntimeInit.java:409)
09-13 17:03:39.821 4031 4031 I system_server: at java.lang.Runnable com.android.internal.os.ZygoteInit.zygoteInit(int, java.lang.String[], java.lang.ClassLoader) (ZygoteInit.java:912)
09-13 17:03:39.821 4031 4031 I system_server: at java.lang.Runnable com.android.internal.os.ZygoteInit.handleSystemServerProcess(com.android.internal.os.ZygoteConnection$Arguments) (ZygoteInit.java:506)
09-13 17:03:39.821 4031 4031 I system_server: at java.lang.Runnable com.android.internal.os.ZygoteInit.forkSystemServer(java.lang.String, java.lang.String, com.android.internal.os.ZygoteServer) (ZygoteInit.java:730)
09-13 17:03:39.821 4031 4031 I system_server: at void com.android.internal.os.ZygoteInit.main(java.lang.String[]) (ZygoteInit.java:833)
09-13 17:03:39.821 4031 4031 I system_server:
09-13 17:03:39.821 4031 4031 I system_server: Rejecting re-init on previously-failed class java.lang.Class: java.lang.NoClassDefFoundError: Failed resolution of: Landroid/view/WindowManagerPolicy$WindowManagerFuncs;
09-13 17:03:39.821 4031 4031 I system_server: at java.lang.Class java.lang.Class.classForName(java.lang.String, boolean, java.lang.ClassLoader) (Class.java:-2)
09-13 17:03:39.821 4031 4031 I system_server: at java.lang.Class java.lang.Class.forName(java.lang.String, boolean, java.lang.ClassLoader) (Class.java:453)
09-13 17:03:39.821 4031 4031 I system_server: at java.lang.Runnable com.android.internal.os.RuntimeInit.findStaticMain(java.lang.String, java.lang.String[], java.lang.ClassLoader) (RuntimeInit.java:336)
09-13 17:03:39.821 4031 4031 I system_server: at java.lang.Runnable com.android.internal.os.RuntimeInit.applicationInit(int, java.lang.String[], java.lang.ClassLoader) (RuntimeInit.java:409)
09-13 17:03:39.821 4031 4031 I system_server: at java.lang.Runnable com.android.internal.os.ZygoteInit.zygoteInit(int, java.lang.String[], java.lang.ClassLoader) (ZygoteInit.java:912)
09-13 17:03:39.822 4031 4031 I system_server: at java.lang.Runnable com.android.internal.os.ZygoteInit.handleSystemServerProcess(com.android.internal.os.ZygoteConnection$Arguments) (ZygoteInit.java:506)
09-13 17:03:39.822 4031 4031 I system_server: at java.lang.Runnable com.android.internal.os.ZygoteInit.forkSystemServer(java.lang.String, java.lang.String, com.android.internal.os.ZygoteServer) (ZygoteInit.java:730)
09-13 17:03:39.822 4031 4031 I system_server: at void com.android.internal.os.ZygoteInit.main(java.lang.String[]) (ZygoteInit.java:833)
09-13 17:03:39.822 4031 4031 I system_server: Caused by: java.lang.ClassNotFoundException: Didn't find class "android.view.WindowManagerPolicy$WindowManagerFuncs" on path: DexPathList[[zip file "/system/framework/services.jar", zip file "/system/framework/ethernet-service.jar", zip file "/system/framework/wifi-service.jar", zip file "/system/framework/com.android.location.provider.jar"],nativeLibraryDirectories=[/system/lib64, /system/vendor/lib64, /system/lib64, /system/vendor/lib64]]
09-13 17:03:39.822 4031 4031 I system_server: at java.lang.Class dalvik.system.BaseDexClassLoader.findClass(java.lang.String) (BaseDexClassLoader.java:169)
09-13 17:03:39.822 4031 4031 I system_server: at java.lang.Class java.lang.ClassLoader.loadClass(java.lang.String, boolean) (ClassLoader.java:379)
09-13 17:03:39.822 4031 4031 I system_server: at java.lang.Class java.lang.ClassLoader.loadClass(java.lang.String) (ClassLoader.java:312)
09-13 17:03:39.822 4031 4031 I system_server: at java.lang.Class java.lang.Class.classForName(java.lang.String, boolean, java.lang.ClassLoader) (Class.java:-2)
09-13 17:03:39.822 4031 4031 I system_server: at java.lang.Class java.lang.Class.forName(java.lang.String, boolean, java.lang.ClassLoader) (Class.java:453)
09-13 17:03:39.822 4031 4031 I system_server: at java.lang.Runnable com.android.internal.os.RuntimeInit.findStaticMain(java.lang.String, java.lang.String[], java.lang.ClassLoader) (RuntimeInit.java:336)
09-13 17:03:39.822 4031 4031 I system_server: at java.lang.Runnable com.android.internal.os.RuntimeInit.applicationInit(int, java.lang.String[], java.lang.ClassLoader) (RuntimeInit.java:409)
09-13 17:03:39.822 4031 4031 I system_server: at java.lang.Runnable com.android.internal.os.ZygoteInit.zygoteInit(int, java.lang.String[], java.lang.ClassLoader) (ZygoteInit.java:912)
09-13 17:03:39.822 4031 4031 I system_server: at java.lang.Runnable com.android.internal.os.ZygoteInit.handleSystemServerProcess(com.android.internal.os.ZygoteConnection$Arguments) (ZygoteInit.java:506)
09-13 17:03:39.822 4031 4031 I system_server: at java.lang.Runnable com.android.internal.os.ZygoteInit.forkSystemServer(java.lang.String, java.lang.String, com.android.internal.os.ZygoteServer) (ZygoteInit.java:730)
09-13 17:03:39.822 4031 4031 I system_server: at void com.android.internal.os.ZygoteInit.main(java.lang.String[]) (ZygoteInit.java:833)
09-13 17:03:39.822 4031 4031 I system_server:
09-13 17:03:39.825 4031 4031 I system_server: Rejecting re-init on previously-failed class java.lang.Class: java.lang.NoClassDefFoundError: Failed resolution of: Landroid/view/WindowManagerPolicy$WindowManagerFuncs;
09-13 17:03:39.825 4031 4031 I system_server: at java.lang.Class java.lang.Class.classForName(java.lang.String, boolean, java.lang.ClassLoader) (Class.java:-2)
09-13 17:03:39.825 4031 4031 I system_server: at java.lang.Class java.lang.Class.forName(java.lang.String, boolean, java.lang.ClassLoader) (Class.java:453)
09-13 17:03:39.825 4031 4031 I system_server: at java.lang.Runnable com.android.internal.os.RuntimeInit.findStaticMain(java.lang.String, java.lang.String[], java.lang.ClassLoader) (RuntimeInit.java:336)
09-13 17:03:39.825 4031 4031 I system_server: at java.lang.Runnable com.android.internal.os.RuntimeInit.applicationInit(int, java.lang.String[], java.lang.ClassLoader) (RuntimeInit.java:409)
09-13 17:03:39.825 4031 4031 I system_server: at java.lang.Runnable com.android.internal.os.ZygoteInit.zygoteInit(int, java.lang.String[], java.lang.ClassLoader) (ZygoteInit.java:912)
09-13 17:03:39.825 4031 4031 I system_server: at java.lang.Runnable com.android.internal.os.ZygoteInit.handleSystemServerProcess(com.android.internal.os.ZygoteConnection$Arguments) (ZygoteInit.java:506)
09-13 17:03:39.825 4031 4031 I system_server: at java.lang.Runnable com.android.internal.os.ZygoteInit.forkSystemServer(java.lang.String, java.lang.String, com.android.internal.os.ZygoteServer) (ZygoteInit.java:730)
09-13 17:03:39.825 4031 4031 I system_server: at void com.android.internal.os.ZygoteInit.main(java.lang.String[]) (ZygoteInit.java:833)
09-13 17:03:39.825 4031 4031 I system_server: Caused by: java.lang.ClassNotFoundException: Didn't find class "android.view.WindowManagerPolicy$WindowManagerFuncs" on path: DexPathList[[zip file "/system/framework/services.jar", zip file "/system/framework/ethernet-service.jar", zip file "/system/framework/wifi-service.jar", zip file "/system/framework/com.android.location.provider.jar"],nativeLibraryDirectories=[/system/lib64, /system/vendor/lib64, /system/lib64, /system/vendor/lib64]]
09-13 17:03:39.825 4031 4031 I system_server: at java.lang.Class dalvik.system.BaseDexClassLoader.findClass(java.lang.String) (BaseDexClassLoader.java:169)
09-13 17:03:39.825 4031 4031 I system_server: at java.lang.Class java.lang.ClassLoader.loadClass(java.lang.String, boolean) (ClassLoader.java:379)
09-13 17:03:39.825 4031 4031 I system_server: at java.lang.Class java.lang.ClassLoader.loadClass(java.lang.String) (ClassLoader.java:312)
09-13 17:03:39.825 4031 4031 I system_server: at java.lang.Class java.lang.Class.classForName(java.lang.String, boolean, java.lang.ClassLoader) (Class.java:-2)
09-13 17:03:39.825 4031 4031 I system_server: at java.lang.Class java.lang.Class.forName(java.lang.String, boolean, java.lang.ClassLoader) (Class.java:453)
09-13 17:03:39.825 4031 4031 I system_server: at java.lang.Runnable com.android.internal.os.RuntimeInit.findStaticMain(java.lang.String, java.lang.String[], java.lang.ClassLoader) (RuntimeInit.java:336)
09-13 17:03:39.825 4031 4031 I system_server: at java.lang.Runnable com.android.internal.os.RuntimeInit.applicationInit(int, java.lang.String[], java.lang.ClassLoader) (RuntimeInit.java:409)
09-13 17:03:39.825 4031 4031 I system_server: at java.lang.Runnable com.android.internal.os.ZygoteInit.zygoteInit(int, java.lang.String[], java.lang.ClassLoader) (ZygoteInit.java:912)
09-13 17:03:39.825 4031 4031 I system_server: at java.lang.Runnable com.android.internal.os.ZygoteInit.handleSystemServerProcess(com.android.internal.os.ZygoteConnection$Arguments) (ZygoteInit.java:506)
09-13 17:03:39.825 4031 4031 I system_server: at java.lang.Runnable com.android.internal.os.ZygoteInit.forkSystemServer(java.lang.String, java.lang.String, com.android.internal.os.ZygoteServer) (ZygoteInit.java:730)
09-13 17:03:39.825 4031 4031 I system_server: at void com.android.internal.os.ZygoteInit.main(java.lang.String[]) (ZygoteInit.java:833)
09-13 17:03:39.825 4031 4031 I system_server:
09-13 17:03:39.825 4031 4031 I system_server: Rejecting re-init on previously-failed class java.lang.Class: java.lang.NoClassDefFoundError: Failed resolution of: Landroid/view/WindowManagerPolicy$WindowManagerFuncs;
09-13 17:03:39.825 4031 4031 I system_server: at java.lang.Class java.lang.Class.classForName(java.lang.String, boolean, java.lang.ClassLoader) (Class.java:-2)
09-13 17:03:39.825 4031 4031 I system_server: at java.lang.Class java.lang.Class.forName(java.lang.String, boolean, java.lang.ClassLoader) (Class.java:453)
09-13 17:03:39.825 4031 4031 I system_server: at java.lang.Runnable com.android.internal.os.RuntimeInit.findStaticMain(java.lang.String, java.lang.String[], java.lang.ClassLoader) (RuntimeInit.java:336)
09-13 17:03:39.825 4031 4031 I system_server: at java.lang.Runnable com.android.internal.os.RuntimeInit.applicationInit(int, java.lang.String[], java.lang.ClassLoader) (RuntimeInit.java:409)
09-13 17:03:39.825 4031 4031 I system_server: at java.lang.Runnable com.android.internal.os.ZygoteInit.zygoteInit(int, java.lang.String[], java.lang.ClassLoader) (ZygoteInit.java:912)
09-13 17:03:39.825 4031 4031 I system_server: at java.lang.Runnable com.android.internal.os.ZygoteInit.handleSystemServerProcess(com.android.internal.os.ZygoteConnection$Arguments) (ZygoteInit.java:506)
09-13 17:03:39.825 4031 4031 I system_server: at java.lang.Runnable com.android.internal.os.ZygoteInit.forkSystemServer(java.lang.String, java.lang.String, com.android.internal.os.ZygoteServer) (ZygoteInit.java:730)
09-13 17:03:39.825 4031 4031 I system_server: at void com.android.internal.os.ZygoteInit.main(java.lang.String[]) (ZygoteInit.java:833)
09-13 17:03:39.825 4031 4031 I system_server: Caused by: java.lang.ClassNotFoundException: Didn't find class "android.view.WindowManagerPolicy$WindowManagerFuncs" on path: DexPathList[[zip file "/system/framework/services.jar", zip file "/system/framework/ethernet-service.jar", zip file "/system/framework/wifi-service.jar", zip file "/system/framework/com.android.location.provider.jar"],nativeLibraryDirectories=[/system/lib64, /system/vendor/lib64, /system/lib64, /system/vendor/lib64]]
09-13 17:03:39.825 4031 4031 I system_server: at java.lang.Class dalvik.system.BaseDexClassLoader.findClass(java.lang.String) (BaseDexClassLoader.java:169)
09-13 17:03:39.825 4031 4031 I system_server: at java.lang.Class java.lang.ClassLoader.loadClass(java.lang.String, boolean) (ClassLoader.java:379)
09-13 17:03:39.825 4031 4031 I system_server: at java.lang.Class java.lang.ClassLoader.loadClass(java.lang.String) (ClassLoader.java:312)
09-13 17:03:39.825 4031 4031 I system_server: at java.lang.Class java.lang.Class.classForName(java.lang.String, boolean, java.lang.ClassLoader) (Class.java:-2)
09-13 17:03:39.825 4031 4031 I system_server: at java.lang.Class java.lang.Class.forName(java.lang.String, boolean, java.lang.ClassLoader) (Class.java:453)
09-13 17:03:39.825 4031 4031 I system_server: at java.lang.Runnable com.android.internal.os.RuntimeInit.findStaticMain(java.lang.String, java.lang.String[], java.lang.ClassLoader) (RuntimeInit.java:336)
09-13 17:03:39.825 4031 4031 I system_server: at java.lang.Runnable com.android.internal.os.RuntimeInit.applicationInit(int, java.lang.String[], java.lang.ClassLoader) (RuntimeInit.java:409)
09-13 17:03:39.825 4031 4031 I system_server: at java.lang.Runnable com.android.internal.os.ZygoteInit.zygoteInit(int, java.lang.String[], java.lang.ClassLoader) (ZygoteInit.java:912)
09-13 17:03:39.825 4031 4031 I system_server: at java.lang.Runnable com.android.internal.os.ZygoteInit.handleSystemServerProcess(com.android.internal.os.ZygoteConnection$Arguments) (ZygoteInit.java:506)
09-13 17:03:39.825 4031 4031 I system_server: at java.lang.Runnable com.android.internal.os.ZygoteInit.forkSystemServer(java.lang.String, java.lang.String, com.android.internal.os.ZygoteServer) (ZygoteInit.java:730)
09-13 17:03:39.825 4031 4031 I system_server: at void com.android.internal.os.ZygoteInit.main(java.lang.String[]) (ZygoteInit.java:833)
09-13 17:03:39.825 4031 4031 I system_server:
09-13 17:03:39.826 3834 3834 I AudioFlinger: Using default 3000 mSec as standby time.
09-13 17:03:39.827 3834 3834 D audioserver: audioserver audio flinger init need time 711 ms
09-13 17:03:39.830 3835 3969 W CamPvdr@2.4-external: deviceAdded device /dev/video1 does not support VIDEO_CAPTURE
09-13 17:03:39.830 3835 3969 E CamPvdr@2.4-external: deviceAdded open v4l2 device /dev/video0 failed:Device or resource busy
09-13 17:03:39.833 4031 4031 E Zygote : System zygote died with exception
09-13 17:03:39.833 4031 4031 E Zygote : java.lang.NoClassDefFoundError: Failed resolution of: Landroid/util/BootTimingsTraceLog;
09-13 17:03:39.833 4031 4031 E Zygote : at com.android.server.SystemServer.(SystemServer.java:153)
09-13 17:03:39.833 4031 4031 E Zygote : at java.lang.Class.classForName(Native Method)
09-13 17:03:39.833 4031 4031 E Zygote : at java.lang.Class.forName(Class.java:453)
09-13 17:03:39.833 4031 4031 E Zygote : at com.android.internal.os.RuntimeInit.findStaticMain(RuntimeInit.java:336)
09-13 17:03:39.833 4031 4031 E Zygote : at com.android.internal.os.RuntimeInit.applicationInit(RuntimeInit.java:409)
09-13 17:03:39.833 4031 4031 E Zygote : at com.android.internal.os.ZygoteInit.zygoteInit(ZygoteInit.java:912)
09-13 17:03:39.833 4031 4031 E Zygote : at com.android.internal.os.ZygoteInit.handleSystemServerProcess(ZygoteInit.java:506)
09-13 17:03:39.833 4031 4031 E Zygote : at com.android.internal.os.ZygoteInit.forkSystemServer(ZygoteInit.java:730)
09-13 17:03:39.833 4031 4031 E Zygote : at com.android.internal.os.ZygoteInit.main(ZygoteInit.java:833)
09-13 17:03:39.833 4031 4031 E Zygote : Caused by: java.lang.ClassNotFoundException: Didn't find class "android.util.BootTimingsTraceLog" on path: DexPathList[[zip file "/system/framework/services.jar", zip file "/system/framework/ethernet-service.jar", zip file "/system/framework/wifi-service.jar", zip file "/system/framework/com.android.location.provider.jar"],nativeLibraryDirectories=[/system/lib64, /system/vendor/lib64, /system/lib64, /system/vendor/lib64]]
09-13 17:03:39.833 4031 4031 E Zygote : at dalvik.system.BaseDexClassLoader.findClass(BaseDexClassLoader.java:169)
09-13 17:03:39.833 4031 4031 E Zygote : at java.lang.ClassLoader.loadClass(ClassLoader.java:379)
09-13 17:03:39.833 4031 4031 E Zygote : at java.lang.ClassLoader.loadClass(ClassLoader.java:312)
09-13 17:03:39.833 4031 4031 E Zygote : ... 9 more
09-13 17:03:39.833 4031 4031 D AndroidRuntime: Shutting down VM
09-13 17:03:39.834 3834 3834 E APM::Serializer: deserialize: Could not parse /odm/etc/audio_policy_configuration.xml document.
09-13 17:03:39.834 4031 4031 E AndroidRuntime: *** FATAL EXCEPTION IN SYSTEM PROCESS: main
09-13 17:03:39.834 4031 4031 E AndroidRuntime: java.lang.NoClassDefFoundError: Failed resolution of: Landroid/util/BootTimingsTraceLog;
09-13 17:03:39.834 4031 4031 E AndroidRuntime: at com.android.server.SystemServer.(SystemServer.java:153)
09-13 17:03:39.834 4031 4031 E AndroidRuntime: at java.lang.Class.classForName(Native Method)
09-13 17:03:39.834 4031 4031 E AndroidRuntime: at java.lang.Class.forName(Class.java:453)
09-13 17:03:39.834 4031 4031 E AndroidRuntime: at com.android.internal.os.RuntimeInit.findStaticMain(RuntimeInit.java:336)
09-13 17:03:39.834 4031 4031 E AndroidRuntime: at com.android.internal.os.RuntimeInit.applicationInit(RuntimeInit.java:409)
09-13 17:03:39.834 4031 4031 E AndroidRuntime: at com.android.internal.os.ZygoteInit.zygoteInit(ZygoteInit.java:912)
09-13 17:03:39.834 4031 4031 E AndroidRuntime: at com.android.internal.os.ZygoteInit.handleSystemServerProcess(ZygoteInit.java:506)
09-13 17:03:39.834 4031 4031 E AndroidRuntime: at com.android.internal.os.ZygoteInit.forkSystemServer(ZygoteInit.java:730)
09-13 17:03:39.834 4031 4031 E AndroidRuntime: at com.android.internal.os.ZygoteInit.main(ZygoteInit.java:833)
09-13 17:03:39.834 4031 4031 E AndroidRuntime: Caused by: java.lang.ClassNotFoundException: Didn't find class "android.util.BootTimingsTraceLog" on path: DexPathList[[zip file "/system/framework/services.jar", zip file "/system/framework/ethernet-service.jar", zip file "/system/framework/wifi-service.jar", zip file "/system/framework/com.android.location.provider.jar"],nativeLibraryDirectories=[/system/lib64, /system/vendor/lib64, /system/lib64, /system/vendor/lib64]]
09-13 17:03:39.834 4031 4031 E AndroidRuntime: at dalvik.system.BaseDexClassLoader.findClass(BaseDexClassLoader.java:169)
09-13 17:03:39.834 4031 4031 E AndroidRuntime: at java.lang.ClassLoader.loadClass(ClassLoader.java:379)
09-13 17:03:39.834 4031 4031 E AndroidRuntime: at java.lang.ClassLoader.loadClass(ClassLoader.java:312)
09-13 17:03:39.834 4031 4031 E AndroidRuntime: ... 9 more
09-13 17:03:39.834 4031 4031 E AndroidRuntime: *** FATAL EXCEPTION IN SYSTEM PROCESS: main
09-13 17:03:39.834 4031 4031 E AndroidRuntime: java.lang.NoClassDefFoundError: Failed resolution of: Landroid/util/BootTimingsTraceLog;
09-13 17:03:39.834 4031 4031 E AndroidRuntime: at com.android.server.SystemServer.(SystemServer.java:153)
09-13 17:03:39.834 4031 4031 E AndroidRuntime: at java.lang.Class.classForName(Native Method)
09-13 17:03:39.834 4031 4031 E AndroidRuntime: at java.lang.Class.forName(Class.java:453)
09-13 17:03:39.834 4031 4031 E AndroidRuntime: at com.android.internal.os.RuntimeInit.findStaticMain(RuntimeInit.java:336)
09-13 17:03:39.834 4031 4031 E AndroidRuntime: at com.android.internal.os.RuntimeInit.applicationInit(RuntimeInit.java:409)
09-13 17:03:39.834 4031 4031 E AndroidRuntime: at com.android.internal.os.ZygoteInit.zygoteInit(ZygoteInit.java:912)
09-13 17:03:39.834 4031 4031 E AndroidRuntime: at com.android.internal.os.ZygoteInit.handleSystemServerProcess(ZygoteInit.java:506)
09-13 17:03:39.834 4031 4031 E AndroidRuntime: at com.android.internal.os.ZygoteInit.forkSystemServer(ZygoteInit.java:730)
09-13 17:03:39.834 4031 4031 E AndroidRuntime: at com.android.internal.os.ZygoteInit.main(ZygoteInit.java:833)
09-13 17:03:39.834 4031 4031 E AndroidRuntime: Caused by: java.lang.ClassNotFoundException: Didn't find class "android.util.BootTimingsTraceLog" on path: DexPathList[[zip file "/system/framework/services.jar", zip file "/system/framework/ethernet-service.jar", zip file "/system/framework/wifi-service.jar", zip file "/system/framework/com.android.location.provider.jar"],nativeLibraryDirectories=[/system/lib64, /system/vendor/lib64, /system/lib64, /system/vendor/lib64]]
09-13 17:03:39.834 4031 4031 E AndroidRuntime: at dalvik.system.BaseDexClassLoader.findClass(BaseDexClassLoader.java:169)
09-13 17:03:39.834 4031 4031 E AndroidRuntime: at java.lang.ClassLoader.loadClass(ClassLoader.java:379)
09-13 17:03:39.834 4031 4031 E AndroidRuntime: at java.lang.ClassLoader.loadClass(ClassLoader.java:312)
09-13 17:03:39.834 4031 4031 E AndroidRuntime: ... 9 more
09-13 17:03:39.837 4031 4031 E AndroidRuntime: Error reporting crash
09-13 17:03:39.837 4031 4031 E AndroidRuntime: java.lang.NullPointerException: Attempt to invoke interface method 'void android.app.IActivityManager.handleApplicationCrash(android.os.IBinder, android.app.ApplicationErrorReport$ParcelableCrashInfo)' on a null object reference
09-13 17:03:39.837 4031 4031 E AndroidRuntime: at com.android.internal.os.RuntimeInit$KillApplicationHandler.uncaughtException(RuntimeInit.java:187)
09-13 17:03:39.837 4031 4031 E AndroidRuntime: at java.lang.ThreadGroup.uncaughtException(ThreadGroup.java:1068)
09-13 17:03:39.837 4031 4031 E AndroidRuntime: at java.lang.ThreadGroup.uncaughtException(ThreadGroup.java:1063)
09-13 17:03:39.837 4031 4031 E AndroidRuntime: at java.lang.Thread.dispatchUncaughtException(Thread.java:1955)
09-13 17:03:39.838 4031 4031 E Process : try to kill system_server
09-13 17:03:39.839 4031 4031 I Process : Sending signal. PID: 4031 SIG: 9
09-13 17:03:39.840 3835 3969 W CamPvdr@2.4-external: deviceAdded device /dev/video33 does not support VIDEO_CAPTURE
09-13 17:03:39.852 3828 4056 D vndksupport: Loading /vendor/lib/hw/audio.primary.msm8996.so from current namespace instead of sphal namespace.
09-13 17:03:39.852 3828 4056 D audio_hw_primary: adev_open: enter
09-13 17:03:39.852 3828 4056 D audio_log_utils: registered, module hal
09-13 17:03:39.854 3828 4056 D audio_hw_utils: audio_extn_utils_open_snd_mixer: snd_card_name: msm8996-tasha-mtp-snd-card
09-13 17:03:39.854 3828 4056 W hardware_info: update_hardware_info_8996: Not a 8996 device
09-13 17:03:39.854 3828 4056 D audio_hw_utils: audio_extn_utils_open_snd_mixer: Opened sound card:0
09-13 17:03:39.854 3828 4056 D msm8974_platform: platform_init: Opened sound card:0
09-13 17:03:39.854 3828 4056 W hardware_info: update_hardware_info_8996: Not a 8996 device
09-13 17:03:39.854 3828 4056 D msm8974_platform: platform_init: Loading mixer file: /vendor/etc/mixer_paths_tasha.xml
09-13 17:03:39.860 3829 3829 I Zygote : Process 4031 exited due to signal (9)
09-13 17:03:39.860 3829 3829 E Zygote : Exit zygote because system server (4031) has terminated
09-13 17:03:39.864 3835 3969 W CamPvdr@2.4-external: deviceAdded device /dev/video32 does not support VIDEO_CAPTURE
09-13 17:03:39.865 3835 3969 I CamPvdr@2.4-external: threadLoop start monitoring new V4L2 devices
09-13 17:03:39.882 1169 1225 I QC-NETMGR-LIB: NetmgrNetdClientRegisterNetwork(): Looking for Netd service
09-13 17:03:39.882 1169 1225 I QC-NETMGR-LIB: NetmgrNetdClientRegisterNetwork(): register to create new OEM network
09-13 17:03:39.882 1169 1225 I QC-NETMGR-LIB: registerNetwork(): Attempting createOemNetwork
09-13 17:03:39.882 3837 3864 D TcpSocketMonitor: suspending tcpinfo polling
09-13 17:03:39.882 1169 1225 I QC-NETMGR-LIB: registerNetwork(): command completed!
09-13 17:03:39.882 1169 1225 I QC-NETMGR-LIB: registerNetwork(): createOemNetwork succeeded [packet mark : 0xf0002] [net id : 2] [network handle : 0x2cafed00d]
09-13 17:03:39.882 1169 1225 I QC-NETMGR-LIB: NetmgrNetdClientRegisterNetwork(): [packet mark : 0xf0002] [network handle : 0x2cafed00d]
09-13 17:03:39.925 478 478 I ServiceManager: service 'media.audio_flinger' died
09-13 17:03:39.946 478 478 I ServiceManager: service 'media.player' died
09-13 17:03:39.947 478 478 I ServiceManager: service 'media.resource_manager' died
09-13 17:03:39.953 1169 1557 E QC-NETMGR-LIB: serviceDied(): Netd service died
09-13 17:03:39.953 478 478 I ServiceManager: service 'netd' died
09-13 17:03:39.983 4073 4073 W iptables-wrappe: type=1400 audit(0.0:847): avc: denied { read write } for path="/dev/diag" dev="tmpfs" ino=7350 scontext=u:r:netutils_wrapper:s0 tcontext=u:object_r:diag_device:s0 tclass=chr_file permissive=0
09-13 17:03:40.003 4074 4074 W ip6tables-wrapp: type=1400 audit(0.0:848): avc: denied { read write } for path="/dev/diag" dev="tmpfs" ino=7350 scontext=u:r:netutils_wrapper:s0 tcontext=u:object_r:diag_device:s0 tclass=chr_file permissive=0
09-13 17:03:40.023 4075 4075 W ip6tables-wrapp: type=1400 audit(0.0:849): avc: denied { read write } for path="/dev/diag" dev="tmpfs" ino=7350 scontext=u:r:netutils_wrapper:s0 tcontext=u:object_r:diag_device:s0 tclass=chr_file permissive=0
09-13 17:03:40.043 4076 4076 W ip6tables-wrapp: type=1400 audit(0.0:850): avc: denied { read write } for path="/dev/diag" dev="tmpfs" ino=7350 scontext=u:r:netutils_wrapper:s0 tcontext=u:object_r:diag_device:s0 tclass=chr_file permissive=0
09-13 17:03:40.063 4077 4077 W iptables-wrappe: type=1400 audit(0.0:851): avc: denied { read write } for path="/dev/diag" dev="tmpfs" ino=7350 scontext=u:r:netutils_wrapper:s0 tcontext=u:object_r:diag_device:s0 tclass=chr_file permissive=0
09-13 17:03:40.107 478 478 I ServiceManager: service 'wificond' died
09-13 17:03:40.386 650 671 E Sensors : sns_debug_main.c(161):Debug Timer Callback called
09-13 17:03:40.527 1031 1086 W ServiceManagement: Waited one second for android.frameworks.sensorservice@1.0::ISensorManager/default
09-13 17:03:40.528 1031 1086 I ServiceManagement: getService: Trying again for android.frameworks.sensorservice@1.0::ISensorManager/default...
09-13 17:03:40.779 1169 1225 I QC-NETMGR-LIB: NetmgrNetdClientSetIpForwardEnable(): Looking for Netd service
09-13 17:03:40.779 1169 1225 I QC-NETMGR-LIB: NetmgrNetdClientSetIpForwardEnable(): starting command
09-13 17:03:40.779 1169 1225 E QC-NETMGR-LIB: setIpForwardEnable(): mService is NULL
09-13 17:03:41.528 1031 1086 W ServiceManagement: Waited one second for android.frameworks.sensorservice@1.0::ISensorManager/default
09-13 17:03:41.529 1031 1086 I ServiceManagement: getService: Trying again for android.frameworks.sensorservice@1.0::ISensorManager/default...
09-13 17:03:42.529 1031 1086 W ServiceManagement: Waited one second for android.frameworks.sensorservice@1.0::ISensorManager/default
09-13 17:03:42.530 1031 1086 I ServiceManagement: getService: Trying again for android.frameworks.sensorservice@1.0::ISensorManager/default...
09-13 17:03:42.581 593 822 E oemlogkit: oemlogkit: executeOnBootLogcat stop
09-13 17:03:43.234 4118 4118 D vndksupport: Loading /vendor/lib/hw/android.hardware.audio@4.0-impl.so from current namespace instead of sphal namespace.
09-13 17:03:43.238 4118 4118 I ServiceManagement: Removing namespace from process name android.hardware.audio@2.0-service to audio@2.0-service.
09-13 17:03:43.240 4118 4118 I audiohalservice: Registration complete for android.hardware.audio@4.0::IDevicesFactory/default.
09-13 17:03:43.241 4118 4118 D vndksupport: Loading /vendor/lib/hw/android.hardware.audio.effect@4.0-impl.so from current namespace instead of sphal namespace.
09-13 17:03:43.258 4118 4118 I audiohalservice: Registration complete for android.hardware.audio.effect@4.0::IEffectsFactory/default.
09-13 17:03:43.259 4118 4118 D vndksupport: Loading /vendor/lib/hw/android.hardware.soundtrigger@2.1-impl.so from current namespace instead of sphal namespace.
09-13 17:03:43.261 4118 4118 D vndksupport: Loading /vendor/lib/hw/sound_trigger.primary.msm8996.so from current namespace instead of sphal namespace.
09-13 17:03:43.263 4118 4118 D sound_trigger_hw: stdev_open: Enter
09-13 17:03:43.265 4118 4118 I sound_trigger_platform: platform_stdev_init: Enter
09-13 17:03:43.267 4118 4118 D audio_hw_utils: audio_extn_utils_open_snd_mixer: snd_card_name: msm8996-tasha-mtp-snd-card
09-13 17:03:43.267 4118 4118 W hardware_info: update_hardware_info_8996: Not a 8996 device
09-13 17:03:43.267 4118 4118 D audio_hw_utils: audio_extn_utils_open_snd_mixer: Opened sound card:0
09-13 17:03:43.472 4119 4119 D AndroidRuntime: >>>>>> START com.android.internal.os.ZygoteInit uid 0 <<<<<<
09-13 17:03:43.473 4119 4119 E AndroidRuntime: hot count path: /proc/4119/page_hot_count
09-13 17:03:43.473 4119 4119 E AndroidRuntime: open page_hot_count failed
09-13 17:03:43.473 4120 4120 I Dpps : GetInstance: DppsServer ref count increased to 1
09-13 17:03:43.474 4120 4120 I Dpps : InitPrimaryContextFeatures():298 Dpps feature enable properties are false, skipping primary feature context init
09-13 17:03:43.480 4119 4119 I zygote64: option[0]=-Xzygote
09-13 17:03:43.480 4119 4119 I zygote64: option[1]=-Xusetombstonedtraces
09-13 17:03:43.480 4119 4119 I zygote64: option[2]=exit
09-13 17:03:43.480 4119 4119 I zygote64: option[3]=vfprintf
09-13 17:03:43.480 4119 4119 I zygote64: option[4]=sensitiveThread
09-13 17:03:43.480 4119 4119 I zygote64: option[5]=-verbose:gc
09-13 17:03:43.480 4119 4119 I zygote64: option[6]=-Xms8m
09-13 17:03:43.480 4119 4119 I zygote64: option[7]=-Xmx512m
09-13 17:03:43.480 4119 4119 I zygote64: option[8]=-XX:HeapGrowthLimit=256m
09-13 17:03:43.480 4119 4119 I zygote64: option[9]=-XX:HeapMinFree=512k
09-13 17:03:43.480 4119 4119 I zygote64: option[10]=-XX:HeapMaxFree=8m
09-13 17:03:43.480 4119 4119 I zygote64: option[11]=-XX:HeapTargetUtilization=0.75
09-13 17:03:43.480 4119 4119 I zygote64: option[12]=-Xusejit:true
09-13 17:03:43.480 4119 4119 I zygote64: option[13]=-Xjitsaveprofilinginfo
09-13 17:03:43.480 4119 4119 I zygote64: option[14]=-XjdwpOptions:suspend=n,server=y
09-13 17:03:43.480 4119 4119 I zygote64: option[15]=-XjdwpProvider:default
09-13 17:03:43.480 4119 4119 I zygote64: option[16]=-Ximage-compiler-option
09-13 17:03:43.480 4119 4119 I zygote64: option[17]=--runtime-arg
09-13 17:03:43.481 4119 4119 I zygote64: option[18]=-Ximage-compiler-option
09-13 17:03:43.481 4119 4119 I zygote64: option[19]=-Xms64m
09-13 17:03:43.481 4119 4119 I zygote64: option[20]=-Ximage-compiler-option
09-13 17:03:43.481 4119 4119 I zygote64: option[21]=--runtime-arg
09-13 17:03:43.481 4119 4119 I zygote64: option[22]=-Ximage-compiler-option
09-13 17:03:43.481 4119 4119 I zygote64: option[23]=-Xmx64m
09-13 17:03:43.481 4119 4119 I zygote64: option[24]=-Ximage-compiler-option
09-13 17:03:43.481 4119 4119 I zygote64: option[25]=--profile-file=/system/etc/boot-image.prof
09-13 17:03:43.481 4119 4119 I zygote64: option[26]=-Ximage-compiler-option
09-13 17:03:43.481 4119 4119 I zygote64: option[27]=--compiler-filter=speed-profile
09-13 17:03:43.481 4119 4119 I zygote64: option[28]=-Xcompiler-option
09-13 17:03:43.481 4119 4119 I zygote64: option[29]=--runtime-arg
09-13 17:03:43.481 4119 4119 I zygote64: option[30]=-Xcompiler-option
09-13 17:03:43.481 4119 4119 I zygote64: option[31]=-Xms64m
09-13 17:03:43.481 4119 4119 I zygote64: option[32]=-Xcompiler-option
09-13 17:03:43.481 4119 4119 I zygote64: option[33]=--runtime-arg
09-13 17:03:43.481 4119 4119 I zygote64: option[34]=-Xcompiler-option
09-13 17:03:43.481 4119 4119 I zygote64: option[35]=-Xmx512m
09-13 17:03:43.481 4119 4119 I zygote64: option[36]=-Ximage-compiler-option
09-13 17:03:43.481 4119 4119 I zygote64: option[37]=--instruction-set-variant=kryo
09-13 17:03:43.481 4119 4119 I zygote64: option[38]=-Xcompiler-option
09-13 17:03:43.481 4119 4119 I zygote64: option[39]=--instruction-set-variant=kryo
09-13 17:03:43.481 4119 4119 I zygote64: option[40]=-Ximage-compiler-option
09-13 17:03:43.481 4119 4119 I zygote64: option[41]=--instruction-set-features=default
09-13 17:03:43.481 4119 4119 I zygote64: option[42]=-Xcompiler-option
09-13 17:03:43.481 4119 4119 I zygote64: option[43]=--instruction-set-features=default
09-13 17:03:43.481 4119 4119 I zygote64: option[44]=-Duser.locale=en-NL
09-13 17:03:43.481 4119 4119 I zygote64: option[45]=--cpu-abilist=arm64-v8a
09-13 17:03:43.481 4119 4119 I zygote64: option[46]=-Xfingerprint:OnePlus/OnePlus3/OnePlus3:9/PKQ1.181203.001/1907311932:user/release-keys
09-13 17:03:43.491 4119 4119 I zygote64: VerifyImage: /system/bin/patchoat --input-image-location=/system/framework/boot.art --output-image-directory=/data/dalvik-cache/arm64 --instruction-set=arm64 --verify
09-13 17:03:43.530 1031 1086 W ServiceManagement: Waited one second for android.frameworks.sensorservice@1.0::ISensorManager/default
09-13 17:03:43.532 1031 1086 I ServiceManagement: getService: Trying again for android.frameworks.sensorservice@1.0::ISensorManager/default...
09-13 17:03:43.569 4128 4128 I wificond: wificond is starting up...
09-13 17:03:43.580 4127 4127 I Netd : Netd 1.0 starting
09-13 17:03:43.581 4127 4127 D TetherController: Setting IP forward enable = 0
09-13 17:03:43.725 4127 4127 I Netd : Creating child chains: 92.4ms
09-13 17:03:43.725 4127 4127 I Netd : Setting up OEM hooks: 0.1ms
09-13 17:03:43.727 4124 4124 I cameraserver: ServiceManager: 0xed61c1c0
09-13 17:03:43.727 4124 4124 I CameraService: CameraService started (pid=4124)
09-13 17:03:43.727 4124 4124 I CameraService: CameraService process starting
09-13 17:03:43.727 4124 4124 W BatteryNotifier: batterystats service unavailable!
09-13 17:03:43.728 4124 4124 W BatteryNotifier: batterystats service unavailable!
09-13 17:03:43.745 4127 4127 I Netd : Setting up FirewallController hooks: 20.6ms
09-13 17:03:43.760 4127 4127 I Netd : Setting up TetherController hooks: 14.8ms
09-13 17:03:43.768 4127 4127 I Netd : Setting up BandwidthController hooks: 7.4ms
09-13 17:03:43.768 4127 4127 I Netd : Setting up IdletimerController hooks: 0.1ms
09-13 17:03:43.768 4127 4127 I Netd : initializing traffic control: 0.0ms
09-13 17:03:43.788 4127 4127 I Netd : Disabling bandwidth control: 20.3ms
09-13 17:03:43.789 4127 4127 E Netd : Error adding route 0.0.0.0/0 -> (null) dummy0 to table 1003: File exists
09-13 17:03:43.789 4127 4127 I Netd : Initializing RouteController: 1.5ms
09-13 17:03:43.790 4127 4127 D XfrmController: Sending Netlink XFRM Message: XFRM_MSG_FLUSHSA
09-13 17:03:43.790 4127 4127 D XfrmController: Sending Netlink XFRM Message: XFRM_MSG_FLUSHPOLICY
09-13 17:03:43.790 4127 4127 I Netd : Initializing XfrmController: 0.4ms
09-13 17:03:43.790 4127 4127 E Netd : Unable to create netlink socket: Protocol not supported
09-13 17:03:43.790 4127 4127 W Netd : Unable to open qlog quota socket, check if xt_quota2 can send via UeventHandler
09-13 17:03:43.791 4127 4127 D MDnsDS : MDnsSdListener::Hander starting up
09-13 17:03:43.792 4127 4127 I Netd : Registering NetdNativeService: 1.0ms
09-13 17:03:43.792 4127 4127 I Netd : Starting CommandListener: 0.1ms
09-13 17:03:43.808 4127 4127 I Netd : Registering NetdHwService: 15.4ms
09-13 17:03:43.808 4127 4127 I Netd : Netd started in 228ms
09-13 17:03:43.808 1169 1557 I QC-NETMGR-LIB: onRegistration(): Starting Netd getService thread
09-13 17:03:43.810 4127 4140 D MDnsDS : MDnsSdListener starting to monitor
09-13 17:03:43.810 4127 4140 D MDnsDS : Going to poll with pollCount 1
09-13 17:03:43.821 4124 4124 I CameraProviderManager: Connecting to new camera provider: legacy/0, isRemote? 1
09-13 17:03:43.823 4124 4124 I CameraProviderManager: Enumerating new camera device: device@1.0/legacy/0
09-13 17:03:43.826 4121 4121 D AndroidRuntime: >>>>>> START com.android.internal.os.ZygoteInit uid 0 <<<<<<
09-13 17:03:43.826 4121 4121 E AndroidRuntime: hot count path: /proc/4121/page_hot_count
09-13 17:03:43.826 4121 4121 E AndroidRuntime: open page_hot_count failed
09-13 17:03:43.836 4121 4121 I zygote : option[0]=-Xzygote
09-13 17:03:43.836 4121 4121 I zygote : option[1]=-Xusetombstonedtraces
09-13 17:03:43.836 4121 4121 I zygote : option[2]=exit
09-13 17:03:43.836 4121 4121 I zygote : option[3]=vfprintf
09-13 17:03:43.836 4121 4121 I zygote : option[4]=sensitiveThread
09-13 17:03:43.836 4121 4121 I zygote : option[5]=-verbose:gc
09-13 17:03:43.836 4121 4121 I zygote : option[6]=-Xms8m
09-13 17:03:43.836 4121 4121 I zygote : option[7]=-Xmx512m
09-13 17:03:43.836 4121 4121 I zygote : option[8]=-XX:HeapGrowthLimit=256m
09-13 17:03:43.836 4121 4121 I zygote : option[9]=-XX:HeapMinFree=512k
09-13 17:03:43.836 4121 4121 I zygote : option[10]=-XX:HeapMaxFree=8m
09-13 17:03:43.836 4121 4121 I zygote : option[11]=-XX:HeapTargetUtilization=0.75
09-13 17:03:43.836 4121 4121 I zygote : option[12]=-Xusejit:true
09-13 17:03:43.836 4121 4121 I zygote : option[13]=-Xjitsaveprofilinginfo
09-13 17:03:43.836 4121 4121 I zygote : option[14]=-XjdwpOptions:suspend=n,server=y
09-13 17:03:43.836 4121 4121 I zygote : option[15]=-XjdwpProvider:default
09-13 17:03:43.836 4121 4121 I zygote : option[16]=-Ximage-compiler-option
09-13 17:03:43.836 4121 4121 I zygote : option[17]=--runtime-arg
09-13 17:03:43.836 4121 4121 I zygote : option[18]=-Ximage-compiler-option
09-13 17:03:43.837 4121 4121 I zygote : option[19]=-Xms64m
09-13 17:03:43.837 4121 4121 I zygote : option[20]=-Ximage-compiler-option
09-13 17:03:43.837 4121 4121 I zygote : option[21]=--runtime-arg
09-13 17:03:43.837 4121 4121 I zygote : option[22]=-Ximage-compiler-option
09-13 17:03:43.837 4121 4121 I zygote : option[23]=-Xmx64m
09-13 17:03:43.837 4121 4121 I zygote : option[24]=-Ximage-compiler-option
09-13 17:03:43.837 4121 4121 I zygote : option[25]=--profile-file=/system/etc/boot-image.prof
09-13 17:03:43.837 4121 4121 I zygote : option[26]=-Ximage-compiler-option
09-13 17:03:43.837 4121 4121 I zygote : option[27]=--compiler-filter=speed-profile
09-13 17:03:43.837 4121 4121 I zygote : option[28]=-Xcompiler-option
