09-13 17:02:44.153 851 876 D QC-time-services: Daemon:genoff_modem_qmi_service_request: Initializing QMI
09-13 17:02:44.156 851 876 E QMI_FW : QMUXD: WARNING qmi_qmux_if_pwr_up_init failed! rc=-6
09-13 17:02:44.156 851 876 D QC-time-services: Daemon:genoff_modem_qmi_service_request: qmi_client_get_service_list returned 0num_services 1
09-13 17:02:44.157 853 865 E /system/vendor/bin/adsprpcd: vendor/qcom/proprietary/commonsys-intf/adsprpc/src/apps_std_imp.c:729:Error 45: fopen failed for custom_qm_ecns_2.so.1. (No such file or directory)
09-13 17:02:44.160 853 865 E /system/vendor/bin/adsprpcd: vendor/qcom/proprietary/commonsys-intf/adsprpc/src/apps_std_imp.c:729:Error 45: fopen failed for capi_v2_dummy_ecns.so.1. (No such file or directory)
09-13 17:02:44.160 851 875 D QC-time-services: Daemon:genoff_wlan_qmi_service_request: Initializing QMI
09-13 17:02:44.161 853 865 E /system/vendor/bin/adsprpcd: vendor/qcom/proprietary/commonsys-intf/adsprpc/src/apps_std_imp.c:729:Error 45: fopen failed for capi_v2_dummy_ecns.so.1. (No such file or directory)
09-13 17:02:44.162 853 865 E /system/vendor/bin/adsprpcd: vendor/qcom/proprietary/commonsys-intf/adsprpc/src/apps_std_imp.c:729:Error 45: fopen failed for capi_v2_dummy_ecns.so.1. (No such file or directory)
09-13 17:02:44.165 853 865 E /system/vendor/bin/adsprpcd: vendor/qcom/proprietary/commonsys-intf/adsprpc/src/apps_std_imp.c:729:Error 45: fopen failed for capi_v2_voice_imc_tx.so.1. (No such file or directory)
09-13 17:02:44.167 853 865 E /system/vendor/bin/adsprpcd: vendor/qcom/proprietary/commonsys-intf/adsprpc/src/apps_std_imp.c:729:Error 45: fopen failed for capi_v2_voice_imc_rx.so.1. (No such file or directory)
09-13 17:02:44.168 851 875 D QC-time-services: Daemon:genoff_wlan_qmi_service_request: qmi_client_get_service_list returned -2num_services 0
09-13 17:02:44.170 853 865 E /system/vendor/bin/adsprpcd: vendor/qcom/proprietary/commonsys-intf/adsprpc/src/apps_std_imp.c:729:Error 45: fopen failed for voiceproc_tx.so. (No such file or directory)
09-13 17:02:44.170 851 876 D QC-time-services: Daemon:genoff_modem_qmi_service_request: Initial transaction successful
09-13 17:02:44.172 853 865 E /system/vendor/bin/adsprpcd: vendor/qcom/proprietary/commonsys-intf/adsprpc/src/apps_std_imp.c:729:Error 45: fopen failed for voiceproc_rx.so. (No such file or directory)
09-13 17:02:44.340 853 865 E /system/vendor/bin/adsprpcd: vendor/qcom/proprietary/commonsys-intf/adsprpc/src/apps_std_imp.c:729:Error 45: fopen failed for .//lowi//lowi_lp.conf. (No such file or directory)
09-13 17:02:44.372 860 860 D AndroidRuntime: >>>>>> START com.android.internal.os.ZygoteInit uid 0 <<<<<<
09-13 17:02:44.372 860 860 E AndroidRuntime: hot count path: /proc/860/page_hot_count
09-13 17:02:44.372 860 860 E AndroidRuntime: open page_hot_count failed
09-13 17:02:44.382 852 852 I ThermalEngine: No target config file, falling back to '/system/vendor/etc/thermal-engine.conf'
09-13 17:02:44.383 852 852 I ThermalEngine: devices_manager_init: Init
09-13 17:02:44.383 852 852 I ThermalEngine: Number of gpus :1
09-13 17:02:44.384 852 852 I Thermal-IOCTL: KTM IOCTL interface "/dev/msm_thermal_query" opened
09-13 17:02:44.384 852 852 E ThermalEngine: update_cpu_topology: Cluster Info[0]. Cluster Id: 0 cpu_bits:0x3 sync:1
09-13 17:02:44.397 852 852 E ThermalEngine: update_cpu_topology: Cluster Info[1]. Cluster Id: 1 cpu_bits:0xc sync:1
09-13 17:02:44.399 852 852 I ThermalEngine: adding voltage device
09-13 17:02:44.400 852 852 E ThermalEngine: Could not find npu cooling device
09-13 17:02:44.400 852 852 E ThermalEngine: tmd_init_npu_device: Invalid NPU level:-1.
09-13 17:02:44.400 852 852 E ThermalEngine: devices_init: Init NPU TMD failed -12
09-13 17:02:44.400 852 852 I ThermalEngine: vdd_rstr_init: Init KTM VDD RSTR enabled: 0
09-13 17:02:44.410 860 860 I zygote64: option[0]=-Xzygote
09-13 17:02:44.410 860 860 I zygote64: option[1]=-Xusetombstonedtraces
09-13 17:02:44.410 860 860 I zygote64: option[2]=exit
09-13 17:02:44.410 860 860 I zygote64: option[3]=vfprintf
09-13 17:02:44.410 860 860 I zygote64: option[4]=sensitiveThread
09-13 17:02:44.410 860 860 I zygote64: option[5]=-verbose:gc
09-13 17:02:44.410 860 860 I zygote64: option[6]=-Xms8m
09-13 17:02:44.410 860 860 I zygote64: option[7]=-Xmx512m
09-13 17:02:44.410 860 860 I zygote64: option[8]=-XX:HeapGrowthLimit=256m
09-13 17:02:44.410 860 860 I zygote64: option[9]=-XX:HeapMinFree=512k
09-13 17:02:44.410 860 860 I zygote64: option[10]=-XX:HeapMaxFree=8m
09-13 17:02:44.410 860 860 I zygote64: option[11]=-XX:HeapTargetUtilization=0.75
09-13 17:02:44.410 860 860 I zygote64: option[12]=-Xusejit:true
09-13 17:02:44.410 860 860 I zygote64: option[13]=-Xjitsaveprofilinginfo
09-13 17:02:44.410 860 860 I zygote64: option[14]=-XjdwpOptions:suspend=n,server=y
09-13 17:02:44.410 860 860 I zygote64: option[15]=-XjdwpProvider:default
09-13 17:02:44.410 860 860 I zygote64: option[16]=-Ximage-compiler-option
09-13 17:02:44.410 860 860 I zygote64: option[17]=--runtime-arg
09-13 17:02:44.410 860 860 I zygote64: option[18]=-Ximage-compiler-option
09-13 17:02:44.410 860 860 I zygote64: option[19]=-Xms64m
09-13 17:02:44.410 860 860 I zygote64: option[20]=-Ximage-compiler-option
09-13 17:02:44.410 860 860 I zygote64: option[21]=--runtime-arg
09-13 17:02:44.410 860 860 I zygote64: option[22]=-Ximage-compiler-option
09-13 17:02:44.410 860 860 I zygote64: option[23]=-Xmx64m
09-13 17:02:44.410 860 860 I zygote64: option[24]=-Ximage-compiler-option
09-13 17:02:44.410 860 860 I zygote64: option[25]=--profile-file=/system/etc/boot-image.prof
09-13 17:02:44.410 860 860 I zygote64: option[26]=-Ximage-compiler-option
09-13 17:02:44.410 860 860 I zygote64: option[27]=--compiler-filter=speed-profile
09-13 17:02:44.410 860 860 I zygote64: option[28]=-Xcompiler-option
09-13 17:02:44.410 860 860 I zygote64: option[29]=--runtime-arg
09-13 17:02:44.410 860 860 I zygote64: option[30]=-Xcompiler-option
09-13 17:02:44.410 860 860 I zygote64: option[31]=-Xms64m
09-13 17:02:44.410 860 860 I zygote64: option[32]=-Xcompiler-option
09-13 17:02:44.410 860 860 I zygote64: option[33]=--runtime-arg
09-13 17:02:44.410 860 860 I zygote64: option[34]=-Xcompiler-option
09-13 17:02:44.410 860 860 I zygote64: option[35]=-Xmx512m
09-13 17:02:44.410 860 860 I zygote64: option[36]=-Ximage-compiler-option
09-13 17:02:44.411 860 860 I zygote64: option[37]=--instruction-set-variant=kryo
09-13 17:02:44.411 860 860 I zygote64: option[38]=-Xcompiler-option
09-13 17:02:44.411 860 860 I zygote64: option[39]=--instruction-set-variant=kryo
09-13 17:02:44.411 860 860 I zygote64: option[40]=-Ximage-compiler-option
09-13 17:02:44.411 860 860 I zygote64: option[41]=--instruction-set-features=default
09-13 17:02:44.411 860 860 I zygote64: option[42]=-Xcompiler-option
09-13 17:02:44.411 860 860 I zygote64: option[43]=--instruction-set-features=default
09-13 17:02:44.411 860 860 I zygote64: option[44]=-Duser.locale=en-NL
09-13 17:02:44.411 860 860 I zygote64: option[45]=--cpu-abilist=arm64-v8a
09-13 17:02:44.614 487 487 W auditd : type=1400 "ims_rtp_daemon""name""sysfs"
09-13 17:02:44.717 487 487 W auditd : type=1400 "thermal-engine"
09-13 17:02:44.411 860 860 I zygote64: option[46]=-Xfingerprint:OnePlus/OnePlus3/OnePlus3:9/PKQ1.181203.001/1907311932:user/release-keys
09-13 17:02:44.412 852 890 E QMI_FW : QMUXD: WARNING qmi_qmux_if_pwr_up_init failed! rc=-6
09-13 17:02:44.415 852 852 I ThermalEngine: sensors_manager_init: Init
09-13 17:02:44.422 852 890 I ThermalEngine: ADSP thermal mitigation available.
09-13 17:02:44.434 860 860 I zygote64: VerifyImage: /system/bin/patchoat --input-image-location=/system/framework/boot.art --output-image-directory=/data/dalvik-cache/arm64 --instruction-set=arm64 --verify
09-13 17:02:44.437 852 888 I ThermalEngine: MODEM thermal mitigation available.
09-13 17:02:44.442 861 861 D AndroidRuntime: >>>>>> START com.android.internal.os.ZygoteInit uid 0 <<<<<<
09-13 17:02:44.443 861 861 E AndroidRuntime: hot count path: /proc/861/page_hot_count
09-13 17:02:44.443 861 861 E AndroidRuntime: open page_hot_count failed
09-13 17:02:44.469 861 861 I zygote : option[0]=-Xzygote
09-13 17:02:44.469 861 861 I zygote : option[1]=-Xusetombstonedtraces
09-13 17:02:44.469 861 861 I zygote : option[2]=exit
09-13 17:02:44.469 861 861 I zygote : option[3]=vfprintf
09-13 17:02:44.469 861 861 I zygote : option[4]=sensitiveThread
09-13 17:02:44.469 861 861 I zygote : option[5]=-verbose:gc
09-13 17:02:44.470 861 861 I zygote : option[6]=-Xms8m
09-13 17:02:44.470 861 861 I zygote : option[7]=-Xmx512m
09-13 17:02:44.470 861 861 I zygote : option[8]=-XX:HeapGrowthLimit=256m
09-13 17:02:44.470 861 861 I zygote : option[9]=-XX:HeapMinFree=512k
09-13 17:02:44.470 861 861 I zygote : option[10]=-XX:HeapMaxFree=8m
09-13 17:02:44.470 861 861 I zygote : option[11]=-XX:HeapTargetUtilization=0.75
09-13 17:02:44.470 861 861 I zygote : option[12]=-Xusejit:true
09-13 17:02:44.470 861 861 I zygote : option[13]=-Xjitsaveprofilinginfo
09-13 17:02:44.470 861 861 I zygote : option[14]=-XjdwpOptions:suspend=n,server=y
09-13 17:02:44.470 861 861 I zygote : option[15]=-XjdwpProvider:default
09-13 17:02:44.470 861 861 I zygote : option[16]=-Ximage-compiler-option
09-13 17:02:44.470 861 861 I zygote : option[17]=--runtime-arg
09-13 17:02:44.470 861 861 I zygote : option[18]=-Ximage-compiler-option
09-13 17:02:44.470 861 861 I zygote : option[19]=-Xms64m
09-13 17:02:44.470 861 861 I zygote : option[20]=-Ximage-compiler-option
09-13 17:02:44.470 861 861 I zygote : option[21]=--runtime-arg
09-13 17:02:44.470 861 861 I zygote : option[22]=-Ximage-compiler-option
09-13 17:02:44.470 861 861 I zygote : option[23]=-Xmx64m
09-13 17:02:44.470 861 861 I zygote : option[24]=-Ximage-compiler-option
09-13 17:02:44.470 861 861 I zygote : option[25]=--profile-file=/system/etc/boot-image.prof
09-13 17:02:44.470 861 861 I zygote : option[26]=-Ximage-compiler-option
09-13 17:02:44.470 861 861 I zygote : option[27]=--compiler-filter=speed-profile
09-13 17:02:44.470 861 861 I zygote : option[28]=-Xcompiler-option
09-13 17:02:44.470 861 861 I zygote : option[29]=--runtime-arg
09-13 17:02:44.470 861 861 I zygote : option[30]=-Xcompiler-option
09-13 17:02:44.470 861 861 I zygote : option[31]=-Xms64m
09-13 17:02:44.471 861 861 I zygote : option[32]=-Xcompiler-option
09-13 17:02:44.471 861 861 I zygote : option[33]=--runtime-arg
09-13 17:02:44.471 861 861 I zygote : option[34]=-Xcompiler-option
09-13 17:02:44.471 861 861 I zygote : option[35]=-Xmx512m
09-13 17:02:44.471 861 861 I zygote : option[36]=-Ximage-compiler-option
09-13 17:02:44.471 861 861 I zygote : option[37]=--instruction-set-variant=cortex-a53
09-13 17:02:44.471 861 861 I zygote : option[38]=-Xcompiler-option
09-13 17:02:44.471 861 861 I zygote : option[39]=--instruction-set-variant=cortex-a53
09-13 17:02:44.471 861 861 I zygote : option[40]=-Ximage-compiler-option
09-13 17:02:44.471 861 861 I zygote : option[41]=--instruction-set-features=default
09-13 17:02:44.471 861 861 I zygote : option[42]=-Xcompiler-option
09-13 17:02:44.471 861 861 I zygote : option[43]=--instruction-set-features=default
09-13 17:02:44.471 861 861 I zygote : option[44]=-Duser.locale=en-NL
09-13 17:02:44.471 861 861 I zygote : option[45]=--cpu-abilist=armeabi-v7a,armeabi
09-13 17:02:44.471 861 861 I zygote : option[46]=-Xfingerprint:OnePlus/OnePlus3/OnePlus3:9/PKQ1.181203.001/1907311932:user/release-keys
09-13 17:02:44.485 861 861 I zygote : VerifyImage: /system/bin/patchoat --input-image-location=/system/framework/boot.art --output-image-directory=/data/dalvik-cache/arm --instruction-set=arm --verify
09-13 17:02:44.609 855 855 E libmdmdetect: Failed to open /sys/bus/msm_subsys/devices/subsys3/name: Permission denied
09-13 17:02:44.643 852 852 E ThermalEngine: bcl_setup: Error opening /sys/devices/soc/soc:qcom,bcl/iavail
09-13 17:02:44.643 852 852 E ThermalEngine: add_tgt_sensor: bcl sensor setup failed failed.
09-13 17:02:44.643 852 852 E ThermalEngine: add_tgt_sensors_set: Error adding bcl
09-13 17:02:44.643 852 852 E ThermalEngine: sensors_init: Error adding BCL TS
09-13 17:02:44.651 852 852 I ThermalEngine: Loading config file for virtual sensor
09-13 17:02:44.651 852 852 I ThermalEngine: Loading configuration file /system/vendor/etc/thermal-engine.conf
09-13 17:02:44.653 852 852 I ThermalEngine: Parsing section global
09-13 17:02:44.654 852 852 I ThermalEngine: [VIRTUAL-CPUS]
09-13 17:02:44.654 852 852 I ThermalEngine: #algo_type virtual
09-13 17:02:44.654 852 852 I ThermalEngine: trip_sensor tsens_tz_sensor11
09-13 17:02:44.654 852 852 I ThermalEngine: set_point 75000
09-13 17:02:44.654 852 852 I ThermalEngine: set_point_clr 65000
09-13 17:02:44.654 852 852 I ThermalEngine: sensors tsens_tz_sensor4 tsens_tz_sensor6 tsens_tz_sensor9 tsens_tz_sensor11
09-13 17:02:44.654 852 852 I ThermalEngine: weights
09-13 17:02:44.654 852 852 I ThermalEngine: sampling 10
09-13 17:02:44.654 852 852 I ThermalEngine: math 2
09-13 17:02:44.656 852 852 I ThermalEngine: Loading configuration file /system/vendor/etc/thermal-engine.conf
09-13 17:02:44.656 852 852 I ThermalEngine: Parsing section global
09-13 17:02:44.657 852 852 I ThermalEngine: [AFFINITY_MONITOR]
09-13 17:02:44.657 852 852 I ThermalEngine: #algo_type monitor
09-13 17:02:44.657 852 852 I ThermalEngine: sampling 1000
09-13 17:02:44.657 852 852 I ThermalEngine: sensor msm_therm
09-13 17:02:44.657 852 852 I ThermalEngine: thresholds 40000 45000 50000 70000
09-13 17:02:44.657 852 852 I ThermalEngine: thresholds_clr 35000 40000 45000 50000
09-13 17:02:44.657 852 852 I ThermalEngine: actions affinity_switch+affinity_core affinity_switch+affinity_core affinity_switch+affinity_core affinity_switch+affinity_core
09-13 17:02:44.657 852 852 I ThermalEngine: action_info 0+4 1+2 2+1 3+1
09-13 17:02:44.657 852 852 I ThermalEngine: [EMMC_THERM_GPU_SKIN_MANAGEMENT]
09-13 17:02:44.657 852 852 I ThermalEngine: #algo_type monitor
09-13 17:02:44.657 852 852 I ThermalEngine: sampling 1000
09-13 17:02:44.657 852 852 I ThermalEngine: sensor emmc_therm
09-13 17:02:44.657 852 852 I ThermalEngine: thresholds 44000 46000 48000 51000 54000
09-13 17:02:44.657 852 852 I ThermalEngine: thresholds_clr 42000 44000 46000 48000 51000
09-13 17:02:44.657 852 852 I ThermalEngine: actions gpu gpu gpu gpu gpu
09-13 17:02:44.657 852 852 I ThermalEngine: action_info 560000000 510000000 401800000 315000000 214000000
09-13 17:02:44.657 852 852 I ThermalEngine: override 18000
09-13 17:02:44.657 852 852 I ThermalEngine: [EMMC_THERM_BATTERY_MITIGATION]
09-13 17:02:44.657 852 852 I ThermalEngine: #algo_type monitor
09-13 17:02:44.657 852 852 I ThermalEngine: sampling 1000
09-13 17:02:44.657 852 852 I ThermalEngine: sensor emmc_therm
09-13 17:02:44.657 852 852 I ThermalEngine: thresholds 42000 46000 56000 58000
09-13 17:02:44.657 852 852 I ThermalEngine: thresholds_clr 37000 42000 46000 56000
09-13 17:02:44.657 852 852 I ThermalEngine: actions battery battery battery battery
09-13 17:02:44.657 852 852 I ThermalEngine: action_info 0 1 2 3
09-13 17:02:44.657 852 852 I ThermalEngine: [PMIC-ALARM-MONITOR]
09-13 17:02:44.657 852 852 I ThermalEngine: #algo_type monitor
09-13 17:02:44.657 852 852 I ThermalEngine: sampling 1000
09-13 17:02:44.657 852 852 I ThermalEngine: sensor pm8994_tz
09-13 17:02:44.657 852 852 I ThermalEngine: thresholds 107000 127000
09-13 17:02:44.657 852 852 I ThermalEngine: thresholds_clr 103000 123000
09-13 17:02:44.657 852 852 I ThermalEngine: actions hotplug_3+hotplug_2+hotplug_1+cluster1+cluster0 hotplug_3+hotplug_2+hotplug_1
09-13 17:02:44.657 852 852 I ThermalEngine: action_info 0+0+0+302400+302400 1+1+1
09-13 17:02:44.657 852 852 I ThermalEngine: [VDD_RSTR_MONITOR-TSENS20]
09-13 17:02:44.657 852 852 I ThermalEngine: #algo_type monitor
09-13 17:02:44.657 852 852 I ThermalEngine: sampling 1000
09-13 17:02:44.657 852 852 I ThermalEngine: sensor tsens_tz_sensor20
09-13 17:02:44.657 852 852 I ThermalEngine: thresholds 5000
09-13 17:02:44.657 852 852 I ThermalEngine: thresholds_clr 10000
09-13 17:02:44.657 852 852 I ThermalEngine: actions vdd_restriction
09-13 17:02:44.657 852 852 I ThermalEngine: action_info 1
09-13 17:02:44.657 852 852 I ThermalEngine: descending
09-13 17:02:44.657 852 852 I ThermalEngine: [VDD_RSTR_MONITOR-TSENS19]
09-13 17:02:44.657 852 852 I ThermalEngine: #algo_type monitor
09-13 17:02:44.657 852 852 I ThermalEngine: sampling 1000
09-13 17:02:44.657 852 852 I ThermalEngine: sensor tsens_tz_sensor19
09-13 17:02:44.657 852 852 I ThermalEngine: thresholds 5000
09-13 17:02:44.657 852 852 I ThermalEngine: thresholds_clr 10000
09-13 17:02:44.657 852 852 I ThermalEngine: actions vdd_restriction
09-13 17:02:44.657 852 852 I ThermalEngine: action_info 1
09-13 17:02:44.657 852 852 I ThermalEngine: descending
09-13 17:02:44.657 852 852 I ThermalEngine: [VDD_RSTR_MONITOR-TSENS18]
09-13 17:02:44.657 852 852 I ThermalEngine: #algo_type monitor
09-13 17:02:44.657 852 852 I ThermalEngine: sampling 1000
09-13 17:02:44.657 852 852 I ThermalEngine: sensor tsens_tz_sensor18
09-13 17:02:44.657 852 852 I ThermalEngine: thresholds 5000
09-13 17:02:44.657 852 852 I ThermalEngine: thresholds_clr 10000
09-13 17:02:44.657 852 852 I ThermalEngine: actions vdd_restriction
09-13 17:02:44.657 852 852 I ThermalEngine: action_info 1
09-13 17:02:44.657 852 852 I ThermalEngine: descending
09-13 17:02:44.657 852 852 I ThermalEngine: [VDD_RSTR_MONITOR-TSENS17]
09-13 17:02:44.657 852 852 I ThermalEngine: #algo_type monitor
09-13 17:02:44.657 852 852 I ThermalEngine: sampling 1000
09-13 17:02:44.657 852 852 I ThermalEngine: sensor tsens_tz_sensor17
09-13 17:02:44.657 852 852 I ThermalEngine: thresholds 5000
09-13 17:02:44.657 852 852 I ThermalEngine: thresholds_clr 10000
09-13 17:02:44.657 852 852 I ThermalEngine: actions vdd_restriction
09-13 17:02:44.657 852 852 I ThermalEngine: action_info 1
09-13 17:02:44.657 852 852 I ThermalEngine: descending
09-13 17:02:44.657 852 852 I ThermalEngine: [VDD_RSTR_MONITOR-TSENS16]
09-13 17:02:44.657 852 852 I ThermalEngine: #algo_type monitor
09-13 17:02:44.657 852 852 I ThermalEngine: sampling 1000
09-13 17:02:44.657 852 852 I ThermalEngine: sensor tsens_tz_sensor16
09-13 17:02:44.657 852 852 I ThermalEngine: thresholds 5000
09-13 17:02:44.657 852 852 I ThermalEngine: thresholds_clr 10000
09-13 17:02:44.657 852 852 I ThermalEngine: actions vdd_restriction
09-13 17:02:44.657 852 852 I ThermalEngine: action_info 1
09-13 17:02:44.657 852 852 I ThermalEngine: descending
09-13 17:02:44.657 852 852 I ThermalEngine: [VDD_RSTR_MONITOR-TSENS15]
09-13 17:02:44.657 852 852 I ThermalEngine: #algo_type monitor
09-13 17:02:44.657 852 852 I ThermalEngine: sampling 1000
09-13 17:02:44.657 852 852 I ThermalEngine: sensor tsens_tz_sensor15
09-13 17:02:44.658 852 852 I ThermalEngine: thresholds 5000
09-13 17:02:44.658 852 852 I ThermalEngine: thresholds_clr 10000
09-13 17:02:44.658 852 852 I ThermalEngine: actions vdd_restriction
09-13 17:02:44.658 852 852 I ThermalEngine: action_info 1
09-13 17:02:44.658 852 852 I ThermalEngine: descending
09-13 17:02:44.658 852 852 I ThermalEngine: [VDD_RSTR_MONITOR-TSENS14]
09-13 17:02:44.658 852 852 I ThermalEngine: #algo_type monitor
09-13 17:02:44.658 852 852 I ThermalEngine: sampling 1000
09-13 17:02:44.658 852 852 I ThermalEngine: sensor tsens_tz_sensor14
09-13 17:02:44.658 852 852 I ThermalEngine: thresholds 5000
09-13 17:02:44.658 852 852 I ThermalEngine: thresholds_clr 10000
09-13 17:02:44.658 852 852 I ThermalEngine: actions vdd_restriction
09-13 17:02:44.658 852 852 I ThermalEngine: action_info 1
09-13 17:02:44.658 852 852 I ThermalEngine: descending
09-13 17:02:44.658 852 852 I ThermalEngine: [VDD_RSTR_MONITOR-TSENS13]
09-13 17:02:44.658 852 852 I ThermalEngine: #algo_type monitor
09-13 17:02:44.658 852 852 I ThermalEngine: sampling 1000
09-13 17:02:44.658 852 852 I ThermalEngine: sensor tsens_tz_sensor13
09-13 17:02:44.658 852 852 I ThermalEngine: thresholds 5000
09-13 17:02:44.658 852 852 I ThermalEngine: thresholds_clr 10000
09-13 17:02:44.658 852 852 I ThermalEngine: actions vdd_restriction
09-13 17:02:44.658 852 852 I ThermalEngine: action_info 1
09-13 17:02:44.658 852 852 I ThermalEngine: descending
09-13 17:02:44.658 852 852 I ThermalEngine: [VDD_RSTR_MONITOR-TSENS12]
09-13 17:02:44.658 852 852 I ThermalEngine: #algo_type monitor
09-13 17:02:44.658 852 852 I ThermalEngine: sampling 1000
09-13 17:02:44.658 852 852 I ThermalEngine: sensor tsens_tz_sensor12
09-13 17:02:44.658 852 852 I ThermalEngine: thresholds 5000
09-13 17:02:44.658 852 852 I ThermalEngine: thresholds_clr 10000
09-13 17:02:44.658 852 852 I ThermalEngine: actions vdd_restriction
09-13 17:02:44.658 852 852 I ThermalEngine: action_info 1
09-13 17:02:44.658 852 852 I ThermalEngine: descending
09-13 17:02:44.658 852 852 I ThermalEngine: [VDD_RSTR_MONITOR-TSENS11]
09-13 17:02:44.658 852 852 I ThermalEngine: #algo_type monitor
09-13 17:02:44.658 852 852 I ThermalEngine: sampling 1000
09-13 17:02:44.658 852 852 I ThermalEngine: sensor tsens_tz_sensor11
09-13 17:02:44.658 852 852 I ThermalEngine: thresholds 5000
09-13 17:02:44.658 852 852 I ThermalEngine: thresholds_clr 10000
09-13 17:02:44.658 852 852 I ThermalEngine: actions vdd_restriction
09-13 17:02:44.658 852 852 I ThermalEngine: action_info 1
09-13 17:02:44.658 852 852 I ThermalEngine: descending
09-13 17:02:44.658 852 852 I ThermalEngine: [VDD_RSTR_MONITOR-TSENS10]
09-13 17:02:44.658 852 852 I ThermalEngine: #algo_type monitor
09-13 17:02:44.658 852 852 I ThermalEngine: sampling 1000
09-13 17:02:44.658 852 852 I ThermalEngine: sensor tsens_tz_sensor10
09-13 17:02:44.658 852 852 I ThermalEngine: thresholds 5000
09-13 17:02:44.658 852 852 I ThermalEngine: thresholds_clr 10000
09-13 17:02:44.658 852 852 I ThermalEngine: actions vdd_restriction
09-13 17:02:44.658 852 852 I ThermalEngine: action_info 1
09-13 17:02:44.658 852 852 I ThermalEngine: descending
09-13 17:02:44.658 852 852 I ThermalEngine: [VDD_RSTR_MONITOR-TSENS9]
09-13 17:02:44.658 852 852 I ThermalEngine: #algo_type monitor
09-13 17:02:44.658 852 852 I ThermalEngine: sampling 1000
09-13 17:02:44.658 852 852 I ThermalEngine: sensor tsens_tz_sensor9
09-13 17:02:44.658 852 852 I ThermalEngine: thresholds 5000
09-13 17:02:44.658 852 852 I ThermalEngine: thresholds_clr 10000
09-13 17:02:44.658 852 852 I ThermalEngine: actions vdd_restriction
09-13 17:02:44.658 852 852 I ThermalEngine: action_info 1
09-13 17:02:44.658 852 852 I ThermalEngine: descending
09-13 17:02:44.658 852 852 I ThermalEngine: [VDD_RSTR_MONITOR-TSENS8]
09-13 17:02:44.658 852 852 I ThermalEngine: #algo_type monitor
09-13 17:02:44.658 852 852 I ThermalEngine: sampling 1000
09-13 17:02:44.658 852 852 I ThermalEngine: sensor tsens_tz_sensor8
09-13 17:02:44.658 852 852 I ThermalEngine: thresholds 5000
09-13 17:02:44.658 852 852 I ThermalEngine: thresholds_clr 10000
09-13 17:02:44.658 852 852 I ThermalEngine: actions vdd_restriction
09-13 17:02:44.658 852 852 I ThermalEngine: action_info 1
09-13 17:02:44.658 852 852 I ThermalEngine: descending
09-13 17:02:44.658 852 852 I ThermalEngine: [VDD_RSTR_MONITOR-TSENS7]
09-13 17:02:44.658 852 852 I ThermalEngine: #algo_type monitor
09-13 17:02:44.658 852 852 I ThermalEngine: sampling 1000
09-13 17:02:44.658 852 852 I ThermalEngine: sensor tsens_tz_sensor7
09-13 17:02:44.658 852 852 I ThermalEngine: thresholds 5000
09-13 17:02:44.658 852 852 I ThermalEngine: thresholds_clr 10000
09-13 17:02:44.658 852 852 I ThermalEngine: actions vdd_restriction
09-13 17:02:44.658 852 852 I ThermalEngine: action_info 1
09-13 17:02:44.658 852 852 I ThermalEngine: descending
09-13 17:02:44.658 852 852 I ThermalEngine: [VDD_RSTR_MONITOR-TSENS6]
09-13 17:02:44.658 852 852 I ThermalEngine: #algo_type monitor
09-13 17:02:44.658 852 852 I ThermalEngine: sampling 1000
09-13 17:02:44.658 852 852 I ThermalEngine: sensor tsens_tz_sensor6
09-13 17:02:44.658 852 852 I ThermalEngine: thresholds 5000
09-13 17:02:44.658 852 852 I ThermalEngine: thresholds_clr 10000
09-13 17:02:44.658 852 852 I ThermalEngine: actions vdd_restriction
09-13 17:02:44.658 852 852 I ThermalEngine: action_info 1
09-13 17:02:44.658 852 852 I ThermalEngine: descending
09-13 17:02:44.658 852 852 I ThermalEngine: [VDD_RSTR_MONITOR-TSENS5]
09-13 17:02:44.658 852 852 I ThermalEngine: #algo_type monitor
09-13 17:02:44.658 852 852 I ThermalEngine: sampling 1000
09-13 17:02:44.658 852 852 I ThermalEngine: sensor tsens_tz_sensor5
09-13 17:02:44.658 852 852 I ThermalEngine: thresholds 5000
09-13 17:02:44.658 852 852 I ThermalEngine: thresholds_clr 10000
09-13 17:02:44.658 852 852 I ThermalEngine: actions vdd_restriction
09-13 17:02:44.658 852 852 I ThermalEngine: action_info 1
09-13 17:02:44.658 852 852 I ThermalEngine: descending
09-13 17:02:44.658 852 852 I ThermalEngine: [VDD_RSTR_MONITOR-TSENS4]
09-13 17:02:44.658 852 852 I ThermalEngine: #algo_type monitor
09-13 17:02:44.658 852 852 I ThermalEngine: sampling 1000
09-13 17:02:44.658 852 852 I ThermalEngine: sensor tsens_tz_sensor4
09-13 17:02:44.658 852 852 I ThermalEngine: thresholds 5000
09-13 17:02:44.658 852 852 I ThermalEngine: thresholds_clr 10000
09-13 17:02:44.658 852 852 I ThermalEngine: actions vdd_restriction
09-13 17:02:44.658 852 852 I ThermalEngine: action_info 1
09-13 17:02:44.658 852 852 I ThermalEngine: descending
09-13 17:02:44.658 852 852 I ThermalEngine: [VDD_RSTR_MONITOR-TSENS3]
09-13 17:02:44.658 852 852 I ThermalEngine: #algo_type monitor
09-13 17:02:44.658 852 852 I ThermalEngine: sampling 1000
09-13 17:02:44.658 852 852 I ThermalEngine: sensor tsens_tz_sensor3
09-13 17:02:44.658 852 852 I ThermalEngine: thresholds 5000
09-13 17:02:44.658 852 852 I ThermalEngine: thresholds_clr 10000
09-13 17:02:44.658 852 852 I ThermalEngine: actions vdd_restriction
09-13 17:02:44.658 852 852 I ThermalEngine: action_info 1
09-13 17:02:44.659 852 852 I ThermalEngine: descending
09-13 17:02:44.659 852 852 I ThermalEngine: [VDD_RSTR_MONITOR-TSENS2]
09-13 17:02:44.659 852 852 I ThermalEngine: #algo_type monitor
09-13 17:02:44.659 852 852 I ThermalEngine: sampling 1000
09-13 17:02:44.659 852 852 I ThermalEngine: sensor tsens_tz_sensor2
09-13 17:02:44.659 852 852 I ThermalEngine: thresholds 5000
09-13 17:02:44.659 852 852 I ThermalEngine: thresholds_clr 10000
09-13 17:02:44.659 852 852 I ThermalEngine: actions vdd_restriction
09-13 17:02:44.659 852 852 I ThermalEngine: action_info 1
09-13 17:02:44.659 852 852 I ThermalEngine: descending
09-13 17:02:44.659 852 852 I ThermalEngine: [VDD_RSTR_MONITOR-TSENS1]
09-13 17:02:44.659 852 852 I ThermalEngine: #algo_type monitor
09-13 17:02:44.659 852 852 I ThermalEngine: sampling 1000
09-13 17:02:44.659 852 852 I ThermalEngine: sensor tsens_tz_sensor1
09-13 17:02:44.659 852 852 I ThermalEngine: thresholds 5000
09-13 17:02:44.659 852 852 I ThermalEngine: thresholds_clr 10000
09-13 17:02:44.659 852 852 I ThermalEngine: actions vdd_restriction
09-13 17:02:44.659 852 852 I ThermalEngine: action_info 1
09-13 17:02:44.659 852 852 I ThermalEngine: descending
09-13 17:02:44.659 852 852 I ThermalEngine: [VDD_RSTR_MONITOR-TSENS0]
09-13 17:02:44.659 852 852 I ThermalEngine: #algo_type monitor
09-13 17:02:44.659 852 852 I ThermalEngine: sampling 1000
09-13 17:02:44.659 852 852 I ThermalEngine: sensor tsens_tz_sensor0
09-13 17:02:44.659 852 852 I ThermalEngine: thresholds 5000
09-13 17:02:44.659 852 852 I ThermalEngine: thresholds_clr 10000
09-13 17:02:44.659 852 852 I ThermalEngine: actions vdd_restriction
09-13 17:02:44.659 852 852 I ThermalEngine: action_info 1
09-13 17:02:44.659 852 852 I ThermalEngine: descending
09-13 17:02:44.659 852 852 E ThermalEngine: create_device_clnts: Error adding device affinity_switch
09-13 17:02:44.659 852 852 I ThermalEngine: [SKIN_EMMC_THERM_BIG_CLUSTER]
09-13 17:02:44.659 852 852 I ThermalEngine: #algo_type ss
09-13 17:02:44.659 852 852 I ThermalEngine: sampling 1000
09-13 17:02:44.659 852 852 I ThermalEngine: sensor emmc_therm
09-13 17:02:44.659 852 852 I ThermalEngine: device cluster1
09-13 17:02:44.659 852 852 I ThermalEngine: set_point 51000
09-13 17:02:44.659 852 852 I ThermalEngine: set_point_clr 47000
09-13 17:02:44.659 852 852 I ThermalEngine: time_constant 0
09-13 17:02:44.659 852 852 I ThermalEngine: override 10000
09-13 17:02:44.659 852 852 I ThermalEngine: device_max_limit 1248000
09-13 17:02:44.659 852 852 I ThermalEngine: [SKIN_EMMC_THERM_LITTLE_CLUSTER]
09-13 17:02:44.659 852 852 I ThermalEngine: #algo_type ss
09-13 17:02:44.659 852 852 I ThermalEngine: sampling 1000
09-13 17:02:44.659 852 852 I ThermalEngine: sensor emmc_therm
09-13 17:02:44.659 852 852 I ThermalEngine: device cluster0
09-13 17:02:44.659 852 852 I ThermalEngine: set_point 51000
09-13 17:02:44.659 852 852 I ThermalEngine: set_point_clr 47000
09-13 17:02:44.659 852 852 I ThermalEngine: time_constant 0
09-13 17:02:44.659 852 852 I ThermalEngine: override 10000
09-13 17:02:44.659 852 852 I ThermalEngine: device_max_limit 960000
09-13 17:02:44.659 852 852 I ThermalEngine: [SKIN_MSM_THERM_BIG_CLUSTER]
09-13 17:02:44.659 852 852 I ThermalEngine: #algo_type ss
09-13 17:02:44.659 852 852 I ThermalEngine: sampling 1000
09-13 17:02:44.659 852 852 I ThermalEngine: sensor msm_therm
09-13 17:02:44.659 852 852 I ThermalEngine: device cluster1
09-13 17:02:44.659 852 852 I ThermalEngine: set_point 46000
09-13 17:02:44.659 852 852 I ThermalEngine: set_point_clr 45000
09-13 17:02:44.659 852 852 I ThermalEngine: time_constant 0
09-13 17:02:44.659 852 852 I ThermalEngine: override 15000
09-13 17:02:44.659 852 852 I ThermalEngine: device_max_limit 1440000
09-13 17:02:44.659 852 852 I ThermalEngine: [SKIN_MSM_THERM_LITTLE_CLUSTER]
09-13 17:02:44.659 852 852 I ThermalEngine: #algo_type ss
09-13 17:02:44.659 852 852 I ThermalEngine: sampling 1000
09-13 17:02:44.659 852 852 I ThermalEngine: sensor msm_therm
09-13 17:02:44.659 852 852 I ThermalEngine: device cluster0
09-13 17:02:44.659 852 852 I ThermalEngine: set_point 46000
09-13 17:02:44.659 852 852 I ThermalEngine: set_point_clr 45000
09-13 17:02:44.659 852 852 I ThermalEngine: time_constant 0
09-13 17:02:44.659 852 852 I ThermalEngine: override 15000
09-13 17:02:44.659 852 852 I ThermalEngine: device_max_limit 1190400
09-13 17:02:44.659 852 852 I ThermalEngine: [SS-GPU]
09-13 17:02:44.659 852 852 I ThermalEngine: #algo_type ss
09-13 17:02:44.659 852 852 I ThermalEngine: sampling 250
09-13 17:02:44.659 852 852 I ThermalEngine: sensor gpu
09-13 17:02:44.659 852 852 I ThermalEngine: device gpu
09-13 17:02:44.659 852 852 I ThermalEngine: set_point 95000
09-13 17:02:44.659 852 852 I ThermalEngine: set_point_clr 65000
09-13 17:02:44.659 852 852 I ThermalEngine: time_constant 0
09-13 17:02:44.659 852 852 I ThermalEngine: [SS-POPMEM]
09-13 17:02:44.659 852 852 I ThermalEngine: #algo_type ss
09-13 17:02:44.659 852 852 I ThermalEngine: sampling 10
09-13 17:02:44.659 852 852 I ThermalEngine: sensor pop_mem
09-13 17:02:44.659 852 852 I ThermalEngine: device cluster1
09-13 17:02:44.659 852 852 I ThermalEngine: set_point 95000
09-13 17:02:44.659 852 852 I ThermalEngine: set_point_clr 65000
09-13 17:02:44.659 852 852 I ThermalEngine: time_constant 16
09-13 17:02:44.659 852 852 I ThermalEngine: [SS-CPUS-ALL]
09-13 17:02:44.659 852 852 I ThermalEngine: #algo_type ss
09-13 17:02:44.659 852 852 I ThermalEngine: sampling 10
09-13 17:02:44.659 852 852 I ThermalEngine: sensor VIRTUAL-CPUS
09-13 17:02:44.659 852 852 I ThermalEngine: device cpu_voltage
09-13 17:02:44.659 852 852 I ThermalEngine: set_point 95000
09-13 17:02:44.659 852 852 I ThermalEngine: set_point_clr 65000
09-13 17:02:44.659 852 852 I ThermalEngine: time_constant 0
09-13 17:02:44.659 852 852 I ThermalEngine: device_perf_floor 1036800
09-13 17:02:44.660 852 852 I ThermalEngine: [SPEAKER-CAL]
09-13 17:02:44.660 852 852 I ThermalEngine: sampling 30000 30000 10 1800000
09-13 17:02:44.660 852 852 I ThermalEngine: sensor pm8994_tz
09-13 17:02:44.660 852 852 I ThermalEngine: sensors tsens_tz_sensor1 tsens_tz_sensor2 tsens_tz_sensor13 tsens_tz_sensor14 tsens_tz_sensor15
09-13 17:02:44.660 852 852 I ThermalEngine: temp_range 6000 10000 2000
09-13 17:02:44.660 852 852 I ThermalEngine: max_temp 45000
09-13 17:02:44.660 852 852 I ThermalEngine: offset -4000
09-13 17:02:44.692 855 855 E RTPServiceImpl: qpLogDiagInit <== result : 1; log_write_mutex is Initialized
09-13 17:02:44.692 855 855 E Diag_Lib: bLogRTPMSgs =0,rtpdata=0,adblog=0
09-13 17:02:44.692 855 855 E RTPServiceImpl: [IMS_AP_RTP]"RTPService callback Registraton"
09-13 17:02:44.711 852 978 E LimitsPwr: Error opening uio dev /dev/uio2 failed
09-13 17:02:44.711 852 978 E LimitsPwr: Error opening file descriptors
09-13 17:02:44.758 499 984 I Magisk : ** late_start service mode running
09-13 17:02:44.770 499 984 I Magisk : * Running service.d scripts
09-13 17:02:44.770 499 984 I Magisk : * Running module service scripts
09-13 17:02:44.776 885 885 I PerfDaemon: PerfDaemon is starting.
09-13 17:02:45.162 487 487 W auditd : type=1400 "imsrcsd""name""sysfs"
09-13 17:02:44.783 902 902 I wificond: wificond is starting up...
09-13 17:02:44.828 886 886 W statsd : statscompanion service unavailable!
09-13 17:02:44.834 870 870 I installd: installd firing up
09-13 17:02:44.851 852 975 I ThermalEngine: hotplug_ktm_disable_cb: write out 0
09-13 17:02:44.864 982 982 I ssgqmigd: socket ANDROID_SOCKET_ssgqmig open success
09-13 17:02:44.864 982 982 I ssgqmigd: QRTR not supported
09-13 17:02:44.864 982 982 I ssgqmigd: ssgqmigd uses 27
09-13 17:02:44.873 885 885 D PerfDaemon: added vendor.perfservice to services and is now running.
09-13 17:02:44.876 886 886 W statsd : Child initialization success -6150195365450938007
09-13 17:02:44.876 886 886 W statsd : Child initialization success 8759787701068459216
09-13 17:02:44.876 886 886 W statsd : Child initialization success 5101244345202411538
09-13 17:02:44.876 886 886 W statsd : Child initialization success 8759787701068459216
09-13 17:02:44.876 886 886 W statsd : Child initialization success 4355931911588875875
09-13 17:02:44.876 886 886 W statsd : Child initialization success 5474199740567127686
09-13 17:02:44.876 886 886 W statsd : Child initialization success 8759787701068459216
09-13 17:02:44.876 886 886 W statsd : Child initialization success 8441638367716604327
09-13 17:02:44.876 886 886 W statsd : Child initialization success -745248690958657399
09-13 17:02:44.877 886 886 W statsd : Child initialization success 8128581080230084093
09-13 17:02:44.877 886 886 W statsd : Child initialization success 9024506553588204147
09-13 17:02:44.883 886 886 W statsd : Child initialization success -6150195365450938007
09-13 17:02:44.883 886 886 W statsd : Child initialization success 8759787701068459216
09-13 17:02:44.883 886 886 W statsd : Child initialization success 5101244345202411538
09-13 17:02:44.884 886 886 W statsd : Child initialization success 8759787701068459216
09-13 17:02:44.884 886 886 W statsd : Child initialization success 4355931911588875875
09-13 17:02:44.884 886 886 W statsd : Child initialization success 5474199740567127686
09-13 17:02:44.884 886 886 W statsd : Child initialization success 8759787701068459216
09-13 17:02:44.884 886 886 W statsd : Child initialization success 8441638367716604327
09-13 17:02:44.884 886 886 W statsd : Child initialization success -745248690958657399
09-13 17:02:44.884 886 886 W statsd : Child initialization success 8128581080230084093
09-13 17:02:44.884 886 886 W statsd : Child initialization success 9024506553588204147
09-13 17:02:44.884 886 886 W statsd : Child initialization success 5432022640116942525
09-13 17:02:44.884 886 886 W statsd : Child initialization success 8128581080230084093
09-13 17:02:44.884 886 886 W statsd : Child initialization success 5980654721335871649
09-13 17:02:44.884 886 886 W statsd : Child initialization success -3654400788805056467
09-13 17:02:44.884 886 886 W statsd : Child initialization success 5980654721335871649
09-13 17:02:44.884 886 886 W statsd : Child initialization success 9024506553588204147
09-13 17:02:44.884 886 886 W statsd : Child initialization success 8759787701068459216
09-13 17:02:44.884 886 886 W statsd : Child initialization success 6296678551605109806
09-13 17:02:44.884 886 886 W statsd : Child initialization success 4157778989427190242
09-13 17:02:44.884 886 886 W statsd : Child initialization success 8759787701068459216
09-13 17:02:44.884 886 886 W statsd : Child initialization success 6069759069916105229
09-13 17:02:44.884 886 886 W statsd : Child initialization success 8128581080230084093
09-13 17:02:44.884 886 886 W statsd : Child initialization success -3484757396094990383
09-13 17:02:44.884 886 886 W statsd : Child initialization success -3654400788805056467
09-13 17:02:44.884 886 886 I statsd : using statsd socket
09-13 17:02:44.918 874 874 I mediaserver: ServiceManager: 0xedf9c120
09-13 17:02:44.930 998 998 E ssgtzd : dlopen failed: library "libminkdescriptor.so" not found, trying tzcom...
09-13 17:02:44.933 998 998 E ssgtzd : Failed to open LibTZCom, going dormant
09-13 17:02:44.933 998 998 E ssgtzd : Unable to continue, going dormant
09-13 17:02:44.958 1009 1009 I : remosaicDaemon: 19: Starting Server
09-13 17:02:44.966 969 969 E libmdmdetect: Failed to open /sys/bus/msm_subsys/devices/subsys3/name: Permission denied
09-13 17:02:44.967 969 969 E CLD80211: /system/vendor/bin/cnss-daemon: Could not resolve cld80211 familty id
09-13 17:02:44.974 1009 1009 I : remosaicDaemon: 30: Remosaic daemon is now ready
09-13 17:02:44.983 919 919 E wifidisplayhal-service: Start with vendor binder
09-13 17:02:44.983 919 919 E wifidisplayhal-service: Registering wifidisplayhdcphal service...
09-13 17:02:44.994 862 862 I cameraserver: ServiceManager: 0xeb51c1c0
09-13 17:02:44.994 862 862 I CameraService: CameraService started (pid=862)
09-13 17:02:44.994 862 862 I CameraService: CameraService process starting
09-13 17:02:44.994 862 862 W BatteryNotifier: batterystats service unavailable!
09-13 17:02:44.994 862 862 W BatteryNotifier: batterystats service unavailable!
09-13 17:02:45.005 919 919 E wifidisplayhal-service: Registering wifidisplaydshal service...
09-13 17:02:45.006 1005 1025 D QCALOG : [location-mq] SRV Socket-Opend
09-13 17:02:45.017 862 862 I ServiceManagement: getService: Trying again for android.hardware.camera.provider@2.4::ICameraProvider/legacy/0...
09-13 17:02:45.052 884 884 I Netd : Netd 1.0 starting
09-13 17:02:45.053 884 884 D TetherController: Setting IP forward enable = 0
09-13 17:02:45.057 857 857 I imsrcsd : Uce Service HAL loading imsrcsbaseimpl
09-13 17:02:45.078 969 969 I cnss-daemon: Failed to initialize cld80211 family, proceed with legacy USERSOCK reception
09-13 17:02:45.108 1018 1018 W OPFaceUnlockDaemon: Start
09-13 17:02:45.112 1018 1018 W OPFaceUnlockDaemon: Ready
09-13 17:02:45.120 479 479 W hwservicemanager: getTransport: Cannot find entry android.hardware.usb.gadget@1.0::IUsbGadget/default in either framework or device manifest.
09-13 17:02:45.141 479 479 W hwservicemanager: getTransport: Cannot find entry android.hardware.keymaster@4.0::IKeymasterDevice/default in either framework or device manifest.
09-13 17:02:45.147 1022 1022 D android.hardware.biometrics.fingerprint@2.1-service: FingerprintMsgThread
09-13 17:02:45.148 873 873 I keystore: found android.hardware.keymaster@3.0::IKeymasterDevice with interface name default and seclevel TRUSTED_ENVIRONMENT
09-13 17:02:45.150 1022 1022 I ServiceManagement: Removing namespace from process name android.hardware.biometrics.fingerprint@2.1-service to fingerprint@2.1-service.
09-13 17:02:45.153 1021 1021 I usbd : Usb HAL not found
09-13 17:02:45.154 1022 1050 D android.hardware.biometrics.fingerprint@2.1-service: fingerprintmsg loop
09-13 17:02:45.156 857 857 E libmdmdetect: Failed to open /sys/bus/msm_subsys/devices/subsys3/name: Permission denied
09-13 17:02:45.157 857 857 I imsrcsd : Starting Service for First Time imsbaseimpl
09-13 17:02:45.168 873 873 E keystore: Register wifi keystore HAL service successfully
09-13 17:02:45.247 487 487 W auditd : type=1400 "lowi-server""name""sysfs"
09-13 17:02:45.276 487 487 W auditd : type=1400 "iptables-wrappe""/dev/diag""tmpfs"
09-13 17:02:45.290 487 487 W auditd : type=1400 "xtra-daemon""name""sysfs"
09-13 17:02:45.185 1037 1037 I ServiceManagement: Removing namespace from process name vendor.oneplus.hardware.rpmb@1.0-service to rpmb@1.0-service.
09-13 17:02:45.189 873 873 E keystore: Register wifi keystore extension HAL service successfully
09-13 17:02:45.190 1036 1036 I ServiceManagement: Removing namespace from process name vendor.oneplus.hardware.ifaa@2.0-service to ifaa@2.0-service.
09-13 17:02:45.194 857 857 I imsrcsd : ImsRcsBaseImpl CM_IMSCONNECTIONMANAGER_CREATE_CONNECTION Before Registering Service
09-13 17:02:45.213 1019 1019 I gatekeeperd: Starting gatekeeperd...
09-13 17:02:45.224 1020 1020 I /system/bin/tombstoned: tombstoned successfully initialized
09-13 17:02:45.233 1030 1030 E libmdmdetect: Failed to open /sys/bus/msm_subsys/devices/subsys3/name: Permission denied
09-13 17:02:45.235 1030 1030 I LOWI-8.6.0.33: [MessageQ_Client] connecting to server [/dev/socket/location/mq/location-mq-s]
09-13 17:02:45.235 1030 1030 I LOWI-8.6.0.33: [MessageQ_Client] connected
09-13 17:02:45.235 1030 1030 I LOWI-8.6.0.33: [LOWIController] loadConfigItems: Log level = 3, Cache Records = 100, max queue size = 255, fresh scan threshold = 500
09-13 17:02:45.236 1030 1030 E LOWI-8.6.0.33: [LOWIDiagLog] Diag logging could not be enabled
09-13 17:02:45.237 857 857 I imsrcsd : ImsRcsBaseImpl CM_IMSCONNECTIONMANAGER_CREATE_CONNECTION After Registering Service
09-13 17:02:45.237 857 857 E : [IMS_COM] |ImsCom.cpp | 53 | | 857 |Com Fd: 8
09-13 17:02:45.237 857 857 E : [IMS_COM] |ImsCom.cpp | 158 | | 857 |ImsCom::addComEventHandler(int 8, ComEventCallback 0x74f6a5b2b0, void* 0x0, ComCloseCallback 0x0, events 17) EX
09-13 17:02:45.237 857 857 E : [IMS_COM] |ImsCom.cpp | 170 | | 857 |ImsCom::addComEventHandler epoll_ctl returns: 0
09-13 17:02:45.237 857 857 E : [IMS_COM] |ImsCom.cpp | 56 | | 857 |ImsCom is ready. epollFd:7
09-13 17:02:45.237 857 857 E : [IMS_COM] |ImsQmiSvc.cpp | 42 | | 857 |ImsQmiSvc: Xtor
09-13 17:02:45.237 857 857 E : [IMS_COM] |ImsQmiSvc.cpp | 44 | | 857 |ImsQmiSvc: qmiimssvcfd : 9
09-13 17:02:45.237 857 857 E : [IMS_COM] |ImsCom.cpp | 158 | | 857 |ImsCom::addComEventHandler(int 9, ComEventCallback 0x74f6a5ff9c, void* 0x74f663c140, ComCloseCallback 0x0, events 1) EX
09-13 17:02:45.237 857 857 E : [IMS_COM] |ImsCom.cpp | 170 | | 857 |ImsCom::addComEventHandler epoll_ctl returns: 0
09-13 17:02:45.238 857 857 E : [IMS_COM] |ImsQmiSvc.cpp | 115 | | 857 |ImsQmiSvc: registerForQmiSvcUp
09-13 17:02:45.238 857 857 E : [IMS_COM] |ImsQmiPrivate.cpp | 119 | | 857 |ImsQmiPrivate Xtor
09-13 17:02:45.238 857 857 E : [IMS_COM] |ImsCom.cpp | 158 | | 857 |ImsCom::addComEventHandler(int 14, ComEventCallback 0x74f6a5e2e0, void* 0x74f663c140, ComCloseCallback 0x0, events 1) EX
09-13 17:02:45.238 857 857 E : [IMS_COM] |ImsCom.cpp | 170 | | 857 |ImsCom::addComEventHandler epoll_ctl returns: 0
09-13 17:02:45.238 857 857 E : [IMS_COM] |ImsQmiPrivate.cpp | 226 | | 857 |QMI IMS Private listener added 0x74f662e180
09-13 17:02:45.238 857 857 I : ImsCallInfoService - registerServiceImpl: Registering for vendor.qti.ims.callinfo
09-13 17:02:45.247 857 857 I imsrcsd : ImsRcsBaseImpl ImsCallInfo After Registering Service
09-13 17:02:45.258 1030 1059 I LOWI-8.6.0.33: [LOWIController] Client controller entering event loop
09-13 17:02:45.282 884 884 I Netd : Creating child chains: 167.3ms
09-13 17:02:45.282 884 884 I Netd : Setting up OEM hooks: 0.2ms
09-13 17:02:45.292 1032 1032 E libmdmdetect: Failed to open /sys/bus/msm_subsys/devices/subsys3/name: Permission denied
09-13 17:02:45.311 487 487 W auditd : type=1400 "ATFWD-daemon""name""sysfs"
09-13 17:02:45.298 884 884 I Netd : Setting up FirewallController hooks: 16.6ms
09-13 17:02:45.311 1056 1056 E libmdmdetect: Failed to open /sys/bus/msm_subsys/devices/subsys3/name: Permission denied
09-13 17:02:45.311 1056 1056 I Atfwd_Daemon: *** Starting ATFWD-daemon ***
09-13 17:02:45.312 1056 1056 I Atfwd_Daemon: init all signals
09-13 17:02:45.312 1056 1056 I Atfwd_Daemon: Explicitly disbling qmux
09-13 17:02:45.312 1056 1056 I Atfwd_Daemon: Disabling QMUX complete...
09-13 17:02:45.312 1056 1056 I Atfwd_Daemon: getting at svc obj for access terminal QMI svc
09-13 17:02:45.312 1056 1056 I Atfwd_Daemon:
09-13 17:02:45.312 1056 1056 I Atfwd_Daemon:
09-13 17:02:45.312 1056 1056 I Atfwd_Daemon: TrtyInit: retryCnt: 1
09-13 17:02:45.312 1056 1056 I Atfwd_Daemon: Using QCCI. Skipping qmi_init
09-13 17:02:45.312 1056 1056 I Atfwd_Daemon: result : 1 ,Init step :0 ,qmiErrorCode: 0
09-13 17:02:45.312 1056 1056 I Atfwd_Daemon:
09-13 17:02:45.312 1056 1056 I Atfwd_Daemon: Back to main.
09-13 17:02:45.312 1056 1056 I Atfwd_Daemon: tryinit complete with connectresult: 1
09-13 17:02:45.312 1056 1056 I Atfwd_Daemon:
09-13 17:02:45.312 1056 1056 I Atfwd_Daemon:
09-13 17:02:45.312 1056 1056 I Atfwd_Daemon: TrtyInit: retryCnt: 1
09-13 17:02:45.312 1056 1056 I Atfwd_Daemon:
09-13 17:02:45.312 1056 1056 I Atfwd_Daemon: qmi_client_init_instance....
09-13 17:02:45.312 1056 1056 I Atfwd_Daemon: qmi_client_init_instance status: 0, num_retries: 1, retryCnt: 1
09-13 17:02:45.312 1056 1056 I Atfwd_Daemon: qmi_client_register_error_cb status: 0
09-13 17:02:45.312 1056 1056 I Atfwd_Daemon: result : 0 ,Init step :1 ,qmiErrorCode: 0
09-13 17:02:45.312 1056 1056 I Atfwd_Daemon:
09-13 17:02:45.312 1056 1056 I Atfwd_Daemon: Back to main.
09-13 17:02:45.312 1056 1056 I Atfwd_Daemon: tryinit complete with connectresult: 0
09-13 17:02:45.312 1056 1056 I Atfwd_Daemon:
09-13 17:02:45.312 1056 1056 I Atfwd_Daemon:
09-13 17:02:45.312 1056 1056 I Atfwd_Daemon: TrtyInit: retryCnt: 1
09-13 17:02:45.312 1056 1056 I Atfwd_Daemon: Invalid type 2
09-13 17:02:45.312 1056 1056 I Atfwd_Daemon: tryinit complete with connectresult: 0
09-13 17:02:45.312 1056 1056 I Atfwd_Daemon: Trying to register 8 commands:
09-13 17:02:45.312 1056 1056 I Atfwd_Daemon: cmd0: +CKPD
09-13 17:02:45.313 1056 1056 I Atfwd_Daemon: sending QMI_AT_REG_AT_CMD_FWD_REQ_V01 message
09-13 17:02:45.314 884 884 I Netd : Setting up TetherController hooks: 15.9ms
09-13 17:02:45.318 884 884 I Netd : Setting up BandwidthController hooks: 3.5ms
09-13 17:02:45.318 884 884 I Netd : Setting up IdletimerController hooks: 0.1ms
09-13 17:02:45.318 884 884 I Netd : initializing traffic control: 0.0ms
09-13 17:02:45.325 884 884 I Netd : Disabling bandwidth control: 6.7ms
09-13 17:02:45.329 918 918 I media.codec: mediacodecservice starting
09-13 17:02:45.330 860 860 D Zygote : begin preload
09-13 17:02:45.330 860 860 I Zygote : Installing ICU cache reference pinning...
09-13 17:02:45.330 860 860 I Zygote : Preloading ICU data...
09-13 17:02:45.341 1032 1032 D LocSvc_LBSProxy: checkIfLocationExtendedClientExists] File Exists
09-13 17:02:45.344 918 918 W media.codec: libminijail[918]: failed to get path of fd 5: No such file or directory
09-13 17:02:45.344 918 918 W media.codec: libminijail[918]: allowing syscall: clock_gettime
09-13 17:02:45.344 918 918 W media.codec: libminijail[918]: allowing syscall: connect
09-13 17:02:45.344 918 918 W media.codec: libminijail[918]: allowing syscall: fcntl64
09-13 17:02:45.344 918 918 W media.codec: libminijail[918]: allowing syscall: socket
09-13 17:02:45.344 918 918 W media.codec: libminijail[918]: allowing syscall: writev
09-13 17:02:45.346 1056 1056 I Atfwd_Daemon: cmd1: +CTSA
09-13 17:02:45.346 1056 1056 I Atfwd_Daemon: sending QMI_AT_REG_AT_CMD_FWD_REQ_V01 message
09-13 17:02:45.348 918 918 W media.codec: libminijail[918]: logging seccomp filter failures
09-13 17:02:45.355 861 861 I zygote : Explicit concurrent copying GC freed 199(19KB) AllocSpace objects, 0(0B) LOS objects, 97% free, 44KB/1580KB, paused 95us total 4.632ms
09-13 17:02:45.356 1056 1056 I Atfwd_Daemon: cmd2: +CFUN
09-13 17:02:45.357 1056 1056 I Atfwd_Daemon: sending QMI_AT_REG_AT_CMD_FWD_REQ_V01 message
09-13 17:02:45.357 1056 1056 I Atfwd_Daemon: cmd3: +CMAR
09-13 17:02:45.357 1056 1056 I Atfwd_Daemon: sending QMI_AT_REG_AT_CMD_FWD_REQ_V01 message
09-13 17:02:45.358 1056 1056 I Atfwd_Daemon: cmd4: +CDIS
09-13 17:02:45.358 1056 1056 I Atfwd_Daemon: sending QMI_AT_REG_AT_CMD_FWD_REQ_V01 message
09-13 17:02:45.360 1056 1056 I Atfwd_Daemon: cmd5: +CRSL
09-13 17:02:45.360 1056 1056 I Atfwd_Daemon: sending QMI_AT_REG_AT_CMD_FWD_REQ_V01 message
09-13 17:02:45.360 1056 1056 I Atfwd_Daemon: cmd6: +CSS
09-13 17:02:45.361 1056 1056 I Atfwd_Daemon: sending QMI_AT_REG_AT_CMD_FWD_REQ_V01 message
09-13 17:02:45.361 1056 1056 I Atfwd_Daemon: cmd7: $QCPWRDN
09-13 17:02:45.361 1056 1056 I Atfwd_Daemon: sending QMI_AT_REG_AT_CMD_FWD_REQ_V01 message
09-13 17:02:45.362 1056 1056 I Atfwd_Daemon: Registered AT Commands event handler
09-13 17:02:45.362 1056 1056 I Atfwd_Daemon: Waiting for ctrCond
09-13 17:02:45.365 861 861 I zygote : Explicit concurrent copying GC freed 5(32KB) AllocSpace objects, 0(0B) LOS objects, 97% free, 44KB/1580KB, paused 68us total 4.704ms
09-13 17:02:45.366 1032 1032 E LocSvc_LocIpc: sendData:206] cannot send to socket. reason:No such file or directory
09-13 17:02:45.369 860 860 I Zygote : Preloading classes...
09-13 17:02:45.373 1032 1073 E LocSvc_ApiV02: open:412:11]: Failed to get features supported from QMI_LOC_GET_SUPPORTED_FEATURE_REQ_V02.
09-13 17:02:45.380 1032 1073 E LocSvc_LBSApiV02: injectFeatureConfig:910]: Error : st = 3, ind.status = 0
09-13 17:02:45.380 1032 1077 E QMI_FW : QCCI qmi_cci_xport_recv: txn not found. svc_id: 16
09-13 17:02:45.383 1031 1031 E libmdmdetect: Failed to open /sys/bus/msm_subsys/devices/subsys3/name: Permission denied
09-13 17:02:45.384 1031 1031 D LocSvc_LBSProxy: checkIfLocationExtendedClientExists] File Exists
09-13 17:02:45.405 860 860 I PackageBackwardCompatibility: Loaded android.content.pm.OrgApacheHttpLegacyUpdater
09-13 17:02:45.405 860 860 I PackageBackwardCompatibility: Could not find android.content.pm.AndroidTestBaseUpdater, ignoring
09-13 17:02:45.414 861 861 I Zygote : Accepting command socket connections
