09-13 17:03:49.826 4551 4551 E AndroidRuntime: java.lang.NullPointerException: Attempt to invoke interface method 'void android.app.IActivityManager.handleApplicationCrash(android.os.IBinder, android.app.ApplicationErrorReport$ParcelableCrashInfo)' on a null object reference
09-13 17:03:49.826 4551 4551 E AndroidRuntime: at com.android.internal.os.RuntimeInit$KillApplicationHandler.uncaughtException(RuntimeInit.java:187)
09-13 17:03:49.826 4551 4551 E AndroidRuntime: at java.lang.ThreadGroup.uncaughtException(ThreadGroup.java:1068)
09-13 17:03:49.826 4551 4551 E AndroidRuntime: at java.lang.ThreadGroup.uncaughtException(ThreadGroup.java:1063)
09-13 17:03:49.826 4551 4551 E AndroidRuntime: at java.lang.Thread.dispatchUncaughtException(Thread.java:1955)
09-13 17:03:49.827 4551 4551 E Process : try to kill system_server
09-13 17:03:49.827 4551 4551 I Process : Sending signal. PID: 4551 SIG: 9
09-13 17:03:49.842 4409 4409 I Zygote : Process 4551 exited due to signal (9)
09-13 17:03:49.842 4409 4409 E Zygote : Exit zygote because system server (4551) has terminated
09-13 17:03:49.856 1010 4579 I mm-camera: sony_imx179_eeprom_get_calibration_items: A light valid page:0, D50 valid page:0
09-13 17:03:49.857 1010 4583 E mm-3a-core: light_sensor_init init fail
09-13 17:03:49.858 1010 4583 E mm-camera: 448: dsps_open: try to sensor1_open()
09-13 17:03:49.879 1010 1010 I mm-camera: < INFO> 292: af_core_init: af_core_init
09-13 17:03:49.880 1010 1010 E mm-camera: 2865: stats_port_check_caps_reserve: Invalid Port capability type!
09-13 17:03:49.880 1010 1010 I chatty : uid=1006(camera) mm-qcamera-daem identical 3 lines
09-13 17:03:49.880 1010 1010 E mm-camera: 2865: stats_port_check_caps_reserve: Invalid Port capability type!
09-13 17:03:49.880 1010 1010 I mm-3a-core: q3a_thread_aecawb_start Enter
09-13 17:03:49.888 1010 4600 E mm-camera: 2966: sensor_get_cur_chromatix_name: Sensor name:imx179,sensor id:0x0, vendor id:0, lens id:0
09-13 17:03:49.888 1010 4600 E mm-camera: 3129: sensor_get_cur_chromatix_name: 3A chromatix : imx179_3a_3280x2464_30fps_preview
09-13 17:03:49.888 1010 4600 E mm-camera: 4205: mct_pipeline_process_get: NULL ptr detected! query_buf = [0x0] module list = [0xeb91f980]
09-13 17:03:49.892 4414 4576 E CamPvdr@2.4-external: deviceAdded v4l2 QUERYCAP /dev/video3 failed
09-13 17:03:49.892 478 478 I ServiceManager: service 'media.audio_flinger' died
09-13 17:03:49.940 478 478 I ServiceManager: service 'media.player' died
09-13 17:03:49.940 478 478 I ServiceManager: service 'media.resource_manager' died
09-13 17:03:49.957 478 478 I ServiceManager: service 'netd' died
09-13 17:03:49.957 1169 1557 E QC-NETMGR-LIB: serviceDied(): Netd service died
09-13 17:03:50.048 478 478 I ServiceManager: service 'wificond' died
09-13 17:03:50.095 1169 1225 I QC-NETMGR-LIB: NetmgrNetdClientRegisterNetwork(): Looking for Netd service
09-13 17:03:50.095 1169 1225 I QC-NETMGR-LIB: NetmgrNetdClientRegisterNetwork(): register to create new OEM network
09-13 17:03:50.096 1169 1225 E QC-NETMGR-LIB: registerNetwork(): mSerivce is NULL
09-13 17:03:50.096 1169 1225 I QC-NETMGR-LIB: NetmgrNetdClientRegisterNetwork(): [packet mark : 0x0] [network handle : 0x0]
09-13 17:03:50.572 1031 1086 W ServiceManagement: Waited one second for android.frameworks.sensorservice@1.0::ISensorManager/default
09-13 17:03:50.573 1031 1086 I ServiceManagement: getService: Trying again for android.frameworks.sensorservice@1.0::ISensorManager/default...
09-13 17:03:51.573 1031 1086 W ServiceManagement: Waited one second for android.frameworks.sensorservice@1.0::ISensorManager/default
09-13 17:03:51.575 1031 1086 I ServiceManagement: getService: Trying again for android.frameworks.sensorservice@1.0::ISensorManager/default...
09-13 17:03:51.737 650 673 E Sensors : sns_reg_la.c(193):reg write: offset 1792, num bytes: 24
09-13 17:03:52.576 1031 1086 W ServiceManagement: Waited one second for android.frameworks.sensorservice@1.0::ISensorManager/default
09-13 17:03:52.576 1031 1086 I ServiceManagement: getService: Trying again for android.frameworks.sensorservice@1.0::ISensorManager/default...
09-13 17:03:53.229 4622 4622 D vndksupport: Loading /vendor/lib/hw/android.hardware.audio@4.0-impl.so from current namespace instead of sphal namespace.
09-13 17:03:53.233 4622 4622 I ServiceManagement: Removing namespace from process name android.hardware.audio@2.0-service to audio@2.0-service.
09-13 17:03:53.234 4622 4622 I audiohalservice: Registration complete for android.hardware.audio@4.0::IDevicesFactory/default.
09-13 17:03:53.236 4622 4622 D vndksupport: Loading /vendor/lib/hw/android.hardware.audio.effect@4.0-impl.so from current namespace instead of sphal namespace.
09-13 17:03:53.255 4624 4624 I Dpps : GetInstance: DppsServer ref count increased to 1
09-13 17:03:53.255 4624 4624 I Dpps : InitPrimaryContextFeatures():298 Dpps feature enable properties are false, skipping primary feature context init
09-13 17:03:53.276 4622 4622 I audiohalservice: Registration complete for android.hardware.audio.effect@4.0::IEffectsFactory/default.
09-13 17:03:53.278 4622 4622 D vndksupport: Loading /vendor/lib/hw/android.hardware.soundtrigger@2.1-impl.so from current namespace instead of sphal namespace.
09-13 17:03:53.279 4622 4622 D vndksupport: Loading /vendor/lib/hw/sound_trigger.primary.msm8996.so from current namespace instead of sphal namespace.
09-13 17:03:53.281 4622 4622 D sound_trigger_hw: stdev_open: Enter
09-13 17:03:53.283 4622 4622 I sound_trigger_platform: platform_stdev_init: Enter
09-13 17:03:53.284 4622 4622 D audio_hw_utils: audio_extn_utils_open_snd_mixer: snd_card_name: msm8996-tasha-mtp-snd-card
09-13 17:03:53.284 4622 4622 W hardware_info: update_hardware_info_8996: Not a 8996 device
09-13 17:03:53.284 4622 4622 D audio_hw_utils: audio_extn_utils_open_snd_mixer: Opened sound card:0
09-13 17:03:53.440 4631 4631 I Netd : Netd 1.0 starting
09-13 17:03:53.440 4631 4631 D TetherController: Setting IP forward enable = 0
09-13 17:03:53.469 4632 4632 I wificond: wificond is starting up...
09-13 17:03:53.493 4625 4625 D AndroidRuntime: >>>>>> START com.android.internal.os.ZygoteInit uid 0 <<<<<<
09-13 17:03:53.493 4625 4625 E AndroidRuntime: hot count path: /proc/4625/page_hot_count
09-13 17:03:53.493 4625 4625 E AndroidRuntime: open page_hot_count failed
09-13 17:03:53.498 4625 4625 I zygote : option[0]=-Xzygote
09-13 17:03:53.499 4625 4625 I zygote : option[1]=-Xusetombstonedtraces
09-13 17:03:53.499 4625 4625 I zygote : option[2]=exit
09-13 17:03:53.499 4625 4625 I zygote : option[3]=vfprintf
09-13 17:03:53.499 4625 4625 I zygote : option[4]=sensitiveThread
09-13 17:03:53.499 4625 4625 I zygote : option[5]=-verbose:gc
09-13 17:03:53.499 4625 4625 I zygote : option[6]=-Xms8m
09-13 17:03:53.499 4625 4625 I zygote : option[7]=-Xmx512m
09-13 17:03:53.499 4625 4625 I zygote : option[8]=-XX:HeapGrowthLimit=256m
09-13 17:03:53.499 4625 4625 I zygote : option[9]=-XX:HeapMinFree=512k
09-13 17:03:53.499 4625 4625 I zygote : option[10]=-XX:HeapMaxFree=8m
09-13 17:03:53.499 4625 4625 I zygote : option[11]=-XX:HeapTargetUtilization=0.75
09-13 17:03:53.499 4625 4625 I zygote : option[12]=-Xusejit:true
09-13 17:03:53.499 4625 4625 I zygote : option[13]=-Xjitsaveprofilinginfo
09-13 17:03:53.499 4625 4625 I zygote : option[14]=-XjdwpOptions:suspend=n,server=y
09-13 17:03:53.499 4625 4625 I zygote : option[15]=-XjdwpProvider:default
09-13 17:03:53.499 4625 4625 I zygote : option[16]=-Ximage-compiler-option
09-13 17:03:53.499 4625 4625 I zygote : option[17]=--runtime-arg
09-13 17:03:53.499 4625 4625 I zygote : option[18]=-Ximage-compiler-option
09-13 17:03:53.499 4625 4625 I zygote : option[19]=-Xms64m
09-13 17:03:53.499 4625 4625 I zygote : option[20]=-Ximage-compiler-option
09-13 17:03:53.499 4625 4625 I zygote : option[21]=--runtime-arg
09-13 17:03:53.499 4625 4625 I zygote : option[22]=-Ximage-compiler-option
09-13 17:03:53.499 4625 4625 I zygote : option[23]=-Xmx64m
09-13 17:03:53.499 4625 4625 I zygote : option[24]=-Ximage-compiler-option
09-13 17:03:53.499 4625 4625 I zygote : option[25]=--profile-file=/system/etc/boot-image.prof
09-13 17:03:53.499 4625 4625 I zygote : option[26]=-Ximage-compiler-option
09-13 17:03:53.499 4625 4625 I zygote : option[27]=--compiler-filter=speed-profile
09-13 17:03:53.499 4625 4625 I zygote : option[28]=-Xcompiler-option
09-13 17:03:53.499 4625 4625 I zygote : option[29]=--runtime-arg
09-13 17:03:53.499 4625 4625 I zygote : option[30]=-Xcompiler-option
09-13 17:03:53.499 4625 4625 I zygote : option[31]=-Xms64m
09-13 17:03:53.499 4625 4625 I zygote : option[32]=-Xcompiler-option
09-13 17:03:53.499 4625 4625 I zygote : option[33]=--runtime-arg
09-13 17:03:53.499 4625 4625 I zygote : option[34]=-Xcompiler-option
09-13 17:03:53.499 4625 4625 I zygote : option[35]=-Xmx512m
09-13 17:03:53.499 4625 4625 I zygote : option[36]=-Ximage-compiler-option
09-13 17:03:53.499 4625 4625 I zygote : option[37]=--instruction-set-variant=cortex-a53
09-13 17:03:53.499 4625 4625 I zygote : option[38]=-Xcompiler-option
09-13 17:03:53.499 4625 4625 I zygote : option[39]=--instruction-set-variant=cortex-a53
09-13 17:03:53.499 4625 4625 I zygote : option[40]=-Ximage-compiler-option
09-13 17:03:53.499 4625 4625 I zygote : option[41]=--instruction-set-features=default
09-13 17:03:53.499 4625 4625 I zygote : option[42]=-Xcompiler-option
09-13 17:03:53.499 4625 4625 I zygote : option[43]=--instruction-set-features=default
09-13 17:03:53.499 4625 4625 I zygote : option[44]=-Duser.locale=en-NL
09-13 17:03:53.499 4625 4625 I zygote : option[45]=--cpu-abilist=armeabi-v7a,armeabi
09-13 17:03:53.500 4625 4625 I zygote : option[46]=-Xfingerprint:OnePlus/OnePlus3/OnePlus3:9/PKQ1.181203.001/1907311932:user/release-keys
09-13 17:03:53.503 4625 4625 W zygote : Incomplete boot detected. Pruning dalvik cache
09-13 17:03:53.524 4631 4631 I Netd : Creating child chains: 24.2ms
09-13 17:03:53.524 4631 4631 I Netd : Setting up OEM hooks: 0.1ms
09-13 17:03:53.531 4631 4631 I Netd : Setting up FirewallController hooks: 7.0ms
09-13 17:03:53.534 4631 4631 I Netd : Setting up TetherController hooks: 3.4ms
09-13 17:03:53.537 4631 4631 I Netd : Setting up BandwidthController hooks: 2.9ms
09-13 17:03:53.537 4631 4631 I Netd : Setting up IdletimerController hooks: 0.1ms
09-13 17:03:53.537 4631 4631 I Netd : initializing traffic control: 0.0ms
09-13 17:03:53.545 4631 4631 I Netd : Disabling bandwidth control: 7.7ms
09-13 17:03:53.551 4631 4631 E Netd : Error adding route 0.0.0.0/0 -> (null) dummy0 to table 1003: File exists
09-13 17:03:53.558 4625 4625 I zygote : VerifyImage: /system/bin/patchoat --input-image-location=/system/framework/boot.art --output-image-directory=/data/dalvik-cache/arm --instruction-set=arm --verify
09-13 17:03:53.560 4631 4631 I Netd : Initializing RouteController: 15.2ms
09-13 17:03:53.560 4631 4631 D XfrmController: Sending Netlink XFRM Message: XFRM_MSG_FLUSHSA
09-13 17:03:53.561 4631 4631 D XfrmController: Sending Netlink XFRM Message: XFRM_MSG_FLUSHPOLICY
09-13 17:03:53.561 4631 4631 I Netd : Initializing XfrmController: 0.4ms
09-13 17:03:53.561 4631 4631 E Netd : Unable to create netlink socket: Protocol not supported
09-13 17:03:53.561 4631 4631 W Netd : Unable to open qlog quota socket, check if xt_quota2 can send via UeventHandler
09-13 17:03:53.561 4631 4631 D MDnsDS : MDnsSdListener::Hander starting up
09-13 17:03:53.563 4631 4631 I Netd : Registering NetdNativeService: 1.6ms
09-13 17:03:53.563 4631 4631 I Netd : Starting CommandListener: 0.1ms
09-13 17:03:53.577 1031 1086 W ServiceManagement: Waited one second for android.frameworks.sensorservice@1.0::ISensorManager/default
09-13 17:03:53.589 4631 4631 I Netd : Registering NetdHwService: 25.9ms
09-13 17:03:53.589 4631 4631 I Netd : Netd started in 149ms
09-13 17:03:53.590 1169 1557 I QC-NETMGR-LIB: onRegistration(): Starting Netd getService thread
09-13 17:03:53.590 1031 1086 I ServiceManagement: getService: Trying again for android.frameworks.sensorservice@1.0::ISensorManager/default...
09-13 17:03:53.597 4631 4642 D MDnsDS : MDnsSdListener starting to monitor
09-13 17:03:53.597 4631 4642 D MDnsDS : Going to poll with pollCount 1
09-13 17:03:53.618 1169 4649 I QC-NETMGR-LIB: getServiceImpl(): INetd discovered
09-13 17:03:53.618 1169 4649 I QC-NETMGR-LIB: registerLinkToDeath(): Success registerLinkToDeath!
09-13 17:03:53.618 1169 1557 D QC-NETMGR-LIB: onRegistration(): netd restart detected
09-13 17:03:53.618 1169 1225 I QC-NETMGR-LIB: NetmgrNetdClientRegisterNetwork(): Looking for Netd service
09-13 17:03:53.618 1169 1225 I QC-NETMGR-LIB: NetmgrNetdClientRegisterNetwork(): register to create new OEM network
09-13 17:03:53.618 1169 1225 I QC-NETMGR-LIB: registerNetwork(): Attempting createOemNetwork
09-13 17:03:53.623 4623 4623 D AndroidRuntime: >>>>>> START com.android.internal.os.ZygoteInit uid 0 <<<<<<
09-13 17:03:53.623 4623 4623 E AndroidRuntime: hot count path: /proc/4623/page_hot_count
09-13 17:03:53.623 4623 4623 E AndroidRuntime: open page_hot_count failed
09-13 17:03:53.631 4631 4647 D TcpSocketMonitor: suspending tcpinfo polling
09-13 17:03:53.631 1169 1225 I QC-NETMGR-LIB: registerNetwork(): command completed!
09-13 17:03:53.631 1169 1225 I QC-NETMGR-LIB: registerNetwork(): createOemNetwork succeeded [packet mark : 0xf0001] [net id : 1] [network handle : 0x1cafed00d]
09-13 17:03:53.631 1169 1225 I QC-NETMGR-LIB: NetmgrNetdClientRegisterNetwork(): [packet mark : 0xf0001] [network handle : 0x1cafed00d]
09-13 17:03:53.633 4650 4650 W iptables-wrappe: type=1400 audit(0.0:1005): avc: denied { read write } for path="/dev/diag" dev="tmpfs" ino=7350 scontext=u:r:netutils_wrapper:s0 tcontext=u:object_r:diag_device:s0 tclass=chr_file permissive=0
09-13 17:03:53.634 4623 4623 I zygote64: option[0]=-Xzygote
09-13 17:03:53.634 4623 4623 I zygote64: option[1]=-Xusetombstonedtraces
09-13 17:03:53.673 4652 4652 W iptables-wrappe: type=1400 audit(0.0:1006): avc: denied { read write } for path="/dev/diag" dev="tmpfs" ino=7350 scontext=u:r:netutils_wrapper:s0 tcontext=u:object_r:diag_device:s0 tclass=chr_file permissive=0
09-13 17:03:53.634 4623 4623 I zygote64: option[2]=exit
09-13 17:03:53.634 4623 4623 I zygote64: option[3]=vfprintf
09-13 17:03:53.634 4623 4623 I zygote64: option[4]=sensitiveThread
09-13 17:03:53.634 4623 4623 I zygote64: option[5]=-verbose:gc
09-13 17:03:53.634 4623 4623 I zygote64: option[6]=-Xms8m
09-13 17:03:53.634 4623 4623 I zygote64: option[7]=-Xmx512m
09-13 17:03:53.635 4623 4623 I zygote64: option[8]=-XX:HeapGrowthLimit=256m
09-13 17:03:53.635 4623 4623 I zygote64: option[9]=-XX:HeapMinFree=512k
09-13 17:03:53.635 4623 4623 I zygote64: option[10]=-XX:HeapMaxFree=8m
09-13 17:03:53.635 4623 4623 I zygote64: option[11]=-XX:HeapTargetUtilization=0.75
09-13 17:03:53.635 4623 4623 I zygote64: option[12]=-Xusejit:true
09-13 17:03:53.635 4623 4623 I zygote64: option[13]=-Xjitsaveprofilinginfo
09-13 17:03:53.635 4623 4623 I zygote64: option[14]=-XjdwpOptions:suspend=n,server=y
09-13 17:03:53.635 4623 4623 I zygote64: option[15]=-XjdwpProvider:default
09-13 17:03:53.635 4623 4623 I zygote64: option[16]=-Ximage-compiler-option
09-13 17:03:53.635 4623 4623 I zygote64: option[17]=--runtime-arg
09-13 17:03:53.635 4623 4623 I zygote64: option[18]=-Ximage-compiler-option
09-13 17:03:53.635 4623 4623 I zygote64: option[19]=-Xms64m
09-13 17:03:53.635 4623 4623 I zygote64: option[20]=-Ximage-compiler-option
09-13 17:03:53.635 4623 4623 I zygote64: option[21]=--runtime-arg
09-13 17:03:53.635 4623 4623 I zygote64: option[22]=-Ximage-compiler-option
09-13 17:03:53.635 4623 4623 I zygote64: option[23]=-Xmx64m
09-13 17:03:53.635 4623 4623 I zygote64: option[24]=-Ximage-compiler-option
09-13 17:03:53.635 4623 4623 I zygote64: option[25]=--profile-file=/system/etc/boot-image.prof
09-13 17:03:53.635 4623 4623 I zygote64: option[26]=-Ximage-compiler-option
09-13 17:03:53.635 4623 4623 I zygote64: option[27]=--compiler-filter=speed-profile
09-13 17:03:53.635 4623 4623 I zygote64: option[28]=-Xcompiler-option
09-13 17:03:53.635 4623 4623 I zygote64: option[29]=--runtime-arg
09-13 17:03:53.635 4623 4623 I zygote64: option[30]=-Xcompiler-option
09-13 17:03:53.635 4623 4623 I zygote64: option[31]=-Xms64m
09-13 17:03:53.635 4623 4623 I zygote64: option[32]=-Xcompiler-option
09-13 17:03:53.635 4623 4623 I zygote64: option[33]=--runtime-arg
09-13 17:03:53.635 4623 4623 I zygote64: option[34]=-Xcompiler-option
09-13 17:03:53.635 4623 4623 I zygote64: option[35]=-Xmx512m
09-13 17:03:53.635 4623 4623 I zygote64: option[36]=-Ximage-compiler-option
09-13 17:03:53.635 4623 4623 I zygote64: option[37]=--instruction-set-variant=kryo
09-13 17:03:53.635 4623 4623 I zygote64: option[38]=-Xcompiler-option
09-13 17:03:53.635 4623 4623 I zygote64: option[39]=--instruction-set-variant=kryo
09-13 17:03:53.635 4623 4623 I zygote64: option[40]=-Ximage-compiler-option
09-13 17:03:53.635 4623 4623 I zygote64: option[41]=--instruction-set-features=default
09-13 17:03:53.635 4623 4623 I zygote64: option[42]=-Xcompiler-option
09-13 17:03:53.635 4623 4623 I zygote64: option[43]=--instruction-set-features=default
09-13 17:03:53.635 4623 4623 I zygote64: option[44]=-Duser.locale=en-NL
09-13 17:03:53.635 4623 4623 I zygote64: option[45]=--cpu-abilist=arm64-v8a
09-13 17:03:53.635 4623 4623 I zygote64: option[46]=-Xfingerprint:OnePlus/OnePlus3/OnePlus3:9/PKQ1.181203.001/1907311932:user/release-keys
09-13 17:03:53.639 4623 4623 W zygote64: Incomplete boot detected. Pruning dalvik cache
09-13 17:03:53.672 4636 4636 E patchoat: Unable to open relocated image file /data/dalvik-cache/arm/system@framework@boot.art
09-13 17:03:53.678 4625 4625 W zygote : Failed execv(/system/bin/patchoat --input-image-location=/system/framework/boot.art --output-image-directory=/data/dalvik-cache/arm --instruction-set=arm --verify) because non-0 exit status Preemptively pruning the dalvik cache.
09-13 17:03:53.679 4625 4625 I zygote : Pruning dalvik-cache since we are relocating an image and will need to recompile
09-13 17:03:53.679 4625 4625 I zygote : RelocateImage: /system/bin/patchoat --input-image-location=/system/framework/boot.art --output-image-directory=/data/dalvik-cache/arm --instruction-set=arm --base-offset-delta=1552384
09-13 17:03:53.697 4623 4623 I zygote64: VerifyImage: /system/bin/patchoat --input-image-location=/system/framework/boot.art --output-image-directory=/data/dalvik-cache/arm64 --instruction-set=arm64 --verify
09-13 17:03:53.727 4630 4630 I mediaserver: ServiceManager: 0xf189c1c0
09-13 17:03:53.729 4630 4630 W BatteryNotifier: batterystats service unavailable!
09-13 17:03:53.723 4654 4654 W iptables-wrappe: type=1400 audit(0.0:1007): avc: denied { read write } for path="/dev/diag" dev="tmpfs" ino=7350 scontext=u:r:netutils_wrapper:s0 tcontext=u:object_r:diag_device:s0 tclass=chr_file permissive=0
09-13 17:03:53.763 4656 4656 W ip6tables-wrapp: type=1400 audit(0.0:1008): avc: denied { read write } for path="/dev/diag" dev="tmpfs" ino=7350 scontext=u:r:netutils_wrapper:s0 tcontext=u:object_r:diag_device:s0 tclass=chr_file permissive=0
09-13 17:03:53.779 4629 4629 I cameraserver: ServiceManager: 0xf151c1c0
09-13 17:03:53.779 4629 4629 I CameraService: CameraService started (pid=4629)
09-13 17:03:53.779 4629 4629 I CameraService: CameraService process starting
09-13 17:03:53.781 4629 4629 W BatteryNotifier: batterystats service unavailable!
09-13 17:03:53.783 4629 4629 W BatteryNotifier: batterystats service unavailable!
09-13 17:03:53.786 4629 4629 I CameraProviderManager: Connecting to new camera provider: legacy/0, isRemote? 1
09-13 17:03:53.787 4629 4629 I CameraProviderManager: Enumerating new camera device: device@1.0/legacy/0
09-13 17:03:53.789 531 1514 I CamDev@1.0-impl: Opening camera 0
09-13 17:03:53.790 531 1514 I QCamera : openLegacy: 680: openLegacy halVersion: 256
09-13 17:03:53.792 531 4660 I QCameraHWI_Mem: memoryPoolThread: E
09-13 17:03:53.792 531 4660 I QCameraHWI_Mem: memoryPoolThread: start proc
09-13 17:03:53.794 531 1514 I OneplusCamera: initClientPackageNameFlag: com.android.facelock
09-13 17:03:53.793 4662 4662 W iptables-wrappe: type=1400 audit(0.0:1009): avc: denied { read write } for path="/dev/diag" dev="tmpfs" ino=7350 scontext=u:r:netutils_wrapper:s0 tcontext=u:object_r:diag_device:s0 tclass=chr_file permissive=0
09-13 17:03:53.795 531 1514 D vndksupport: Loading /vendor/lib/hw/power.qcom.so from current namespace instead of sphal namespace.
09-13 17:03:53.796 531 4659 I QCameraStateMachine: E
09-13 17:03:53.800 531 1514 I QCamera2HWI: QCamera2HardwareInterface: mClientPackageName = com.android.facelock
09-13 17:03:53.800 531 1514 I QCamera : openCamera: 2057: [KPI Perf]: E PROFILE_OPEN_CAMERA camera id 0
09-13 17:03:53.801 531 1514 I OPCAMERA_SERVICE: init_module: module=0xe1f9e030 private=0xe1fa2f60 list=0xe1fb1140
09-13 17:03:53.801 531 1514 E OneplusCamera: acquire: fail
09-13 17:03:53.802 4629 4629 W CameraProviderManager: Camera provider legacy/0 says an unknown camera device@1.0/legacy/0 now has torch status 0. Curious.
09-13 17:03:53.802 4629 4629 W CameraProviderManager: Camera provider legacy/0 says an unknown camera device@3.3/legacy/0 now has torch status 0. Curious.
09-13 17:03:53.805 531 4661 I QCamera2HWI: QCamera2HardwareInterface::deferredWorkRoutine id=73
09-13 17:03:53.806 531 4661 I QCamera2HWI: QCamera2HardwareInterface::dequeueDeferredWork id=73
09-13 17:03:53.806 531 4661 I QCamera2HWI: QCamera2HardwareInterface::deferredWorkRoutine id=74
09-13 17:03:53.809 531 4661 I QCamera2HWI: QCamera2HardwareInterface::dequeueDeferredWork id=74
09-13 17:03:53.825 1010 4670 E mm-3a-core: light_sensor_init init fail
09-13 17:03:53.829 1010 4670 E mm-camera: 448: dsps_open: try to sensor1_open()
09-13 17:03:53.851 4653 4653 E patchoat: Unable to open relocated image file /data/dalvik-cache/arm64/system@framework@boot.art
09-13 17:03:53.856 4623 4623 W zygote64: Failed execv(/system/bin/patchoat --input-image-location=/system/framework/boot.art --output-image-directory=/data/dalvik-cache/arm64 --instruction-set=arm64 --verify) because non-0 exit status Preemptively pruning the dalvik cache.
09-13 17:03:53.857 4623 4623 I zygote64: Pruning dalvik-cache since we are relocating an image and will need to recompile
09-13 17:03:53.857 4623 4623 I zygote64: RelocateImage: /system/bin/patchoat --input-image-location=/system/framework/boot.art --output-image-directory=/data/dalvik-cache/arm64 --instruction-set=arm64 --base-offset-delta=-9490432
09-13 17:03:53.881 1010 1010 I mm-camera: < INFO> 292: af_core_init: af_core_init
09-13 17:03:53.882 1010 1010 E mm-camera: 2865: stats_port_check_caps_reserve: Invalid Port capability type!
09-13 17:03:53.883 1010 1010 I chatty : uid=1006(camera) mm-qcamera-daem identical 3 lines
09-13 17:03:53.883 1010 1010 E mm-camera: 2865: stats_port_check_caps_reserve: Invalid Port capability type!
09-13 17:03:53.883 1010 1010 I mm-3a-core: q3a_thread_aecawb_start Enter
09-13 17:03:53.940 531 1514 I QCamera : openCamera: 2070: [KPI Perf]: X PROFILE_OPEN_CAMERA camera id 0, rc: 0
09-13 17:03:53.940 531 1514 I CamDev@1.0-impl: could not cast ICameraDeviceCallback to IQCameraDeviceCallback
09-13 17:03:53.940 531 4661 I QCamera2HWI: QCamera2HardwareInterface::deferredWorkRoutine id=75
09-13 17:03:53.940 531 4661 I QCameraParameters: Open flash for camera Id: 0 (flash fd: 34)
09-13 17:03:53.942 531 4661 I QCameraParameters: init: no sensor name matched
09-13 17:03:53.942 531 4661 D QCameraParameters: sensor_active_size is 4656 3496
09-13 17:03:53.942 531 4661 I QCamera : setFocusMode: 7701: Setting focus mode auto
09-13 17:03:53.943 531 4661 I QCamera : setFocusAreas: 9967: Default ROI
09-13 17:03:53.943 531 4661 I OPCAMERA_VFB: init_module: module=0xe1f9e028 private=0xe0996000 list=0xe1fb1250
09-13 17:03:53.946 531 4696 I OPCAMERA_VFB: sensor_config: enable cfg for imx298
09-13 17:03:53.948 531 4661 I OPCAMERA_SFB: init_module: module=0xe1f9e038 private=0xe1fdfe00 list=0xe1fb11b0
09-13 17:03:53.949 531 4698 I OPCAMERA_SFB: sensor_config: imx298.is_sensor_cfg=1
09-13 17:03:53.949 531 4661 E OneplusCamera: createFaceBeautyLevelString facebeauty levels=0,1,2,3,4,5,6,7,8
09-13 17:03:53.950 531 4661 I OPCAMERA_VFB: deinit_module: module=0xe1f9e028 private=0xe0996000 list=0x0
09-13 17:03:53.950 531 4661 I OPCAMERA_SFB: deinit_module: module=0xe1f9e038 private=0xe1fdfe00 list=0x0
09-13 17:03:53.952 1010 4689 E mm-camera: 2966: sensor_get_cur_chromatix_name: Sensor name:imx298,sensor id:0x0, vendor id:4, lens id:0
09-13 17:03:53.952 1010 4689 E mm-camera: 3129: sensor_get_cur_chromatix_name: 3A chromatix : imx298_zsl_preview
09-13 17:03:53.954 531 4661 I QCamera2HWI: QCamera2HardwareInterface::dequeueDeferredWork id=75
09-13 17:03:53.957 531 1514 I CamDev@1.0-impl: Closing camera 0
09-13 17:03:53.957 531 1514 I QCamera : close_camera_device: 1649: [KPI Perf]: E camera id 0
09-13 17:03:53.959 531 1514 I QCameraStateMachine: E
09-13 17:03:53.959 531 4659 I QCameraStateMachine: QCAMERA_SM_CMD_TYPE_EXIT
09-13 17:03:53.959 531 4659 I QCameraStateMachine: X
09-13 17:03:53.959 531 1514 I QCameraStateMachine: X
09-13 17:03:53.959 531 1514 I QCamera : closeCamera: 2479: E
09-13 17:03:53.959 531 1514 I QCamera : closeCamera: 2484: [KPI Perf]: E PROFILE_CLOSE_CAMERA camera id 0
09-13 17:03:53.960 531 1514 E OneplusCamera: acquire: fail
09-13 17:03:53.962 1010 4689 I : sensor_pick_resolution res_idx: 2
09-13 17:03:53.962 1010 4689 I : sensor_pick_resolution Matched pick_w:2328, pick_h:1748, pick_fps:30.020000, pick_clk:299300000, pick_mode:1
09-13 17:03:53.962 1010 1310 E mm-camera: 303: AllocateBuffers: Invalid dimensions 0x0
09-13 17:03:53.962 1010 1310 E mm-camera: 203: img_algo_preload: Preload: Failed to allocate buffer, rc -4
09-13 17:03:53.962 1010 1310 E mm-camera: 117: module_imgbase_client_preload_exec: IMG_CORE_PRELOAD failed -4
09-13 17:03:53.965 531 1514 I QCameraParameters: Close flash fd: 34
09-13 17:03:53.968 531 1514 D QCameraPostProc: stop: E
09-13 17:03:53.968 531 1514 E QCameraPostProc: stop: X
09-13 17:03:53.969 531 4693 D : cmdtype=MM_CAMERA_CMD_TYPE_EXIT
09-13 17:03:53.973 1010 1010 E mm-camera: 916: isp_port_check_caps_unreserve: ISP session resource not dellocated in time
09-13 17:03:53.987 1010 4702 E mm-camera: 528: isp_module_stop_session: warning: ISP resource is not freed on time!
09-13 17:03:54.030 4628 4628 I FastMixerState: sMaxFastTracks = 8
09-13 17:03:54.031 4628 4628 V MediaUtils: physMem: 4294967295
09-13 17:03:54.031 4628 4628 V MediaUtils: requested limit: 536870912
09-13 17:03:54.031 4628 4628 V MediaUtils: actual limit: 536870912
09-13 17:03:54.031 4628 4628 V MediaUtils: original limits: 4294967295/4294967295
09-13 17:03:54.031 4628 4628 V MediaUtils: new limits: 536870912/4294967295
09-13 17:03:54.032 4628 4628 I audioserver: ServiceManager: 0xee61c1c0
09-13 17:03:54.032 4628 4628 D audioserver: audioserver get Service Manager need time 0 ms
09-13 17:03:54.032 4628 4628 W BatteryNotifier: batterystats service unavailable!
09-13 17:03:54.068 1010 4666 E mm-camera: 731: eeprom_process: failed NULL pointer detected: eeprom_ctrl :
09-13 17:03:54.068 1010 4666 E mm-camera: 325: module_sensor_offload_ois_init_calibrate: Get Is OIS calibration failed
09-13 17:03:54.099 4629 4629 W CameraProviderManager: Camera provider legacy/0 says an unknown camera device@1.0/legacy/0 now has torch status 1. Curious.
09-13 17:03:54.100 4629 4629 W CameraProviderManager: Camera provider legacy/0 says an unknown camera device@3.3/legacy/0 now has torch status 1. Curious.
09-13 17:03:54.100 531 1514 I OPCAMERA_SERVICE: deinit_module: module=0xe1f9e030 private=0xe1fa2f60 list=0x0
09-13 17:03:54.101 531 1514 I QCamera : closeCamera: 2575: [KPI Perf]: X PROFILE_CLOSE_CAMERA camera id 0, rc: 0
09-13 17:03:54.101 531 4660 I QCameraHWI_Mem: memoryPoolThread: stop proc
09-13 17:03:54.102 531 4660 I QCameraHWI_Mem: memoryPoolThread: X
09-13 17:03:54.102 531 1514 I QCamera : close_camera_device: 1651: [KPI Perf]: X
09-13 17:03:54.102 4629 4629 I CameraProviderManager: Enumerating new camera device: device@3.3/legacy/0
09-13 17:03:54.104 4629 4629 I CameraProviderManager: Enumerating new camera device: device@1.0/legacy/1
09-13 17:03:54.107 531 1509 I CamDev@1.0-impl: Opening camera 1
09-13 17:03:54.107 531 1509 I QCamera : openLegacy: 680: openLegacy halVersion: 256
09-13 17:03:54.108 531 4710 I QCameraStateMachine: E
09-13 17:03:54.110 531 4711 I QCameraHWI_Mem: memoryPoolThread: E
09-13 17:03:54.110 531 4711 I QCameraHWI_Mem: memoryPoolThread: start proc
09-13 17:03:54.110 531 1509 I OneplusCamera: initClientPackageNameFlag: com.android.facelock
09-13 17:03:54.111 531 1509 D vndksupport: Loading /vendor/lib/hw/power.qcom.so from current namespace instead of sphal namespace.
09-13 17:03:54.116 531 1509 I QCamera2HWI: QCamera2HardwareInterface: mClientPackageName = com.android.facelock
09-13 17:03:54.116 531 1509 I QCamera : openCamera: 2057: [KPI Perf]: E PROFILE_OPEN_CAMERA camera id 1
09-13 17:03:54.116 531 1509 I OPCAMERA_SERVICE: init_module: module=0xe1f9e010 private=0xe2833d60 list=0xe1fb11d0
09-13 17:03:54.119 531 1509 E OneplusCamera: acquire: fail
09-13 17:03:54.119 531 4712 I QCamera2HWI: QCamera2HardwareInterface::deferredWorkRoutine id=76
09-13 17:03:54.120 531 4712 I QCamera2HWI: QCamera2HardwareInterface::dequeueDeferredWork id=76
09-13 17:03:54.120 531 4712 I QCamera2HWI: QCamera2HardwareInterface::deferredWorkRoutine id=77
09-13 17:03:54.121 531 4712 I QCamera2HWI: QCamera2HardwareInterface::dequeueDeferredWork id=77
09-13 17:03:54.152 1010 4722 E mm-3a-core: light_sensor_init init fail
09-13 17:03:54.153 1010 4722 E mm-camera: 448: dsps_open: try to sensor1_open()
09-13 17:03:54.167 1010 4715 I mm-camera: sony_imx179_eeprom_get_calibration_items: A light valid page:0, D50 valid page:0
09-13 17:03:54.256 1010 1010 I mm-camera: < INFO> 292: af_core_init: af_core_init
09-13 17:03:54.265 1010 1010 E mm-camera: 2865: stats_port_check_caps_reserve: Invalid Port capability type!
09-13 17:03:54.265 1010 1010 I chatty : uid=1006(camera) mm-qcamera-daem identical 3 lines
09-13 17:03:54.265 1010 1010 E mm-camera: 2865: stats_port_check_caps_reserve: Invalid Port capability type!
09-13 17:03:54.266 1010 1010 I mm-3a-core: q3a_thread_aecawb_start Enter
09-13 17:03:54.276 4622 4622 D sound_trigger_platform: call audio_hw_acdb_init_v2
09-13 17:03:54.277 4622 4622 E platform_info: param tag only supported with CONFIG_PARAMS section
09-13 17:03:54.277 4622 4622 I chatty : uid=1041(audioserver) audio@2.0-servi identical 3 lines
09-13 17:03:54.277 4622 4622 E platform_info: param tag only supported with CONFIG_PARAMS section
09-13 17:03:54.278 4622 4622 E audio_hw_acdb: acdb_init_v2: dlsym error undefined symbol: acdb_loader_init_v4 for acdb_loader_init_v4
09-13 17:03:54.279 4622 4622 D ACDB-LOADER: ACDB -> No .acdb files found in /vendor/etc/acdbdata!
09-13 17:03:54.279 4622 4622 D ACDB-LOADER: ACDB -> found 0 form factor & soundcard independant files
09-13 17:03:54.279 4622 4622 D ACDB-LOADER: ACDB -> Load file: /vendor/etc/acdbdata/MTP/MTP_Speaker_cal.acdb
09-13 17:03:54.279 4622 4622 D ACDB-LOADER: ACDB -> Load file: /vendor/etc/acdbdata/MTP/MTP_Bluetooth_cal.acdb
09-13 17:03:54.279 4622 4622 D ACDB-LOADER: ACDB -> Load file: /vendor/etc/acdbdata/MTP/MTP_Global_cal.acdb
09-13 17:03:54.279 4622 4622 D ACDB-LOADER: ACDB -> Load file: /vendor/etc/acdbdata/MTP/MTP_General_cal.acdb
09-13 17:03:54.279 4622 4622 D ACDB-LOADER: ACDB -> Load file: /vendor/etc/acdbdata/MTP/MTP_Headset_cal.acdb
09-13 17:03:54.279 4622 4622 D ACDB-LOADER: ACDB -> Load file: /vendor/etc/acdbdata/MTP/MTP_Hdmi_cal.acdb
09-13 17:03:54.279 4622 4622 D ACDB-LOADER: ACDB -> Load file: /vendor/etc/acdbdata/MTP/MTP_Handset_cal.acdb
09-13 17:03:54.279 4622 4622 D ACDB-LOADER: ACDB -> ACDB_CMD_INITIALIZE_V2
09-13 17:03:54.279 4622 4622 D : [ACDB Command]->SW Minor/Major/Revision version info for /vendor/etc/acdbdata/MTP/MTP_Speaker_cal.acdb
09-13 17:03:54.279 4622 4622 D : [ACDB Command]->ACDB Sw Major = 9, ACDB Sw Minor = 0, ACDB Sw Revision = 4, ACDB Sw Cpl Number = 0
09-13 17:03:54.279 4622 4622 D : [ACDB Command]->ACDB File Major = 7, ACDB File Minor = 0, ACDB File Revision = 5
09-13 17:03:54.280 4622 4622 D : [ACDB Command]->SW Minor/Major/Revision version info for /vendor/etc/acdbdata/MTP/MTP_Bluetooth_cal.acdb
09-13 17:03:54.280 4622 4622 D : [ACDB Command]->ACDB Sw Major = 9, ACDB Sw Minor = 0, ACDB Sw Revision = 4, ACDB Sw Cpl Number = 0
09-13 17:03:54.280 4622 4622 D : [ACDB Command]->ACDB File Major = 7, ACDB File Minor = 0, ACDB File Revision = 5
09-13 17:03:54.280 4622 4622 D : [ACDB Command]->SW Minor/Major/Revision version info for /vendor/etc/acdbdata/MTP/MTP_Global_cal.acdb
09-13 17:03:54.280 4622 4622 D : [ACDB Command]->ACDB Sw Major = 9, ACDB Sw Minor = 0, ACDB Sw Revision = 4, ACDB Sw Cpl Number = 0
09-13 17:03:54.280 4622 4622 D : [ACDB Command]->ACDB File Major = 7, ACDB File Minor = 0, ACDB File Revision = 5
09-13 17:03:54.280 4622 4622 D : [ACDB Command]->SW Minor/Major/Revision version info for /vendor/etc/acdbdata/MTP/MTP_General_cal.acdb
09-13 17:03:54.280 4622 4622 D : [ACDB Command]->ACDB Sw Major = 9, ACDB Sw Minor = 0, ACDB Sw Revision = 4, ACDB Sw Cpl Number = 0
09-13 17:03:54.280 4622 4622 D : [ACDB Command]->ACDB File Major = 7, ACDB File Minor = 0, ACDB File Revision = 5
09-13 17:03:54.281 4622 4622 D : [ACDB Command]->SW Minor/Major/Revision version info for /vendor/etc/acdbdata/MTP/MTP_Headset_cal.acdb
09-13 17:03:54.281 4622 4622 D : [ACDB Command]->ACDB Sw Major = 9, ACDB Sw Minor = 0, ACDB Sw Revision = 4, ACDB Sw Cpl Number = 0
09-13 17:03:54.281 4622 4622 D : [ACDB Command]->ACDB File Major = 7, ACDB File Minor = 0, ACDB File Revision = 5
09-13 17:03:54.281 4622 4622 D : [ACDB Command]->SW Minor/Major/Revision version info for /vendor/etc/acdbdata/MTP/MTP_Hdmi_cal.acdb
09-13 17:03:54.281 4622 4622 D : [ACDB Command]->ACDB Sw Major = 9, ACDB Sw Minor = 0, ACDB Sw Revision = 4, ACDB Sw Cpl Number = 0
09-13 17:03:54.281 4622 4622 D : [ACDB Command]->ACDB File Major = 7, ACDB File Minor = 0, ACDB File Revision = 5
09-13 17:03:54.282 4622 4622 D : [ACDB Command]->SW Minor/Major/Revision version info for /vendor/etc/acdbdata/MTP/MTP_Handset_cal.acdb
09-13 17:03:54.283 4622 4622 D : [ACDB Command]->ACDB Sw Major = 9, ACDB Sw Minor = 0, ACDB Sw Revision = 4, ACDB Sw Cpl Number = 0
09-13 17:03:54.283 4622 4622 D : [ACDB Command]->ACDB File Major = 7, ACDB File Minor = 0, ACDB File Revision = 5
09-13 17:03:54.283 4622 4622 D ACDB-LOADER: ACDB -> ACPH INIT
09-13 17:03:54.283 4622 4622 D : [ACPH]->Online service registered with ACPH
09-13 17:03:54.285 4622 4622 D : [ACPH]->ACPH init success
09-13 17:03:54.285 4622 4622 D ACDB-LOADER: ACDB -> RTAC INIT
09-13 17:03:54.285 4622 4622 D : [ACPH]->DSP RTC service registered with ACPH
09-13 17:03:54.285 4622 4622 D ACDB-LOADER: ACDB -> MCS, FTS INIT
09-13 17:03:54.285 4622 4622 E ACDB-MCS: acdb_mcs_init: /vendor/etc/audio_tuning_mixer_tasha.txt not present, using /vendor/etc/audio_tuning_mixer.txt config file
09-13 17:03:54.285 4622 4622 D : [ACPH]->MCS RTC service registered with ACPH
09-13 17:03:54.285 4622 4622 D : [ACPH]->FTS RTC service registered with ACPH
09-13 17:03:54.285 4622 4622 D ACDB-LOADER: ACDB -> ADIE RTAC INIT
09-13 17:03:54.285 4622 4622 D : [ACPH]->ADIE RTC service registered with ACPH
09-13 17:03:54.285 4622 4622 D ACDB-LOADER: ACDB -> ACDB_CMD_GET_VOC_PROC_DYNAMIC_TABLE_SIZE
09-13 17:03:54.295 4622 4622 D ACDB-LOADER: ACDB -> send_common_custom_topology
09-13 17:03:54.295 4622 4622 D ACDB-LOADER: ACDB -> ACDB_CMD_GET_AVCS_CUSTOM_TOPO_INFO_SIZE
09-13 17:03:54.295 4622 4622 D ACDB-LOADER: ACDB -> ACDB_CMD_GET_AVCS_CUSTOM_TOPO_INFO
09-13 17:03:54.295 4622 4622 D ACDB-LOADER: ACDB -> ACDB_CMD_GET_AVCS_CUSTOM_TOPO_INFO: size:0x1ec ret=0
09-13 17:03:54.295 4622 4622 D ACDB-LOADER: ACDB -> CORE_CUSTOM_TOPOLOGIES
09-13 17:03:54.298 4622 4622 E ACDB-LOADER: AUDIO_SET_CALIBRATION, Error = -1
09-13 17:03:54.298 4622 4622 D ACDB-LOADER: ACDB -> acdb_loader_send_common_custom_topology: Common custom topology not in use
09-13 17:03:54.298 4622 4622 D ACDB-LOADER: ACDB -> send_afe_custom_topology
09-13 17:03:54.298 4622 4622 D ACDB-LOADER: ACDB -> ACDB_CMD_GET_AFE_TOPOLOGIES
09-13 17:03:54.298 4622 4622 D : ACDBFILE_MGR: Property for the pid 000130DE not found
09-13 17:03:54.298 4622 4622 D : ACDB_COMMAND: Failed to fetch the property info for pid 000130DE
09-13 17:03:54.298 4622 4622 E ACDB-LOADER: Error: ACDB get afe custom topologies returned = -18
09-13 17:03:54.298 4622 4622 D ACDB-LOADER: ACDB -> ACDB_CMD_GET_AFE_TOPOLOGIES: size:0x0 ret=-18
09-13 17:03:54.298 4622 4622 D ACDB-LOADER: ACDB -> AUDIO_SET_AFE_CUSTOM_TOPOLOGY
09-13 17:03:54.298 4622 4622 D ACDB-LOADER: ACDB -> send_adm_custom_topology
09-13 17:03:54.298 4622 4622 D ACDB-LOADER: ACDB -> ACDB_CMD_GET_AUDIO_COPP_TOPOLOGIES
09-13 17:03:54.298 4622 4622 D ACDB-LOADER: ACDB -> AUDIO_SET_ADM_CUSTOM_TOPOLOGY
09-13 17:03:54.298 4622 4622 D ACDB-LOADER: ACDB -> send_asm_custom_topology
09-13 17:03:54.298 4622 4622 D ACDB-LOADER: ACDB -> ACDB_CMD_GET_AUDIO_POPP_TOPOLOGIES
09-13 17:03:54.298 4622 4622 D ACDB-LOADER: ACDB -> AUDIO_SET_ASM_CUSTOM_TOPOLOGY
09-13 17:03:54.298 4622 4622 D ACDB-LOADER: ACDB -> send_lsm_custom_topology
09-13 17:03:54.298 4622 4622 D ACDB-LOADER: ACDB -> ACDB_CMD_GET_LSM_TOPOLOGIES
09-13 17:03:54.298 4622 4622 D ACDB-LOADER: ACDB -> AUDIO_SET_LSM_CUSTOM_TOPOLOGY
09-13 17:03:54.298 4622 4622 D ACDB-LOADER: ACDB -> init done!
09-13 17:03:54.298 4622 4622 D audio_hw_acdb: acdb_init_v2: ACDB Instance ID support after ACDB init:0
09-13 17:03:54.298 4622 4622 D sound_trigger_platform: platform_stdev_init Opening device /dev/snd/hwC0D1000
09-13 17:03:54.298 4622 4622 D sound_trigger_platform: get_codec_version: codec version WCD9335_2_0
09-13 17:03:54.298 4622 4622 I SoundTriggerHalImpl: onFirstRef() mModuleName primary mHwDevice 0xeffba300
09-13 17:03:54.307 4622 4622 I audiohalservice: Registration complete for android.hardware.soundtrigger@2.1::ISoundTriggerHw/default.
09-13 17:03:54.308 1169 1225 I QC-NETMGR-LIB: NetmgrNetdClientRegisterNetwork(): Looking for Netd service
09-13 17:03:54.308 1169 1225 I QC-NETMGR-LIB: NetmgrNetdClientRegisterNetwork(): register to create new OEM network
09-13 17:03:54.308 479 479 W hwservicemanager: getTransport: Cannot find entry android.hardware.bluetooth.a2dp@1.0::IBluetoothAudioOffload/default in either framework or device manifest.
09-13 17:03:54.308 1169 1225 I QC-NETMGR-LIB: registerNetwork(): Attempting createOemNetwork
09-13 17:03:54.308 4622 4622 E audiohalservice: Could not get passthrough implementation for android.hardware.bluetooth.a2dp@1.0::IBluetoothAudioOffload/default.
09-13 17:03:54.308 4622 4622 W audiohalservice: Could not register Bluetooth audio offload 1.0
09-13 17:03:54.308 531 1509 I QCamera : openCamera: 2070: [KPI Perf]: X PROFILE_OPEN_CAMERA camera id 1, rc: 0
09-13 17:03:54.308 531 1509 I CamDev@1.0-impl: could not cast ICameraDeviceCallback to IQCameraDeviceCallback
09-13 17:03:54.308 531 4712 I QCamera2HWI: QCamera2HardwareInterface::deferredWorkRoutine id=78
09-13 17:03:54.309 4631 4647 D TcpSocketMonitor: suspending tcpinfo polling
09-13 17:03:54.309 1169 1225 I QC-NETMGR-LIB: registerNetwork(): command completed!
09-13 17:03:54.309 1169 1225 I QC-NETMGR-LIB: registerNetwork(): createOemNetwork succeeded [packet mark : 0xf0002] [net id : 2] [network handle : 0x2cafed00d]
09-13 17:03:54.309 1169 1225 I QC-NETMGR-LIB: NetmgrNetdClientRegisterNetwork(): [packet mark : 0xf0002] [network handle : 0x2cafed00d]
09-13 17:03:54.310 4622 4622 E audiohalservice: Could not get passthrough implementation for com.qualcomm.qti.bluetooth_audio@1.0::IBluetoothAudio/default.
09-13 17:03:54.310 4622 4622 W audiohalservice: Could not register bluetooth_audio service
09-13 17:03:54.310 531 4712 D QCameraParameters: sensor_active_size is 3288 2480
09-13 17:03:54.310 531 4712 I QCamera : setFocusMode: 7701: Setting focus mode fixed
09-13 17:03:54.311 531 4712 I OPCAMERA_VFB: init_module: module=0xe1f9e020 private=0xe0996000 list=0xe1fb12a0
09-13 17:03:54.311 531 4753 I OPCAMERA_VFB: sensor_config: enable cfg for imx179
09-13 17:03:54.312 4625 4625 I zygote : Explicit concurrent copying GC freed 199(19KB) AllocSpace objects, 0(0B) LOS objects, 98% free, 28KB/1564KB, paused 102us total 4.535ms
09-13 17:03:54.312 531 4712 I OPCAMERA_SFB: init_module: module=0xe1f9e008 private=0xe1fdfe00 list=0xe1fb11f0
09-13 17:03:54.314 531 4755 I OPCAMERA_SFB: sensor_config: imx179.is_sensor_cfg=1
09-13 17:03:54.314 531 4712 E OneplusCamera: createFaceBeautyLevelString facebeauty levels=0,1,2,3,4,5,6,7,8
09-13 17:03:54.315 531 4712 I OPCAMERA_VFB: deinit_module: module=0xe1f9e020 private=0xe0996000 list=0x0
09-13 17:03:54.315 531 4712 I OPCAMERA_SFB: deinit_module: module=0xe1f9e008 private=0xe1fdfe00 list=0x0
09-13 17:03:54.316 4625 4625 I zygote : Explicit concurrent copying GC freed 5(32KB) AllocSpace objects, 0(0B) LOS objects, 98% free, 28KB/1564KB, paused 65us total 3.893ms
09-13 17:03:54.317 479 479 W hwservicemanager: getTransport: Cannot find entry android.hardware.audio@4.0::IDevicesFactory/msd in either framework or device manifest.
09-13 17:03:54.321 1010 4743 E mm-camera: 2966: sensor_get_cur_chromatix_name: Sensor name:imx179,sensor id:0x0, vendor id:0, lens id:0
09-13 17:03:54.321 1010 4743 E mm-camera: 3129: sensor_get_cur_chromatix_name: 3A chromatix : imx179_3a_3280x2464_30fps_preview
09-13 17:03:54.326 4628 4628 D vndksupport: Loading /vendor/lib/hw/android.hardware.audio@4.0-impl.so from current namespace instead of sphal namespace.
09-13 17:03:54.327 531 4712 I QCamera2HWI: QCamera2HardwareInterface::dequeueDeferredWork id=78
09-13 17:03:54.329 531 1509 I CamDev@1.0-impl: Closing camera 1
09-13 17:03:54.329 531 1509 I QCamera : close_camera_device: 1649: [KPI Perf]: E camera id 1
09-13 17:03:54.330 531 1509 I QCameraStateMachine: E
09-13 17:03:54.330 531 4710 I QCameraStateMachine: QCAMERA_SM_CMD_TYPE_EXIT
09-13 17:03:54.330 531 4710 I QCameraStateMachine: X
09-13 17:03:54.331 531 1509 I QCameraStateMachine: X
09-13 17:03:54.331 531 1509 I QCamera : closeCamera: 2479: E
09-13 17:03:54.331 531 1509 I QCamera : closeCamera: 2484: [KPI Perf]: E PROFILE_CLOSE_CAMERA camera id 1
09-13 17:03:54.332 4625 4625 I Zygote : Accepting command socket connections
09-13 17:03:54.332 531 1509 E OneplusCamera: acquire: fail
09-13 17:03:54.333 1010 4743 I : sensor_pick_resolution res_idx: 2
09-13 17:03:54.333 1010 4743 I : sensor_pick_resolution Matched pick_w:1640, pick_h:924, pick_fps:30.000000, pick_clk:136000000, pick_mode:1
09-13 17:03:54.333 1010 1310 E mm-camera: 303: AllocateBuffers: Invalid dimensions 0x0
09-13 17:03:54.333 1010 1310 E mm-camera: 203: img_algo_preload: Preload: Failed to allocate buffer, rc -4
09-13 17:03:54.333 1010 1310 E mm-camera: 117: module_imgbase_client_preload_exec: IMG_CORE_PRELOAD failed -4
09-13 17:03:54.337 4628 4628 I AudioFlinger: Using default 3000 mSec as standby time.
09-13 17:03:54.338 4628 4628 D audioserver: audioserver audio flinger init need time 305 ms
09-13 17:03:54.338 531 1509 D QCameraPostProc: stop: E
09-13 17:03:54.338 531 1509 E QCameraPostProc: stop: X
09-13 17:03:54.338 531 4748 D : cmdtype=MM_CAMERA_CMD_TYPE_EXIT
09-13 17:03:54.338 4628 4628 E APM::Serializer: deserialize: Could not parse /odm/etc/audio_policy_configuration.xml document.
09-13 17:03:54.339 1010 1010 E mm-camera: 916: isp_port_check_caps_unreserve: ISP session resource not dellocated in time
09-13 17:03:54.351 1010 4765 E mm-camera: 528: isp_module_stop_session: warning: ISP resource is not freed on time!
09-13 17:03:54.354 4622 4752 D vndksupport: Loading /vendor/lib/hw/audio.primary.msm8996.so from current namespace instead of sphal namespace.
09-13 17:03:54.355 4622 4752 D audio_hw_primary: adev_open: enter
09-13 17:03:54.355 4622 4752 D audio_log_utils: registered, module hal
09-13 17:03:54.356 4622 4752 D audio_hw_utils: audio_extn_utils_open_snd_mixer: snd_card_name: msm8996-tasha-mtp-snd-card
09-13 17:03:54.356 4622 4752 W hardware_info: update_hardware_info_8996: Not a 8996 device
09-13 17:03:54.356 4622 4752 D audio_hw_utils: audio_extn_utils_open_snd_mixer: Opened sound card:0
09-13 17:03:54.356 4622 4752 D msm8974_platform: platform_init: Opened sound card:0
09-13 17:03:54.356 4622 4752 W hardware_info: update_hardware_info_8996: Not a 8996 device
09-13 17:03:54.356 4622 4752 D msm8974_platform: platform_init: Loading mixer file: /vendor/etc/mixer_paths_tasha.xml
09-13 17:03:54.364 531 1509 I OPCAMERA_SERVICE: deinit_module: module=0xe1f9e010 private=0xe2833d60 list=0x0
09-13 17:03:54.364 531 1509 I QCamera : closeCamera: 2575: [KPI Perf]: X PROFILE_CLOSE_CAMERA camera id 1, rc: 0
09-13 17:03:54.365 531 4711 I QCameraHWI_Mem: memoryPoolThread: stop proc
09-13 17:03:54.365 531 4711 I QCameraHWI_Mem: memoryPoolThread: X
09-13 17:03:54.365 531 1509 I QCamera : close_camera_device: 1651: [KPI Perf]: X
09-13 17:03:54.366 4629 4629 I CameraProviderManager: Enumerating new camera device: device@3.3/legacy/1
09-13 17:03:54.367 4629 4629 I CameraProviderManager: Camera provider legacy/0 ready with 4 camera devices
09-13 17:03:54.368 479 479 W hwservicemanager: getTransport: Cannot find entry android.hardware.camera.provider@2.4::ICameraProvider/external/0 in either framework or device manifest.
09-13 17:03:54.368 4629 4629 D vndksupport: Loading /vendor/lib/hw/android.hardware.camera.provider@2.4-impl.so from current namespace instead of sphal namespace.
09-13 17:03:54.376 4629 4629 E ExtCamUtils@3.4: loadFromCfg: Unable to load external camera config file '/vendor/etc/external_camera_config.xml'. Error: XML_ERROR_FILE_NOT_FOUND
09-13 17:03:54.377 4629 4629 I CameraProviderManager: Connecting to new camera provider: external/0, isRemote? 0
09-13 17:03:54.377 4629 4629 I CameraProviderManager: Camera provider external/0 ready with 0 camera devices
09-13 17:03:54.377 4629 4657 W CameraProviderManager: addProviderLocked: Camera provider HAL with name 'legacy/0' already registered
09-13 17:03:54.380 4629 4629 I CameraService: onDeviceStatusChanged: Status changed for cameraId=1, newStatus=1
09-13 17:03:54.380 4629 4629 I CameraService: onDeviceStatusChanged: Unknown camera ID 1, a new camera is added
09-13 17:03:54.381 4629 4657 I CameraService: onDeviceStatusChanged: Status changed for cameraId=1, newStatus=1
09-13 17:03:54.382 4629 4657 I CameraService: onDeviceStatusChanged: Status changed for cameraId=0, newStatus=1
09-13 17:03:54.382 4629 4657 I CameraService: onDeviceStatusChanged: Unknown camera ID 0, a new camera is added
09-13 17:03:54.382 4629 4629 I CameraService: onDeviceStatusChanged: Status changed for cameraId=0, newStatus=1
09-13 17:03:54.382 4629 4629 E CameraService: onDeviceStatusChanged: State transition to the same status 0x1 not allowed
09-13 17:03:54.384 4629 4629 I : Waiting for activity service
09-13 17:03:54.428 1010 4782 E mm-3a-core: light_sensor_init init fail
09-13 17:03:54.429 1010 4778 I mm-camera: sony_imx179_eeprom_get_calibration_items: A light valid page:0, D50 valid page:0
09-13 17:03:54.448 1010 4782 E mm-camera: 448: dsps_open: try to sensor1_open()
09-13 17:03:54.496 1010 1010 I mm-camera: < INFO> 292: af_core_init: af_core_init
09-13 17:03:54.498 1010 1010 E mm-camera: 2865: stats_port_check_caps_reserve: Invalid Port capability type!
09-13 17:03:54.498 1010 1010 I chatty : uid=1006(camera) mm-qcamera-daem identical 3 lines
09-13 17:03:54.498 1010 1010 E mm-camera: 2865: stats_port_check_caps_reserve: Invalid Port capability type!
09-13 17:03:54.498 1010 1010 I mm-3a-core: q3a_thread_aecawb_start Enter
09-13 17:03:54.504 1010 4801 E mm-camera: 2966: sensor_get_cur_chromatix_name: Sensor name:imx179,sensor id:0x0, vendor id:0, lens id:0
09-13 17:03:54.504 1010 4801 E mm-camera: 3129: sensor_get_cur_chromatix_name: 3A chromatix : imx179_3a_3280x2464_30fps_preview
09-13 17:03:54.505 1010 4801 E mm-camera: 4205: mct_pipeline_process_get: NULL ptr detected! query_buf = [0x0] module list = [0xeb91f980]
09-13 17:03:54.506 4629 4774 E CamPvdr@2.4-external: deviceAdded v4l2 QUERYCAP /dev/video3 failed
09-13 17:03:54.591 1031 1086 W ServiceManagement: Waited one second for android.frameworks.sensorservice@1.0::ISensorManager/default
09-13 17:03:54.593 1031 1086 I ServiceManagement: getService: Trying again for android.frameworks.sensorservice@1.0::ISensorManager/default...
09-13 17:03:54.634 1010 4822 E mm-3a-core: light_sensor_init init fail
09-13 17:03:54.635 1010 4822 E mm-camera: 448: dsps_open: try to sensor1_open()
09-13 17:03:54.663 4838 4838 W iptables-wrappe: type=1400 audit(0.0:1037): avc: denied { read write } for path="/dev/diag" dev="tmpfs" ino=7350 scontext=u:r:netutils_wrapper:s0 tcontext=u:object_r:diag_device:s0 tclass=chr_file permissive=0
09-13 17:03:54.681 1010 1010 I mm-camera: < INFO> 292: af_core_init: af_core_init
09-13 17:03:54.682 1010 1010 E mm-camera: 2865: stats_port_check_caps_reserve: Invalid Port capability type!
09-13 17:03:54.682 1010 1010 I chatty : uid=1006(camera) mm-qcamera-daem identical 3 lines
09-13 17:03:54.682 1010 1010 E mm-camera: 2865: stats_port_check_caps_reserve: Invalid Port capability type!
09-13 17:03:54.682 1010 1010 I mm-3a-core: q3a_thread_aecawb_start Enter
09-13 17:03:54.695 1010 4844 E mm-camera: 2966: sensor_get_cur_chromatix_name: Sensor name:imx298,sensor id:0x0, vendor id:4, lens id:0
09-13 17:03:54.695 1010 4844 E mm-camera: 3129: sensor_get_cur_chromatix_name: 3A chromatix : imx298_zsl_preview
09-13 17:03:54.695 1010 4844 E mm-camera: 4205: mct_pipeline_process_get: NULL ptr detected! query_buf = [0x0] module list = [0xeb91f980]
09-13 17:03:54.696 4629 4774 E CamPvdr@2.4-external: deviceAdded v4l2 QUERYCAP /dev/video2 failed
09-13 17:03:54.703 4623 4623 D Zygote : begin preload
09-13 17:03:54.703 4623 4623 I Zygote : Installing ICU cache reference pinning...
09-13 17:03:54.703 4623 4623 I Zygote : Preloading ICU data...
