03-23 19:09:40.602 489 491 D vold : Preparing: /data/misc/profiles/cur/0
03-23 19:09:40.604 526 526 D ACDB-LOADER: ACDB -> send_common_custom_topology
03-23 19:09:40.604 526 526 D ACDB-LOADER: ACDB -> ACDB_CMD_GET_AVCS_CUSTOM_TOPO_INFO_SIZE
03-23 19:09:40.604 526 526 D ACDB-LOADER: ACDB -> ACDB_CMD_GET_AVCS_CUSTOM_TOPO_INFO
03-23 19:09:40.604 526 526 D ACDB-LOADER: ACDB -> ACDB_CMD_GET_AVCS_CUSTOM_TOPO_INFO: size:0x1ec ret=0
03-23 19:09:40.604 526 526 D ACDB-LOADER: ACDB -> CORE_CUSTOM_TOPOLOGIES
03-23 19:09:40.604 489 491 D vold : Preparing: /data/system_de/0
03-23 19:09:40.605 526 526 E ACDB-LOADER: AUDIO_SET_CALIBRATION, Error = -1
03-23 19:09:40.605 526 526 D ACDB-LOADER: ACDB -> acdb_loader_send_common_custom_topology: Common custom topology not in use
03-23 19:09:40.605 526 526 D ACDB-LOADER: ACDB -> send_afe_custom_topology
03-23 19:09:40.605 526 526 D ACDB-LOADER: ACDB -> ACDB_CMD_GET_AFE_TOPOLOGIES
03-23 19:09:40.605 526 526 D : ACDBFILE_MGR: Property for the pid 000130DE not found
03-23 19:09:40.605 526 526 D : ACDB_COMMAND: Failed to fetch the property info for pid 000130DE
03-23 19:09:40.605 526 526 E ACDB-LOADER: Error: ACDB get afe custom topologies returned = -18
03-23 19:09:40.606 526 526 D ACDB-LOADER: ACDB -> ACDB_CMD_GET_AFE_TOPOLOGIES: size:0x0 ret=-18
03-23 19:09:40.606 526 526 D ACDB-LOADER: ACDB -> AUDIO_SET_AFE_CUSTOM_TOPOLOGY
03-23 19:09:40.606 489 491 D vold : Preparing: /data/misc_de/0
03-23 19:09:40.606 526 526 D ACDB-LOADER: ACDB -> send_adm_custom_topology
03-23 19:09:40.606 526 526 D ACDB-LOADER: ACDB -> ACDB_CMD_GET_AUDIO_COPP_TOPOLOGIES
03-23 19:09:40.606 526 526 D ACDB-LOADER: ACDB -> AUDIO_SET_ADM_CUSTOM_TOPOLOGY
03-23 19:09:40.606 526 526 D ACDB-LOADER: ACDB -> send_asm_custom_topology
03-23 19:09:40.606 526 526 D ACDB-LOADER: ACDB -> ACDB_CMD_GET_AUDIO_POPP_TOPOLOGIES
03-23 19:09:40.606 526 526 D ACDB-LOADER: ACDB -> AUDIO_SET_ASM_CUSTOM_TOPOLOGY
03-23 19:09:40.606 526 526 D ACDB-LOADER: ACDB -> send_lsm_custom_topology
03-23 19:09:40.606 526 526 D ACDB-LOADER: ACDB -> ACDB_CMD_GET_LSM_TOPOLOGIES
03-23 19:09:40.606 526 526 D ACDB-LOADER: ACDB -> AUDIO_SET_LSM_CUSTOM_TOPOLOGY
03-23 19:09:40.606 526 526 D ACDB-LOADER: ACDB -> init done!
03-23 19:09:40.606 526 526 D audio_hw_acdb: acdb_init_v2: ACDB Instance ID support after ACDB init:0
03-23 19:09:40.606 526 526 D sound_trigger_platform: platform_stdev_init Opening device /dev/snd/hwC0D1000
03-23 19:09:40.606 489 491 D vold : Preparing: /data/vendor_de/0
03-23 19:09:40.607 526 526 D sound_trigger_platform: get_codec_version: codec version WCD9335_2_0
03-23 19:09:40.607 526 526 I SoundTriggerHalImpl: onFirstRef() mModuleName primary mHwDevice 0xed63a300
03-23 19:09:40.607 489 491 D vold : Preparing: /data/user_de/0
03-23 19:09:40.608 489 491 V vold : /system/bin/vold_prepare_subdirs
03-23 19:09:40.608 489 491 V vold : prepare
03-23 19:09:40.608 489 491 V vold :
03-23 19:09:40.608 489 491 V vold : 0
03-23 19:09:40.609 489 491 V vold : 1
03-23 19:09:40.610 526 526 I audiohalservice: Registration complete for android.hardware.soundtrigger@2.1::ISoundTriggerHw/default.
03-23 19:09:40.610 479 479 W hwservicemanager: getTransport: Cannot find entry android.hardware.bluetooth.a2dp@1.0::IBluetoothAudioOffload/default in either framework or device manifest.
03-23 19:09:40.611 526 526 E audiohalservice: Could not get passthrough implementation for android.hardware.bluetooth.a2dp@1.0::IBluetoothAudioOffload/default.
03-23 19:09:40.611 526 526 W audiohalservice: Could not register Bluetooth audio offload 1.0
03-23 19:09:40.612 526 526 E audiohalservice: Could not get passthrough implementation for com.qualcomm.qti.bluetooth_audio@1.0::IBluetoothAudio/default.
03-23 19:09:40.612 526 526 W audiohalservice: Could not register bluetooth_audio service
03-23 19:09:40.616 479 479 W hwservicemanager: getTransport: Cannot find entry android.hardware.audio@4.0::IDevicesFactory/msd in either framework or device manifest.
03-23 19:09:40.618 603 603 D vndksupport: Loading /vendor/lib/hw/android.hardware.audio@4.0-impl.so from current namespace instead of sphal namespace.
03-23 19:09:40.627 603 603 I AudioFlinger: Using default 3000 mSec as standby time.
03-23 19:09:40.629 603 603 D audioserver: audioserver audio flinger init need time 1976 ms
03-23 19:09:40.630 603 603 E APM::Serializer: deserialize: Could not parse /odm/etc/audio_policy_configuration.xml document.
03-23 19:09:40.639 489 491 I vold_prepare_subdirs: SELinux: Loaded file_contexts
03-23 19:09:40.644 805 805 D vold_prepare_subdirs: Setting up mode 700 uid 0 gid 0 context u:object_r:vold_data_file:s0 on path: /data/misc_de/0/vold
03-23 19:09:40.647 805 805 D vold_prepare_subdirs: Setting up mode 700 uid 0 gid 0 context u:object_r:storaged_data_file:s0 on path: /data/misc_de/0/storaged
03-23 19:09:40.650 805 805 D vold_prepare_subdirs: Setting up mode 700 uid 1000 gid 1000 context u:object_r:fingerprint_vendor_data_file:s0 on path: /data/vendor_de/0/fpdata
03-23 19:09:40.656 489 491 D vold : e4crypt_unlock_user_key 0 serial=0 token_present=0
03-23 19:09:40.661 526 807 D vndksupport: Loading /vendor/lib/hw/audio.primary.msm8996.so from current namespace instead of sphal namespace.
03-23 19:09:40.662 526 807 D audio_hw_primary: adev_open: enter
03-23 19:09:40.662 526 807 D audio_log_utils: registered, module hal
03-23 19:09:40.664 526 807 D audio_hw_utils: audio_extn_utils_open_snd_mixer: snd_card_name: msm8996-tasha-mtp-snd-card
03-23 19:09:40.664 526 807 W hardware_info: update_hardware_info_8996: Not a 8996 device
03-23 19:09:40.664 526 807 D audio_hw_utils: audio_extn_utils_open_snd_mixer: Opened sound card:0
03-23 19:09:40.664 526 807 D msm8974_platform: platform_init: Opened sound card:0
03-23 19:09:40.664 526 807 W hardware_info: update_hardware_info_8996: Not a 8996 device
03-23 19:09:40.664 526 807 D msm8974_platform: platform_init: Loading mixer file: /vendor/etc/mixer_paths_tasha.xml
03-23 19:09:40.689 593 593 E oemlogkit: oemlogkit: executeOnBootLogcat start
03-23 19:09:40.690 818 818 I oemlogkit: oemlogkit: android_boot_pid
03-23 19:09:40.695 593 593 E oemlogkit: oemlogkit: Waiting for restart framework...
03-23 19:09:40.698 821 821 E oemlogkit: oemlogkit: kernel_boot_pid
03-23 19:09:40.700 819 819 I oemlogkit: oemlogkit: radio_boot_pid
03-23 19:09:40.705 820 820 I oemlogkit: oemlogkit: event_boot_pid
03-23 19:09:40.707 817 817 I /system/bin/tzdatacheck: timezone distro dir /data/misc/zoneinfo/current does not exist. No action required.
03-23 19:09:40.709 818 818 W logcat : type=1400 audit(0.0:86): avc: denied { dac_override } for capability=1 scontext=u:r:logserver:s0 tcontext=u:r:logserver:s0 tclass=capability permissive=0
03-23 19:09:40.709 820 820 W logcat : type=1400 audit(0.0:87): avc: denied { dac_override } for capability=1 scontext=u:r:logserver:s0 tcontext=u:r:logserver:s0 tclass=capability permissive=0
03-23 19:09:40.709 818 818 W logcat : type=1400 audit(0.0:88): avc: denied { dac_read_search } for capability=2 scontext=u:r:logserver:s0 tcontext=u:r:logserver:s0 tclass=capability permissive=0
03-23 19:09:40.709 818 818 W logcat : type=1400 audit(0.0:89): avc: denied { dac_override } for capability=1 scontext=u:r:logserver:s0 tcontext=u:r:logserver:s0 tclass=capability permissive=0
03-23 19:09:40.709 818 818 W logcat : type=1400 audit(0.0:90): avc: denied { dac_read_search } for capability=2 scontext=u:r:logserver:s0 tcontext=u:r:logserver:s0 tclass=capability permissive=0
03-23 19:09:40.729 593 593 D oemlogkit: oemlogkit: in function sig_chld_handler
03-23 19:09:40.729 593 593 D oemlogkit: oemlogkit: in function sig_chld_handler, and receive signal 17
03-23 19:09:40.729 593 593 E oemlogkit: oemlogkit: stop_logcat : 1, pid = 818
03-23 19:09:40.730 593 593 D oemlogkit: oemlogkit: in function sig_chld_handler
03-23 19:09:40.730 593 593 D oemlogkit: oemlogkit: in function sig_chld_handler, and receive signal 17
03-23 19:09:40.731 593 593 E oemlogkit: oemlogkit: stop_logcat : 1, pid = 820
03-23 19:09:40.740 593 593 D oemlogkit: oemlogkit: in function sig_chld_handler
03-23 19:09:40.740 593 593 D oemlogkit: oemlogkit: in function sig_chld_handler, and receive signal 17
03-23 19:09:40.740 593 593 E oemlogkit: oemlogkit: stop_logcat : 1, pid = 821
03-23 19:09:40.745 593 593 D oemlogkit: oemlogkit: in function sig_chld_handler
03-23 19:09:40.745 593 593 D oemlogkit: oemlogkit: in function sig_chld_handler, and receive signal 17
03-23 19:09:40.745 593 593 E oemlogkit: oemlogkit: stop_logcat : 1, pid = 819
03-23 19:09:40.960 499 825 I Magisk : ** post-fs-data mode running
03-23 19:09:40.968 499 825 I Magisk : * Initializing Magisk environment
03-23 19:09:40.981 499 825 I Magisk : * Mounting mirrors
03-23 19:09:40.982 499 825 I Magisk : mount: /sbin/.magisk/mirror/system
03-23 19:09:40.986 499 825 I Magisk : mount: /sbin/.magisk/mirror/data
03-23 19:09:40.987 499 825 I Magisk : link: /sbin/.magisk/mirror/vendor
03-23 19:09:40.993 499 825 I Magisk : * Setting up internal busybox
03-23 19:09:41.046 499 825 I Magisk : * Running post-fs-data.d scripts
03-23 19:09:41.215 499 825 I Magisk : * Running module post-fs-data scripts
03-23 19:09:41.216 499 825 I Magisk : * Loading modules
03-23 19:09:41.216 499 825 I Magisk : hosts: constructing magic mount structure
03-23 19:09:41.217 499 825 I Magisk : busybox-ndk: constructing magic mount structure
03-23 19:09:41.221 499 825 I Magisk : fomey.smalipatcher: constructing magic mount structure
03-23 19:09:41.228 499 825 I Magisk : bind_mount: /system/etc/hosts
03-23 19:09:41.229 499 825 I Magisk : mnt_tmpfs : /system/xbin
03-23 19:09:41.229 499 825 I Magisk : bind_mount: /system/xbin/busybox
03-23 19:09:41.230 499 825 I Magisk : copy_link : /system/xbin/[
03-23 19:09:41.230 499 825 I Magisk : copy_link : /system/xbin/[[
03-23 19:09:41.230 499 825 I Magisk : copy_link : /system/xbin/acpid
03-23 19:09:41.230 499 825 I Magisk : copy_link : /system/xbin/adjtimex
03-23 19:09:41.231 499 825 I Magisk : copy_link : /system/xbin/ar
03-23 19:09:41.231 499 825 I Magisk : copy_link : /system/xbin/arch
03-23 19:09:41.231 499 825 I Magisk : copy_link : /system/xbin/arp
03-23 19:09:41.231 499 825 I Magisk : copy_link : /system/xbin/arping
03-23 19:09:41.232 499 825 I Magisk : copy_link : /system/xbin/ash
03-23 19:09:41.232 499 825 I Magisk : copy_link : /system/xbin/awk
03-23 19:09:41.232 499 825 I Magisk : copy_link : /system/xbin/base64
03-23 19:09:41.232 499 825 I Magisk : copy_link : /system/xbin/basename
03-23 19:09:41.232 499 825 I Magisk : copy_link : /system/xbin/bbconfig
03-23 19:09:41.233 499 825 I Magisk : copy_link : /system/xbin/beep
03-23 19:09:41.233 499 825 I Magisk : copy_link : /system/xbin/blkdiscard
03-23 19:09:41.233 499 825 I Magisk : copy_link : /system/xbin/blkid
03-23 19:09:41.233 499 825 I Magisk : copy_link : /system/xbin/blockdev
03-23 19:09:41.233 499 825 I Magisk : copy_link : /system/xbin/brctl
03-23 19:09:41.234 499 825 I Magisk : copy_link : /system/xbin/bunzip2
03-23 19:09:41.234 499 825 I Magisk : copy_link : /system/xbin/bzcat
03-23 19:09:41.234 499 825 I Magisk : copy_link : /system/xbin/bzip2
03-23 19:09:41.234 499 825 I Magisk : copy_link : /system/xbin/cal
03-23 19:09:41.234 499 825 I Magisk : copy_link : /system/xbin/cat
03-23 19:09:41.235 499 825 I Magisk : copy_link : /system/xbin/chat
03-23 19:09:41.235 499 825 I Magisk : copy_link : /system/xbin/chattr
03-23 19:09:41.235 499 825 I Magisk : copy_link : /system/xbin/chgrp
03-23 19:09:41.235 499 825 I Magisk : copy_link : /system/xbin/chmod
03-23 19:09:41.236 499 825 I Magisk : copy_link : /system/xbin/chown
03-23 19:09:41.236 499 825 I Magisk : copy_link : /system/xbin/chroot
03-23 19:09:41.236 499 825 I Magisk : copy_link : /system/xbin/chrt
03-23 19:09:41.236 499 825 I Magisk : copy_link : /system/xbin/chvt
03-23 19:09:41.236 499 825 I Magisk : copy_link : /system/xbin/cksum
03-23 19:09:41.237 499 825 I Magisk : copy_link : /system/xbin/clear
03-23 19:09:41.237 499 825 I Magisk : copy_link : /system/xbin/cmp
03-23 19:09:41.237 499 825 I Magisk : copy_link : /system/xbin/comm
03-23 19:09:41.237 499 825 I Magisk : copy_link : /system/xbin/conspy
03-23 19:09:41.238 499 825 I Magisk : copy_link : /system/xbin/cp
03-23 19:09:41.238 499 825 I Magisk : copy_link : /system/xbin/cpio
03-23 19:09:41.238 499 825 I Magisk : copy_link : /system/xbin/crond
03-23 19:09:41.238 499 825 I Magisk : copy_link : /system/xbin/crontab
03-23 19:09:41.238 499 825 I Magisk : copy_link : /system/xbin/cttyhack
03-23 19:09:41.239 499 825 I Magisk : copy_link : /system/xbin/cut
03-23 19:09:41.239 499 825 I Magisk : copy_link : /system/xbin/date
03-23 19:09:41.239 499 825 I Magisk : copy_link : /system/xbin/dc
03-23 19:09:41.239 499 825 I Magisk : copy_link : /system/xbin/dd
03-23 19:09:41.240 499 825 I Magisk : copy_link : /system/xbin/deallocvt
03-23 19:09:41.240 499 825 I Magisk : copy_link : /system/xbin/depmod
03-23 19:09:41.240 499 825 I Magisk : copy_link : /system/xbin/devmem
03-23 19:09:41.240 499 825 I Magisk : copy_link : /system/xbin/df
03-23 19:09:41.240 499 825 I Magisk : copy_link : /system/xbin/dhcprelay
03-23 19:09:41.241 499 825 I Magisk : copy_link : /system/xbin/diff
03-23 19:09:41.241 499 825 I Magisk : copy_link : /system/xbin/dirname
03-23 19:09:41.241 499 825 I Magisk : copy_link : /system/xbin/dmesg
03-23 19:09:41.241 499 825 I Magisk : copy_link : /system/xbin/dnsd
03-23 19:09:41.242 499 825 I Magisk : copy_link : /system/xbin/dnsdomainname
03-23 19:09:41.242 499 825 I Magisk : copy_link : /system/xbin/dos2unix
03-23 19:09:41.242 499 825 I Magisk : copy_link : /system/xbin/du
03-23 19:09:41.242 499 825 I Magisk : copy_link : /system/xbin/dumpkmap
03-23 19:09:41.243 499 825 I Magisk : copy_link : /system/xbin/dumpleases
03-23 19:09:41.243 499 825 I Magisk : copy_link : /system/xbin/echo
03-23 19:09:41.243 499 825 I Magisk : copy_link : /system/xbin/ed
03-23 19:09:41.243 499 825 I Magisk : copy_link : /system/xbin/egrep
03-23 19:09:41.243 499 825 I Magisk : copy_link : /system/xbin/eject
03-23 19:09:41.244 499 825 I Magisk : copy_link : /system/xbin/env
03-23 19:09:41.244 499 825 I Magisk : copy_link : /system/xbin/ether-wake
03-23 19:09:41.244 499 825 I Magisk : copy_link : /system/xbin/expand
03-23 19:09:41.244 499 825 I Magisk : copy_link : /system/xbin/expr
03-23 19:09:41.245 499 825 I Magisk : copy_link : /system/xbin/factor
03-23 19:09:41.245 499 825 I Magisk : copy_link : /system/xbin/fakeidentd
03-23 19:09:41.245 499 825 I Magisk : copy_link : /system/xbin/false
03-23 19:09:41.245 499 825 I Magisk : copy_link : /system/xbin/fatattr
03-23 19:09:41.245 499 825 I Magisk : copy_link : /system/xbin/fbset
03-23 19:09:41.246 499 825 I Magisk : copy_link : /system/xbin/fbsplash
03-23 19:09:41.246 499 825 I Magisk : copy_link : /system/xbin/fdflush
03-23 19:09:41.246 499 825 I Magisk : copy_link : /system/xbin/fdformat
03-23 19:09:41.246 499 825 I Magisk : copy_link : /system/xbin/fdisk
03-23 19:09:41.247 499 825 I Magisk : copy_link : /system/xbin/fgconsole
03-23 19:09:41.247 499 825 I Magisk : copy_link : /system/xbin/fgrep
03-23 19:09:41.247 499 825 I Magisk : copy_link : /system/xbin/find
03-23 19:09:41.247 499 825 I Magisk : copy_link : /system/xbin/findfs
03-23 19:09:41.247 499 825 I Magisk : copy_link : /system/xbin/flock
03-23 19:09:41.248 499 825 I Magisk : copy_link : /system/xbin/fold
03-23 19:09:41.248 499 825 I Magisk : copy_link : /system/xbin/free
03-23 19:09:41.248 499 825 I Magisk : copy_link : /system/xbin/freeramdisk
03-23 19:09:41.248 499 825 I Magisk : copy_link : /system/xbin/fsck
03-23 19:09:41.249 499 825 I Magisk : copy_link : /system/xbin/fsck.minix
03-23 19:09:41.249 499 825 I Magisk : copy_link : /system/xbin/fsfreeze
03-23 19:09:41.249 499 825 I Magisk : copy_link : /system/xbin/fstrim
03-23 19:09:41.249 499 825 I Magisk : copy_link : /system/xbin/fsync
03-23 19:09:41.249 499 825 I Magisk : copy_link : /system/xbin/ftpd
03-23 19:09:41.250 499 825 I Magisk : copy_link : /system/xbin/ftpget
03-23 19:09:41.250 499 825 I Magisk : copy_link : /system/xbin/ftpput
03-23 19:09:41.250 499 825 I Magisk : copy_link : /system/xbin/fuser
03-23 19:09:41.250 499 825 I Magisk : copy_link : /system/xbin/getopt
03-23 19:09:41.251 499 825 I Magisk : copy_link : /system/xbin/grep
03-23 19:09:41.251 499 825 I Magisk : copy_link : /system/xbin/groups
03-23 19:09:41.251 499 825 I Magisk : copy_link : /system/xbin/gunzip
03-23 19:09:41.251 499 825 I Magisk : copy_link : /system/xbin/gzip
03-23 19:09:41.251 499 825 I Magisk : copy_link : /system/xbin/hd
03-23 19:09:41.252 499 825 I Magisk : copy_link : /system/xbin/hdparm
03-23 19:09:41.252 499 825 I Magisk : copy_link : /system/xbin/head
03-23 19:09:41.252 499 825 I Magisk : copy_link : /system/xbin/hexdump
03-23 19:09:41.252 499 825 I Magisk : copy_link : /system/xbin/hexedit
03-23 19:09:41.253 499 825 I Magisk : copy_link : /system/xbin/hostname
03-23 19:09:41.253 499 825 I Magisk : copy_link : /system/xbin/httpd
03-23 19:09:41.253 499 825 I Magisk : copy_link : /system/xbin/hush
03-23 19:09:41.253 499 825 I Magisk : copy_link : /system/xbin/hwclock
03-23 19:09:41.253 499 825 I Magisk : copy_link : /system/xbin/id
03-23 19:09:41.254 499 825 I Magisk : copy_link : /system/xbin/ifconfig
03-23 19:09:41.254 499 825 I Magisk : copy_link : /system/xbin/ifdown
03-23 19:09:41.254 499 825 I Magisk : copy_link : /system/xbin/ifenslave
03-23 19:09:41.254 499 825 I Magisk : copy_link : /system/xbin/ifplugd
03-23 19:09:41.255 499 825 I Magisk : copy_link : /system/xbin/ifup
03-23 19:09:41.255 499 825 I Magisk : copy_link : /system/xbin/inetd
03-23 19:09:41.255 499 825 I Magisk : copy_link : /system/xbin/inotifyd
03-23 19:09:41.255 499 825 I Magisk : copy_link : /system/xbin/insmod
03-23 19:09:41.256 499 825 I Magisk : copy_link : /system/xbin/install
03-23 19:09:41.256 499 825 I Magisk : copy_link : /system/xbin/ionice
03-23 19:09:41.256 499 825 I Magisk : copy_link : /system/xbin/iostat
03-23 19:09:41.256 499 825 I Magisk : copy_link : /system/xbin/ip
03-23 19:09:41.257 499 825 I Magisk : copy_link : /system/xbin/ipaddr
03-23 19:09:41.257 499 825 I Magisk : copy_link : /system/xbin/ipcalc
03-23 19:09:41.257 499 825 I Magisk : copy_link : /system/xbin/ipcrm
03-23 19:09:41.257 499 825 I Magisk : copy_link : /system/xbin/ipcs
03-23 19:09:41.258 499 825 I Magisk : copy_link : /system/xbin/iplink
03-23 19:09:41.258 499 825 I Magisk : copy_link : /system/xbin/ipneigh
03-23 19:09:41.258 499 825 I Magisk : copy_link : /system/xbin/iproute
03-23 19:09:41.259 499 825 I Magisk : copy_link : /system/xbin/iprule
03-23 19:09:41.259 499 825 I Magisk : copy_link : /system/xbin/iptunnel
03-23 19:09:41.260 499 825 I Magisk : copy_link : /system/xbin/kbd_mode
03-23 19:09:41.261 499 825 I Magisk : copy_link : /system/xbin/kill
03-23 19:09:41.261 499 825 I Magisk : copy_link : /system/xbin/killall
03-23 19:09:41.261 499 825 I Magisk : copy_link : /system/xbin/killall5
03-23 19:09:41.262 499 825 I Magisk : copy_link : /system/xbin/klogd
03-23 19:09:41.262 499 825 I Magisk : copy_link : /system/xbin/less
03-23 19:09:41.262 499 825 I Magisk : copy_link : /system/xbin/link
03-23 19:09:41.262 499 825 I Magisk : copy_link : /system/xbin/ln
03-23 19:09:41.263 499 825 I Magisk : copy_link : /system/xbin/loadfont
03-23 19:09:41.263 499 825 I Magisk : copy_link : /system/xbin/loadkmap
03-23 19:09:41.263 499 825 I Magisk : copy_link : /system/xbin/logread
03-23 19:09:41.263 499 825 I Magisk : copy_link : /system/xbin/losetup
03-23 19:09:41.264 499 825 I Magisk : copy_link : /system/xbin/ls
03-23 19:09:41.264 499 825 I Magisk : copy_link : /system/xbin/lsattr
03-23 19:09:41.264 499 825 I Magisk : copy_link : /system/xbin/lsmod
03-23 19:09:41.264 499 825 I Magisk : copy_link : /system/xbin/lsof
03-23 19:09:41.264 499 825 I Magisk : copy_link : /system/xbin/lspci
03-23 19:09:41.265 499 825 I Magisk : copy_link : /system/xbin/lsscsi
03-23 19:09:41.265 499 825 I Magisk : copy_link : /system/xbin/lsusb
03-23 19:09:41.265 499 825 I Magisk : copy_link : /system/xbin/lzcat
03-23 19:09:41.265 499 825 I Magisk : copy_link : /system/xbin/lzma
03-23 19:09:41.266 499 825 I Magisk : copy_link : /system/xbin/lzop
03-23 19:09:41.266 499 825 I Magisk : copy_link : /system/xbin/lzopcat
03-23 19:09:41.266 499 825 I Magisk : copy_link : /system/xbin/makedevs
03-23 19:09:41.266 499 825 I Magisk : copy_link : /system/xbin/makemime
03-23 19:09:41.267 499 825 I Magisk : copy_link : /system/xbin/man
03-23 19:09:41.267 499 825 I Magisk : copy_link : /system/xbin/md5sum
03-23 19:09:41.267 499 825 I Magisk : copy_link : /system/xbin/mesg
03-23 19:09:41.267 499 825 I Magisk : copy_link : /system/xbin/microcom
03-23 19:09:41.268 499 825 I Magisk : copy_link : /system/xbin/mkdir
03-23 19:09:41.268 499 825 I Magisk : copy_link : /system/xbin/mkdosfs
03-23 19:09:41.268 499 825 I Magisk : copy_link : /system/xbin/mke2fs
03-23 19:09:41.268 499 825 I Magisk : copy_link : /system/xbin/mkfifo
03-23 19:09:41.269 499 825 I Magisk : copy_link : /system/xbin/mkfs.ext2
03-23 19:09:41.269 499 825 I Magisk : copy_link : /system/xbin/mkfs.minix
03-23 19:09:41.269 499 825 I Magisk : copy_link : /system/xbin/mkfs.reiser
03-23 19:09:41.269 499 825 I Magisk : copy_link : /system/xbin/mkfs.vfat
03-23 19:09:41.270 499 825 I Magisk : copy_link : /system/xbin/mknod
03-23 19:09:41.270 499 825 I Magisk : copy_link : /system/xbin/mkswap
03-23 19:09:41.270 499 825 I Magisk : copy_link : /system/xbin/mktemp
03-23 19:09:41.270 499 825 I Magisk : copy_link : /system/xbin/modinfo
03-23 19:09:41.271 499 825 I Magisk : copy_link : /system/xbin/modprobe
03-23 19:09:41.271 499 825 I Magisk : copy_link : /system/xbin/more
03-23 19:09:41.271 499 825 I Magisk : copy_link : /system/xbin/mount
03-23 19:09:41.271 499 825 I Magisk : copy_link : /system/xbin/mountpoint
03-23 19:09:41.272 499 825 I Magisk : copy_link : /system/xbin/mpstat
03-23 19:09:41.272 499 825 I Magisk : copy_link : /system/xbin/mv
03-23 19:09:41.272 499 825 I Magisk : copy_link : /system/xbin/nameif
03-23 19:09:41.272 499 825 I Magisk : copy_link : /system/xbin/nanddump
03-23 19:09:41.273 499 825 I Magisk : copy_link : /system/xbin/nandwrite
03-23 19:09:41.273 499 825 I Magisk : copy_link : /system/xbin/nbd-client
03-23 19:09:41.273 499 825 I Magisk : copy_link : /system/xbin/nc
03-23 19:09:41.273 499 825 I Magisk : copy_link : /system/xbin/netstat
03-23 19:09:41.274 499 825 I Magisk : copy_link : /system/xbin/nice
03-23 19:09:41.274 499 825 I Magisk : copy_link : /system/xbin/nl
03-23 19:09:41.274 499 825 I Magisk : copy_link : /system/xbin/nmeter
03-23 19:09:41.275 499 825 I Magisk : copy_link : /system/xbin/nohup
03-23 19:09:41.275 499 825 I Magisk : copy_link : /system/xbin/nslookup
03-23 19:09:41.275 499 825 I Magisk : copy_link : /system/xbin/nuke
03-23 19:09:41.275 499 825 I Magisk : copy_link : /system/xbin/od
03-23 19:09:41.276 499 825 I Magisk : copy_link : /system/xbin/openvt
03-23 19:09:41.276 499 825 I Magisk : copy_link : /system/xbin/partprobe
03-23 19:09:41.276 499 825 I Magisk : copy_link : /system/xbin/paste
03-23 19:09:41.276 499 825 I Magisk : copy_link : /system/xbin/patch
03-23 19:09:41.277 499 825 I Magisk : copy_link : /system/xbin/pgrep
03-23 19:09:41.277 499 825 I Magisk : copy_link : /system/xbin/pidof
03-23 19:09:41.277 499 825 I Magisk : copy_link : /system/xbin/ping
03-23 19:09:41.277 499 825 I Magisk : copy_link : /system/xbin/ping6
03-23 19:09:41.278 499 825 I Magisk : copy_link : /system/xbin/pipe_progress
03-23 19:09:41.278 499 825 I Magisk : copy_link : /system/xbin/pivot_root
03-23 19:09:41.278 499 825 I Magisk : copy_link : /system/xbin/pkill
03-23 19:09:41.278 499 825 I Magisk : copy_link : /system/xbin/pmap
03-23 19:09:41.279 499 825 I Magisk : copy_link : /system/xbin/popmaildir
03-23 19:09:41.279 499 825 I Magisk : copy_link : /system/xbin/poweroff
03-23 19:09:41.279 499 825 I Magisk : copy_link : /system/xbin/powertop
03-23 19:09:41.279 499 825 I Magisk : copy_link : /system/xbin/printenv
03-23 19:09:41.280 499 825 I Magisk : copy_link : /system/xbin/printf
03-23 19:09:41.280 499 825 I Magisk : copy_link : /system/xbin/ps
03-23 19:09:41.280 499 825 I Magisk : copy_link : /system/xbin/pscan
03-23 19:09:41.280 499 825 I Magisk : copy_link : /system/xbin/pstree
03-23 19:09:41.280 499 825 I Magisk : copy_link : /system/xbin/pwd
03-23 19:09:41.281 499 825 I Magisk : copy_link : /system/xbin/pwdx
03-23 19:09:41.281 499 825 I Magisk : copy_link : /system/xbin/raidautorun
03-23 19:09:41.281 499 825 I Magisk : copy_link : /system/xbin/rdate
03-23 19:09:41.281 499 825 I Magisk : copy_link : /system/xbin/rdev
03-23 19:09:41.282 499 825 I Magisk : copy_link : /system/xbin/readlink
03-23 19:09:41.282 499 825 I Magisk : copy_link : /system/xbin/readprofile
03-23 19:09:41.282 499 825 I Magisk : copy_link : /system/xbin/realpath
03-23 19:09:41.283 499 825 I Magisk : copy_link : /system/xbin/reboot
03-23 19:09:41.283 499 825 I Magisk : copy_link : /system/xbin/reformime
03-23 19:09:41.283 499 825 I Magisk : copy_link : /system/xbin/renice
03-23 19:09:41.283 499 825 I Magisk : copy_link : /system/xbin/reset
03-23 19:09:41.283 499 825 I Magisk : copy_link : /system/xbin/resize
03-23 19:09:41.284 499 825 I Magisk : copy_link : /system/xbin/resume
03-23 19:09:41.284 499 825 I Magisk : copy_link : /system/xbin/rev
03-23 19:09:41.284 499 825 I Magisk : copy_link : /system/xbin/rfkill
03-23 19:09:41.284 499 825 I Magisk : copy_link : /system/xbin/rm
03-23 19:09:41.285 499 825 I Magisk : copy_link : /system/xbin/rmdir
03-23 19:09:41.285 499 825 I Magisk : copy_link : /system/xbin/rmmod
03-23 19:09:41.286 499 825 I Magisk : copy_link : /system/xbin/route
03-23 19:09:41.286 499 825 I Magisk : copy_link : /system/xbin/rtcwake
03-23 19:09:41.286 499 825 I Magisk : copy_link : /system/xbin/run-init
03-23 19:09:41.286 499 825 I Magisk : copy_link : /system/xbin/run-parts
03-23 19:09:41.287 499 825 I Magisk : copy_link : /system/xbin/rx
03-23 19:09:41.287 499 825 I Magisk : copy_link : /system/xbin/script
03-23 19:09:41.287 499 825 I Magisk : copy_link : /system/xbin/scriptreplay
03-23 19:09:41.287 499 825 I Magisk : copy_link : /system/xbin/sed
03-23 19:09:41.288 499 825 I Magisk : copy_link : /system/xbin/sendmail
03-23 19:09:41.288 499 825 I Magisk : copy_link : /system/xbin/seq
03-23 19:09:41.288 499 825 I Magisk : copy_link : /system/xbin/setconsole
03-23 19:09:41.288 499 825 I Magisk : copy_link : /system/xbin/setfattr
03-23 19:09:41.288 499 825 I Magisk : copy_link : /system/xbin/setfont
03-23 19:09:41.289 499 825 I Magisk : copy_link : /system/xbin/setkeycodes
03-23 19:09:41.289 499 825 I Magisk : copy_link : /system/xbin/setlogcons
03-23 19:09:41.289 499 825 I Magisk : copy_link : /system/xbin/setpriv
03-23 19:09:41.289 499 825 I Magisk : copy_link : /system/xbin/setserial
03-23 19:09:41.290 499 825 I Magisk : copy_link : /system/xbin/setsid
03-23 19:09:41.290 499 825 I Magisk : copy_link : /system/xbin/setuidgid
03-23 19:09:41.290 499 825 I Magisk : copy_link : /system/xbin/sh
03-23 19:09:41.290 499 825 I Magisk : copy_link : /system/xbin/sha1sum
03-23 19:09:41.291 499 825 I Magisk : copy_link : /system/xbin/sha256sum
03-23 19:09:41.291 499 825 I Magisk : copy_link : /system/xbin/sha3sum
03-23 19:09:41.292 499 825 I Magisk : copy_link : /system/xbin/sha512sum
03-23 19:09:41.293 499 825 I Magisk : copy_link : /system/xbin/showkey
03-23 19:09:41.293 499 825 I Magisk : copy_link : /system/xbin/shred
03-23 19:09:41.294 499 825 I Magisk : copy_link : /system/xbin/shuf
03-23 19:09:41.294 499 825 I Magisk : copy_link : /system/xbin/slattach
03-23 19:09:41.294 499 825 I Magisk : copy_link : /system/xbin/sleep
03-23 19:09:41.294 499 825 I Magisk : copy_link : /system/xbin/smemcap
03-23 19:09:41.295 499 825 I Magisk : copy_link : /system/xbin/sort
03-23 19:09:41.295 499 825 I Magisk : copy_link : /system/xbin/split
03-23 19:09:41.295 499 825 I Magisk : copy_link : /system/xbin/ssl_client
03-23 19:09:41.295 499 825 I Magisk : copy_link : /system/xbin/start-stop-daemon
03-23 19:09:41.296 499 825 I Magisk : copy_link : /system/xbin/stat
03-23 19:09:41.296 499 825 I Magisk : copy_link : /system/xbin/strings
03-23 19:09:41.296 499 825 I Magisk : copy_link : /system/xbin/stty
03-23 19:09:41.297 499 825 I Magisk : copy_link : /system/xbin/sum
03-23 19:09:41.297 499 825 I Magisk : copy_link : /system/xbin/svc
03-23 19:09:41.297 499 825 I Magisk : copy_link : /system/xbin/svok
03-23 19:09:41.297 499 825 I Magisk : copy_link : /system/xbin/swapoff
03-23 19:09:41.298 499 825 I Magisk : copy_link : /system/xbin/swapon
03-23 19:09:41.298 499 825 I Magisk : copy_link : /system/xbin/switch_root
03-23 19:09:41.298 499 825 I Magisk : copy_link : /system/xbin/sync
03-23 19:09:41.298 499 825 I Magisk : copy_link : /system/xbin/sysctl
03-23 19:09:41.298 499 825 I Magisk : copy_link : /system/xbin/syslogd
03-23 19:09:41.298 499 825 I Magisk : copy_link : /system/xbin/tac
03-23 19:09:41.298 499 825 I Magisk : copy_link : /system/xbin/tail
03-23 19:09:41.298 499 825 I Magisk : copy_link : /system/xbin/tar
03-23 19:09:41.298 499 825 I Magisk : copy_link : /system/xbin/tc
03-23 19:09:41.299 499 825 I Magisk : copy_link : /system/xbin/tcpsvd
03-23 19:09:41.299 499 825 I Magisk : copy_link : /system/xbin/tee
03-23 19:09:41.299 499 825 I Magisk : copy_link : /system/xbin/telnet
03-23 19:09:41.299 499 825 I Magisk : copy_link : /system/xbin/telnetd
03-23 19:09:41.299 499 825 I Magisk : copy_link : /system/xbin/test
03-23 19:09:41.299 499 825 I Magisk : copy_link : /system/xbin/tftp
03-23 19:09:41.299 499 825 I Magisk : copy_link : /system/xbin/tftpd
03-23 19:09:41.299 499 825 I Magisk : copy_link : /system/xbin/time
03-23 19:09:41.299 499 825 I Magisk : copy_link : /system/xbin/timeout
03-23 19:09:41.299 499 825 I Magisk : copy_link : /system/xbin/top
03-23 19:09:41.300 499 825 I Magisk : copy_link : /system/xbin/touch
03-23 19:09:41.300 499 825 I Magisk : copy_link : /system/xbin/tr
03-23 19:09:41.300 499 825 I Magisk : copy_link : /system/xbin/traceroute
03-23 19:09:41.300 499 825 I Magisk : copy_link : /system/xbin/traceroute6
03-23 19:09:41.300 499 825 I Magisk : copy_link : /system/xbin/true
03-23 19:09:41.300 499 825 I Magisk : copy_link : /system/xbin/truncate
03-23 19:09:41.300 499 825 I Magisk : copy_link : /system/xbin/tty
03-23 19:09:41.301 499 825 I Magisk : copy_link : /system/xbin/ttysize
03-23 19:09:41.301 499 825 I Magisk : copy_link : /system/xbin/tunctl
03-23 19:09:41.301 499 825 I Magisk : copy_link : /system/xbin/tune2fs
03-23 19:09:41.301 499 825 I Magisk : copy_link : /system/xbin/ubiattach
03-23 19:09:41.301 499 825 I Magisk : copy_link : /system/xbin/ubidetach
03-23 19:09:41.301 499 825 I Magisk : copy_link : /system/xbin/ubimkvol
03-23 19:09:41.301 499 825 I Magisk : copy_link : /system/xbin/ubirename
03-23 19:09:41.301 499 825 I Magisk : copy_link : /system/xbin/ubirmvol
03-23 19:09:41.302 499 825 I Magisk : copy_link : /system/xbin/ubirsvol
03-23 19:09:41.302 499 825 I Magisk : copy_link : /system/xbin/ubiupdatevol
03-23 19:09:41.302 499 825 I Magisk : copy_link : /system/xbin/udhcpc
03-23 19:09:41.302 499 825 I Magisk : copy_link : /system/xbin/udhcpc6
03-23 19:09:41.302 499 825 I Magisk : copy_link : /system/xbin/udhcpd
03-23 19:09:41.302 499 825 I Magisk : copy_link : /system/xbin/udpsvd
03-23 19:09:41.302 499 825 I Magisk : copy_link : /system/xbin/uevent
03-23 19:09:41.302 499 825 I Magisk : copy_link : /system/xbin/umount
03-23 19:09:41.302 499 825 I Magisk : copy_link : /system/xbin/uname
03-23 19:09:41.302 499 825 I Magisk : copy_link : /system/xbin/uncompress
03-23 19:09:41.303 499 825 I Magisk : copy_link : /system/xbin/unexpand
03-23 19:09:41.303 499 825 I Magisk : copy_link : /system/xbin/uniq
03-23 19:09:41.303 499 825 I Magisk : copy_link : /system/xbin/unix2dos
03-23 19:09:41.303 499 825 I Magisk : copy_link : /system/xbin/unlink
03-23 19:09:41.303 499 825 I Magisk : copy_link : /system/xbin/unlzma
03-23 19:09:41.303 499 825 I Magisk : copy_link : /system/xbin/unlzop
03-23 19:09:41.303 499 825 I Magisk : copy_link : /system/xbin/unxz
03-23 19:09:41.303 499 825 I Magisk : copy_link : /system/xbin/unzip
03-23 19:09:41.303 499 825 I Magisk : copy_link : /system/xbin/uptime
03-23 19:09:41.303 499 825 I Magisk : copy_link : /system/xbin/usleep
03-23 19:09:41.303 499 825 I Magisk : copy_link : /system/xbin/uudecode
03-23 19:09:41.303 526 807 E audio_route: Control 'MultiMedia8 Mixer TERT_MI2S_TX' doesn't exist - skipping
03-23 19:09:41.304 499 825 I Magisk : copy_link : /system/xbin/uuencode
03-23 19:09:41.304 499 825 I Magisk : copy_link : /system/xbin/vconfig
03-23 19:09:41.304 499 825 I Magisk : copy_link : /system/xbin/vi
03-23 19:09:41.304 526 807 E audio_route: Control 'MultiMedia8 Mixer AUX_PCM_UL_TX' doesn't exist - skipping
03-23 19:09:41.304 499 825 I Magisk : copy_link : /system/xbin/volname
03-23 19:09:41.304 499 825 I Magisk : copy_link : /system/xbin/watch
03-23 19:09:41.304 526 807 E audio_route: Control 'MultiMedia4 Mixer MI2S_TX' doesn't exist - skipping
03-23 19:09:41.304 499 825 I Magisk : copy_link : /system/xbin/watchdog
03-23 19:09:41.304 499 825 I Magisk : copy_link : /system/xbin/wc
03-23 19:09:41.304 499 825 I Magisk : copy_link : /system/xbin/wget
03-23 19:09:41.304 526 807 E audio_route: Control 'MultiMedia7 Mixer MI2S_TX' doesn't exist - skipping
03-23 19:09:41.304 499 825 I Magisk : copy_link : /system/xbin/which
03-23 19:09:41.304 499 825 I Magisk : copy_link : /system/xbin/whoami
03-23 19:09:41.305 499 825 I Magisk : copy_link : /system/xbin/whois
03-23 19:09:41.305 526 807 E audio_route: Control 'MultiMedia10 Mixer MI2S_TX' doesn't exist - skipping
03-23 19:09:41.305 499 825 I Magisk : copy_link : /system/xbin/xargs
03-23 19:09:41.305 499 825 I Magisk : copy_link : /system/xbin/xxd
03-23 19:09:41.305 526 807 E audio_route: Control 'MultiMedia11 Mixer MI2S_TX' doesn't exist - skipping
03-23 19:09:41.305 499 825 I Magisk : copy_link : /system/xbin/xz
03-23 19:09:41.305 499 825 I Magisk : copy_link : /system/xbin/xzcat
03-23 19:09:41.305 526 807 E audio_route: Control 'MultiMedia12 Mixer MI2S_TX' doesn't exist - skipping
03-23 19:09:41.305 499 825 I Magisk : copy_link : /system/xbin/yes
03-23 19:09:41.305 499 825 I Magisk : copy_link : /system/xbin/zcat
03-23 19:09:41.305 526 807 E audio_route: Control 'MultiMedia13 Mixer MI2S_TX' doesn't exist - skipping
03-23 19:09:41.305 499 825 I Magisk : copy_link : /system/xbin/zcip
03-23 19:09:41.305 526 807 E audio_route: Control 'MultiMedia14 Mixer MI2S_TX' doesn't exist - skipping
03-23 19:09:41.306 499 825 I Magisk : bind_mount: /system/xbin/gamemode_networkboost_init.sh
03-23 19:09:41.306 526 807 E audio_route: Control 'MultiMedia15 Mixer MI2S_TX' doesn't exist - skipping
03-23 19:09:41.306 499 825 I Magisk : bind_mount: /system/xbin/box
03-23 19:09:41.306 499 825 I Magisk : bind_mount: /system/xbin/QMESA_64
03-23 19:09:41.306 499 825 I Magisk : bind_mount: /system/xbin/tcpdump
03-23 19:09:41.306 526 807 E audio_route: Control 'MultiMedia16 Mixer MI2S_TX' doesn't exist - skipping
03-23 19:09:41.306 499 825 I Magisk : bind_mount: /system/xbin/gamemode_networkboost_disable.sh
03-23 19:09:41.307 499 825 I Magisk : bind_mount: /system/xbin/gamemode_networkboost_enable.sh
03-23 19:09:41.308 499 825 I Magisk : bind_mount: /system/xbin/dtest.sh
03-23 19:09:41.308 499 825 I Magisk : bind_mount: /system/xbin/pnx
03-23 19:09:41.308 499 825 I Magisk : mnt_tmpfs : /system/framework
03-23 19:09:41.309 499 825 I Magisk : bind_mount: /system/framework/services.jar
03-23 19:09:41.309 499 825 I Magisk : bind_mount: /system/framework/services.odex
03-23 19:09:41.309 499 825 I Magisk : mnt_tmpfs : /system/framework/arm
03-23 19:09:41.310 499 825 I Magisk : bind_mount: /system/framework/arm/services.odex
03-23 19:09:41.310 499 825 I Magisk : bind_mount: /system/framework/arm/boot-conscrypt.art.rel
03-23 19:09:41.310 499 825 I Magisk : bind_mount: /system/framework/arm/boot-oneplus_sdk_wrapper.oat
03-23 19:09:41.310 499 825 I Magisk : copy_link : /system/framework/arm/boot-okhttp.vdex
03-23 19:09:41.310 499 825 I Magisk : bind_mount: /system/framework/arm/boot-apache-xml.art.rel
03-23 19:09:41.310 499 825 I Magisk : bind_mount: /system/framework/arm/boot-android.hidl.base-V1.0-java.art
03-23 19:09:41.311 499 825 I Magisk : copy_link : /system/framework/arm/boot-qcnvitems.vdex
03-23 19:09:41.311 499 825 I Magisk : bind_mount: /system/framework/arm/boot-android.test.base.oat
03-23 19:09:41.311 499 825 I Magisk : bind_mount: /system/framework/arm/boot-android.hidl.manager-V1.0-java.art
03-23 19:09:41.311 499 825 I Magisk : bind_mount: /system/framework/arm/boot-ext.oat
03-23 19:09:41.311 499 825 I Magisk : bind_mount: /system/framework/arm/boot-bouncycastle.oat
03-23 19:09:41.311 499 825 I Magisk : bind_mount: /system/framework/arm/boot-WfdCommon.art.rel
03-23 19:09:41.311 499 825 I Magisk : bind_mount: /system/framework/arm/boot.art.rel
03-23 19:09:41.311 499 825 I Magisk : bind_mount: /system/framework/arm/boot.oat
03-23 19:09:41.311 499 825 I Magisk : bind_mount: /system/framework/arm/boot-wapicertstore.art.rel
03-23 19:09:41.312 499 825 I Magisk : bind_mount: /system/framework/arm/boot-qcnvitems.oat
03-23 19:09:41.312 499 825 I Magisk : bind_mount: /system/framework/arm/boot-qcrilhook.art.rel
03-23 19:09:41.312 499 825 I Magisk : bind_mount: /system/framework/arm/boot-oem-services.oat
03-23 19:09:41.312 499 825 I Magisk : bind_mount: /system/framework/arm/boot-UxPerformance.oat
03-23 19:09:41.312 499 825 I Magisk : copy_link : /system/framework/arm/boot-oneplus_sdk_wrapper.vdex
03-23 19:09:41.312 499 825 I Magisk : bind_mount: /system/framework/arm/boot-com.nxp.nfc.art.rel
03-23 19:09:41.312 499 825 I Magisk : bind_mount: /system/framework/arm/boot-com.nxp.nfc.art
03-23 19:09:41.312 499 825 I Magisk : bind_mount: /system/framework/arm/boot-QPerformance.art
03-23 19:09:41.312 499 825 I Magisk : bind_mount: /system/framework/arm/boot-ext.art.rel
03-23 19:09:41.312 499 825 I Magisk : bind_mount: /system/framework/arm/boot-android.test.base.art.rel
03-23 19:09:41.313 499 825 I Magisk : bind_mount: /system/framework/arm/boot-okhttp.oat
03-23 19:09:41.313 499 825 I Magisk : bind_mount: /system/framework/arm/boot-voip-common.oat
03-23 19:09:41.313 499 825 I Magisk : copy_link : /system/framework/arm/boot-QPerformance.vdex
03-23 19:09:41.313 499 825 I Magisk : bind_mount: /system/framework/arm/boot-qcnvitems.art.rel
03-23 19:09:41.313 499 825 I Magisk : bind_mount: /system/framework/arm/boot-telephony-common.art.rel
03-23 19:09:41.313 499 825 I Magisk : bind_mount: /system/framework/arm/boot-UxPerformance.art.rel
03-23 19:09:41.313 499 825 I Magisk : bind_mount: /system/framework/arm/boot-framework-oahl-backward-compatibility.art
03-23 19:09:41.313 499 825 I Magisk : bind_mount: /system/framework/arm/boot-core-libart.art
03-23 19:09:41.313 499 825 I Magisk : copy_link : /system/framework/arm/boot-wapicertstore.vdex
03-23 19:09:41.313 499 825 I Magisk : copy_link : /system/framework/arm/boot-com.qualcomm.qti.camera.vdex
03-23 19:09:41.314 499 825 I Magisk : bind_mount: /system/framework/arm/boot-WfdCommon.oat
03-23 19:09:41.314 499 825 I Magisk : bind_mount: /system/framework/arm/boot-telephony-common.oat
03-23 19:09:41.314 499 825 I Magisk : bind_mount: /system/framework/arm/boot-voip-common.art.rel
03-23 19:09:41.314 499 825 I Magisk : bind_mount: /system/framework/arm/boot-oneplus_sdk_utils.art
03-23 19:09:41.314 499 825 I Magisk : copy_link : /system/framework/arm/boot.vdex
03-23 19:09:41.314 499 825 I Magisk : bind_mount: /system/framework/arm/boot-qcrilhook.art
03-23 19:09:41.314 499 825 I Magisk : copy_link : /system/framework/arm/boot-qcrilhook.vdex
03-23 19:09:41.314 499 825 I Magisk : bind_mount: /system/framework/arm/boot-oneplus_sdk_wrapper.art
03-23 19:09:41.314 499 825 I Magisk : bind_mount: /system/framework/arm/boot-android.test.base.art
03-23 19:09:41.314 499 825 I Magisk : bind_mount: /system/framework/arm/boot-tcmiface.oat
03-23 19:09:41.315 499 825 I Magisk : copy_link : /system/framework/arm/boot-android.hidl.base-V1.0-java.vdex
03-23 19:09:41.315 499 825 I Magisk : bind_mount: /system/framework/arm/boot-framework.oat
03-23 19:09:41.315 499 825 I Magisk : bind_mount: /system/framework/arm/boot-voip-common.art
03-23 19:09:41.315 499 825 I Magisk : bind_mount: /system/framework/arm/boot-QPerformance.art.rel
03-23 19:09:41.315 499 825 I Magisk : bind_mount: /system/framework/arm/boot-conscrypt.art
03-23 19:09:41.315 499 825 I Magisk : bind_mount: /system/framework/arm/boot-oem-services.art.rel
03-23 19:09:41.315 499 825 I Magisk : copy_link : /system/framework/arm/boot-oneplus_sdk_utils.vdex
03-23 19:09:41.315 499 825 I Magisk : bind_mount: /system/framework/arm/boot.art
03-23 19:09:41.315 499 825 I Magisk : copy_link : /system/framework/arm/boot-core-libart.vdex
03-23 19:09:41.315 499 825 I Magisk : bind_mount: /system/framework/arm/boot-android.hidl.manager-V1.0-java.art.rel
03-23 19:09:41.315 499 825 I Magisk : bind_mount: /system/framework/arm/boot-core-oj.art
03-23 19:09:41.316 499 825 I Magisk : copy_link : /system/framework/arm/boot-com.nxp.nfc.vdex
03-23 19:09:41.316 499 825 I Magisk : copy_link : /system/framework/arm/boot-telephony-ext.vdex
03-23 19:09:41.316 499 825 I Magisk : bind_mount: /system/framework/arm/boot-tcmiface.art
03-23 19:09:41.316 499 825 I Magisk : copy_link : /system/framework/arm/boot-android.hidl.manager-V1.0-java.vdex
03-23 19:09:41.316 499 825 I Magisk : bind_mount: /system/framework/arm/boot-oneplus_sdk_utils.art.rel
03-23 19:09:41.316 499 825 I Magisk : bind_mount: /system/framework/arm/boot-telephony-ext.oat
03-23 19:09:41.316 499 825 I Magisk : bind_mount: /system/framework/arm/boot-oem-services.art
03-23 19:09:41.316 499 825 I Magisk : bind_mount: /system/framework/arm/boot-UxPerformance.art
03-23 19:09:41.316 499 825 I Magisk : bind_mount: /system/framework/arm/boot-wapicertstore.oat
03-23 19:09:41.316 499 825 I Magisk : bind_mount: /system/framework/arm/boot-core-oj.art.rel
03-23 19:09:41.317 499 825 I Magisk : bind_mount: /system/framework/arm/boot-ims-common.art.rel
03-23 19:09:41.317 499 825 I Magisk : bind_mount: /system/framework/arm/boot-telephony-ext.art.rel
03-23 19:09:41.317 499 825 I Magisk : bind_mount: /system/framework/arm/boot-okhttp.art.rel
03-23 19:09:41.317 499 825 I Magisk : copy_link : /system/framework/arm/boot-telephony-common.vdex
03-23 19:09:41.317 499 825 I Magisk : bind_mount: /system/framework/arm/boot-okhttp.art
03-23 19:09:41.317 499 825 I Magisk : bind_mount: /system/framework/arm/boot-core-libart.art.rel
03-23 19:09:41.317 499 825 I Magisk : bind_mount: /system/framework/arm/boot-android.hidl.base-V1.0-java.oat
03-23 19:09:41.317 499 825 I Magisk : bind_mount: /system/framework/arm/boot-ims-common.oat
03-23 19:09:41.317 499 825 I Magisk : bind_mount: /system/framework/arm/boot-core-oj.oat
03-23 19:09:41.317 499 825 I Magisk : bind_mount: /system/framework/arm/boot-telephony-common.art
03-23 19:09:41.318 499 825 I Magisk : copy_link : /system/framework/arm/boot-framework-oahl-backward-compatibility.vdex
03-23 19:09:41.318 499 825 I Magisk : copy_link : /system/framework/arm/boot-apache-xml.vdex
03-23 19:09:41.318 499 825 I Magisk : bind_mount: /system/framework/arm/boot-ext.art
03-23 19:09:41.318 499 825 I Magisk : copy_link : /system/framework/arm/boot-core-oj.vdex
03-23 19:09:41.318 499 825 I Magisk : bind_mount: /system/framework/arm/boot-conscrypt.oat
03-23 19:09:41.319 499 825 I Magisk : copy_link : /system/framework/arm/boot-framework.vdex
03-23 19:09:41.319 499 825 I Magisk : bind_mount: /system/framework/arm/boot-WfdCommon.art
03-23 19:09:41.319 499 825 I Magisk : bind_mount: /system/framework/arm/boot-ims-common.art
03-23 19:09:41.319 499 825 I Magisk : bind_mount: /system/framework/arm/boot-tcmiface.art.rel
03-23 19:09:41.319 499 825 I Magisk : copy_link : /system/framework/arm/boot-voip-common.vdex
03-23 19:09:41.319 499 825 I Magisk : copy_link : /system/framework/arm/boot-ims-common.vdex
03-23 19:09:41.319 499 825 I Magisk : bind_mount: /system/framework/arm/boot-android.hidl.manager-V1.0-java.oat
03-23 19:09:41.319 499 825 I Magisk : bind_mount: /system/framework/arm/boot-com.qualcomm.qti.camera.art
03-23 19:09:41.319 499 825 I Magisk : bind_mount: /system/framework/arm/boot-QPerformance.oat
03-23 19:09:41.320 499 825 I Magisk : copy_link : /system/framework/arm/boot-WfdCommon.vdex
03-23 19:09:41.320 499 825 I Magisk : bind_mount: /system/framework/arm/boot-framework-oahl-backward-compatibility.art.rel
03-23 19:09:41.320 499 825 I Magisk : bind_mount: /system/framework/arm/boot-qcrilhook.oat
03-23 19:09:41.320 499 825 I Magisk : copy_link : /system/framework/arm/boot-android.test.base.vdex
03-23 19:09:41.320 499 825 I Magisk : bind_mount: /system/framework/arm/boot-apache-xml.oat
03-23 19:09:41.320 499 825 I Magisk : copy_link : /system/framework/arm/boot-conscrypt.vdex
03-23 19:09:41.320 499 825 I Magisk : bind_mount: /system/framework/arm/boot-com.nxp.nfc.oat
03-23 19:09:41.320 499 825 I Magisk : bind_mount: /system/framework/arm/boot-bouncycastle.art
03-23 19:09:41.320 499 825 I Magisk : bind_mount: /system/framework/arm/boot-oneplus_sdk_wrapper.art.rel
03-23 19:09:41.320 499 825 I Magisk : bind_mount: /system/framework/arm/boot-framework.art.rel
03-23 19:09:41.320 499 825 I Magisk : bind_mount: /system/framework/arm/boot-telephony-ext.art
03-23 19:09:41.321 499 825 I Magisk : bind_mount: /system/framework/arm/boot-wapicertstore.art
03-23 19:09:41.321 499 825 I Magisk : copy_link : /system/framework/arm/boot-tcmiface.vdex
03-23 19:09:41.321 499 825 I Magisk : copy_link : /system/framework/arm/boot-ext.vdex
03-23 19:09:41.321 499 825 I Magisk : copy_link : /system/framework/arm/boot-oem-services.vdex
03-23 19:09:41.321 499 825 I Magisk : bind_mount: /system/framework/arm/boot-com.qualcomm.qti.camera.art.rel
03-23 19:09:41.321 499 825 I Magisk : bind_mount: /system/framework/arm/boot-framework.art
03-23 19:09:41.321 499 825 I Magisk : bind_mount: /system/framework/arm/boot-bouncycastle.art.rel
03-23 19:09:41.321 499 825 I Magisk : copy_link : /system/framework/arm/boot-bouncycastle.vdex
03-23 19:09:41.321 499 825 I Magisk : bind_mount: /system/framework/arm/boot-apache-xml.art
03-23 19:09:41.321 499 825 I Magisk : bind_mount: /system/framework/arm/boot-qcnvitems.art
03-23 19:09:41.322 499 825 I Magisk : bind_mount: /system/framework/arm/boot-com.qualcomm.qti.camera.oat
03-23 19:09:41.322 499 825 I Magisk : bind_mount: /system/framework/arm/boot-oneplus_sdk_utils.oat
03-23 19:09:41.322 499 825 I Magisk : bind_mount: /system/framework/arm/boot-framework-oahl-backward-compatibility.oat
03-23 19:09:41.322 499 825 I Magisk : bind_mount: /system/framework/arm/boot-core-libart.oat
03-23 19:09:41.322 499 825 I Magisk : copy_link : /system/framework/arm/boot-UxPerformance.vdex
03-23 19:09:41.322 499 825 I Magisk : bind_mount: /system/framework/arm/boot-android.hidl.base-V1.0-java.art.rel
03-23 19:09:41.322 499 825 I Magisk : mnt_tmpfs : /system/framework/arm64
03-23 19:09:41.323 499 825 I Magisk : bind_mount: /system/framework/arm64/services.odex
03-23 19:09:41.323 499 825 I Magisk : bind_mount: /system/framework/arm64/boot-conscrypt.art.rel
03-23 19:09:41.323 499 825 I Magisk : bind_mount: /system/framework/arm64/boot-oneplus_sdk_wrapper.oat
03-23 19:09:41.323 499 825 I Magisk : copy_link : /system/framework/arm64/boot-okhttp.vdex
03-23 19:09:41.323 499 825 I Magisk : bind_mount: /system/framework/arm64/boot-apache-xml.art.rel
03-23 19:09:41.323 499 825 I Magisk : bind_mount: /system/framework/arm64/boot-android.hidl.base-V1.0-java.art
03-23 19:09:41.323 499 825 I Magisk : copy_link : /system/framework/arm64/boot-qcnvitems.vdex
03-23 19:09:41.323 499 825 I Magisk : bind_mount: /system/framework/arm64/boot-android.test.base.oat
03-23 19:09:41.323 499 825 I Magisk : bind_mount: /system/framework/arm64/boot-android.hidl.manager-V1.0-java.art
03-23 19:09:41.324 499 825 I Magisk : bind_mount: /system/framework/arm64/boot-ext.oat
03-23 19:09:41.324 499 825 I Magisk : bind_mount: /system/framework/arm64/boot-bouncycastle.oat
03-23 19:09:41.324 499 825 I Magisk : bind_mount: /system/framework/arm64/boot-WfdCommon.art.rel
03-23 19:09:41.324 499 825 I Magisk : bind_mount: /system/framework/arm64/boot.art.rel
03-23 19:09:41.324 499 825 I Magisk : bind_mount: /system/framework/arm64/boot.oat
03-23 19:09:41.324 499 825 I Magisk : bind_mount: /system/framework/arm64/boot-wapicertstore.art.rel
03-23 19:09:41.324 499 825 I Magisk : bind_mount: /system/framework/arm64/boot-qcnvitems.oat
03-23 19:09:41.324 499 825 I Magisk : bind_mount: /system/framework/arm64/boot-qcrilhook.art.rel
03-23 19:09:41.324 499 825 I Magisk : bind_mount: /system/framework/arm64/boot-oem-services.oat
03-23 19:09:41.324 499 825 I Magisk : bind_mount: /system/framework/arm64/boot-UxPerformance.oat
03-23 19:09:41.324 499 825 I Magisk : copy_link : /system/framework/arm64/boot-oneplus_sdk_wrapper.vdex
03-23 19:09:41.325 499 825 I Magisk : bind_mount: /system/framework/arm64/boot-com.nxp.nfc.art.rel
03-23 19:09:41.325 499 825 I Magisk : bind_mount: /system/framework/arm64/boot-com.nxp.nfc.art
03-23 19:09:41.325 499 825 I Magisk : bind_mount: /system/framework/arm64/boot-QPerformance.art
03-23 19:09:41.325 499 825 I Magisk : bind_mount: /system/framework/arm64/boot-ext.art.rel
03-23 19:09:41.325 499 825 I Magisk : bind_mount: /system/framework/arm64/boot-android.test.base.art.rel
03-23 19:09:41.325 499 825 I Magisk : bind_mount: /system/framework/arm64/boot-okhttp.oat
03-23 19:09:41.325 499 825 I Magisk : bind_mount: /system/framework/arm64/boot-voip-common.oat
03-23 19:09:41.325 499 825 I Magisk : copy_link : /system/framework/arm64/boot-QPerformance.vdex
03-23 19:09:41.325 499 825 I Magisk : bind_mount: /system/framework/arm64/boot-qcnvitems.art.rel
03-23 19:09:41.325 499 825 I Magisk : bind_mount: /system/framework/arm64/boot-telephony-common.art.rel
03-23 19:09:41.325 499 825 I Magisk : bind_mount: /system/framework/arm64/boot-UxPerformance.art.rel
