09-13 17:03:28.711 3265 3265 I zygote : VerifyImage: /system/bin/patchoat --input-image-location=/system/framework/boot.art --output-image-directory=/data/dalvik-cache/arm --instruction-set=arm --verify
09-13 17:03:28.750 1010 3292 E mm-3a-core: light_sensor_init init fail
09-13 17:03:28.751 1010 3292 E mm-camera: 448: dsps_open: try to sensor1_open()
09-13 17:03:28.783 1010 1010 I mm-camera: < INFO> 292: af_core_init: af_core_init
09-13 17:03:28.784 1010 1010 E mm-camera: 2865: stats_port_check_caps_reserve: Invalid Port capability type!
09-13 17:03:28.784 1010 1010 I chatty : uid=1006(camera) mm-qcamera-daem identical 3 lines
09-13 17:03:28.784 1010 1010 E mm-camera: 2865: stats_port_check_caps_reserve: Invalid Port capability type!
09-13 17:03:28.784 1010 1010 I mm-3a-core: q3a_thread_aecawb_start Enter
09-13 17:03:28.804 531 531 I QCamera : openCamera: 2070: [KPI Perf]: X PROFILE_OPEN_CAMERA camera id 0, rc: 0
09-13 17:03:28.804 531 531 I CamDev@1.0-impl: could not cast ICameraDeviceCallback to IQCameraDeviceCallback
09-13 17:03:28.804 531 3280 I QCamera2HWI: QCamera2HardwareInterface::deferredWorkRoutine id=45
09-13 17:03:28.804 531 3280 I QCameraParameters: Open flash for camera Id: 0 (flash fd: 34)
09-13 17:03:28.805 531 3280 I QCameraParameters: init: no sensor name matched
09-13 17:03:28.806 531 3280 D QCameraParameters: sensor_active_size is 4656 3496
09-13 17:03:28.806 531 3280 I QCamera : setFocusMode: 7701: Setting focus mode auto
09-13 17:03:28.806 531 3280 I QCamera : setFocusAreas: 9967: Default ROI
09-13 17:03:28.806 531 3280 I OPCAMERA_VFB: init_module: module=0xe8c97cb8 private=0xe10db000 list=0xe1fb1060
09-13 17:03:28.812 531 3317 I OPCAMERA_VFB: sensor_config: enable cfg for imx298
09-13 17:03:28.813 531 3280 I OPCAMERA_SFB: init_module: module=0xe1f9e020 private=0xe1fdf700 list=0xe1fb1090
09-13 17:03:28.822 531 3319 I OPCAMERA_SFB: sensor_config: imx298.is_sensor_cfg=1
09-13 17:03:28.822 531 3280 E OneplusCamera: createFaceBeautyLevelString facebeauty levels=0,1,2,3,4,5,6,7,8
09-13 17:03:28.822 531 3280 I OPCAMERA_VFB: deinit_module: module=0xe8c97cb8 private=0xe10db000 list=0x0
09-13 17:03:28.822 531 3280 I OPCAMERA_SFB: deinit_module: module=0xe1f9e020 private=0xe1fdf700 list=0x0
09-13 17:03:28.825 1010 3307 E mm-camera: 2966: sensor_get_cur_chromatix_name: Sensor name:imx298,sensor id:0x0, vendor id:4, lens id:0
09-13 17:03:28.825 1010 3307 E mm-camera: 3129: sensor_get_cur_chromatix_name: 3A chromatix : imx298_zsl_preview
09-13 17:03:28.826 531 3280 I QCamera2HWI: QCamera2HardwareInterface::dequeueDeferredWork id=45
09-13 17:03:28.827 531 531 I CamDev@1.0-impl: Closing camera 0
09-13 17:03:28.828 531 531 I QCamera : close_camera_device: 1649: [KPI Perf]: E camera id 0
09-13 17:03:28.829 531 531 I QCameraStateMachine: E
09-13 17:03:28.829 531 3278 I QCameraStateMachine: QCAMERA_SM_CMD_TYPE_EXIT
09-13 17:03:28.829 531 3278 I QCameraStateMachine: X
09-13 17:03:28.829 531 531 I QCameraStateMachine: X
09-13 17:03:28.829 531 531 I QCamera : closeCamera: 2479: E
09-13 17:03:28.829 531 531 I QCamera : closeCamera: 2484: [KPI Perf]: E PROFILE_CLOSE_CAMERA camera id 0
09-13 17:03:28.829 3263 3263 D Zygote : begin preload
09-13 17:03:28.829 3263 3263 I Zygote : Installing ICU cache reference pinning...
09-13 17:03:28.829 3263 3263 I Zygote : Preloading ICU data...
09-13 17:03:28.837 531 531 E OneplusCamera: acquire: fail
09-13 17:03:28.837 1010 3307 I : sensor_pick_resolution res_idx: 2
09-13 17:03:28.837 1010 3307 I : sensor_pick_resolution Matched pick_w:2328, pick_h:1748, pick_fps:30.020000, pick_clk:299300000, pick_mode:1
09-13 17:03:28.837 1010 1310 E mm-camera: 303: AllocateBuffers: Invalid dimensions 0x0
09-13 17:03:28.837 1010 1310 E mm-camera: 203: img_algo_preload: Preload: Failed to allocate buffer, rc -4
09-13 17:03:28.837 1010 1310 E mm-camera: 117: module_imgbase_client_preload_exec: IMG_CORE_PRELOAD failed -4
09-13 17:03:28.839 531 531 I QCameraParameters: Close flash fd: 34
09-13 17:03:28.840 531 531 D QCameraPostProc: stop: E
09-13 17:03:28.840 531 531 E QCameraPostProc: stop: X
09-13 17:03:28.840 531 3314 D : cmdtype=MM_CAMERA_CMD_TYPE_EXIT
09-13 17:03:28.841 1010 1010 E mm-camera: 916: isp_port_check_caps_unreserve: ISP session resource not dellocated in time
09-13 17:03:28.843 3263 3263 I Zygote : Preloading classes...
09-13 17:03:28.861 3263 3263 I PackageBackwardCompatibility: Loaded android.content.pm.OrgApacheHttpLegacyUpdater
09-13 17:03:28.861 3263 3263 I PackageBackwardCompatibility: Could not find android.content.pm.AndroidTestBaseUpdater, ignoring
09-13 17:03:28.874 1010 3322 E mm-camera: 528: isp_module_stop_session: warning: ISP resource is not freed on time!
09-13 17:03:28.909 1010 3283 E mm-camera: 731: eeprom_process: failed NULL pointer detected: eeprom_ctrl :
09-13 17:03:28.909 1010 3283 E mm-camera: 325: module_sensor_offload_ois_init_calibrate: Get Is OIS calibration failed
09-13 17:03:28.919 3270 3270 I mediaserver: ServiceManager: 0xe6d9c1c0
09-13 17:03:28.921 3270 3270 W BatteryNotifier: batterystats service unavailable!
09-13 17:03:28.928 3263 3263 E Typeface: Error mapping font file /system/fonts/RobotoCondensed-Thin.ttf
09-13 17:03:28.939 3271 3271 I Netd : Creating child chains: 205.2ms
09-13 17:03:28.939 3271 3271 I Netd : Setting up OEM hooks: 0.1ms
09-13 17:03:28.947 3263 3263 E Typeface: Error mapping font file /system/fonts/NotoSansKhmer-Regular.ttf
09-13 17:03:28.947 3263 3263 E Typeface: Error mapping font file /system/fonts/NotoSansKhmer-Bold.ttf
09-13 17:03:28.947 3263 3263 E Typeface: Unable to load Family: null : [und-Khmr]
09-13 17:03:28.966 3267 3267 W CameraProviderManager: Camera provider legacy/0 says an unknown camera device@1.0/legacy/0 now has torch status 1. Curious.
09-13 17:03:28.967 3267 3267 W CameraProviderManager: Camera provider legacy/0 says an unknown camera device@3.3/legacy/0 now has torch status 1. Curious.
09-13 17:03:28.967 531 531 I OPCAMERA_SERVICE: deinit_module: module=0xe8c97c28 private=0xe1fa2e60 list=0x0
09-13 17:03:28.967 531 531 I QCamera : closeCamera: 2575: [KPI Perf]: X PROFILE_CLOSE_CAMERA camera id 0, rc: 0
09-13 17:03:28.967 531 3279 I QCameraHWI_Mem: memoryPoolThread: stop proc
09-13 17:03:28.967 531 3279 I QCameraHWI_Mem: memoryPoolThread: X
09-13 17:03:28.968 531 531 I QCamera : close_camera_device: 1651: [KPI Perf]: X
09-13 17:03:28.968 3267 3267 I CameraProviderManager: Enumerating new camera device: device@3.3/legacy/0
09-13 17:03:28.968 3271 3271 I Netd : Setting up FirewallController hooks: 29.2ms
09-13 17:03:28.969 3267 3267 I CameraProviderManager: Enumerating new camera device: device@1.0/legacy/1
09-13 17:03:28.969 3263 3263 E Typeface: Error mapping font file /system/fonts/DroidSansFallback.ttf
09-13 17:03:28.969 3263 3263 E Typeface: Unable to load Family: null : null
09-13 17:03:28.972 531 531 I CamDev@1.0-impl: Opening camera 1
09-13 17:03:28.972 531 531 I QCamera : openLegacy: 680: openLegacy halVersion: 256
09-13 17:03:28.980 3271 3271 I Netd : Setting up TetherController hooks: 12.4ms
09-13 17:03:28.986 3271 3271 I Netd : Setting up BandwidthController hooks: 5.9ms
09-13 17:03:28.986 3271 3271 I Netd : Setting up IdletimerController hooks: 0.1ms
09-13 17:03:28.986 3271 3271 I Netd : initializing traffic control: 0.0ms
09-13 17:03:28.986 531 3328 I QCameraHWI_Mem: memoryPoolThread: E
09-13 17:03:28.987 531 3328 I QCameraHWI_Mem: memoryPoolThread: start proc
09-13 17:03:28.987 531 531 I OneplusCamera: initClientPackageNameFlag: com.android.facelock
09-13 17:03:28.987 531 531 D vndksupport: Loading /vendor/lib/hw/power.qcom.so from current namespace instead of sphal namespace.
09-13 17:03:28.991 531 531 I QCamera2HWI: QCamera2HardwareInterface: mClientPackageName = com.android.facelock
09-13 17:03:28.991 531 531 I QCamera : openCamera: 2057: [KPI Perf]: E PROFILE_OPEN_CAMERA camera id 1
09-13 17:03:28.992 531 531 I OPCAMERA_SERVICE: init_module: module=0xe8c97cb0 private=0xe1fa2e60 list=0xe26c33a0
09-13 17:03:28.992 531 531 E OneplusCamera: acquire: fail
09-13 17:03:28.993 531 3327 I QCameraStateMachine: E
09-13 17:03:28.993 531 3329 I QCamera2HWI: QCamera2HardwareInterface::deferredWorkRoutine id=46
09-13 17:03:28.993 531 3329 I QCamera2HWI: QCamera2HardwareInterface::dequeueDeferredWork id=46
09-13 17:03:28.994 531 3329 I QCamera2HWI: QCamera2HardwareInterface::deferredWorkRoutine id=47
09-13 17:03:28.995 531 3329 I QCamera2HWI: QCamera2HardwareInterface::dequeueDeferredWork id=47
09-13 17:03:29.021 3271 3271 I Netd : Disabling bandwidth control: 35.1ms
09-13 17:03:29.024 3271 3271 E Netd : Error adding route 0.0.0.0/0 -> (null) dummy0 to table 1003: File exists
09-13 17:03:29.024 3271 3271 I Netd : Initializing RouteController: 2.4ms
09-13 17:03:29.024 3271 3271 D XfrmController: Sending Netlink XFRM Message: XFRM_MSG_FLUSHSA
09-13 17:03:29.024 3271 3271 D XfrmController: Sending Netlink XFRM Message: XFRM_MSG_FLUSHPOLICY
09-13 17:03:29.024 3271 3271 I Netd : Initializing XfrmController: 0.6ms
09-13 17:03:29.025 3271 3271 E Netd : Unable to create netlink socket: Protocol not supported
09-13 17:03:29.025 3271 3271 W Netd : Unable to open qlog quota socket, check if xt_quota2 can send via UeventHandler
09-13 17:03:29.026 3271 3271 D MDnsDS : MDnsSdListener::Hander starting up
09-13 17:03:29.028 1010 3336 E mm-3a-core: light_sensor_init init fail
09-13 17:03:29.030 1010 3336 E mm-camera: 448: dsps_open: try to sensor1_open()
09-13 17:03:29.030 3271 3271 I Netd : Registering NetdNativeService: 4.1ms
09-13 17:03:29.030 3271 3271 I Netd : Starting CommandListener: 0.2ms
09-13 17:03:29.033 1010 3333 I mm-camera: sony_imx179_eeprom_get_calibration_items: A light valid page:0, D50 valid page:0
09-13 17:03:29.049 1169 1557 I QC-NETMGR-LIB: onRegistration(): Starting Netd getService thread
09-13 17:03:29.050 3271 3271 I Netd : Registering NetdHwService: 20.0ms
09-13 17:03:29.050 3271 3271 I Netd : Netd started in 417ms
09-13 17:03:29.051 3271 3343 D MDnsDS : MDnsSdListener starting to monitor
09-13 17:03:29.051 3271 3343 D MDnsDS : Going to poll with pollCount 1
09-13 17:03:29.057 1169 3358 I QC-NETMGR-LIB: getServiceImpl(): INetd discovered
09-13 17:03:29.057 1169 3358 I QC-NETMGR-LIB: registerLinkToDeath(): Success registerLinkToDeath!
09-13 17:03:29.058 1169 1557 D QC-NETMGR-LIB: onRegistration(): netd restart detected
09-13 17:03:29.058 1169 1225 I QC-NETMGR-LIB: NetmgrNetdClientRegisterNetwork(): Looking for Netd service
09-13 17:03:29.058 1169 1225 I QC-NETMGR-LIB: NetmgrNetdClientRegisterNetwork(): register to create new OEM network
09-13 17:03:29.058 1169 1225 I QC-NETMGR-LIB: registerNetwork(): Attempting createOemNetwork
09-13 17:03:29.058 3271 3352 D TcpSocketMonitor: suspending tcpinfo polling
09-13 17:03:29.058 1169 1225 I QC-NETMGR-LIB: registerNetwork(): command completed!
09-13 17:03:29.058 1169 1225 I QC-NETMGR-LIB: registerNetwork(): createOemNetwork succeeded [packet mark : 0xf0001] [net id : 1] [network handle : 0x1cafed00d]
09-13 17:03:29.058 1169 1225 I QC-NETMGR-LIB: NetmgrNetdClientRegisterNetwork(): [packet mark : 0xf0001] [network handle : 0x1cafed00d]
09-13 17:03:29.094 1010 1010 I mm-camera: < INFO> 292: af_core_init: af_core_init
09-13 17:03:29.095 1010 1010 E mm-camera: 2865: stats_port_check_caps_reserve: Invalid Port capability type!
09-13 17:03:29.095 1010 1010 I chatty : uid=1006(camera) mm-qcamera-daem identical 3 lines
09-13 17:03:29.095 1010 1010 E mm-camera: 2865: stats_port_check_caps_reserve: Invalid Port capability type!
09-13 17:03:29.095 1010 1010 I mm-3a-core: q3a_thread_aecawb_start Enter
09-13 17:03:29.117 531 531 I QCamera : openCamera: 2070: [KPI Perf]: X PROFILE_OPEN_CAMERA camera id 1, rc: 0
09-13 17:03:29.117 531 531 I CamDev@1.0-impl: could not cast ICameraDeviceCallback to IQCameraDeviceCallback
09-13 17:03:29.117 531 3329 I QCamera2HWI: QCamera2HardwareInterface::deferredWorkRoutine id=48
09-13 17:03:29.118 531 3329 D QCameraParameters: sensor_active_size is 3288 2480
09-13 17:03:29.118 531 3329 I QCamera : setFocusMode: 7701: Setting focus mode fixed
09-13 17:03:29.119 531 3329 I OPCAMERA_VFB: init_module: module=0xe8c97cc0 private=0xe10db000 list=0xe1fb1060
09-13 17:03:29.119 531 3371 I OPCAMERA_VFB: sensor_config: enable cfg for imx179
09-13 17:03:29.120 531 3329 I OPCAMERA_SFB: init_module: module=0xe1f9e020 private=0xe1fdf700 list=0xe1fb1090
09-13 17:03:29.123 531 3373 I OPCAMERA_SFB: sensor_config: imx179.is_sensor_cfg=1
09-13 17:03:29.136 3263 3263 E ActivityRecognitionHardware: activity_recognition HAL is deprecated. class_init is effectively a no-op
09-13 17:03:29.137 531 3329 E OneplusCamera: createFaceBeautyLevelString facebeauty levels=0,1,2,3,4,5,6,7,8
09-13 17:03:29.137 531 3329 I OPCAMERA_VFB: deinit_module: module=0xe8c97cc0 private=0xe10db000 list=0x0
09-13 17:03:29.137 531 3329 I OPCAMERA_SFB: deinit_module: module=0xe1f9e020 private=0xe1fdf700 list=0x0
09-13 17:03:29.139 1010 3365 E mm-camera: 2966: sensor_get_cur_chromatix_name: Sensor name:imx179,sensor id:0x0, vendor id:0, lens id:0
09-13 17:03:29.139 1010 3365 E mm-camera: 3129: sensor_get_cur_chromatix_name: 3A chromatix : imx179_3a_3280x2464_30fps_preview
09-13 17:03:29.140 531 3329 I QCamera2HWI: QCamera2HardwareInterface::dequeueDeferredWork id=48
09-13 17:03:29.142 531 531 I CamDev@1.0-impl: Closing camera 1
09-13 17:03:29.142 531 531 I QCamera : close_camera_device: 1649: [KPI Perf]: E camera id 1
09-13 17:03:29.143 531 531 I QCameraStateMachine: E
09-13 17:03:29.143 531 3327 I QCameraStateMachine: QCAMERA_SM_CMD_TYPE_EXIT
09-13 17:03:29.143 531 3327 I QCameraStateMachine: X
09-13 17:03:29.143 531 531 I QCameraStateMachine: X
09-13 17:03:29.143 531 531 I QCamera : closeCamera: 2479: E
09-13 17:03:29.143 531 531 I QCamera : closeCamera: 2484: [KPI Perf]: E PROFILE_CLOSE_CAMERA camera id 1
09-13 17:03:29.143 531 531 E OneplusCamera: acquire: fail
09-13 17:03:29.143 1010 3365 I : sensor_pick_resolution res_idx: 2
09-13 17:03:29.144 1010 3365 I : sensor_pick_resolution Matched pick_w:1640, pick_h:924, pick_fps:30.000000, pick_clk:136000000, pick_mode:1
09-13 17:03:29.146 531 531 D QCameraPostProc: stop: E
09-13 17:03:29.146 1010 1310 E mm-camera: 303: AllocateBuffers: Invalid dimensions 0x0
09-13 17:03:29.146 531 531 E QCameraPostProc: stop: X
09-13 17:03:29.146 1010 1310 E mm-camera: 203: img_algo_preload: Preload: Failed to allocate buffer, rc -4
09-13 17:03:29.147 1010 1310 E mm-camera: 117: module_imgbase_client_preload_exec: IMG_CORE_PRELOAD failed -4
09-13 17:03:29.147 531 3368 D : cmdtype=MM_CAMERA_CMD_TYPE_EXIT
09-13 17:03:29.147 1010 1010 E mm-camera: 916: isp_port_check_caps_unreserve: ISP session resource not dellocated in time
09-13 17:03:29.155 3262 3262 D sound_trigger_platform: call audio_hw_acdb_init_v2
09-13 17:03:29.155 3262 3262 E platform_info: param tag only supported with CONFIG_PARAMS section
09-13 17:03:29.156 3262 3262 I chatty : uid=1041(audioserver) audio@2.0-servi identical 3 lines
09-13 17:03:29.156 3262 3262 E platform_info: param tag only supported with CONFIG_PARAMS section
09-13 17:03:29.158 3262 3262 E audio_hw_acdb: acdb_init_v2: dlsym error undefined symbol: acdb_loader_init_v4 for acdb_loader_init_v4
09-13 17:03:29.158 3262 3262 D ACDB-LOADER: ACDB -> No .acdb files found in /vendor/etc/acdbdata!
09-13 17:03:29.158 3262 3262 D ACDB-LOADER: ACDB -> found 0 form factor & soundcard independant files
09-13 17:03:29.158 3262 3262 D ACDB-LOADER: ACDB -> Load file: /vendor/etc/acdbdata/MTP/MTP_Speaker_cal.acdb
09-13 17:03:29.158 3262 3262 D ACDB-LOADER: ACDB -> Load file: /vendor/etc/acdbdata/MTP/MTP_Bluetooth_cal.acdb
09-13 17:03:29.158 3262 3262 D ACDB-LOADER: ACDB -> Load file: /vendor/etc/acdbdata/MTP/MTP_Global_cal.acdb
09-13 17:03:29.158 3262 3262 D ACDB-LOADER: ACDB -> Load file: /vendor/etc/acdbdata/MTP/MTP_General_cal.acdb
09-13 17:03:29.158 3262 3262 D ACDB-LOADER: ACDB -> Load file: /vendor/etc/acdbdata/MTP/MTP_Headset_cal.acdb
09-13 17:03:29.158 3262 3262 D ACDB-LOADER: ACDB -> Load file: /vendor/etc/acdbdata/MTP/MTP_Hdmi_cal.acdb
09-13 17:03:29.158 3262 3262 D ACDB-LOADER: ACDB -> Load file: /vendor/etc/acdbdata/MTP/MTP_Handset_cal.acdb
09-13 17:03:29.158 3262 3262 D ACDB-LOADER: ACDB -> ACDB_CMD_INITIALIZE_V2
09-13 17:03:29.159 3262 3262 D : [ACDB Command]->SW Minor/Major/Revision version info for /vendor/etc/acdbdata/MTP/MTP_Speaker_cal.acdb
09-13 17:03:29.159 3262 3262 D : [ACDB Command]->ACDB Sw Major = 9, ACDB Sw Minor = 0, ACDB Sw Revision = 4, ACDB Sw Cpl Number = 0
09-13 17:03:29.159 3262 3262 D : [ACDB Command]->ACDB File Major = 7, ACDB File Minor = 0, ACDB File Revision = 5
09-13 17:03:29.159 3262 3262 D : [ACDB Command]->SW Minor/Major/Revision version info for /vendor/etc/acdbdata/MTP/MTP_Bluetooth_cal.acdb
09-13 17:03:29.159 3262 3262 D : [ACDB Command]->ACDB Sw Major = 9, ACDB Sw Minor = 0, ACDB Sw Revision = 4, ACDB Sw Cpl Number = 0
09-13 17:03:29.159 3262 3262 D : [ACDB Command]->ACDB File Major = 7, ACDB File Minor = 0, ACDB File Revision = 5
09-13 17:03:29.160 3262 3262 D : [ACDB Command]->SW Minor/Major/Revision version info for /vendor/etc/acdbdata/MTP/MTP_Global_cal.acdb
09-13 17:03:29.160 3262 3262 D : [ACDB Command]->ACDB Sw Major = 9, ACDB Sw Minor = 0, ACDB Sw Revision = 4, ACDB Sw Cpl Number = 0
09-13 17:03:29.160 3262 3262 D : [ACDB Command]->ACDB File Major = 7, ACDB File Minor = 0, ACDB File Revision = 5
09-13 17:03:29.160 3262 3262 D : [ACDB Command]->SW Minor/Major/Revision version info for /vendor/etc/acdbdata/MTP/MTP_General_cal.acdb
09-13 17:03:29.160 3262 3262 D : [ACDB Command]->ACDB Sw Major = 9, ACDB Sw Minor = 0, ACDB Sw Revision = 4, ACDB Sw Cpl Number = 0
09-13 17:03:29.160 3262 3262 D : [ACDB Command]->ACDB File Major = 7, ACDB File Minor = 0, ACDB File Revision = 5
09-13 17:03:29.160 3262 3262 D : [ACDB Command]->SW Minor/Major/Revision version info for /vendor/etc/acdbdata/MTP/MTP_Headset_cal.acdb
09-13 17:03:29.160 3262 3262 D : [ACDB Command]->ACDB Sw Major = 9, ACDB Sw Minor = 0, ACDB Sw Revision = 4, ACDB Sw Cpl Number = 0
09-13 17:03:29.160 3262 3262 D : [ACDB Command]->ACDB File Major = 7, ACDB File Minor = 0, ACDB File Revision = 5
09-13 17:03:29.160 3262 3262 D : [ACDB Command]->SW Minor/Major/Revision version info for /vendor/etc/acdbdata/MTP/MTP_Hdmi_cal.acdb
09-13 17:03:29.160 3262 3262 D : [ACDB Command]->ACDB Sw Major = 9, ACDB Sw Minor = 0, ACDB Sw Revision = 4, ACDB Sw Cpl Number = 0
09-13 17:03:29.160 3262 3262 D : [ACDB Command]->ACDB File Major = 7, ACDB File Minor = 0, ACDB File Revision = 5
09-13 17:03:29.161 3262 3262 D : [ACDB Command]->SW Minor/Major/Revision version info for /vendor/etc/acdbdata/MTP/MTP_Handset_cal.acdb
09-13 17:03:29.161 3262 3262 D : [ACDB Command]->ACDB Sw Major = 9, ACDB Sw Minor = 0, ACDB Sw Revision = 4, ACDB Sw Cpl Number = 0
09-13 17:03:29.161 3262 3262 D : [ACDB Command]->ACDB File Major = 7, ACDB File Minor = 0, ACDB File Revision = 5
09-13 17:03:29.161 3262 3262 D ACDB-LOADER: ACDB -> ACPH INIT
09-13 17:03:29.161 3262 3262 D : [ACPH]->Online service registered with ACPH
09-13 17:03:29.164 1010 3381 E mm-camera: 528: isp_module_stop_session: warning: ISP resource is not freed on time!
09-13 17:03:29.165 3262 3262 D : [ACPH]->ACPH init success
09-13 17:03:29.165 3262 3262 D ACDB-LOADER: ACDB -> RTAC INIT
09-13 17:03:29.165 3262 3262 D : [ACPH]->DSP RTC service registered with ACPH
09-13 17:03:29.165 3262 3262 D ACDB-LOADER: ACDB -> MCS, FTS INIT
09-13 17:03:29.165 3262 3262 E ACDB-MCS: acdb_mcs_init: /vendor/etc/audio_tuning_mixer_tasha.txt not present, using /vendor/etc/audio_tuning_mixer.txt config file
09-13 17:03:29.165 3262 3262 D : [ACPH]->MCS RTC service registered with ACPH
09-13 17:03:29.165 3262 3262 D : [ACPH]->FTS RTC service registered with ACPH
09-13 17:03:29.165 3262 3262 D ACDB-LOADER: ACDB -> ADIE RTAC INIT
09-13 17:03:29.165 3262 3262 D : [ACPH]->ADIE RTC service registered with ACPH
09-13 17:03:29.166 3262 3262 D ACDB-LOADER: ACDB -> ACDB_CMD_GET_VOC_PROC_DYNAMIC_TABLE_SIZE
09-13 17:03:29.185 3263 3263 I zygote64: Thread[1,tid=3263,Native,Thread*=0x7be1014c00,peer=0x130c0088,"main"] recursive attempt to load library "/system/lib64/libmedia_jni.so"
09-13 17:03:29.185 3263 3263 D MtpDeviceJNI: register_android_mtp_MtpDevice
09-13 17:03:29.185 3263 3263 I zygote64: Thread[1,tid=3263,Native,Thread*=0x7be1014c00,peer=0x130c0088,"main"] recursive attempt to load library "/system/lib64/libmedia_jni.so"
09-13 17:03:29.185 3263 3263 I zygote64: Thread[1,tid=3263,Native,Thread*=0x7be1014c00,peer=0x130c0088,"main"] recursive attempt to load library "/system/lib64/libmedia_jni.so"
09-13 17:03:29.204 531 531 I OPCAMERA_SERVICE: deinit_module: module=0xe8c97cb0 private=0xe1fa2e60 list=0x0
09-13 17:03:29.204 531 531 I QCamera : closeCamera: 2575: [KPI Perf]: X PROFILE_CLOSE_CAMERA camera id 1, rc: 0
09-13 17:03:29.223 3359 3359 W iptables-wrappe: type=1400 audit(0.0:659): avc: denied { read write } for path="/dev/diag" dev="tmpfs" ino=7350 scontext=u:r:netutils_wrapper:s0 tcontext=u:object_r:diag_device:s0 tclass=chr_file permissive=0
09-13 17:03:29.204 531 3328 I QCameraHWI_Mem: memoryPoolThread: stop proc
09-13 17:03:29.204 531 3328 I QCameraHWI_Mem: memoryPoolThread: X
09-13 17:03:29.205 531 531 I QCamera : close_camera_device: 1651: [KPI Perf]: X
09-13 17:03:29.205 3267 3267 I CameraProviderManager: Enumerating new camera device: device@3.3/legacy/1
09-13 17:03:29.207 3267 3267 I CameraProviderManager: Camera provider legacy/0 ready with 4 camera devices
09-13 17:03:29.207 479 479 W hwservicemanager: getTransport: Cannot find entry android.hardware.camera.provider@2.4::ICameraProvider/external/0 in either framework or device manifest.
09-13 17:03:29.209 3267 3267 D vndksupport: Loading /vendor/lib/hw/android.hardware.camera.provider@2.4-impl.so from current namespace instead of sphal namespace.
09-13 17:03:29.218 3267 3267 E ExtCamUtils@3.4: loadFromCfg: Unable to load external camera config file '/vendor/etc/external_camera_config.xml'. Error: XML_ERROR_FILE_NOT_FOUND
09-13 17:03:29.218 3267 3267 I CameraProviderManager: Connecting to new camera provider: external/0, isRemote? 0
09-13 17:03:29.218 3267 3267 I CameraProviderManager: Camera provider external/0 ready with 0 camera devices
09-13 17:03:29.218 3267 3275 W CameraProviderManager: addProviderLocked: Camera provider HAL with name 'legacy/0' already registered
09-13 17:03:29.220 3267 3275 I CameraService: onDeviceStatusChanged: Status changed for cameraId=1, newStatus=1
09-13 17:03:29.220 3267 3275 I CameraService: onDeviceStatusChanged: Unknown camera ID 1, a new camera is added
09-13 17:03:29.221 3267 3275 I CameraService: onDeviceStatusChanged: Status changed for cameraId=0, newStatus=1
09-13 17:03:29.221 3267 3275 I CameraService: onDeviceStatusChanged: Unknown camera ID 0, a new camera is added
09-13 17:03:29.221 3267 3267 I CameraService: onDeviceStatusChanged: Status changed for cameraId=1, newStatus=1
09-13 17:03:29.221 3267 3267 E CameraService: onDeviceStatusChanged: State transition to the same status 0x1 not allowed
09-13 17:03:29.221 3267 3267 I CameraService: onDeviceStatusChanged: Status changed for cameraId=0, newStatus=1
09-13 17:03:29.221 3267 3267 E CameraService: onDeviceStatusChanged: State transition to the same status 0x1 not allowed
09-13 17:03:29.221 3267 3267 I : Waiting for activity service
09-13 17:03:29.222 3265 3265 I zygote : Explicit concurrent copying GC freed 199(19KB) AllocSpace objects, 0(0B) LOS objects, 98% free, 28KB/1564KB, paused 144us total 7.062ms
09-13 17:03:29.237 3265 3265 I zygote : Explicit concurrent copying GC freed 5(32KB) AllocSpace objects, 0(0B) LOS objects, 97% free, 44KB/1580KB, paused 646us total 11.049ms
09-13 17:03:29.251 1010 3392 E mm-3a-core: light_sensor_init init fail
09-13 17:03:29.253 3262 3262 D ACDB-LOADER: ACDB -> send_common_custom_topology
09-13 17:03:29.253 3262 3262 D ACDB-LOADER: ACDB -> ACDB_CMD_GET_AVCS_CUSTOM_TOPO_INFO_SIZE
09-13 17:03:29.253 3262 3262 D ACDB-LOADER: ACDB -> ACDB_CMD_GET_AVCS_CUSTOM_TOPO_INFO
09-13 17:03:29.253 3262 3262 D ACDB-LOADER: ACDB -> ACDB_CMD_GET_AVCS_CUSTOM_TOPO_INFO: size:0x1ec ret=0
09-13 17:03:29.253 3262 3262 D ACDB-LOADER: ACDB -> CORE_CUSTOM_TOPOLOGIES
09-13 17:03:29.255 3262 3262 E ACDB-LOADER: AUDIO_SET_CALIBRATION, Error = -1
09-13 17:03:29.255 3262 3262 D ACDB-LOADER: ACDB -> acdb_loader_send_common_custom_topology: Common custom topology not in use
09-13 17:03:29.255 3262 3262 D ACDB-LOADER: ACDB -> send_afe_custom_topology
09-13 17:03:29.255 3262 3262 D ACDB-LOADER: ACDB -> ACDB_CMD_GET_AFE_TOPOLOGIES
09-13 17:03:29.255 3262 3262 D : ACDBFILE_MGR: Property for the pid 000130DE not found
09-13 17:03:29.255 3262 3262 D : ACDB_COMMAND: Failed to fetch the property info for pid 000130DE
09-13 17:03:29.255 3262 3262 E ACDB-LOADER: Error: ACDB get afe custom topologies returned = -18
09-13 17:03:29.255 3262 3262 D ACDB-LOADER: ACDB -> ACDB_CMD_GET_AFE_TOPOLOGIES: size:0x0 ret=-18
09-13 17:03:29.255 3262 3262 D ACDB-LOADER: ACDB -> AUDIO_SET_AFE_CUSTOM_TOPOLOGY
09-13 17:03:29.255 3262 3262 D ACDB-LOADER: ACDB -> send_adm_custom_topology
09-13 17:03:29.255 3262 3262 D ACDB-LOADER: ACDB -> ACDB_CMD_GET_AUDIO_COPP_TOPOLOGIES
09-13 17:03:29.255 3262 3262 D ACDB-LOADER: ACDB -> AUDIO_SET_ADM_CUSTOM_TOPOLOGY
09-13 17:03:29.255 3262 3262 D ACDB-LOADER: ACDB -> send_asm_custom_topology
09-13 17:03:29.255 3262 3262 D ACDB-LOADER: ACDB -> ACDB_CMD_GET_AUDIO_POPP_TOPOLOGIES
09-13 17:03:29.255 3262 3262 D ACDB-LOADER: ACDB -> AUDIO_SET_ASM_CUSTOM_TOPOLOGY
09-13 17:03:29.255 3262 3262 D ACDB-LOADER: ACDB -> send_lsm_custom_topology
09-13 17:03:29.255 3262 3262 D ACDB-LOADER: ACDB -> ACDB_CMD_GET_LSM_TOPOLOGIES
09-13 17:03:29.255 3262 3262 D ACDB-LOADER: ACDB -> AUDIO_SET_LSM_CUSTOM_TOPOLOGY
09-13 17:03:29.255 3262 3262 D ACDB-LOADER: ACDB -> init done!
09-13 17:03:29.255 3262 3262 D audio_hw_acdb: acdb_init_v2: ACDB Instance ID support after ACDB init:0
09-13 17:03:29.255 3262 3262 D sound_trigger_platform: platform_stdev_init Opening device /dev/snd/hwC0D1000
09-13 17:03:29.265 1010 3388 I mm-camera: sony_imx179_eeprom_get_calibration_items: A light valid page:0, D50 valid page:0
09-13 17:03:29.266 1010 3392 E mm-camera: 448: dsps_open: try to sensor1_open()
09-13 17:03:29.273 3263 3263 W main : type=1400 audit(0.0:660): avc: denied { read } for name="u:object_r:vendor_scroll_prop:s0" dev="tmpfs" ino=16517 scontext=u:r:zygote:s0 tcontext=u:object_r:vendor_scroll_prop:s0 tclass=file permissive=0
09-13 17:03:29.284 3263 3263 E libc : Access denied finding property "vendor.perf.gestureflingboost.enable"
09-13 17:03:29.283 3393 3393 W iptables-wrappe: type=1400 audit(0.0:661): avc: denied { read write } for path="/dev/diag" dev="tmpfs" ino=7350 scontext=u:r:netutils_wrapper:s0 tcontext=u:object_r:diag_device:s0 tclass=chr_file permissive=0
09-13 17:03:29.292 3263 3263 E libc : Access denied finding property "vendor.perf.gestureflingboost.enable"
09-13 17:03:29.292 3262 3262 D sound_trigger_platform: get_codec_version: codec version WCD9335_2_0
09-13 17:03:29.292 3262 3262 I SoundTriggerHalImpl: onFirstRef() mModuleName primary mHwDevice 0xf2b3a300
09-13 17:03:29.295 3262 3262 I audiohalservice: Registration complete for android.hardware.soundtrigger@2.1::ISoundTriggerHw/default.
09-13 17:03:29.296 479 479 W hwservicemanager: getTransport: Cannot find entry android.hardware.bluetooth.a2dp@1.0::IBluetoothAudioOffload/default in either framework or device manifest.
09-13 17:03:29.296 3265 3265 I Zygote : Accepting command socket connections
09-13 17:03:29.297 3262 3262 E audiohalservice: Could not get passthrough implementation for android.hardware.bluetooth.a2dp@1.0::IBluetoothAudioOffload/default.
09-13 17:03:29.297 3262 3262 W audiohalservice: Could not register Bluetooth audio offload 1.0
09-13 17:03:29.299 3262 3262 E audiohalservice: Could not get passthrough implementation for com.qualcomm.qti.bluetooth_audio@1.0::IBluetoothAudio/default.
09-13 17:03:29.299 3262 3262 W audiohalservice: Could not register bluetooth_audio service
09-13 17:03:29.303 3263 3263 W main : type=1400 audit(0.0:663): avc: denied { write } for name="/" dev="tmpfs" ino=18307 scontext=u:r:zygote:s0 tcontext=u:object_r:system_file:s0 tclass=dir permissive=0
09-13 17:03:29.314 3263 3263 I DpmTcmClient: DpmTcmClient constructor
09-13 17:03:29.334 1010 1010 I mm-camera: < INFO> 292: af_core_init: af_core_init
09-13 17:03:29.335 1010 1010 E mm-camera: 2865: stats_port_check_caps_reserve: Invalid Port capability type!
09-13 17:03:29.335 1010 1010 I chatty : uid=1006(camera) mm-qcamera-daem identical 3 lines
09-13 17:03:29.335 1010 1010 E mm-camera: 2865: stats_port_check_caps_reserve: Invalid Port capability type!
09-13 17:03:29.335 1010 1010 I mm-3a-core: q3a_thread_aecawb_start Enter
09-13 17:03:29.353 1010 3411 E mm-camera: 2966: sensor_get_cur_chromatix_name: Sensor name:imx179,sensor id:0x0, vendor id:0, lens id:0
09-13 17:03:29.353 1010 3411 E mm-camera: 3129: sensor_get_cur_chromatix_name: 3A chromatix : imx179_3a_3280x2464_30fps_preview
09-13 17:03:29.354 1010 3411 E mm-camera: 4205: mct_pipeline_process_get: NULL ptr detected! query_buf = [0x0] module list = [0xeb91f980]
09-13 17:03:29.355 3267 3386 E CamPvdr@2.4-external: deviceAdded v4l2 QUERYCAP /dev/video3 failed
09-13 17:03:29.356 3263 3263 I Zygote : ...preloaded 6535 classes in 513ms.
09-13 17:03:29.356 3263 3263 I zygote64: VMRuntime.preloadDexCaches starting
09-13 17:03:29.400 1010 3426 E mm-3a-core: light_sensor_init init fail
09-13 17:03:29.403 1010 3426 E mm-camera: 448: dsps_open: try to sensor1_open()
09-13 17:03:29.410 3266 3266 I FastMixerState: sMaxFastTracks = 8
09-13 17:03:29.410 3266 3266 V MediaUtils: physMem: 4294967295
09-13 17:03:29.411 3266 3266 V MediaUtils: requested limit: 536870912
09-13 17:03:29.411 3266 3266 V MediaUtils: actual limit: 536870912
09-13 17:03:29.411 3266 3266 V MediaUtils: original limits: 4294967295/4294967295
09-13 17:03:29.411 3266 3266 V MediaUtils: new limits: 536870912/4294967295
09-13 17:03:29.412 3266 3266 I audioserver: ServiceManager: 0xf229c1c0
09-13 17:03:29.412 3266 3266 D audioserver: audioserver get Service Manager need time 0 ms
09-13 17:03:29.412 3263 3263 I zygote64: VMRuntime.preloadDexCaches strings total=356396 before=14612 after=14612
09-13 17:03:29.412 3263 3263 I zygote64: VMRuntime.preloadDexCaches types total=32715 before=8120 after=8129
09-13 17:03:29.412 3263 3263 I zygote64: VMRuntime.preloadDexCaches fields total=146899 before=9193 after=9207
09-13 17:03:29.412 3263 3263 I zygote64: VMRuntime.preloadDexCaches methods total=256431 before=13225 after=13240
09-13 17:03:29.412 3263 3263 I zygote64: VMRuntime.preloadDexCaches finished
09-13 17:03:29.412 3266 3266 W BatteryNotifier: batterystats service unavailable!
09-13 17:03:29.418 479 479 W hwservicemanager: getTransport: Cannot find entry android.hardware.audio@4.0::IDevicesFactory/msd in either framework or device manifest.
09-13 17:03:29.420 3266 3266 D vndksupport: Loading /vendor/lib/hw/android.hardware.audio@4.0-impl.so from current namespace instead of sphal namespace.
09-13 17:03:29.429 3266 3266 I AudioFlinger: Using default 3000 mSec as standby time.
09-13 17:03:29.430 3266 3266 D audioserver: audioserver audio flinger init need time 18 ms
09-13 17:03:29.431 3266 3266 E APM::Serializer: deserialize: Could not parse /odm/etc/audio_policy_configuration.xml document.
09-13 17:03:29.433 1010 1010 I mm-camera: < INFO> 292: af_core_init: af_core_init
09-13 17:03:29.434 1010 1010 E mm-camera: 2865: stats_port_check_caps_reserve: Invalid Port capability type!
09-13 17:03:29.434 1010 1010 I chatty : uid=1006(camera) mm-qcamera-daem identical 3 lines
09-13 17:03:29.434 1010 1010 E mm-camera: 2865: stats_port_check_caps_reserve: Invalid Port capability type!
09-13 17:03:29.434 1010 1010 I mm-3a-core: q3a_thread_aecawb_start Enter
09-13 17:03:29.461 3262 3435 D vndksupport: Loading /vendor/lib/hw/audio.primary.msm8996.so from current namespace instead of sphal namespace.
09-13 17:03:29.462 3262 3435 D audio_hw_primary: adev_open: enter
09-13 17:03:29.462 3262 3435 D audio_log_utils: registered, module hal
09-13 17:03:29.464 3262 3435 D audio_hw_utils: audio_extn_utils_open_snd_mixer: snd_card_name: msm8996-tasha-mtp-snd-card
09-13 17:03:29.464 3262 3435 W hardware_info: update_hardware_info_8996: Not a 8996 device
09-13 17:03:29.464 3262 3435 D audio_hw_utils: audio_extn_utils_open_snd_mixer: Opened sound card:0
09-13 17:03:29.464 3262 3435 D msm8974_platform: platform_init: Opened sound card:0
09-13 17:03:29.464 3262 3435 W hardware_info: update_hardware_info_8996: Not a 8996 device
09-13 17:03:29.464 3262 3435 D msm8974_platform: platform_init: Loading mixer file: /vendor/etc/mixer_paths_tasha.xml
09-13 17:03:29.476 1010 3451 E mm-camera: 2966: sensor_get_cur_chromatix_name: Sensor name:imx298,sensor id:0x0, vendor id:4, lens id:0
09-13 17:03:29.476 1010 3451 E mm-camera: 3129: sensor_get_cur_chromatix_name: 3A chromatix : imx298_zsl_preview
09-13 17:03:29.476 1010 3451 E mm-camera: 4205: mct_pipeline_process_get: NULL ptr detected! query_buf = [0x0] module list = [0xeb91f980]
09-13 17:03:29.476 3267 3386 E CamPvdr@2.4-external: deviceAdded v4l2 QUERYCAP /dev/video2 failed
09-13 17:03:29.478 3263 3263 I AssetManager: no overlays.list file found
09-13 17:03:29.479 3263 3263 I Zygote : Preloading resources...
09-13 17:03:29.489 3263 3263 W Resources: Preloaded drawable resource #0x1080265 (android:drawable/dialog_background_material) that varies with configuration!!
09-13 17:03:29.507 3263 3263 I Zygote : ...preloaded 64 resources in 28ms.
09-13 17:03:29.510 1031 1086 W ServiceManagement: Waited one second for android.frameworks.sensorservice@1.0::ISensorManager/default
09-13 17:03:29.511 1031 1086 I ServiceManagement: getService: Trying again for android.frameworks.sensorservice@1.0::ISensorManager/default...
09-13 17:03:29.512 3263 3263 I Zygote : ...preloaded 41 resources in 5ms.
09-13 17:03:29.512 3263 3263 D vndksupport: Loading /vendor/lib64/hw/android.hardware.graphics.mapper@2.0-impl.so from current namespace instead of sphal namespace.
09-13 17:03:29.513 3263 3263 D vndksupport: Loading /vendor/lib64/egl/libEGL_adreno.so from current namespace instead of sphal namespace.
09-13 17:03:29.515 3263 3263 D libEGL : loaded /vendor/lib64/egl/libEGL_adreno.so
09-13 17:03:29.520 3263 3263 D vndksupport: Loading /vendor/lib64/egl/libGLESv1_CM_adreno.so from current namespace instead of sphal namespace.
09-13 17:03:29.521 3263 3263 D libEGL : loaded /vendor/lib64/egl/libGLESv1_CM_adreno.so
09-13 17:03:29.536 3263 3263 D vndksupport: Loading /vendor/lib64/egl/libGLESv2_adreno.so from current namespace instead of sphal namespace.
09-13 17:03:29.536 3263 3263 D libEGL : loaded /vendor/lib64/egl/libGLESv2_adreno.so
09-13 17:03:29.551 3263 3263 I Zygote : Preloading shared libraries...
09-13 17:03:29.556 3263 3263 I Zygote : Uninstalled ICU cache reference pinning...
09-13 17:03:29.557 3263 3263 I Zygote : Installed AndroidKeyStoreProvider in 1ms.
09-13 17:03:29.564 3263 3263 I Zygote : Warmed up JCA providers in 7ms.
09-13 17:03:29.564 3263 3263 D Zygote : end preload
09-13 17:03:29.564 3263 3263 I zygote64: Waiting for a blocking GC Explicit
09-13 17:03:29.604 3263 3263 I zygote64: WaitForGcToComplete blocked Explicit on None for 39.893ms
09-13 17:03:29.636 3263 3263 I zygote64: Explicit concurrent copying GC freed 623(21KB) AllocSpace objects, 0(0B) LOS objects, 50% free, 2MB/4MB, paused 49us total 31.454ms
09-13 17:03:29.641 1010 3422 E mm-camera: 731: eeprom_process: failed NULL pointer detected: eeprom_ctrl :
09-13 17:03:29.641 1010 3422 E mm-camera: 325: module_sensor_offload_ois_init_calibrate: Get Is OIS calibration failed
09-13 17:03:29.663 3267 3386 W CamPvdr@2.4-external: deviceAdded device /dev/video1 does not support VIDEO_CAPTURE
09-13 17:03:29.668 3263 3263 I zygote64: Explicit concurrent copying GC freed 1046(75KB) AllocSpace objects, 0(0B) LOS objects, 50% free, 2MB/4MB, paused 48us total 31.692ms
09-13 17:03:29.670 3267 3386 E CamPvdr@2.4-external: deviceAdded open v4l2 device /dev/video0 failed:Device or resource busy
09-13 17:03:29.682 3267 3386 W CamPvdr@2.4-external: deviceAdded device /dev/video33 does not support VIDEO_CAPTURE
09-13 17:03:29.710 3267 3386 W CamPvdr@2.4-external: deviceAdded device /dev/video32 does not support VIDEO_CAPTURE
09-13 17:03:29.711 3267 3386 I CamPvdr@2.4-external: threadLoop start monitoring new V4L2 devices
09-13 17:03:29.763 3263 3263 I Zygote : System server process 3476 has been created
09-13 17:03:29.763 3263 3263 I Zygote : Accepting command socket connections
09-13 17:03:29.766 1169 1225 I QC-NETMGR-LIB: NetmgrNetdClientRegisterNetwork(): Looking for Netd service
09-13 17:03:29.766 1169 1225 I QC-NETMGR-LIB: NetmgrNetdClientRegisterNetwork(): register to create new OEM network
09-13 17:03:29.766 1169 1225 I QC-NETMGR-LIB: registerNetwork(): Attempting createOemNetwork
09-13 17:03:29.766 3271 3352 D TcpSocketMonitor: suspending tcpinfo polling
09-13 17:03:29.766 1169 1225 I QC-NETMGR-LIB: registerNetwork(): command completed!
09-13 17:03:29.766 1169 1225 I QC-NETMGR-LIB: registerNetwork(): createOemNetwork succeeded [packet mark : 0xf0002] [net id : 2] [network handle : 0x2cafed00d]
09-13 17:03:29.766 1169 1225 I QC-NETMGR-LIB: NetmgrNetdClientRegisterNetwork(): [packet mark : 0xf0002] [network handle : 0x2cafed00d]
09-13 17:03:29.786 3476 3476 E system_server: Not starting debugger since process cannot load the jdwp agent.
09-13 17:03:29.798 3476 3476 I Zygote : Process: zygote socket RESERVED/zygote_secondary opened, supported ABIS: armeabi-v7a,armeabi
09-13 17:03:29.809 3476 3476 W system_server: ClassLoaderContext size mismatch. expected=1, actual=2 (PCL[] | PCL[];PCL[])
09-13 17:03:29.815 3476 3476 I system_server: The ClassLoaderContext is a special shared library.
09-13 17:03:29.819 3476 3476 I chatty : uid=1000 system_server identical 1 line
09-13 17:03:29.822 3476 3476 I system_server: The ClassLoaderContext is a special shared library.
09-13 17:03:29.860 3476 3476 I system_server: Rejecting re-init on previously-failed class java.lang.Class: java.lang.NoClassDefFoundError: Failed resolution of: Landroid/view/WindowManagerPolicy;
09-13 17:03:29.860 3476 3476 I system_server: at java.lang.Class java.lang.Class.classForName(java.lang.String, boolean, java.lang.ClassLoader) (Class.java:-2)
09-13 17:03:29.860 3476 3476 I system_server: at java.lang.Class java.lang.Class.forName(java.lang.String, boolean, java.lang.ClassLoader) (Class.java:453)
09-13 17:03:29.860 3476 3476 I system_server: at java.lang.Runnable com.android.internal.os.RuntimeInit.findStaticMain(java.lang.String, java.lang.String[], java.lang.ClassLoader) (RuntimeInit.java:336)
09-13 17:03:29.860 3476 3476 I system_server: at java.lang.Runnable com.android.internal.os.RuntimeInit.applicationInit(int, java.lang.String[], java.lang.ClassLoader) (RuntimeInit.java:409)
09-13 17:03:29.860 3476 3476 I system_server: at java.lang.Runnable com.android.internal.os.ZygoteInit.zygoteInit(int, java.lang.String[], java.lang.ClassLoader) (ZygoteInit.java:912)
09-13 17:03:29.860 3476 3476 I system_server: at java.lang.Runnable com.android.internal.os.ZygoteInit.handleSystemServerProcess(com.android.internal.os.ZygoteConnection$Arguments) (ZygoteInit.java:506)
09-13 17:03:29.860 3476 3476 I system_server: at java.lang.Runnable com.android.internal.os.ZygoteInit.forkSystemServer(java.lang.String, java.lang.String, com.android.internal.os.ZygoteServer) (ZygoteInit.java:730)
09-13 17:03:29.860 3476 3476 I system_server: at void com.android.internal.os.ZygoteInit.main(java.lang.String[]) (ZygoteInit.java:833)
09-13 17:03:29.860 3476 3476 I system_server: Caused by: java.lang.ClassNotFoundException: Didn't find class "android.view.WindowManagerPolicy" on path: DexPathList[[zip file "/system/framework/services.jar", zip file "/system/framework/ethernet-service.jar", zip file "/system/framework/wifi-service.jar", zip file "/system/framework/com.android.location.provider.jar"],nativeLibraryDirectories=[/system/lib64, /system/vendor/lib64, /system/lib64, /system/vendor/lib64]]
09-13 17:03:29.860 3476 3476 I system_server: at java.lang.Class dalvik.system.BaseDexClassLoader.findClass(java.lang.String) (BaseDexClassLoader.java:169)
09-13 17:03:29.860 3476 3476 I system_server: at java.lang.Class java.lang.ClassLoader.loadClass(java.lang.String, boolean) (ClassLoader.java:379)
09-13 17:03:29.860 3476 3476 I system_server: at java.lang.Class java.lang.ClassLoader.loadClass(java.lang.String) (ClassLoader.java:312)
09-13 17:03:29.861 3476 3476 I system_server: at java.lang.Class java.lang.Class.classForName(java.lang.String, boolean, java.lang.ClassLoader) (Class.java:-2)
09-13 17:03:29.861 3476 3476 I system_server: at java.lang.Class java.lang.Class.forName(java.lang.String, boolean, java.lang.ClassLoader) (Class.java:453)
09-13 17:03:29.861 3476 3476 I system_server: at java.lang.Runnable com.android.internal.os.RuntimeInit.findStaticMain(java.lang.String, java.lang.String[], java.lang.ClassLoader) (RuntimeInit.java:336)
09-13 17:03:29.861 3476 3476 I system_server: at java.lang.Runnable com.android.internal.os.RuntimeInit.applicationInit(int, java.lang.String[], java.lang.ClassLoader) (RuntimeInit.java:409)
09-13 17:03:29.861 3476 3476 I system_server: at java.lang.Runnable com.android.internal.os.ZygoteInit.zygoteInit(int, java.lang.String[], java.lang.ClassLoader) (ZygoteInit.java:912)
09-13 17:03:29.861 3476 3476 I system_server: at java.lang.Runnable com.android.internal.os.ZygoteInit.handleSystemServerProcess(com.android.internal.os.ZygoteConnection$Arguments) (ZygoteInit.java:506)
09-13 17:03:29.861 3476 3476 I system_server: at java.lang.Runnable com.android.internal.os.ZygoteInit.forkSystemServer(java.lang.String, java.lang.String, com.android.internal.os.ZygoteServer) (ZygoteInit.java:730)
09-13 17:03:29.861 3476 3476 I system_server: at void com.android.internal.os.ZygoteInit.main(java.lang.String[]) (ZygoteInit.java:833)
09-13 17:03:29.861 3476 3476 I system_server:
09-13 17:03:29.861 3476 3476 I system_server: Rejecting re-init on previously-failed class java.lang.Class: java.lang.NoClassDefFoundError: Failed resolution of: Lcom/android/server/policy/PhoneWindowManager;
09-13 17:03:29.862 3476 3476 I system_server: at java.lang.Class java.lang.Class.classForName(java.lang.String, boolean, java.lang.ClassLoader) (Class.java:-2)
09-13 17:03:29.862 3476 3476 I system_server: at java.lang.Class java.lang.Class.forName(java.lang.String, boolean, java.lang.ClassLoader) (Class.java:453)
09-13 17:03:29.862 3476 3476 I system_server: at java.lang.Runnable com.android.internal.os.RuntimeInit.findStaticMain(java.lang.String, java.lang.String[], java.lang.ClassLoader) (RuntimeInit.java:336)
09-13 17:03:29.862 3476 3476 I system_server: at java.lang.Runnable com.android.internal.os.RuntimeInit.applicationInit(int, java.lang.String[], java.lang.ClassLoader) (RuntimeInit.java:409)
09-13 17:03:29.862 3476 3476 I system_server: at java.lang.Runnable com.android.internal.os.ZygoteInit.zygoteInit(int, java.lang.String[], java.lang.ClassLoader) (ZygoteInit.java:912)
09-13 17:03:29.862 3476 3476 I system_server: at java.lang.Runnable com.android.internal.os.ZygoteInit.handleSystemServerProcess(com.android.internal.os.ZygoteConnection$Arguments) (ZygoteInit.java:506)
09-13 17:03:29.862 3476 3476 I system_server: at java.lang.Runnable com.android.internal.os.ZygoteInit.forkSystemServer(java.lang.String, java.lang.String, com.android.internal.os.ZygoteServer) (ZygoteInit.java:730)
09-13 17:03:29.862 3476 3476 I system_server: at void com.android.internal.os.ZygoteInit.main(java.lang.String[]) (ZygoteInit.java:833)
09-13 17:03:29.862 3476 3476 I system_server: Caused by: java.lang.ClassNotFoundException: com.android.server.policy.PhoneWindowManager
09-13 17:03:29.862 3476 3476 I system_server: at java.lang.Class java.lang.VMClassLoader.findLoadedClass(java.lang.ClassLoader, java.lang.String) (VMClassLoader.java:-2)
09-13 17:03:29.862 3476 3476 I system_server: at java.lang.Class java.lang.ClassLoader.findLoadedClass(java.lang.String) (ClassLoader.java:738)
09-13 17:03:29.862 3476 3476 I system_server: at java.lang.Class java.lang.ClassLoader.loadClass(java.lang.String, boolean) (ClassLoader.java:363)
09-13 17:03:29.862 3476 3476 I system_server: at java.lang.Class java.lang.ClassLoader.loadClass(java.lang.String) (ClassLoader.java:312)
09-13 17:03:29.862 3476 3476 I system_server: at java.lang.Class java.lang.Class.classForName(java.lang.String, boolean, java.lang.ClassLoader) (Class.java:-2)
09-13 17:03:29.862 3476 3476 I system_server: at java.lang.Class java.lang.Class.forName(java.lang.String, boolean, java.lang.ClassLoader) (Class.java:453)
09-13 17:03:29.862 3476 3476 I system_server: at java.lang.Runnable com.android.internal.os.RuntimeInit.findStaticMain(java.lang.String, java.lang.String[], java.lang.ClassLoader) (RuntimeInit.java:336)
09-13 17:03:29.862 3476 3476 I system_server: at java.lang.Runnable com.android.internal.os.RuntimeInit.applicationInit(int, java.lang.String[], java.lang.ClassLoader) (RuntimeInit.java:409)
09-13 17:03:29.862 3476 3476 I system_server: at java.lang.Runnable com.android.internal.os.ZygoteInit.zygoteInit(int, java.lang.String[], java.lang.ClassLoader) (ZygoteInit.java:912)
09-13 17:03:29.862 3476 3476 I system_server: at java.lang.Runnable com.android.internal.os.ZygoteInit.handleSystemServerProcess(com.android.internal.os.ZygoteConnection$Arguments) (ZygoteInit.java:506)
09-13 17:03:29.862 3476 3476 I system_server: at java.lang.Runnable com.android.internal.os.ZygoteInit.forkSystemServer(java.lang.String, java.lang.String, com.android.internal.os.ZygoteServer) (ZygoteInit.java:730)
09-13 17:03:29.862 3476 3476 I system_server: at void com.android.internal.os.ZygoteInit.main(java.lang.String[]) (ZygoteInit.java:833)
09-13 17:03:29.863 3476 3476 I system_server:
09-13 17:03:29.864 3476 3476 I system_server: Rejecting re-init on previously-failed class java.lang.Class: java.lang.NoClassDefFoundError: Failed resolution of: Lcom/android/server/policy/PhoneWindowManager;
09-13 17:03:29.864 3476 3476 I system_server: at java.lang.Class java.lang.Class.classForName(java.lang.String, boolean, java.lang.ClassLoader) (Class.java:-2)
09-13 17:03:29.864 3476 3476 I system_server: at java.lang.Class java.lang.Class.forName(java.lang.String, boolean, java.lang.ClassLoader) (Class.java:453)
09-13 17:03:29.864 3476 3476 I system_server: at java.lang.Runnable com.android.internal.os.RuntimeInit.findStaticMain(java.lang.String, java.lang.String[], java.lang.ClassLoader) (RuntimeInit.java:336)
09-13 17:03:29.864 3476 3476 I system_server: at java.lang.Runnable com.android.internal.os.RuntimeInit.applicationInit(int, java.lang.String[], java.lang.ClassLoader) (RuntimeInit.java:409)
09-13 17:03:29.864 3476 3476 I system_server: at java.lang.Runnable com.android.internal.os.ZygoteInit.zygoteInit(int, java.lang.String[], java.lang.ClassLoader) (ZygoteInit.java:912)
09-13 17:03:29.864 3476 3476 I system_server: at java.lang.Runnable com.android.internal.os.ZygoteInit.handleSystemServerProcess(com.android.internal.os.ZygoteConnection$Arguments) (ZygoteInit.java:506)
09-13 17:03:29.864 3476 3476 I system_server: at java.lang.Runnable com.android.internal.os.ZygoteInit.forkSystemServer(java.lang.String, java.lang.String, com.android.internal.os.ZygoteServer) (ZygoteInit.java:730)
09-13 17:03:29.864 3476 3476 I system_server: at void com.android.internal.os.ZygoteInit.main(java.lang.String[]) (ZygoteInit.java:833)
09-13 17:03:29.864 3476 3476 I system_server: Caused by: java.lang.ClassNotFoundException: com.android.server.policy.PhoneWindowManager
09-13 17:03:29.864 3476 3476 I system_server: at java.lang.Class java.lang.VMClassLoader.findLoadedClass(java.lang.ClassLoader, java.lang.String) (VMClassLoader.java:-2)
09-13 17:03:29.864 3476 3476 I system_server: at java.lang.Class java.lang.ClassLoader.findLoadedClass(java.lang.String) (ClassLoader.java:738)
09-13 17:03:29.864 3476 3476 I system_server: at java.lang.Class java.lang.ClassLoader.loadClass(java.lang.String, boolean) (ClassLoader.java:363)
09-13 17:03:29.864 3476 3476 I system_server: at java.lang.Class java.lang.ClassLoader.loadClass(java.lang.String) (ClassLoader.java:312)
09-13 17:03:29.864 3476 3476 I system_server: at java.lang.Class java.lang.Class.classForName(java.lang.String, boolean, java.lang.ClassLoader) (Class.java:-2)
09-13 17:03:29.864 3476 3476 I system_server: at java.lang.Class java.lang.Class.forName(java.lang.String, boolean, java.lang.ClassLoader) (Class.java:453)
09-13 17:03:29.864 3476 3476 I system_server: at java.lang.Runnable com.android.internal.os.RuntimeInit.findStaticMain(java.lang.String, java.lang.String[], java.lang.ClassLoader) (RuntimeInit.java:336)
09-13 17:03:29.864 3476 3476 I system_server: at java.lang.Runnable com.android.internal.os.RuntimeInit.applicationInit(int, java.lang.String[], java.lang.ClassLoader) (RuntimeInit.java:409)
09-13 17:03:29.864 3476 3476 I system_server: at java.lang.Runnable com.android.internal.os.ZygoteInit.zygoteInit(int, java.lang.String[], java.lang.ClassLoader) (ZygoteInit.java:912)
09-13 17:03:29.864 3476 3476 I system_server: at java.lang.Runnable com.android.internal.os.ZygoteInit.handleSystemServerProcess(com.android.internal.os.ZygoteConnection$Arguments) (ZygoteInit.java:506)
09-13 17:03:29.864 3476 3476 I system_server: at java.lang.Runnable com.android.internal.os.ZygoteInit.forkSystemServer(java.lang.String, java.lang.String, com.android.internal.os.ZygoteServer) (ZygoteInit.java:730)
09-13 17:03:29.864 3476 3476 I system_server: at void com.android.internal.os.ZygoteInit.main(java.lang.String[]) (ZygoteInit.java:833)
09-13 17:03:29.864 3476 3476 I system_server:
