09-13 17:03:54.703 4849 4849 W iptables-wrappe: type=1400 audit(0.0:1038): avc: denied { read write } for path="/dev/diag" dev="tmpfs" ino=7350 scontext=u:r:netutils_wrapper:s0 tcontext=u:object_r:diag_device:s0 tclass=chr_file permissive=0
09-13 17:03:54.722 4623 4623 I Zygote : Preloading classes...
09-13 17:03:54.723 4852 4852 W iptables-wrappe: type=1400 audit(0.0:1039): avc: denied { read write } for path="/dev/diag" dev="tmpfs" ino=7350 scontext=u:r:netutils_wrapper:s0 tcontext=u:object_r:diag_device:s0 tclass=chr_file permissive=0
09-13 17:03:54.745 4623 4623 I PackageBackwardCompatibility: Loaded android.content.pm.OrgApacheHttpLegacyUpdater
09-13 17:03:54.745 4623 4623 I PackageBackwardCompatibility: Could not find android.content.pm.AndroidTestBaseUpdater, ignoring
09-13 17:03:54.743 4855 4855 W ip6tables-wrapp: type=1400 audit(0.0:1040): avc: denied { read write } for path="/dev/diag" dev="tmpfs" ino=7350 scontext=u:r:netutils_wrapper:s0 tcontext=u:object_r:diag_device:s0 tclass=chr_file permissive=0
09-13 17:03:54.782 4622 4752 E audio_route: Control 'MultiMedia8 Mixer TERT_MI2S_TX' doesn't exist - skipping
09-13 17:03:54.783 4622 4752 E audio_route: Control 'MultiMedia8 Mixer AUX_PCM_UL_TX' doesn't exist - skipping
09-13 17:03:54.783 4622 4752 E audio_route: Control 'MultiMedia4 Mixer MI2S_TX' doesn't exist - skipping
09-13 17:03:54.783 4622 4752 E audio_route: Control 'MultiMedia7 Mixer MI2S_TX' doesn't exist - skipping
09-13 17:03:54.783 4622 4752 E audio_route: Control 'MultiMedia10 Mixer MI2S_TX' doesn't exist - skipping
09-13 17:03:54.783 4622 4752 E audio_route: Control 'MultiMedia11 Mixer MI2S_TX' doesn't exist - skipping
09-13 17:03:54.783 4622 4752 E audio_route: Control 'MultiMedia12 Mixer MI2S_TX' doesn't exist - skipping
09-13 17:03:54.783 4622 4752 E audio_route: Control 'MultiMedia13 Mixer MI2S_TX' doesn't exist - skipping
09-13 17:03:54.783 4622 4752 E audio_route: Control 'MultiMedia14 Mixer MI2S_TX' doesn't exist - skipping
09-13 17:03:54.783 4622 4752 E audio_route: Control 'MultiMedia15 Mixer MI2S_TX' doesn't exist - skipping
09-13 17:03:54.783 4622 4752 E audio_route: Control 'MultiMedia16 Mixer MI2S_TX' doesn't exist - skipping
09-13 17:03:54.783 4856 4856 W ip6tables-wrapp: type=1400 audit(0.0:1041): avc: denied { read write } for path="/dev/diag" dev="tmpfs" ino=7350 scontext=u:r:netutils_wrapper:s0 tcontext=u:object_r:diag_device:s0 tclass=chr_file permissive=0
09-13 17:03:54.800 4622 4752 E audio_route: Control 'SpkrLeft COMP Switch' doesn't exist - skipping
09-13 17:03:54.800 4622 4752 E audio_route: Control 'SpkrRight COMP Switch' doesn't exist - skipping
09-13 17:03:54.800 4622 4752 E audio_route: Control 'SpkrLeft BOOST Switch' doesn't exist - skipping
09-13 17:03:54.800 4622 4752 E audio_route: Control 'SpkrRight BOOST Switch' doesn't exist - skipping
09-13 17:03:54.800 4622 4752 E audio_route: Control 'SpkrLeft VISENSE Switch' doesn't exist - skipping
09-13 17:03:54.800 4622 4752 E audio_route: Control 'SpkrRight VISENSE Switch' doesn't exist - skipping
09-13 17:03:54.800 4622 4752 E audio_route: Control 'SpkrLeft SWR DAC_Port Switch' doesn't exist - skipping
09-13 17:03:54.800 4622 4752 E audio_route: Control 'SpkrRight SWR DAC_Port Switch' doesn't exist - skipping
09-13 17:03:54.803 4622 4752 E audio_route: Control 'MultiMedia8 Mixer AUX_PCM_UL_TX' doesn't exist - skipping
09-13 17:03:54.803 4622 4752 E audio_route: Control 'LSM1 MUX' doesn't exist - skipping
09-13 17:03:54.803 4622 4752 E audio_route: Control 'LSM2 MUX' doesn't exist - skipping
09-13 17:03:54.803 4622 4752 E audio_route: Control 'LSM3 MUX' doesn't exist - skipping
09-13 17:03:54.803 4622 4752 E audio_route: Control 'LSM4 MUX' doesn't exist - skipping
09-13 17:03:54.803 4622 4752 E audio_route: Control 'LSM5 MUX' doesn't exist - skipping
09-13 17:03:54.803 4622 4752 E audio_route: Control 'LSM6 MUX' doesn't exist - skipping
09-13 17:03:54.803 4622 4752 E audio_route: Control 'LSM7 MUX' doesn't exist - skipping
09-13 17:03:54.803 4622 4752 E audio_route: Control 'LSM8 MUX' doesn't exist - skipping
09-13 17:03:54.805 4622 4752 E audio_route: Control 'SLIM_1 SampleRate' doesn't exist - skipping
09-13 17:03:54.815 4622 4752 I chatty : uid=1041(audioserver) HwBinder:4622_1 identical 10 lines
09-13 17:03:54.815 4622 4752 E audio_route: Control 'SLIM_1 SampleRate' doesn't exist - skipping
09-13 17:03:54.816 4622 4752 E audio_route: Control 'MultiMedia8 Mixer AUX_PCM_UL_TX' doesn't exist - skipping
09-13 17:03:54.816 4622 4752 E audio_route: Control 'SLIM_1 SampleRate' doesn't exist - skipping
09-13 17:03:54.816 4622 4752 E audio_route: Control 'MultiMedia8 Mixer AUX_PCM_UL_TX' doesn't exist - skipping
09-13 17:03:54.819 4622 4752 E audio_route: Control 'SLIM_1 SampleRate' doesn't exist - skipping
09-13 17:03:54.820 4622 4752 E audio_route: Control 'LSM1 MUX' doesn't exist - skipping
09-13 17:03:54.821 4622 4752 E audio_route: Control 'LSM2 MUX' doesn't exist - skipping
09-13 17:03:54.821 4622 4752 E audio_route: Control 'LSM3 MUX' doesn't exist - skipping
09-13 17:03:54.821 4622 4752 E audio_route: Control 'LSM4 MUX' doesn't exist - skipping
09-13 17:03:54.821 4622 4752 E audio_route: Control 'LSM5 MUX' doesn't exist - skipping
09-13 17:03:54.821 4622 4752 E audio_route: Control 'LSM6 MUX' doesn't exist - skipping
09-13 17:03:54.821 4622 4752 E audio_route: Control 'LSM7 MUX' doesn't exist - skipping
09-13 17:03:54.821 4622 4752 E audio_route: Control 'LSM8 MUX' doesn't exist - skipping
09-13 17:03:54.823 4623 4623 E Typeface: Error mapping font file /system/fonts/RobotoCondensed-Thin.ttf
09-13 17:03:54.824 4622 4752 E audio_route: Control 'SpkrLeft COMP Switch' doesn't exist - skipping
09-13 17:03:54.824 4622 4752 E audio_route: Control 'SpkrRight COMP Switch' doesn't exist - skipping
09-13 17:03:54.824 4622 4752 E audio_route: Control 'SpkrLeft BOOST Switch' doesn't exist - skipping
09-13 17:03:54.824 4622 4752 E audio_route: Control 'SpkrRight BOOST Switch' doesn't exist - skipping
09-13 17:03:54.825 4622 4752 E audio_route: Control 'SpkrLeft VISENSE Switch' doesn't exist - skipping
09-13 17:03:54.825 4622 4752 E audio_route: Control 'SpkrRight VISENSE Switch' doesn't exist - skipping
09-13 17:03:54.825 4622 4752 E audio_route: Control 'SpkrLeft SWR DAC_Port Switch' doesn't exist - skipping
09-13 17:03:54.825 4622 4752 E audio_route: Control 'SpkrRight SWR DAC_Port Switch' doesn't exist - skipping
09-13 17:03:54.825 4622 4752 E audio_route: Control 'SpkrLeft COMP Switch' doesn't exist - skipping
09-13 17:03:54.825 4622 4752 E audio_route: Control 'SpkrLeft BOOST Switch' doesn't exist - skipping
09-13 17:03:54.825 4622 4752 E audio_route: Control 'SpkrLeft VISENSE Switch' doesn't exist - skipping
09-13 17:03:54.825 4622 4752 E audio_route: Control 'SpkrLeft SWR DAC_Port Switch' doesn't exist - skipping
09-13 17:03:54.841 4622 4752 D audio_hw_extn: audio_extn_can_use_vbat: vbat.enabled property is set to 0
09-13 17:03:54.841 4622 4752 D audio_hw_extn: audio_extn_can_use_bcl: bcl.enabled property is set to 0
09-13 17:03:54.841 4622 4752 D msm8974_platform: Alac software decoder is available...removing alac from DSP decoder list
09-13 17:03:54.841 4622 4752 D msm8974_platform: APE software decoder is available...removing ape from DSP decoder list
09-13 17:03:54.841 4622 4752 E msm8974_platform: find_index: Could not find index for name = SND_DEVICE_IN_UNPROCESSED_QAUD_MIC
09-13 17:03:54.842 4622 4752 E platform_info: process_acdb_id: Device SND_DEVICE_IN_UNPROCESSED_QAUD_MIC in platform info xml not found, no ACDB ID set!
09-13 17:03:54.842 4623 4623 E Typeface: Error mapping font file /system/fonts/NotoSansKhmer-Regular.ttf
09-13 17:03:54.842 4622 4752 D msm8974_platform: native_audio_set_params:napb updating mode (1) from XML
09-13 17:03:54.842 4623 4623 E Typeface: Error mapping font file /system/fonts/NotoSansKhmer-Bold.ttf
09-13 17:03:54.842 4622 4752 D msm8974_platform: platform_set_native_support:napb: native audio playback enabled in (SRC) mode
09-13 17:03:54.842 4623 4623 E Typeface: Unable to load Family: null : [und-Khmr]
09-13 17:03:54.842 4622 4752 D msm8974_platform: platform_set_snd_device_backend: backend_tag_table[headphones]: old = null new = headphones
09-13 17:03:54.842 4622 4752 D msm8974_platform: platform_set_snd_device_backend: hw_interface_table[8] = SLIMBUS_6_RX
09-13 17:03:54.842 4622 4752 D msm8974_platform: platform_set_snd_device_backend: backend_tag_table[line]: old = null new = headphones
09-13 17:03:54.842 4622 4752 D msm8974_platform: platform_set_snd_device_backend: hw_interface_table[7] = SLIMBUS_6_RX
09-13 17:03:54.842 4622 4752 D msm8974_platform: platform_set_snd_device_backend: backend_tag_table[anc-headphones]: old = null new = headphones
09-13 17:03:54.842 4622 4752 D msm8974_platform: platform_set_snd_device_backend: hw_interface_table[46] = SLIMBUS_6_RX
09-13 17:03:54.842 4622 4752 D msm8974_platform: platform_set_snd_device_backend: backend_tag_table[speaker-and-headphones]: old = speaker-and-headphones new = speaker-and-headphones
09-13 17:03:54.842 4622 4752 D msm8974_platform: platform_set_snd_device_backend: hw_interface_table[11] = SLIMBUS_0_RX-and-SLIMBUS_6_RX
09-13 17:03:54.842 4622 4752 D msm8974_platform: platform_set_snd_device_backend: backend_tag_table[speaker-and-line]: old = null new = speaker-and-headphones
09-13 17:03:54.842 4622 4752 D msm8974_platform: platform_set_snd_device_backend: hw_interface_table[12] = SLIMBUS_0_RX-and-SLIMBUS_6_RX
09-13 17:03:54.842 4622 4752 D msm8974_platform: platform_set_snd_device_backend: backend_tag_table[speaker-and-anc-headphones]: old = null new = speaker-and-headphones
09-13 17:03:54.842 4622 4752 D msm8974_platform: platform_set_snd_device_backend: hw_interface_table[50] = SLIMBUS_0_RX-and-SLIMBUS_6_RX
09-13 17:03:54.842 4622 4752 D msm8974_platform: platform_set_snd_device_backend: backend_tag_table[voice-headphones]: old = null new = headphones
09-13 17:03:54.842 4622 4752 D msm8974_platform: platform_set_snd_device_backend: hw_interface_table[21] = SLIMBUS_6_RX
09-13 17:03:54.842 4622 4752 D msm8974_platform: platform_set_snd_device_backend: backend_tag_table[voice-anc-headphones]: old = null new = headphones
09-13 17:03:54.842 4622 4752 D msm8974_platform: platform_set_snd_device_backend: hw_interface_table[48] = SLIMBUS_6_RX
09-13 17:03:54.842 4622 4752 D msm8974_platform: platform_set_snd_device_backend: backend_tag_table[voice-line]: old = null new = headphones
09-13 17:03:54.842 4622 4752 D msm8974_platform: platform_set_snd_device_backend: hw_interface_table[22] = SLIMBUS_6_RX
09-13 17:03:54.842 4622 4752 D msm8974_platform: platform_set_snd_device_backend: backend_tag_table[voice-tty-full-headphones]: old = null new = headphones
09-13 17:03:54.842 4622 4752 D msm8974_platform: platform_set_snd_device_backend: hw_interface_table[33] = SLIMBUS_6_RX
09-13 17:03:54.842 4622 4752 D msm8974_platform: platform_set_snd_device_backend: backend_tag_table[voice-tty-vco-headphones]: old = null new = headphones
09-13 17:03:54.842 4622 4752 D msm8974_platform: platform_set_snd_device_backend: hw_interface_table[34] = SLIMBUS_6_RX
09-13 17:03:54.844 4622 4752 E msm8974_platform: platform_init: dlsym error undefined symbol: acdb_loader_init_v4 for acdb_loader_init_v4
09-13 17:03:54.845 4622 4752 E platform_info: param tag only supported with CONFIG_PARAMS section
09-13 17:03:54.845 4622 4752 I chatty : uid=1041(audioserver) HwBinder:4622_1 identical 3 lines
09-13 17:03:54.845 4622 4752 E platform_info: param tag only supported with CONFIG_PARAMS section
09-13 17:03:54.846 4622 4752 E audio_hw_acdb: acdb_init_v2: dlsym error undefined symbol: acdb_loader_init_v4 for acdb_loader_init_v4
09-13 17:03:54.846 4622 4752 D ACDB-LOADER: ACDB -> already initialized, exit
09-13 17:03:54.846 4622 4752 D audio_hw_acdb: acdb_init_v2: ACDB Instance ID support after ACDB init:0
09-13 17:03:54.846 4622 4752 D msm8974_platform: ACDB initialized
09-13 17:03:54.846 4622 4752 D msm8974_platform: hw_util_open Opening device /dev/snd/hwC0D1000
09-13 17:03:54.846 4622 4752 D msm8974_platform: hw_util_open success
09-13 17:03:54.846 4622 4752 D ACDB-LOADER: ACDB -> ACDB_CMD_GET_ANC_SETTING
09-13 17:03:54.846 4622 4752 D : Failed to fetch the lookup information of the device 0000001A
09-13 17:03:54.846 4622 4752 E ACDB-LOADER: Error: ACDB ANC returned = -19
09-13 17:03:54.846 4622 4752 D ACDB-LOADER: ACDB -> ACDB_CMD_GET_ANC_SETTING
09-13 17:03:54.846 4622 4752 D ACDB-LOADER: send_wcd9xxx_anc_cal: anc_version = 1
09-13 17:03:54.846 4622 4752 D anc_map : Setwcd9xxxANC_IIRCoeffs:enter
09-13 17:03:54.846 4622 4752 D anc_map : Setwcd9xxxANC_IIRCoeffs:leave
09-13 17:03:54.846 4622 4752 D anc_map : Setwcd9xxxANC_IIRCoeffs:enter
09-13 17:03:54.846 4622 4752 D anc_map : Setwcd9xxxANC_IIRCoeffs:leave
09-13 17:03:54.846 4622 4752 D anc_map : convert_anc_acdb_to_reg:leave
09-13 17:03:54.846 4622 4752 D ACDB-LOADER: ACDB -> ACDB_CMD_GET_ANC_SETTING
09-13 17:03:54.846 4622 4752 D : Failed to fetch the lookup information of the device 0000001B
09-13 17:03:54.846 4622 4752 E ACDB-LOADER: Error: ACDB ANC returned = -19
09-13 17:03:54.846 4622 4752 D ACDB-LOADER: ACDB -> ACDB_CMD_GET_ANC_SETTING
09-13 17:03:54.847 4622 4752 D ACDB-LOADER: send_wcd9xxx_anc_cal: anc_version = 1
09-13 17:03:54.847 4622 4752 D anc_map : Setwcd9xxxANC_IIRCoeffs:enter
09-13 17:03:54.847 4622 4752 D anc_map : Setwcd9xxxANC_IIRCoeffs:leave
09-13 17:03:54.847 4622 4752 D anc_map : Setwcd9xxxANC_IIRCoeffs:enter
09-13 17:03:54.847 4622 4752 D anc_map : Setwcd9xxxANC_IIRCoeffs:leave
09-13 17:03:54.847 4622 4752 D anc_map : convert_anc_acdb_to_reg:leave
09-13 17:03:54.847 4622 4752 D ACDB-LOADER: ACDB -> ACDB_CMD_GET_ANC_SETTING
09-13 17:03:54.847 4622 4752 D : Failed to fetch the lookup information of the device 0000001C
09-13 17:03:54.847 4622 4752 E ACDB-LOADER: Error: ACDB ANC returned = -19
09-13 17:03:54.847 4622 4752 D ACDB-LOADER: ACDB -> ACDB_CMD_GET_ANC_SETTING
09-13 17:03:54.847 4622 4752 D ACDB-LOADER: send_wcd9xxx_anc_cal: anc_version = 1
09-13 17:03:54.847 4622 4752 D anc_map : Setwcd9xxxANC_IIRCoeffs:enter
09-13 17:03:54.847 4622 4752 D anc_map : Setwcd9xxxANC_IIRCoeffs:leave
09-13 17:03:54.848 4622 4752 D anc_map : Setwcd9xxxANC_IIRCoeffs:enter
09-13 17:03:54.848 4622 4752 D anc_map : Setwcd9xxxANC_IIRCoeffs:leave
09-13 17:03:54.848 4622 4752 D anc_map : convert_anc_acdb_to_reg:leave
09-13 17:03:54.848 4622 4752 D ACDB-LOADER: ACDB -> ACDB_CMD_GET_ANC_SETTING
09-13 17:03:54.848 4622 4752 D : Failed to fetch the lookup information of the device 0000001D
09-13 17:03:54.848 4622 4752 E ACDB-LOADER: Error: ACDB ANC returned = -19
09-13 17:03:54.848 4622 4752 D ACDB-LOADER: ACDB -> ACDB_CMD_GET_ANC_SETTING
09-13 17:03:54.848 4622 4752 D ACDB-LOADER: send_wcd9xxx_anc_cal: anc_version = 1
09-13 17:03:54.848 4622 4752 D anc_map : Setwcd9xxxANC_IIRCoeffs:enter
09-13 17:03:54.848 4622 4752 D anc_map : Setwcd9xxxANC_IIRCoeffs:leave
09-13 17:03:54.848 4622 4752 D anc_map : Setwcd9xxxANC_IIRCoeffs:enter
09-13 17:03:54.848 4622 4752 D anc_map : Setwcd9xxxANC_IIRCoeffs:leave
09-13 17:03:54.848 4622 4752 D anc_map : convert_anc_acdb_to_reg:leave
09-13 17:03:54.848 4622 4752 D ACDB-LOADER: ACDB -> ACDB_CMD_GET_ANC_SETTING
09-13 17:03:54.848 4622 4752 D : Failed to fetch the lookup information of the device 0000001E
09-13 17:03:54.848 4622 4752 E ACDB-LOADER: Error: ACDB ANC returned = -19
09-13 17:03:54.848 4622 4752 D ACDB-LOADER: ACDB -> ACDB_CMD_GET_ANC_SETTING
09-13 17:03:54.848 4622 4752 D ACDB-LOADER: send_wcd9xxx_anc_cal: anc_version = 1
09-13 17:03:54.848 4622 4752 D anc_map : Setwcd9xxxANC_IIRCoeffs:enter
09-13 17:03:54.848 4622 4752 D anc_map : Setwcd9xxxANC_IIRCoeffs:leave
09-13 17:03:54.848 4622 4752 D anc_map : Setwcd9xxxANC_IIRCoeffs:enter
09-13 17:03:54.848 4622 4752 D anc_map : Setwcd9xxxANC_IIRCoeffs:leave
09-13 17:03:54.848 4622 4752 D anc_map : convert_anc_acdb_to_reg:leave
09-13 17:03:54.848 4622 4752 D ACDB-LOADER: ACDB -> ACDB_CMD_GET_ANC_SETTING
09-13 17:03:54.848 4622 4752 D : Failed to fetch the lookup information of the device 0000001F
09-13 17:03:54.848 4622 4752 E ACDB-LOADER: Error: ACDB ANC returned = -19
09-13 17:03:54.848 4622 4752 D ACDB-LOADER: ACDB -> ACDB_CMD_GET_ANC_SETTING
09-13 17:03:54.848 4622 4752 D ACDB-LOADER: send_wcd9xxx_anc_cal: anc_version = 1
09-13 17:03:54.848 4622 4752 D anc_map : Setwcd9xxxANC_IIRCoeffs:enter
09-13 17:03:54.848 4622 4752 D anc_map : Setwcd9xxxANC_IIRCoeffs:leave
09-13 17:03:54.848 4622 4752 D anc_map : Setwcd9xxxANC_IIRCoeffs:enter
09-13 17:03:54.848 4622 4752 D anc_map : Setwcd9xxxANC_IIRCoeffs:leave
09-13 17:03:54.848 4622 4752 D anc_map : convert_anc_acdb_to_reg:leave
09-13 17:03:54.848 4622 4752 D ACDB-LOADER: ACDB -> ACDB_CMD_GET_ANC_SETTING
09-13 17:03:54.848 4622 4752 D : Failed to fetch the lookup information of the device 00000067
09-13 17:03:54.848 4622 4752 E ACDB-LOADER: Error: ACDB ANC returned = -19
09-13 17:03:54.848 4622 4752 D ACDB-LOADER: ACDB -> ACDB_CMD_GET_ANC_SETTING
09-13 17:03:54.848 4622 4752 D ACDB-LOADER: send_wcd9xxx_anc_cal: anc_version = 1
09-13 17:03:54.848 4622 4752 D anc_map : Setwcd9xxxANC_IIRCoeffs:enter
09-13 17:03:54.848 4622 4752 D anc_map : Setwcd9xxxANC_IIRCoeffs:leave
09-13 17:03:54.848 4622 4752 D anc_map : Setwcd9xxxANC_IIRCoeffs:enter
09-13 17:03:54.848 4622 4752 D anc_map : Setwcd9xxxANC_IIRCoeffs:leave
09-13 17:03:54.848 4622 4752 D anc_map : convert_anc_acdb_to_reg:leave
09-13 17:03:54.848 4622 4752 D ACDB-LOADER: ACDB -> ACDB_CMD_GET_ANC_SETTING
09-13 17:03:54.848 4622 4752 D : Failed to fetch the lookup information of the device 00000056
09-13 17:03:54.848 4622 4752 E ACDB-LOADER: Error: ACDB ANC returned = -19
09-13 17:03:54.848 4622 4752 D ACDB-LOADER: ACDB -> ACDB_CMD_GET_ANC_SETTING
09-13 17:03:54.848 4622 4752 D ACDB-LOADER: send_wcd9xxx_anc_cal: anc_version = 1
09-13 17:03:54.848 4622 4752 D anc_map : Setwcd9xxxANC_IIRCoeffs:enter
09-13 17:03:54.848 4622 4752 D anc_map : Setwcd9xxxANC_IIRCoeffs:leave
09-13 17:03:54.848 4622 4752 D anc_map : Setwcd9xxxANC_IIRCoeffs:enter
09-13 17:03:54.848 4622 4752 D anc_map : Setwcd9xxxANC_IIRCoeffs:leave
09-13 17:03:54.848 4622 4752 D anc_map : convert_anc_acdb_to_reg:leave
09-13 17:03:54.848 4622 4752 D ACDB-LOADER: ACDB -> ACDB_CMD_GET_ANC_SETTING
09-13 17:03:54.848 4622 4752 D : Failed to fetch the lookup information of the device 00000059
09-13 17:03:54.848 4622 4752 E ACDB-LOADER: Error: ACDB ANC returned = -19
09-13 17:03:54.848 4622 4752 D ACDB-LOADER: ACDB -> ACDB_CMD_GET_ANC_SETTING
09-13 17:03:54.848 4622 4752 D ACDB-LOADER: send_wcd9xxx_anc_cal: anc_version = 1
09-13 17:03:54.848 4622 4752 D anc_map : Setwcd9xxxANC_IIRCoeffs:enter
09-13 17:03:54.848 4622 4752 D anc_map : Setwcd9xxxANC_IIRCoeffs:leave
09-13 17:03:54.848 4622 4752 D anc_map : Setwcd9xxxANC_IIRCoeffs:enter
09-13 17:03:54.848 4622 4752 D anc_map : Setwcd9xxxANC_IIRCoeffs:leave
09-13 17:03:54.848 4622 4752 D anc_map : convert_anc_acdb_to_reg:leave
09-13 17:03:54.848 4622 4752 D msm8974_platform: send_codec_cal: anc_cal cal sent successfully
09-13 17:03:54.848 4622 4752 D ACDB-LOADER: send mbhc data
09-13 17:03:54.848 4622 4752 D ACDB-LOADER: ACDB -> MBHC ACDB_PID_GENERAL_CONFIG
09-13 17:03:54.848 4622 4752 D ACDB-LOADER: ACDB -> MBHC ACDB_PID_PLUG_REMOVAL_DETECTION
09-13 17:03:54.848 4622 4752 D ACDB-LOADER: ACDB -> MBHC ACDB_PID_PLUG_TYPE_DETECTION
09-13 17:03:54.848 4622 4752 D ACDB-LOADER: ACDB -> MBHC ACDB_PID_BUTTON_PRESS_DETECTION
09-13 17:03:54.848 4622 4752 D ACDB-LOADER: ACDB -> MBHC ACDB_PID_IMPEDANCE_DETECTION
09-13 17:03:54.848 4622 4752 D msm8974_platform: send_codec_cal: mbhc_cal cal sent successfully
09-13 17:03:54.848 4622 4752 D ACDB-LOADER: send vbat data
09-13 17:03:54.848 4622 4752 D ACDB-LOADER: ACDB -> VBAT ACDB_PID_ADC_CAL
09-13 17:03:54.848 4622 4752 D ACDB-LOADER: ACDB -> VBAT ACDB_PID_GAIN_PROC
09-13 17:03:54.848 4622 4752 D ACDB-LOADER: send vbat data, calling convert_vbat_data
09-13 17:03:54.848 4622 4752 D ACDB-LOADER: copied vbat cal size =72
09-13 17:03:54.848 4622 4752 D msm8974_platform: send_codec_cal: vbat_cal cal sent successfully
09-13 17:03:54.848 4622 4752 E msm8974_platform: send_codec_cal: Failed to call ioctl, err=14
09-13 17:03:54.849 4622 4752 E msm8974_platform: send_codec_cal: Failed to call ioctl, err=14
09-13 17:03:54.849 4622 4752 D audio_log_utils: read_module
09-13 17:03:54.849 4622 4752 D audio_log_utils: read_module: calling parse module xml file
09-13 17:03:54.849 4622 4752 D audio_log_utils: parse_module_xml_file: parse hal log mask
09-13 17:03:54.849 4622 4752 D log_xml_parser: parse_log_xml: Failed to open file /data/vendor/audio/audio_dynamic_log.xml
09-13 17:03:54.849 4622 4752 E audio_log_utils: parse_module_xml_file: could not parse hal logmask
09-13 17:03:54.849 4622 4752 D audio_log_utils: parse_module_xml_file: exit
09-13 17:03:54.849 4622 4752 E msm8974_platform: init_be_dai_name_table: Could not get ctl for mixer name Backend DAI Name Table
09-13 17:03:54.849 4622 4752 D msm8974_platform: platform_init: Fluence_Type(1) max_mic_count(4) mic_type(0xf) fluence_in_voice_call(1) fluence_in_voice_rec(0) fluence_in_spkr_mode(1) fluence_in_hfp_call(0)
09-13 17:03:54.849 4622 4752 D audio_hw_ssr: audio_extn_ssr_update_enabled: surround sound recording is not supported
09-13 17:03:54.849 4622 4752 D audio_hw_spkr_prot: audio_extn_spkr_prot_init: Initialize speaker protection module
09-13 17:03:54.849 4622 4752 D audio_hw_spkr_prot: audio_extn_spkr_prot_init: Speaker protection disabled
09-13 17:03:54.852 4622 4752 D msm8974_platform: platform_get_mixer_control: mixer ctl not obtained
09-13 17:03:54.852 4622 4752 D msm8974_platform: platform_get_mixer_control: mixer ctl not obtained
09-13 17:03:54.857 4622 4859 D audio_log_utils: monitor_mod_file_change
09-13 17:03:54.860 4623 4623 E Typeface: Error mapping font file /system/fonts/DroidSansFallback.ttf
09-13 17:03:54.860 4623 4623 E Typeface: Unable to load Family: null : null
09-13 17:03:54.861 4622 4752 D msm8974_platform: platform_get_mixer_control: mixer ctl not obtained
09-13 17:03:54.863 4622 4752 I chatty : uid=1041(audioserver) HwBinder:4622_1 identical 9 lines
09-13 17:03:54.863 4622 4752 D msm8974_platform: platform_get_mixer_control: mixer ctl not obtained
09-13 17:03:54.865 4622 4752 D audio_hw_utils: audio_extn_utils_get_codec_version: codec version WCD9335_2_0
09-13 17:03:54.868 4622 4752 D audio_hw_utils: audio_extn_utils_update_streams_cfg_lists: failed to open io config file(/vendor/etc/audio_io_policy.conf), trying older config file
09-13 17:03:54.869 4622 4752 I audio_hw_utils: load_cfg_list: could not load input, node is NULL
09-13 17:03:54.871 4622 4752 E audio_hw_extn: audio_extn_perf_lock_init: Perf lock handles Success
09-13 17:03:54.871 4622 4752 I soundtrigger: audio_extn_sound_trigger_init: Enter
09-13 17:03:54.871 4622 4752 I soundtrigger: audio_extn_sound_trigger_init: DLOPEN successful for /vendor/lib/hw/sound_trigger.primary.msm8996.so
09-13 17:03:54.871 4622 4752 W soundtrigger: audio_extn_sound_trigger_init: sthal_prop_api_version not found. undefined symbol: sthal_prop_api_version
09-13 17:03:54.872 4622 4622 W DeviceHAL: Error from HAL Device in function get_master_volume: Function not implemented
09-13 17:03:54.872 4622 4622 W DeviceHAL: Error from HAL Device in function get_master_mute: Function not implemented
09-13 17:03:54.873 4622 4622 W DeviceHAL: Error from HAL Device in function set_master_volume: Function not implemented
09-13 17:03:54.873 4622 4622 W DeviceHAL: Error from HAL Device in function set_master_mute: Function not implemented
09-13 17:03:54.873 4628 4628 I AudioFlinger: loadHwModule() Loaded primary audio interface, handle 10
09-13 17:03:54.873 4628 4628 I AudioFlinger: openOutput() this 0xee63e000, module 10 Device 0x2, SamplingRate 48000, Format 0x000001, Channels 0x3, flags 0x6
09-13 17:03:54.873 4622 4622 D audio_hw_primary: adev_open_output_stream: enter: format(0x1) sample_rate(48000) channel_mask(0x3) devices(0x2) flags(0x6) stream_handle(0xef1d3800)
09-13 17:03:54.873 4622 4622 I audio_hw_primary: adev_open_output_stream: dynamic qos voting not enabled for platform
09-13 17:03:54.873 4622 4622 D audio_hw_primary: adev_open_output_stream: Stream (0xef1d3800) picks up usecase (low-latency-playback)
09-13 17:03:54.874 4628 4628 I AudioFlinger: HAL output buffer size 192 frames, normal sink buffer size 960 frames
09-13 17:03:54.874 4628 4628 D HalHidl : getParameters() keys supports_hw_suspend,
09-13 17:03:54.875 4622 4622 D compress_voip: voice_extn_compress_voip_out_get_parameters: enter
09-13 17:03:54.877 4622 4622 E EffectsConfig: Could not parse effect configuration in any of the default locations.
09-13 17:03:54.877 4622 4622 E EffectsFactoryConfigLoader: Failed to parse XML configuration file
09-13 17:03:54.877 4622 4622 W EffectsFactory: Failed to load XML effect configuration, fallback to .conf
09-13 17:03:54.884 4622 4622 W EffectsFactoryConfigLoader: Error querying effect 7d1580bd-297f-4683-9239-e475b6d1d69f on lib offload_bundle
09-13 17:03:54.884 4622 4622 D volume_listener: init_once Called
09-13 17:03:54.884 4622 4622 D msm8974_platform: platform_get_gain_level_mapping: empty or currupted gain_mapping_table
09-13 17:03:54.884 4622 4622 D volume_listener: init_once: using default volume table
09-13 17:03:54.885 4628 4628 I BufferProvider: found effect "Multichannel Downmix To Stereo" from The Android Open Source Project
09-13 17:03:54.886 4628 4863 I AudioFlinger: AudioFlinger's thread 0xed2833c0 tid=4863 ready to run
09-13 17:03:54.886 4628 4628 I AudioFlinger: Using module 10 as the primary audio interface
09-13 17:03:54.886 4628 4863 W AudioFlinger: no wake lock to update, system not ready yet
09-13 17:03:54.886 4622 4622 D audio_hw_primary: out_standby: enter: stream (0xef1d3800) usecase(1: low-latency-playback)
09-13 17:03:54.886 4622 4622 D audio_hw_primary: out_standby: exit
09-13 17:03:54.890 4628 4761 I AudioFlinger: setStreamVolume,stream:0,value:0.063096
09-13 17:03:54.891 4628 4863 W AudioFlinger: no wake lock to update, system not ready yet
09-13 17:03:54.893 4628 4761 I AudioFlinger: setStreamVolume,stream:1,value:0.000000
09-13 17:03:54.893 4628 4761 I AudioFlinger: setStreamVolume,stream:2,value:0.000000
09-13 17:03:54.893 4628 4761 I AudioFlinger: setStreamVolume,stream:3,value:0.000000
09-13 17:03:54.894 4628 4761 I AudioFlinger: setStreamVolume,stream:4,value:0.032734
09-13 17:03:54.896 4628 4761 I AudioFlinger: setStreamVolume,stream:5,value:0.000000
09-13 17:03:54.896 4628 4628 I APM_AudioPolicyManager: checkAndSetVolume() cannot set stream 6 volume with force use = 0 for comm
09-13 17:03:54.896 4628 4761 I AudioFlinger: setStreamVolume,stream:7,value:0.000000
09-13 17:03:54.896 4628 4761 I AudioFlinger: setStreamVolume,stream:8,value:0.000000
09-13 17:03:54.897 4628 4761 I AudioFlinger: setStreamVolume,stream:9,value:1.000000
09-13 17:03:54.897 4628 4761 I AudioFlinger: setStreamVolume,stream:10,value:0.001259
09-13 17:03:54.897 4628 4761 I AudioFlinger: setStreamVolume,stream:11,value:1.000000
09-13 17:03:54.897 4628 4761 D AudioFlinger: setParameters(): io 13, keyvalue mono_output=0, calling pid 4628 calling uid 1041
09-13 17:03:54.897 4628 4761 D AudioFlinger: ThreadBase::setParameters() mono_output=0
09-13 17:03:54.897 4628 4628 W AudioFlinger: moveEffects() bad srcOutput 0
09-13 17:03:54.897 4628 4628 I APM_AudioPolicyManager: setOutputDevice() device 0002 delayMs 0
09-13 17:03:54.898 4622 4861 D audio_hw_primary: out_set_parameters: enter: usecase(1: low-latency-playback) kvpairs: routing=2
09-13 17:03:54.898 4622 4861 D audio_hw_extn: audio_extn_set_anc_parameters: anc_enabled:0
09-13 17:03:54.898 4622 4861 D audio_hw_spkr_prot: audio_extn_fbsp_set_parameters: Speaker protection disabled
09-13 17:03:54.899 4628 4628 I APM_AudioPolicyManager: checkAndSetVolume() cannot set stream 6 volume with force use = 0 for comm
09-13 17:03:54.899 4628 4628 I AudioFlinger: openOutput() this 0xee63e000, module 10 Device 0x2, SamplingRate 48000, Format 0x000001, Channels 0x3, flags 0x4
09-13 17:03:54.900 4622 4752 D audio_hw_primary: adev_open_output_stream: enter: format(0x1) sample_rate(48000) channel_mask(0x3) devices(0x2) flags(0x4) stream_handle(0xee30b000)
09-13 17:03:54.900 4622 4752 I audio_hw_primary: adev_open_output_stream: dynamic qos voting not enabled for platform
09-13 17:03:54.900 4622 4752 E audio_hw_primary: adev_open_output_stream: Primary output is already opened
09-13 17:03:54.900 4622 4752 D audio_hw_primary: adev_open_output_stream: exit: ret -17
09-13 17:03:54.900 4622 4752 W DeviceHAL: Error from HAL Device in function open_output_stream: File exists
09-13 17:03:54.900 4628 4628 I AudioHwDevice: openOutputStream(), HAL returned sampleRate 48000, Format 0x1, channelMask 0x3, status -61
09-13 17:03:54.900 4628 4628 W APM_AudioPolicyManager: Cannot open output stream for device 00000002 on hw module primary
09-13 17:03:54.900 4628 4628 I AudioFlinger: openOutput() this 0xee63e000, module 10 Device 0x2, SamplingRate 48000, Format 0x000001, Channels 0x3, flags 0x8
09-13 17:03:54.900 4622 4752 D audio_hw_primary: adev_open_output_stream: enter: format(0x1) sample_rate(48000) channel_mask(0x3) devices(0x2) flags(0x8) stream_handle(0xee30b000)
09-13 17:03:54.900 4622 4752 D audio_hw_primary: adev_open_output_stream: Stream (0xee30b000) picks up usecase (deep-buffer-playback)
09-13 17:03:54.902 4628 4628 I AudioFlinger: HAL output buffer size 1920 frames, normal sink buffer size 1920 frames
09-13 17:03:54.902 4628 4628 D HalHidl : getParameters() keys supports_hw_suspend,
09-13 17:03:54.902 4622 4752 D compress_voip: voice_extn_compress_voip_out_get_parameters: enter
09-13 17:03:54.903 4628 4761 I AudioFlinger: setStreamVolume,stream:0,value:0.063096
09-13 17:03:54.904 4628 4761 I AudioFlinger: setStreamVolume,stream:1,value:0.000000
09-13 17:03:54.904 4628 4761 I AudioFlinger: setStreamVolume,stream:2,value:0.000000
09-13 17:03:54.904 4628 4761 I AudioFlinger: setStreamVolume,stream:3,value:0.000000
09-13 17:03:54.904 4628 4761 I AudioFlinger: setStreamVolume,stream:4,value:0.032734
09-13 17:03:54.904 1010 4816 E mm-camera: 731: eeprom_process: failed NULL pointer detected: eeprom_ctrl :
09-13 17:03:54.904 1010 4816 E mm-camera: 325: module_sensor_offload_ois_init_calibrate: Get Is OIS calibration failed
09-13 17:03:54.904 4628 4761 I AudioFlinger: setStreamVolume,stream:5,value:0.000000
09-13 17:03:54.904 4628 4628 I APM_AudioPolicyManager: checkAndSetVolume() cannot set stream 6 volume with force use = 0 for comm
09-13 17:03:54.904 4628 4761 I AudioFlinger: setStreamVolume,stream:7,value:0.000000
09-13 17:03:54.904 4628 4761 I AudioFlinger: setStreamVolume,stream:8,value:0.000000
09-13 17:03:54.905 4628 4761 I AudioFlinger: setStreamVolume,stream:9,value:1.000000
09-13 17:03:54.905 4628 4761 I AudioFlinger: setStreamVolume,stream:10,value:0.001259
09-13 17:03:54.905 4628 4761 I AudioFlinger: setStreamVolume,stream:11,value:1.000000
09-13 17:03:54.906 4628 4761 D AudioFlinger: setParameters(): io 29, keyvalue mono_output=0, calling pid 4628 calling uid 1041
09-13 17:03:54.906 4628 4761 D AudioFlinger: ThreadBase::setParameters() mono_output=0
09-13 17:03:54.906 4628 4628 I APM_AudioPolicyManager: setOutputDevice() device 0002 delayMs 0
09-13 17:03:54.913 4628 4866 I AudioFlinger: AudioFlinger's thread 0xecf830c0 tid=4866 ready to run
09-13 17:03:54.913 4628 4866 W AudioFlinger: no wake lock to update, system not ready yet
09-13 17:03:54.914 4622 4752 D audio_hw_primary: out_set_parameters: enter: usecase(0: deep-buffer-playback) kvpairs: routing=2
09-13 17:03:54.915 4622 4752 D audio_hw_primary: out_standby: enter: stream (0xee30b000) usecase(0: deep-buffer-playback)
09-13 17:03:54.915 4622 4752 D audio_hw_primary: out_standby: exit
09-13 17:03:54.915 4628 4628 I APM_AudioPolicyManager: checkAndSetVolume() cannot set stream 6 volume with force use = 0 for comm
09-13 17:03:54.915 4628 4628 I AudioFlinger: openOutput() this 0xee63e000, module 10 Device 0x10000, SamplingRate 48000, Format 0x000001, Channels 0x3, flags 0
09-13 17:03:54.915 4622 4752 D audio_hw_primary: adev_open_output_stream: enter: format(0x1) sample_rate(48000) channel_mask(0x3) devices(0x10000) flags(0) stream_handle(0xee30d800)
09-13 17:03:54.915 4622 4752 D audio_hw_primary: adev_open_output_stream: Stream (0xee30d800) picks up usecase (afe-proxy-playback)
09-13 17:03:54.917 4628 4628 I AudioFlinger: HAL output buffer size 768 frames, normal sink buffer size 1152 frames
09-13 17:03:54.917 4628 4628 D HalHidl : getParameters() keys supports_hw_suspend,
09-13 17:03:54.917 4622 4752 D compress_voip: voice_extn_compress_voip_out_get_parameters: enter
09-13 17:03:54.919 4628 4761 I AudioFlinger: setStreamVolume,stream:0,value:1.000000
09-13 17:03:54.919 4628 4761 I AudioFlinger: setStreamVolume,stream:1,value:1.000000
09-13 17:03:54.919 4628 4761 I AudioFlinger: setStreamVolume,stream:2,value:1.000000
09-13 17:03:54.919 4628 4761 I AudioFlinger: setStreamVolume,stream:3,value:1.000000
09-13 17:03:54.920 4628 4761 I AudioFlinger: setStreamVolume,stream:4,value:1.000000
09-13 17:03:54.920 4628 4869 I AudioFlinger: AudioFlinger's thread 0xecd83200 tid=4869 ready to run
09-13 17:03:54.920 4628 4761 I AudioFlinger: setStreamVolume,stream:5,value:1.000000
09-13 17:03:54.920 4628 4628 I APM_AudioPolicyManager: checkAndSetVolume() cannot set stream 6 volume with force use = 0 for comm
09-13 17:03:54.920 4628 4869 W AudioFlinger: no wake lock to update, system not ready yet
09-13 17:03:54.920 4622 4752 D audio_hw_primary: out_standby: enter: stream (0xee30d800) usecase(49: afe-proxy-playback)
09-13 17:03:54.920 4622 4752 D audio_hw_primary: out_standby: exit
09-13 17:03:54.920 4628 4761 I AudioFlinger: setStreamVolume,stream:7,value:1.000000
09-13 17:03:54.920 4628 4869 W AudioFlinger: no wake lock to update, system not ready yet
09-13 17:03:54.920 4628 4761 I AudioFlinger: setStreamVolume,stream:8,value:1.000000
09-13 17:03:54.921 4628 4761 I AudioFlinger: setStreamVolume,stream:9,value:1.000000
09-13 17:03:54.922 4628 4761 I AudioFlinger: setStreamVolume,stream:10,value:1.000000
09-13 17:03:54.922 4628 4761 I AudioFlinger: setStreamVolume,stream:11,value:1.000000
09-13 17:03:54.923 4628 4761 D AudioFlinger: setParameters(): io 37, keyvalue mono_output=0, calling pid 4628 calling uid 1041
09-13 17:03:54.923 4628 4761 D AudioFlinger: ThreadBase::setParameters() mono_output=0
09-13 17:03:54.923 4628 4628 I APM_AudioPolicyManager: setOutputDevice() device 10000 delayMs 0
09-13 17:03:54.923 4629 4774 W CamPvdr@2.4-external: deviceAdded device /dev/video1 does not support VIDEO_CAPTURE
09-13 17:03:54.924 4622 4752 D audio_hw_primary: out_set_parameters: enter: usecase(49: afe-proxy-playback) kvpairs: routing=65536
09-13 17:03:54.925 4628 4628 I APM_AudioPolicyManager: checkAndSetVolume() cannot set stream 6 volume with force use = 0 for comm
09-13 17:03:54.925 4622 4752 D audio_hw_primary: adev_open_input_stream: enter: sample_rate(48000) channel_mask(0xc) devices(0x80002000) stream_handle(0xefa96380) io_handle(14) source(1) format 1
09-13 17:03:54.925 4622 4752 W audio_hw_utils: audio_extn_utils_update_stream_input_app_type_cfg: App type could not be selected. Falling back to default
09-13 17:03:54.927 4628 4628 D AudioFlinger: ThreadBase::setParameters() AppRecTy=-1
09-13 17:03:54.928 4629 4774 E CamPvdr@2.4-external: deviceAdded open v4l2 device /dev/video0 failed:Device or resource busy
09-13 17:03:54.929 4629 4774 W CamPvdr@2.4-external: deviceAdded device /dev/video33 does not support VIDEO_CAPTURE
09-13 17:03:54.930 4628 4870 I AudioFlinger: AudioFlinger's thread 0xeca83f80 tid=4870 ready to run
09-13 17:03:54.931 4622 4752 D audio_hw_primary: in_standby: enter: stream (0xefa96380) usecase(18: audio-record)
09-13 17:03:54.931 4628 4870 W AudioFlinger: no wake lock to update, system not ready yet
09-13 17:03:54.931 4622 4752 D audio_hw_primary: in_set_parameters: enter: kvpairs=AppRecTy=-1
09-13 17:03:54.931 4622 4752 I audio_hw_primary: APP RECODER TYPE:-1
09-13 17:03:54.933 4622 4752 D audio_hw_primary: in_standby: enter: stream (0xefa96380) usecase(18: audio-record)
09-13 17:03:54.933 4628 4870 W AudioFlinger: no wake lock to update, system not ready yet
09-13 17:03:54.933 4622 4752 D audio_hw_primary: adev_open_input_stream: enter: sample_rate(48000) channel_mask(0x17000c) devices(0x80000004) stream_handle(0xefa96540) io_handle(22) source(1) format 1
09-13 17:03:54.933 4622 4752 D audio_hw_primary: adev_open_input_stream: return error to retry with updated channel mask (0x8000000f)
09-13 17:03:54.933 4622 4752 W DeviceHAL: Error from HAL Device in function open_input_stream: Invalid argument
09-13 17:03:54.933 4622 4752 D audio_hw_primary: adev_open_input_stream: enter: sample_rate(48000) channel_mask(0x8000000f) devices(0x80000004) stream_handle(0xefa96540) io_handle(22) source(1) format 1
09-13 17:03:54.933 4622 4752 W audio_hw_utils: audio_extn_utils_update_stream_input_app_type_cfg: App type could not be selected. Falling back to default
09-13 17:03:54.935 4628 4628 D AudioFlinger: ThreadBase::setParameters() AppRecTy=-1
09-13 17:03:54.936 4622 4752 D audio_hw_primary: adev_close_input_stream: enter:stream_handle(0xefa96380)
09-13 17:03:54.936 4622 4752 D audio_hw_primary: in_standby: enter: stream (0xefa96380) usecase(18: audio-record)
09-13 17:03:54.939 4628 4871 I AudioFlinger: AudioFlinger's thread 0xec903380 tid=4871 ready to run
09-13 17:03:54.939 4622 4752 D audio_hw_primary: in_standby: enter: stream (0xefa96540) usecase(18: audio-record)
09-13 17:03:54.939 4628 4871 W AudioFlinger: no wake lock to update, system not ready yet
09-13 17:03:54.940 4622 4752 D audio_hw_primary: in_set_parameters: enter: kvpairs=AppRecTy=-1
09-13 17:03:54.940 4622 4752 I audio_hw_primary: APP RECODER TYPE:-1
09-13 17:03:54.940 4622 4752 D audio_hw_primary: in_standby: enter: stream (0xefa96540) usecase(18: audio-record)
09-13 17:03:54.940 4628 4871 W AudioFlinger: no wake lock to update, system not ready yet
09-13 17:03:54.940 4622 4752 D audio_hw_primary: adev_open_input_stream: enter: sample_rate(192000) channel_mask(0x8000000f) devices(0x80000004) stream_handle(0xefa96380) io_handle(30) source(1) format 5
09-13 17:03:54.940 4622 4752 W DeviceHAL: Error from HAL Device in function open_input_stream: Invalid argument
09-13 17:03:54.941 4622 4752 D audio_hw_primary: adev_open_input_stream: enter: sample_rate(48000) channel_mask(0x8000000f) devices(0x80000004) stream_handle(0xefa96380) io_handle(30) source(1) format 1
09-13 17:03:54.941 4622 4752 W audio_hw_utils: audio_extn_utils_update_stream_input_app_type_cfg: App type could not be selected. Falling back to default
09-13 17:03:54.942 4628 4628 D AudioFlinger: ThreadBase::setParameters() AppRecTy=-1
09-13 17:03:54.943 4622 4752 D audio_hw_primary: adev_close_input_stream: enter:stream_handle(0xefa96540)
09-13 17:03:54.943 4622 4752 D audio_hw_primary: in_standby: enter: stream (0xefa96540) usecase(18: audio-record)
09-13 17:03:54.944 4628 4872 I AudioFlinger: AudioFlinger's thread 0xeca83540 tid=4872 ready to run
09-13 17:03:54.944 4622 4752 D audio_hw_primary: in_standby: enter: stream (0xefa96380) usecase(18: audio-record)
09-13 17:03:54.945 4628 4872 W AudioFlinger: no wake lock to update, system not ready yet
09-13 17:03:54.945 4622 4752 D audio_hw_primary: in_set_parameters: enter: kvpairs=AppRecTy=-1
09-13 17:03:54.945 4622 4752 I audio_hw_primary: APP RECODER TYPE:-1
09-13 17:03:54.946 4622 4752 D audio_hw_primary: in_standby: enter: stream (0xefa96380) usecase(18: audio-record)
09-13 17:03:54.946 4628 4872 W AudioFlinger: no wake lock to update, system not ready yet
09-13 17:03:54.946 4622 4752 D audio_hw_primary: adev_open_input_stream: enter: sample_rate(48000) channel_mask(0xc) devices(0x80000040) stream_handle(0xefa96540) io_handle(38) source(1) format 1
09-13 17:03:54.946 4622 4752 W DeviceHAL: Error from HAL Device in function open_input_stream: Invalid argument
09-13 17:03:54.946 4622 4752 D audio_hw_primary: adev_open_input_stream: enter: sample_rate(48000) channel_mask(0xc) devices(0x80000040) stream_handle(0xefa96540) io_handle(38) source(1) format 1
09-13 17:03:54.946 4622 4752 W DeviceHAL: Error from HAL Device in function open_input_stream: Invalid argument
09-13 17:03:54.947 4628 4628 W APM_AudioPolicyManager: Cannot open input stream for device 80000040 on hw module primary
09-13 17:03:54.951 4628 4628 I bt_a2dp_hw: adev_open: adev_open in A2dp_hw module
09-13 17:03:54.951 4628 4628 I AudioFlinger: loadHwModule() Loaded a2dp audio interface, handle 18
09-13 17:03:54.952 4622 4752 D vndksupport: Loading /vendor/lib/hw/audio.usb.default.so from current namespace instead of sphal namespace.
09-13 17:03:54.956 4622 4622 D audio_hw_primary: adev_close_input_stream: enter:stream_handle(0xefa96380)
09-13 17:03:54.956 4622 4622 D audio_hw_primary: in_standby: enter: stream (0xefa96380) usecase(18: audio-record)
09-13 17:03:54.956 4628 4628 I AudioFlinger: loadHwModule() Loaded usb audio interface, handle 26
09-13 17:03:54.956 4622 4622 D vndksupport: Loading /vendor/lib/hw/audio.r_submix.default.so from current namespace instead of sphal namespace.
09-13 17:03:54.958 4622 4622 I r_submix: adev_open(name=audio_hw_if)
09-13 17:03:54.959 4622 4622 I r_submix: adev_init_check()
09-13 17:03:54.959 4622 4622 W DeviceHAL: Error from HAL Device in function set_master_mute: Function not implemented
09-13 17:03:54.959 4628 4628 I AudioFlinger: loadHwModule() Loaded r_submix audio interface, handle 34
09-13 17:03:54.959 4622 4622 D r_submix: adev_open_input_stream(addr=0)
09-13 17:03:54.959 4622 4622 D r_submix: submix_audio_device_create_pipe_l(addr=0, idx=9)
09-13 17:03:54.959 4622 4622 D r_submix: now using address 0 for route 9
09-13 17:03:54.961 4628 4628 D AudioFlinger: ThreadBase::setParameters() AppRecTy=-1
09-13 17:03:54.963 4628 4873 I AudioFlinger: AudioFlinger's thread 0xeca838c0 tid=4873 ready to run
09-13 17:03:54.963 4622 4622 I r_submix: in_standby()
09-13 17:03:54.964 4628 4873 W AudioFlinger: no wake lock to update, system not ready yet
09-13 17:03:54.965 4622 4622 I r_submix: in_standby()
09-13 17:03:54.966 4628 4873 W AudioFlinger: no wake lock to update, system not ready yet
09-13 17:03:54.967 4628 4628 D AudioPolicyManagerCustom: USE_XML_AUDIO_POLICY_CONF is TRUE
09-13 17:03:54.967 4628 4628 E EffectsConfig: Could not parse effect configuration in any of the default locations.
09-13 17:03:54.967 4628 4628 W AudioPolicyEffects: Failed to load XML effect configuration, fallback to .conf
09-13 17:03:54.969 4628 4628 I : Waiting for activity service
09-13 17:03:54.970 4622 4622 D r_submix: adev_close_input_stream()
09-13 17:03:54.970 4622 4622 D r_submix: submix_audio_device_release_pipe_l(idx=9) addr=0
09-13 17:03:54.970 4622 4622 D r_submix: submix_audio_device_destroy_pipe_l(): pipe destroyed
09-13 17:03:54.975 4629 4774 W CamPvdr@2.4-external: deviceAdded device /dev/video32 does not support VIDEO_CAPTURE
09-13 17:03:54.976 4629 4774 I CamPvdr@2.4-external: threadLoop start monitoring new V4L2 devices
09-13 17:03:55.001 4623 4623 E ActivityRecognitionHardware: activity_recognition HAL is deprecated. class_init is effectively a no-op
09-13 17:03:55.041 4623 4623 I zygote64: Thread[1,tid=4623,Native,Thread*=0x759c814c00,peer=0x130c0088,"main"] recursive attempt to load library "/system/lib64/libmedia_jni.so"
09-13 17:03:55.041 4623 4623 D MtpDeviceJNI: register_android_mtp_MtpDevice
09-13 17:03:55.042 4623 4623 I zygote64: Thread[1,tid=4623,Native,Thread*=0x759c814c00,peer=0x130c0088,"main"] recursive attempt to load library "/system/lib64/libmedia_jni.so"
09-13 17:03:55.042 4623 4623 I zygote64: Thread[1,tid=4623,Native,Thread*=0x759c814c00,peer=0x130c0088,"main"] recursive attempt to load library "/system/lib64/libmedia_jni.so"
09-13 17:03:55.126 4623 4623 E libc : Access denied finding property "vendor.perf.gestureflingboost.enable"
09-13 17:03:55.133 4623 4623 E libc : Access denied finding property "vendor.perf.gestureflingboost.enable"
09-13 17:03:55.154 4623 4623 I DpmTcmClient: DpmTcmClient constructor
09-13 17:03:55.189 4623 4623 I Zygote : ...preloaded 6535 classes in 466ms.
09-13 17:03:55.189 4623 4623 I zygote64: VMRuntime.preloadDexCaches starting
09-13 17:03:55.233 4623 4623 I zygote64: VMRuntime.preloadDexCaches strings total=356396 before=14612 after=14612
09-13 17:03:55.234 4623 4623 I zygote64: VMRuntime.preloadDexCaches types total=32715 before=8120 after=8129
09-13 17:03:55.234 4623 4623 I zygote64: VMRuntime.preloadDexCaches fields total=146899 before=9193 after=9207
09-13 17:03:55.234 4623 4623 I zygote64: VMRuntime.preloadDexCaches methods total=256431 before=13225 after=13240
09-13 17:03:55.234 4623 4623 I zygote64: VMRuntime.preloadDexCaches finished
09-13 17:03:55.291 4623 4623 I AssetManager: no overlays.list file found
09-13 17:03:55.293 4623 4623 I Zygote : Preloading resources...
09-13 17:03:55.301 4623 4623 W Resources: Preloaded drawable resource #0x1080265 (android:drawable/dialog_background_material) that varies with configuration!!
09-13 17:03:55.319 4623 4623 I Zygote : ...preloaded 64 resources in 26ms.
09-13 17:03:55.323 4623 4623 I Zygote : ...preloaded 41 resources in 4ms.
09-13 17:03:55.323 4623 4623 D vndksupport: Loading /vendor/lib64/hw/android.hardware.graphics.mapper@2.0-impl.so from current namespace instead of sphal namespace.
09-13 17:03:55.325 4623 4623 D vndksupport: Loading /vendor/lib64/egl/libEGL_adreno.so from current namespace instead of sphal namespace.
09-13 17:03:55.326 4623 4623 D libEGL : loaded /vendor/lib64/egl/libEGL_adreno.so
09-13 17:03:55.331 4623 4623 D vndksupport: Loading /vendor/lib64/egl/libGLESv1_CM_adreno.so from current namespace instead of sphal namespace.
09-13 17:03:55.332 4623 4623 D libEGL : loaded /vendor/lib64/egl/libGLESv1_CM_adreno.so
09-13 17:03:55.345 4623 4623 D vndksupport: Loading /vendor/lib64/egl/libGLESv2_adreno.so from current namespace instead of sphal namespace.
09-13 17:03:55.345 4623 4623 D libEGL : loaded /vendor/lib64/egl/libGLESv2_adreno.so
09-13 17:03:55.360 4623 4623 I Zygote : Preloading shared libraries...
09-13 17:03:55.364 4623 4623 I Zygote : Uninstalled ICU cache reference pinning...
09-13 17:03:55.365 4623 4623 I Zygote : Installed AndroidKeyStoreProvider in 1ms.
09-13 17:03:55.372 4623 4623 I Zygote : Warmed up JCA providers in 7ms.
09-13 17:03:55.372 4623 4623 D Zygote : end preload
09-13 17:03:55.372 1169 1225 I QC-NETMGR-LIB: NetmgrNetdClientSetIpForwardEnable(): Looking for Netd service
09-13 17:03:55.372 1169 1225 I QC-NETMGR-LIB: NetmgrNetdClientSetIpForwardEnable(): starting command
09-13 17:03:55.372 1169 1225 I QC-NETMGR-LIB: setIpForwardEnable(): Attempting setIpForwardEnable
09-13 17:03:55.372 4631 4647 D TetherController: Setting IP forward enable = 1
09-13 17:03:55.373 1169 1225 I QC-NETMGR-LIB: NetmgrNetdClientSetIpForwardEnable(): completed command
09-13 17:03:55.404 4623 4623 I zygote64: Explicit concurrent copying GC freed 21331(1173KB) AllocSpace objects, 0(0B) LOS objects, 50% free, 2MB/4MB, paused 55us total 32.219ms
09-13 17:03:55.434 4623 4623 I zygote64: Explicit concurrent copying GC freed 1669(97KB) AllocSpace objects, 0(0B) LOS objects, 50% free, 2MB/4MB, paused 38us total 27.762ms
09-13 17:03:55.515 4623 4623 I Zygote : System server process 4898 has been created
09-13 17:03:55.517 4623 4623 I Zygote : Accepting command socket connections
09-13 17:03:55.530 4898 4898 E system_server: Not starting debugger since process cannot load the jdwp agent.
09-13 17:03:55.535 4898 4898 I Zygote : Process: zygote socket RESERVED/zygote_secondary opened, supported ABIS: armeabi-v7a,armeabi
09-13 17:03:55.540 870 1012 V installed: DexInv: --- BEGIN '/system/framework/services.jar' ---
09-13 17:03:55.565 4908 4908 I dex2oat : /system/bin/dex2oat --input-vdex-fd=-1 --output-vdex-fd=9 --compiler-filter=speed --classpath-dir=/system/framework --class-loader-context=PCL[] --generate-mini-debug-info --compact-dex-level=none --compilation-reason=server-dexopt
09-13 17:03:55.593 1031 1086 W ServiceManagement: Waited one second for android.frameworks.sensorservice@1.0::ISensorManager/default
09-13 17:03:55.594 1031 1086 I ServiceManagement: getService: Trying again for android.frameworks.sensorservice@1.0::ISensorManager/default...
09-13 17:03:55.708 887 1100 E storaged: getDiskStats failed with result NOT_SUPPORTED and size 0
09-13 17:03:56.063 4908 4912 D dex2oat : rereads, thread_id = 2
09-13 17:03:56.595 1031 1086 W ServiceManagement: Waited one second for android.frameworks.sensorservice@1.0::ISensorManager/default
09-13 17:03:56.595 1031 1086 I ServiceManagement: getService: Trying again for android.frameworks.sensorservice@1.0::ISensorManager/default...
09-13 17:03:57.597 1031 1086 W ServiceManagement: Waited one second for android.frameworks.sensorservice@1.0::ISensorManager/default
09-13 17:03:57.597 4908 4912 W dex2oat : Verification error in android.content.IntentFilter[] com.android.server.pm.PackageManagerService$EphemeralIntentResolver.newArray(int)
09-13 17:03:57.597 4908 4912 W dex2oat : android.content.IntentFilter[] com.android.server.pm.PackageManagerService$EphemeralIntentResolver.newArray(int) failed to verify: android.content.IntentFilter[] com.android.server.pm.PackageManagerService$EphemeralIntentResolver.newArray(int): [0x4] returning 'Precise Reference: android.content.pm.AuxiliaryResolveInfo[]', but expected from declaration 'Reference: android.content.IntentFilter[]'
09-13 17:03:57.597 4908 4912 W dex2oat :
09-13 17:03:57.598 1031 1086 I ServiceManagement: getService: Trying again for android.frameworks.sensorservice@1.0::ISensorManager/default...
09-13 17:03:57.918 4908 4914 D dex2oat : rereads, thread_id = 3
09-13 17:03:57.919 4908 4913 D dex2oat : rereads, thread_id = 4
09-13 17:03:57.919 4908 4912 D dex2oat : rereads, thread_id = 2
