09-13 17:03:24.208 3018 3018 I zygote64: Thread[1,tid=3018,Native,Thread*=0x7bb5214c00,peer=0x130c0228,"main"] recursive attempt to load library "/system/lib64/libmedia_jni.so"
09-13 17:03:24.208 3018 3018 D MtpDeviceJNI: register_android_mtp_MtpDevice
09-13 17:03:24.208 3018 3018 I zygote64: Thread[1,tid=3018,Native,Thread*=0x7bb5214c00,peer=0x130c0228,"main"] recursive attempt to load library "/system/lib64/libmedia_jni.so"
09-13 17:03:24.208 3018 3018 I zygote64: Thread[1,tid=3018,Native,Thread*=0x7bb5214c00,peer=0x130c0228,"main"] recursive attempt to load library "/system/lib64/libmedia_jni.so"
09-13 17:03:24.209 3022 3022 W CameraProviderManager: Camera provider legacy/0 says an unknown camera device@3.3/legacy/0 now has torch status 0. Curious.
09-13 17:03:24.214 3020 3020 I zygote : Explicit concurrent copying GC freed 5(32KB) AllocSpace objects, 0(0B) LOS objects, 97% free, 44KB/1580KB, paused 101us total 9.267ms
09-13 17:03:24.226 531 3064 I QCamera2HWI: QCamera2HardwareInterface::deferredWorkRoutine id=37
09-13 17:03:24.232 531 3064 I QCamera2HWI: QCamera2HardwareInterface::dequeueDeferredWork id=37
09-13 17:03:24.232 531 3064 I QCamera2HWI: QCamera2HardwareInterface::deferredWorkRoutine id=38
09-13 17:03:24.252 531 3064 I QCamera2HWI: QCamera2HardwareInterface::dequeueDeferredWork id=38
09-13 17:03:24.258 3020 3020 I Zygote : Accepting command socket connections
09-13 17:03:24.265 1010 3073 E mm-3a-core: light_sensor_init init fail
09-13 17:03:24.268 1010 3073 E mm-camera: 448: dsps_open: try to sensor1_open()
09-13 17:03:24.303 3018 3018 E libc : Access denied finding property "vendor.perf.gestureflingboost.enable"
09-13 17:03:24.308 3021 3021 I FastMixerState: sMaxFastTracks = 8
09-13 17:03:24.309 3021 3021 V MediaUtils: physMem: 4294967295
09-13 17:03:24.309 3021 3021 V MediaUtils: requested limit: 536870912
09-13 17:03:24.309 3021 3021 V MediaUtils: actual limit: 536870912
09-13 17:03:24.309 3021 3021 V MediaUtils: original limits: 4294967295/4294967295
09-13 17:03:24.309 3021 3021 V MediaUtils: new limits: 536870912/4294967295
09-13 17:03:24.310 3021 3021 I audioserver: ServiceManager: 0xf159c1c0
09-13 17:03:24.310 3021 3021 D audioserver: audioserver get Service Manager need time 1 ms
09-13 17:03:24.311 3018 3018 E libc : Access denied finding property "vendor.perf.gestureflingboost.enable"
09-13 17:03:24.311 3021 3021 W BatteryNotifier: batterystats service unavailable!
09-13 17:03:24.324 1010 1010 I mm-camera: < INFO> 292: af_core_init: af_core_init
09-13 17:03:24.325 1010 1010 E mm-camera: 2865: stats_port_check_caps_reserve: Invalid Port capability type!
09-13 17:03:24.325 1010 1010 I chatty : uid=1006(camera) mm-qcamera-daem identical 3 lines
09-13 17:03:24.325 1010 1010 E mm-camera: 2865: stats_port_check_caps_reserve: Invalid Port capability type!
09-13 17:03:24.325 1010 1010 I mm-3a-core: q3a_thread_aecawb_start Enter
09-13 17:03:24.334 3018 3018 I DpmTcmClient: DpmTcmClient constructor
09-13 17:03:24.342 3017 3017 D sound_trigger_platform: call audio_hw_acdb_init_v2
09-13 17:03:24.343 3017 3017 E platform_info: param tag only supported with CONFIG_PARAMS section
09-13 17:03:24.343 3017 3017 I chatty : uid=1041(audioserver) audio@2.0-servi identical 3 lines
09-13 17:03:24.343 3017 3017 E platform_info: param tag only supported with CONFIG_PARAMS section
09-13 17:03:24.344 3017 3017 E audio_hw_acdb: acdb_init_v2: dlsym error undefined symbol: acdb_loader_init_v4 for acdb_loader_init_v4
09-13 17:03:24.344 3017 3017 D ACDB-LOADER: ACDB -> No .acdb files found in /vendor/etc/acdbdata!
09-13 17:03:24.345 3017 3017 D ACDB-LOADER: ACDB -> found 0 form factor & soundcard independant files
09-13 17:03:24.345 3017 3017 D ACDB-LOADER: ACDB -> Load file: /vendor/etc/acdbdata/MTP/MTP_Speaker_cal.acdb
09-13 17:03:24.345 3017 3017 D ACDB-LOADER: ACDB -> Load file: /vendor/etc/acdbdata/MTP/MTP_Bluetooth_cal.acdb
09-13 17:03:24.345 3017 3017 D ACDB-LOADER: ACDB -> Load file: /vendor/etc/acdbdata/MTP/MTP_Global_cal.acdb
09-13 17:03:24.345 3017 3017 D ACDB-LOADER: ACDB -> Load file: /vendor/etc/acdbdata/MTP/MTP_General_cal.acdb
09-13 17:03:24.345 3017 3017 D ACDB-LOADER: ACDB -> Load file: /vendor/etc/acdbdata/MTP/MTP_Headset_cal.acdb
09-13 17:03:24.345 3017 3017 D ACDB-LOADER: ACDB -> Load file: /vendor/etc/acdbdata/MTP/MTP_Hdmi_cal.acdb
09-13 17:03:24.345 3017 3017 D ACDB-LOADER: ACDB -> Load file: /vendor/etc/acdbdata/MTP/MTP_Handset_cal.acdb
09-13 17:03:24.345 3017 3017 D ACDB-LOADER: ACDB -> ACDB_CMD_INITIALIZE_V2
09-13 17:03:24.345 3017 3017 D : [ACDB Command]->SW Minor/Major/Revision version info for /vendor/etc/acdbdata/MTP/MTP_Speaker_cal.acdb
09-13 17:03:24.345 3017 3017 D : [ACDB Command]->ACDB Sw Major = 9, ACDB Sw Minor = 0, ACDB Sw Revision = 4, ACDB Sw Cpl Number = 0
09-13 17:03:24.345 3017 3017 D : [ACDB Command]->ACDB File Major = 7, ACDB File Minor = 0, ACDB File Revision = 5
09-13 17:03:24.346 3017 3017 D : [ACDB Command]->SW Minor/Major/Revision version info for /vendor/etc/acdbdata/MTP/MTP_Bluetooth_cal.acdb
09-13 17:03:24.346 3017 3017 D : [ACDB Command]->ACDB Sw Major = 9, ACDB Sw Minor = 0, ACDB Sw Revision = 4, ACDB Sw Cpl Number = 0
09-13 17:03:24.346 3017 3017 D : [ACDB Command]->ACDB File Major = 7, ACDB File Minor = 0, ACDB File Revision = 5
09-13 17:03:24.346 3017 3017 D : [ACDB Command]->SW Minor/Major/Revision version info for /vendor/etc/acdbdata/MTP/MTP_Global_cal.acdb
09-13 17:03:24.346 3017 3017 D : [ACDB Command]->ACDB Sw Major = 9, ACDB Sw Minor = 0, ACDB Sw Revision = 4, ACDB Sw Cpl Number = 0
09-13 17:03:24.346 3017 3017 D : [ACDB Command]->ACDB File Major = 7, ACDB File Minor = 0, ACDB File Revision = 5
09-13 17:03:24.346 3017 3017 D : [ACDB Command]->SW Minor/Major/Revision version info for /vendor/etc/acdbdata/MTP/MTP_General_cal.acdb
09-13 17:03:24.346 3017 3017 D : [ACDB Command]->ACDB Sw Major = 9, ACDB Sw Minor = 0, ACDB Sw Revision = 4, ACDB Sw Cpl Number = 0
09-13 17:03:24.346 3017 3017 D : [ACDB Command]->ACDB File Major = 7, ACDB File Minor = 0, ACDB File Revision = 5
09-13 17:03:24.347 531 3064 I QCamera2HWI: QCamera2HardwareInterface::deferredWorkRoutine id=39
09-13 17:03:24.347 531 1509 I QCamera : openCamera: 2070: [KPI Perf]: X PROFILE_OPEN_CAMERA camera id 0, rc: 0
09-13 17:03:24.347 531 1509 I CamDev@1.0-impl: could not cast ICameraDeviceCallback to IQCameraDeviceCallback
09-13 17:03:24.347 531 3064 I QCameraParameters: Open flash for camera Id: 0 (flash fd: 34)
09-13 17:03:24.347 3017 3017 D : [ACDB Command]->SW Minor/Major/Revision version info for /vendor/etc/acdbdata/MTP/MTP_Headset_cal.acdb
09-13 17:03:24.347 3017 3017 D : [ACDB Command]->ACDB Sw Major = 9, ACDB Sw Minor = 0, ACDB Sw Revision = 4, ACDB Sw Cpl Number = 0
09-13 17:03:24.347 3017 3017 D : [ACDB Command]->ACDB File Major = 7, ACDB File Minor = 0, ACDB File Revision = 5
09-13 17:03:24.348 531 3064 I QCameraParameters: init: no sensor name matched
09-13 17:03:24.348 531 3064 D QCameraParameters: sensor_active_size is 4656 3496
09-13 17:03:24.348 531 3064 I QCamera : setFocusMode: 7701: Setting focus mode auto
09-13 17:03:24.348 531 3064 I QCamera : setFocusAreas: 9967: Default ROI
09-13 17:03:24.349 531 3064 I OPCAMERA_VFB: init_module: module=0xe1f9e020 private=0xe1094000 list=0xe1fb1190
09-13 17:03:24.350 3017 3017 D : [ACDB Command]->SW Minor/Major/Revision version info for /vendor/etc/acdbdata/MTP/MTP_Hdmi_cal.acdb
09-13 17:03:24.350 3017 3017 D : [ACDB Command]->ACDB Sw Major = 9, ACDB Sw Minor = 0, ACDB Sw Revision = 4, ACDB Sw Cpl Number = 0
09-13 17:03:24.350 3017 3017 D : [ACDB Command]->ACDB File Major = 7, ACDB File Minor = 0, ACDB File Revision = 5
09-13 17:03:24.351 3017 3017 D : [ACDB Command]->SW Minor/Major/Revision version info for /vendor/etc/acdbdata/MTP/MTP_Handset_cal.acdb
09-13 17:03:24.351 3017 3017 D : [ACDB Command]->ACDB Sw Major = 9, ACDB Sw Minor = 0, ACDB Sw Revision = 4, ACDB Sw Cpl Number = 0
09-13 17:03:24.351 3017 3017 D : [ACDB Command]->ACDB File Major = 7, ACDB File Minor = 0, ACDB File Revision = 5
09-13 17:03:24.351 3017 3017 D ACDB-LOADER: ACDB -> ACPH INIT
09-13 17:03:24.351 3017 3017 D : [ACPH]->Online service registered with ACPH
09-13 17:03:24.352 531 3095 I OPCAMERA_VFB: sensor_config: enable cfg for imx298
09-13 17:03:24.352 531 3064 I OPCAMERA_SFB: init_module: module=0xe1f9e008 private=0xe1fdf700 list=0xe1fb1130
09-13 17:03:24.353 531 3098 I OPCAMERA_SFB: sensor_config: imx298.is_sensor_cfg=1
09-13 17:03:24.353 531 3064 E OneplusCamera: createFaceBeautyLevelString facebeauty levels=0,1,2,3,4,5,6,7,8
09-13 17:03:24.353 3017 3017 D : [ACPH]->ACPH init success
09-13 17:03:24.354 3017 3017 D ACDB-LOADER: ACDB -> RTAC INIT
09-13 17:03:24.354 3017 3017 D : [ACPH]->DSP RTC service registered with ACPH
09-13 17:03:24.354 3017 3017 D ACDB-LOADER: ACDB -> MCS, FTS INIT
09-13 17:03:24.354 3017 3017 E ACDB-MCS: acdb_mcs_init: /vendor/etc/audio_tuning_mixer_tasha.txt not present, using /vendor/etc/audio_tuning_mixer.txt config file
09-13 17:03:24.354 3017 3017 D : [ACPH]->MCS RTC service registered with ACPH
09-13 17:03:24.354 3017 3017 D : [ACPH]->FTS RTC service registered with ACPH
09-13 17:03:24.354 3017 3017 D ACDB-LOADER: ACDB -> ADIE RTAC INIT
09-13 17:03:24.354 3017 3017 D : [ACPH]->ADIE RTC service registered with ACPH
09-13 17:03:24.354 3017 3017 D ACDB-LOADER: ACDB -> ACDB_CMD_GET_VOC_PROC_DYNAMIC_TABLE_SIZE
09-13 17:03:24.355 531 3064 I OPCAMERA_VFB: deinit_module: module=0xe1f9e020 private=0xe1094000 list=0x0
09-13 17:03:24.362 531 3064 I OPCAMERA_SFB: deinit_module: module=0xe1f9e008 private=0xe1fdf700 list=0x0
09-13 17:03:24.365 1010 3089 E mm-camera: 2966: sensor_get_cur_chromatix_name: Sensor name:imx298,sensor id:0x0, vendor id:4, lens id:0
09-13 17:03:24.365 1010 3089 E mm-camera: 3129: sensor_get_cur_chromatix_name: 3A chromatix : imx298_zsl_preview
09-13 17:03:24.367 531 3064 I QCamera2HWI: QCamera2HardwareInterface::dequeueDeferredWork id=39
09-13 17:03:24.369 531 1509 I CamDev@1.0-impl: Closing camera 0
09-13 17:03:24.369 531 1509 I QCamera : close_camera_device: 1649: [KPI Perf]: E camera id 0
09-13 17:03:24.370 531 1509 I QCameraStateMachine: E
09-13 17:03:24.370 531 3062 I QCameraStateMachine: QCAMERA_SM_CMD_TYPE_EXIT
09-13 17:03:24.370 531 3062 I QCameraStateMachine: X
09-13 17:03:24.371 531 1509 I QCameraStateMachine: X
09-13 17:03:24.371 531 1509 I QCamera : closeCamera: 2479: E
09-13 17:03:24.371 531 1509 I QCamera : closeCamera: 2484: [KPI Perf]: E PROFILE_CLOSE_CAMERA camera id 0
09-13 17:03:24.371 531 1509 E OneplusCamera: acquire: fail
09-13 17:03:24.372 1010 3089 I : sensor_pick_resolution res_idx: 2
09-13 17:03:24.372 1010 3089 I : sensor_pick_resolution Matched pick_w:2328, pick_h:1748, pick_fps:30.020000, pick_clk:299300000, pick_mode:1
09-13 17:03:24.372 1010 1310 E mm-camera: 303: AllocateBuffers: Invalid dimensions 0x0
09-13 17:03:24.372 1010 1310 E mm-camera: 203: img_algo_preload: Preload: Failed to allocate buffer, rc -4
09-13 17:03:24.372 1010 1310 E mm-camera: 117: module_imgbase_client_preload_exec: IMG_CORE_PRELOAD failed -4
09-13 17:03:24.373 3018 3018 I Zygote : ...preloaded 6535 classes in 524ms.
09-13 17:03:24.373 3018 3018 I zygote64: VMRuntime.preloadDexCaches starting
09-13 17:03:24.375 531 1509 I QCameraParameters: Close flash fd: 34
09-13 17:03:24.377 531 1509 D QCameraPostProc: stop: E
09-13 17:03:24.377 531 1509 E QCameraPostProc: stop: X
09-13 17:03:24.377 531 3092 D : cmdtype=MM_CAMERA_CMD_TYPE_EXIT
09-13 17:03:24.380 1010 1010 E mm-camera: 916: isp_port_check_caps_unreserve: ISP session resource not dellocated in time
09-13 17:03:24.392 3017 3017 D ACDB-LOADER: ACDB -> send_common_custom_topology
09-13 17:03:24.392 3017 3017 D ACDB-LOADER: ACDB -> ACDB_CMD_GET_AVCS_CUSTOM_TOPO_INFO_SIZE
09-13 17:03:24.392 3017 3017 D ACDB-LOADER: ACDB -> ACDB_CMD_GET_AVCS_CUSTOM_TOPO_INFO
09-13 17:03:24.392 3017 3017 D ACDB-LOADER: ACDB -> ACDB_CMD_GET_AVCS_CUSTOM_TOPO_INFO: size:0x1ec ret=0
09-13 17:03:24.392 3017 3017 D ACDB-LOADER: ACDB -> CORE_CUSTOM_TOPOLOGIES
09-13 17:03:24.393 1010 3102 E mm-camera: 528: isp_module_stop_session: warning: ISP resource is not freed on time!
09-13 17:03:24.395 3017 3017 E ACDB-LOADER: AUDIO_SET_CALIBRATION, Error = -1
09-13 17:03:24.395 3017 3017 D ACDB-LOADER: ACDB -> acdb_loader_send_common_custom_topology: Common custom topology not in use
09-13 17:03:24.395 3017 3017 D ACDB-LOADER: ACDB -> send_afe_custom_topology
09-13 17:03:24.395 3017 3017 D ACDB-LOADER: ACDB -> ACDB_CMD_GET_AFE_TOPOLOGIES
09-13 17:03:24.395 3017 3017 D : ACDBFILE_MGR: Property for the pid 000130DE not found
09-13 17:03:24.395 3017 3017 D : ACDB_COMMAND: Failed to fetch the property info for pid 000130DE
09-13 17:03:24.395 3017 3017 E ACDB-LOADER: Error: ACDB get afe custom topologies returned = -18
09-13 17:03:24.395 3017 3017 D ACDB-LOADER: ACDB -> ACDB_CMD_GET_AFE_TOPOLOGIES: size:0x0 ret=-18
09-13 17:03:24.396 3017 3017 D ACDB-LOADER: ACDB -> AUDIO_SET_AFE_CUSTOM_TOPOLOGY
09-13 17:03:24.396 3017 3017 D ACDB-LOADER: ACDB -> send_adm_custom_topology
09-13 17:03:24.396 3017 3017 D ACDB-LOADER: ACDB -> ACDB_CMD_GET_AUDIO_COPP_TOPOLOGIES
09-13 17:03:24.396 3017 3017 D ACDB-LOADER: ACDB -> AUDIO_SET_ADM_CUSTOM_TOPOLOGY
09-13 17:03:24.396 3017 3017 D ACDB-LOADER: ACDB -> send_asm_custom_topology
09-13 17:03:24.396 3017 3017 D ACDB-LOADER: ACDB -> ACDB_CMD_GET_AUDIO_POPP_TOPOLOGIES
09-13 17:03:24.396 3017 3017 D ACDB-LOADER: ACDB -> AUDIO_SET_ASM_CUSTOM_TOPOLOGY
09-13 17:03:24.396 3017 3017 D ACDB-LOADER: ACDB -> send_lsm_custom_topology
09-13 17:03:24.396 3017 3017 D ACDB-LOADER: ACDB -> ACDB_CMD_GET_LSM_TOPOLOGIES
09-13 17:03:24.396 3017 3017 D ACDB-LOADER: ACDB -> AUDIO_SET_LSM_CUSTOM_TOPOLOGY
09-13 17:03:24.396 3017 3017 D ACDB-LOADER: ACDB -> init done!
09-13 17:03:24.396 3017 3017 D audio_hw_acdb: acdb_init_v2: ACDB Instance ID support after ACDB init:0
09-13 17:03:24.396 3017 3017 D sound_trigger_platform: platform_stdev_init Opening device /dev/snd/hwC0D1000
09-13 17:03:24.396 3017 3017 D sound_trigger_platform: get_codec_version: codec version WCD9335_2_0
09-13 17:03:24.396 3017 3017 I SoundTriggerHalImpl: onFirstRef() mModuleName primary mHwDevice 0xeb2ba300
09-13 17:03:24.399 3017 3017 I audiohalservice: Registration complete for android.hardware.soundtrigger@2.1::ISoundTriggerHw/default.
09-13 17:03:24.399 479 479 W hwservicemanager: getTransport: Cannot find entry android.hardware.bluetooth.a2dp@1.0::IBluetoothAudioOffload/default in either framework or device manifest.
09-13 17:03:24.400 3017 3017 E audiohalservice: Could not get passthrough implementation for android.hardware.bluetooth.a2dp@1.0::IBluetoothAudioOffload/default.
09-13 17:03:24.400 3017 3017 W audiohalservice: Could not register Bluetooth audio offload 1.0
09-13 17:03:24.400 3017 3017 E audiohalservice: Could not get passthrough implementation for com.qualcomm.qti.bluetooth_audio@1.0::IBluetoothAudio/default.
09-13 17:03:24.400 3017 3017 W audiohalservice: Could not register bluetooth_audio service
09-13 17:03:24.407 479 479 W hwservicemanager: getTransport: Cannot find entry android.hardware.audio@4.0::IDevicesFactory/msd in either framework or device manifest.
09-13 17:03:24.409 3021 3021 D vndksupport: Loading /vendor/lib/hw/android.hardware.audio@4.0-impl.so from current namespace instead of sphal namespace.
09-13 17:03:24.418 3021 3021 I AudioFlinger: Using default 3000 mSec as standby time.
09-13 17:03:24.419 3021 3021 D audioserver: audioserver audio flinger init need time 108 ms
09-13 17:03:24.421 3021 3021 E APM::Serializer: deserialize: Could not parse /odm/etc/audio_policy_configuration.xml document.
09-13 17:03:24.424 3018 3018 I zygote64: VMRuntime.preloadDexCaches strings total=356396 before=14612 after=14612
09-13 17:03:24.424 3018 3018 I zygote64: VMRuntime.preloadDexCaches types total=32715 before=8120 after=8129
09-13 17:03:24.424 3018 3018 I zygote64: VMRuntime.preloadDexCaches fields total=146899 before=9193 after=9207
09-13 17:03:24.424 3018 3018 I zygote64: VMRuntime.preloadDexCaches methods total=256431 before=13225 after=13240
09-13 17:03:24.424 3018 3018 I zygote64: VMRuntime.preloadDexCaches finished
09-13 17:03:24.439 3017 3106 D vndksupport: Loading /vendor/lib/hw/audio.primary.msm8996.so from current namespace instead of sphal namespace.
09-13 17:03:24.439 3017 3106 D audio_hw_primary: adev_open: enter
09-13 17:03:24.440 3017 3106 D audio_log_utils: registered, module hal
09-13 17:03:24.441 3017 3106 D audio_hw_utils: audio_extn_utils_open_snd_mixer: snd_card_name: msm8996-tasha-mtp-snd-card
09-13 17:03:24.441 3017 3106 W hardware_info: update_hardware_info_8996: Not a 8996 device
09-13 17:03:24.441 3017 3106 D audio_hw_utils: audio_extn_utils_open_snd_mixer: Opened sound card:0
09-13 17:03:24.441 3017 3106 D msm8974_platform: platform_init: Opened sound card:0
09-13 17:03:24.441 3017 3106 W hardware_info: update_hardware_info_8996: Not a 8996 device
09-13 17:03:24.441 3017 3106 D msm8974_platform: platform_init: Loading mixer file: /vendor/etc/mixer_paths_tasha.xml
09-13 17:03:24.486 3018 3018 I AssetManager: no overlays.list file found
09-13 17:03:24.487 3018 3018 I Zygote : Preloading resources...
09-13 17:03:24.498 3018 3018 W Resources: Preloaded drawable resource #0x1080265 (android:drawable/dialog_background_material) that varies with configuration!!
09-13 17:03:24.502 1031 1086 W ServiceManagement: Waited one second for android.frameworks.sensorservice@1.0::ISensorManager/default
09-13 17:03:24.503 1031 1086 I ServiceManagement: getService: Trying again for android.frameworks.sensorservice@1.0::ISensorManager/default...
09-13 17:03:24.541 3018 3018 I Zygote : ...preloaded 64 resources in 53ms.
09-13 17:03:24.550 3018 3018 I Zygote : ...preloaded 41 resources in 9ms.
09-13 17:03:24.550 3018 3018 D vndksupport: Loading /vendor/lib64/hw/android.hardware.graphics.mapper@2.0-impl.so from current namespace instead of sphal namespace.
09-13 17:03:24.551 3018 3018 D vndksupport: Loading /vendor/lib64/egl/libEGL_adreno.so from current namespace instead of sphal namespace.
09-13 17:03:24.553 3018 3018 D libEGL : loaded /vendor/lib64/egl/libEGL_adreno.so
09-13 17:03:24.558 3018 3018 D vndksupport: Loading /vendor/lib64/egl/libGLESv1_CM_adreno.so from current namespace instead of sphal namespace.
09-13 17:03:24.559 3018 3018 D libEGL : loaded /vendor/lib64/egl/libGLESv1_CM_adreno.so
09-13 17:03:24.572 1010 3068 E mm-camera: 731: eeprom_process: failed NULL pointer detected: eeprom_ctrl :
09-13 17:03:24.573 1010 3068 E mm-camera: 325: module_sensor_offload_ois_init_calibrate: Get Is OIS calibration failed
09-13 17:03:24.573 3018 3018 D vndksupport: Loading /vendor/lib64/egl/libGLESv2_adreno.so from current namespace instead of sphal namespace.
09-13 17:03:24.573 3018 3018 D libEGL : loaded /vendor/lib64/egl/libGLESv2_adreno.so
09-13 17:03:24.588 3018 3018 I Zygote : Preloading shared libraries...
09-13 17:03:24.588 3022 3022 W CameraProviderManager: Camera provider legacy/0 says an unknown camera device@1.0/legacy/0 now has torch status 1. Curious.
09-13 17:03:24.588 3022 3022 W CameraProviderManager: Camera provider legacy/0 says an unknown camera device@3.3/legacy/0 now has torch status 1. Curious.
09-13 17:03:24.588 531 1509 I OPCAMERA_SERVICE: deinit_module: module=0xe1f9e010 private=0xe1fa2da0 list=0x0
09-13 17:03:24.589 531 1509 I QCamera : closeCamera: 2575: [KPI Perf]: X PROFILE_CLOSE_CAMERA camera id 0, rc: 0
09-13 17:03:24.589 531 3063 I QCameraHWI_Mem: memoryPoolThread: stop proc
09-13 17:03:24.589 531 3063 I QCameraHWI_Mem: memoryPoolThread: X
09-13 17:03:24.589 531 1509 I QCamera : close_camera_device: 1651: [KPI Perf]: X
09-13 17:03:24.590 3022 3022 I CameraProviderManager: Enumerating new camera device: device@3.3/legacy/0
09-13 17:03:24.591 3022 3022 I CameraProviderManager: Enumerating new camera device: device@1.0/legacy/1
09-13 17:03:24.596 531 1509 I CamDev@1.0-impl: Opening camera 1
09-13 17:03:24.596 531 1509 I QCamera : openLegacy: 680: openLegacy halVersion: 256
09-13 17:03:24.598 3018 3018 I Zygote : Uninstalled ICU cache reference pinning...
09-13 17:03:24.599 3018 3018 I Zygote : Installed AndroidKeyStoreProvider in 1ms.
09-13 17:03:24.606 531 3126 I QCameraHWI_Mem: memoryPoolThread: E
09-13 17:03:24.606 531 3126 I QCameraHWI_Mem: memoryPoolThread: start proc
09-13 17:03:24.606 531 1509 I OneplusCamera: initClientPackageNameFlag: com.android.facelock
09-13 17:03:24.606 531 1509 D vndksupport: Loading /vendor/lib/hw/power.qcom.so from current namespace instead of sphal namespace.
09-13 17:03:24.606 3018 3018 I Zygote : Warmed up JCA providers in 7ms.
09-13 17:03:24.606 3018 3018 D Zygote : end preload
09-13 17:03:24.606 3018 3018 I zygote64: Waiting for a blocking GC Explicit
09-13 17:03:24.607 3018 3050 I zygote64: Background concurrent copying GC freed 21599(1102KB) AllocSpace objects, 0(0B) LOS objects, 49% free, 2MB/5MB, paused 66us total 105.436ms
09-13 17:03:24.612 531 1509 I QCamera2HWI: QCamera2HardwareInterface: mClientPackageName = com.android.facelock
09-13 17:03:24.612 531 1509 I QCamera : openCamera: 2057: [KPI Perf]: E PROFILE_OPEN_CAMERA camera id 1
09-13 17:03:24.613 531 1509 I OPCAMERA_SERVICE: init_module: module=0xe1f9e000 private=0xe1fa2da0 list=0xe1fb1150
09-13 17:03:24.613 531 3125 I QCameraStateMachine: E
09-13 17:03:24.613 531 1509 E OneplusCamera: acquire: fail
09-13 17:03:24.614 531 3127 I QCamera2HWI: QCamera2HardwareInterface::deferredWorkRoutine id=40
09-13 17:03:24.614 531 3127 I QCamera2HWI: QCamera2HardwareInterface::dequeueDeferredWork id=40
09-13 17:03:24.614 531 3127 I QCamera2HWI: QCamera2HardwareInterface::deferredWorkRoutine id=41
09-13 17:03:24.618 531 3127 I QCamera2HWI: QCamera2HardwareInterface::dequeueDeferredWork id=41
09-13 17:03:24.640 3018 3018 I zygote64: Explicit concurrent copying GC freed 7834(383KB) AllocSpace objects, 0(0B) LOS objects, 49% free, 2MB/4MB, paused 53us total 32.691ms
09-13 17:03:24.643 1010 3135 E mm-3a-core: light_sensor_init init fail
09-13 17:03:24.644 1010 3135 E mm-camera: 448: dsps_open: try to sensor1_open()
09-13 17:03:24.651 1010 3132 I mm-camera: sony_imx179_eeprom_get_calibration_items: A light valid page:0, D50 valid page:0
09-13 17:03:24.672 3018 3018 I zygote64: Explicit concurrent copying GC freed 1384(87KB) AllocSpace objects, 0(0B) LOS objects, 49% free, 2MB/4MB, paused 50us total 30.983ms
09-13 17:03:24.679 1010 1010 I mm-camera: < INFO> 292: af_core_init: af_core_init
09-13 17:03:24.680 1010 1010 E mm-camera: 2865: stats_port_check_caps_reserve: Invalid Port capability type!
09-13 17:03:24.680 1010 1010 I chatty : uid=1006(camera) mm-qcamera-daem identical 3 lines
09-13 17:03:24.680 1010 1010 E mm-camera: 2865: stats_port_check_caps_reserve: Invalid Port capability type!
09-13 17:03:24.680 1010 1010 I mm-3a-core: q3a_thread_aecawb_start Enter
09-13 17:03:24.691 531 1509 I QCamera : openCamera: 2070: [KPI Perf]: X PROFILE_OPEN_CAMERA camera id 1, rc: 0
09-13 17:03:24.691 531 1509 I CamDev@1.0-impl: could not cast ICameraDeviceCallback to IQCameraDeviceCallback
09-13 17:03:24.691 531 3127 I QCamera2HWI: QCamera2HardwareInterface::deferredWorkRoutine id=42
09-13 17:03:24.692 531 3127 D QCameraParameters: sensor_active_size is 3288 2480
09-13 17:03:24.692 531 3127 I QCamera : setFocusMode: 7701: Setting focus mode fixed
09-13 17:03:24.693 531 3127 I OPCAMERA_VFB: init_module: module=0xe1f9e018 private=0xe1095000 list=0xe1fb1220
09-13 17:03:24.707 531 3159 I OPCAMERA_VFB: sensor_config: enable cfg for imx179
09-13 17:03:24.708 531 3127 I OPCAMERA_SFB: init_module: module=0xe1f9e038 private=0xe1fdf700 list=0xe1fb1200
09-13 17:03:24.708 531 3162 I OPCAMERA_SFB: sensor_config: imx179.is_sensor_cfg=1
09-13 17:03:24.708 531 3127 E OneplusCamera: createFaceBeautyLevelString facebeauty levels=0,1,2,3,4,5,6,7,8
09-13 17:03:24.710 531 3127 I OPCAMERA_VFB: deinit_module: module=0xe1f9e018 private=0xe1095000 list=0x0
09-13 17:03:24.710 531 3127 I OPCAMERA_SFB: deinit_module: module=0xe1f9e038 private=0xe1fdf700 list=0x0
09-13 17:03:24.712 1010 3153 E mm-camera: 2966: sensor_get_cur_chromatix_name: Sensor name:imx179,sensor id:0x0, vendor id:0, lens id:0
09-13 17:03:24.712 1010 3153 E mm-camera: 3129: sensor_get_cur_chromatix_name: 3A chromatix : imx179_3a_3280x2464_30fps_preview
09-13 17:03:24.713 531 3127 I QCamera2HWI: QCamera2HardwareInterface::dequeueDeferredWork id=42
09-13 17:03:24.714 531 1509 I CamDev@1.0-impl: Closing camera 1
09-13 17:03:24.714 531 1509 I QCamera : close_camera_device: 1649: [KPI Perf]: E camera id 1
09-13 17:03:24.716 531 1509 I QCameraStateMachine: E
09-13 17:03:24.718 531 3125 I QCameraStateMachine: QCAMERA_SM_CMD_TYPE_EXIT
09-13 17:03:24.718 531 3125 I QCameraStateMachine: X
09-13 17:03:24.718 531 1509 I QCameraStateMachine: X
09-13 17:03:24.718 531 1509 I QCamera : closeCamera: 2479: E
09-13 17:03:24.718 531 1509 I QCamera : closeCamera: 2484: [KPI Perf]: E PROFILE_CLOSE_CAMERA camera id 1
09-13 17:03:24.719 531 1509 E OneplusCamera: acquire: fail
09-13 17:03:24.719 1010 3153 I : sensor_pick_resolution res_idx: 2
09-13 17:03:24.719 1010 3153 I : sensor_pick_resolution Matched pick_w:1640, pick_h:924, pick_fps:30.000000, pick_clk:136000000, pick_mode:1
09-13 17:03:24.719 1010 1310 E mm-camera: 303: AllocateBuffers: Invalid dimensions 0x0
09-13 17:03:24.719 1010 1310 E mm-camera: 203: img_algo_preload: Preload: Failed to allocate buffer, rc -4
09-13 17:03:24.719 1010 1310 E mm-camera: 117: module_imgbase_client_preload_exec: IMG_CORE_PRELOAD failed -4
09-13 17:03:24.722 531 1509 D QCameraPostProc: stop: E
09-13 17:03:24.722 531 1509 E QCameraPostProc: stop: X
09-13 17:03:24.722 531 3156 D : cmdtype=MM_CAMERA_CMD_TYPE_EXIT
09-13 17:03:24.723 1010 1010 E mm-camera: 916: isp_port_check_caps_unreserve: ISP session resource not dellocated in time
09-13 17:03:24.744 1010 3166 E mm-camera: 528: isp_module_stop_session: warning: ISP resource is not freed on time!
09-13 17:03:24.762 3018 3018 I Zygote : System server process 3169 has been created
09-13 17:03:24.763 3018 3018 I Zygote : Accepting command socket connections
09-13 17:03:24.767 531 1509 I OPCAMERA_SERVICE: deinit_module: module=0xe1f9e000 private=0xe1fa2da0 list=0x0
09-13 17:03:24.768 531 1509 I QCamera : closeCamera: 2575: [KPI Perf]: X PROFILE_CLOSE_CAMERA camera id 1, rc: 0
09-13 17:03:24.768 531 3126 I QCameraHWI_Mem: memoryPoolThread: stop proc
09-13 17:03:24.768 531 3126 I QCameraHWI_Mem: memoryPoolThread: X
09-13 17:03:24.768 531 1509 I QCamera : close_camera_device: 1651: [KPI Perf]: X
09-13 17:03:24.768 3022 3022 I CameraProviderManager: Enumerating new camera device: device@3.3/legacy/1
09-13 17:03:24.769 3022 3022 I CameraProviderManager: Camera provider legacy/0 ready with 4 camera devices
09-13 17:03:24.770 479 479 W hwservicemanager: getTransport: Cannot find entry android.hardware.camera.provider@2.4::ICameraProvider/external/0 in either framework or device manifest.
09-13 17:03:24.771 3022 3022 D vndksupport: Loading /vendor/lib/hw/android.hardware.camera.provider@2.4-impl.so from current namespace instead of sphal namespace.
09-13 17:03:24.779 3022 3022 E ExtCamUtils@3.4: loadFromCfg: Unable to load external camera config file '/vendor/etc/external_camera_config.xml'. Error: XML_ERROR_FILE_NOT_FOUND
09-13 17:03:24.780 3022 3022 I CameraProviderManager: Connecting to new camera provider: external/0, isRemote? 0
09-13 17:03:24.780 3022 3022 I CameraProviderManager: Camera provider external/0 ready with 0 camera devices
09-13 17:03:24.780 3022 3059 W CameraProviderManager: addProviderLocked: Camera provider HAL with name 'legacy/0' already registered
09-13 17:03:24.781 3022 3022 I CameraService: onDeviceStatusChanged: Status changed for cameraId=1, newStatus=1
09-13 17:03:24.782 3022 3022 I CameraService: onDeviceStatusChanged: Unknown camera ID 1, a new camera is added
09-13 17:03:24.791 3022 3022 I CameraService: onDeviceStatusChanged: Status changed for cameraId=0, newStatus=1
09-13 17:03:24.791 3022 3022 I CameraService: onDeviceStatusChanged: Unknown camera ID 0, a new camera is added
09-13 17:03:24.791 3022 3059 I CameraService: onDeviceStatusChanged: Status changed for cameraId=1, newStatus=1
09-13 17:03:24.791 3022 3059 E CameraService: onDeviceStatusChanged: State transition to the same status 0x1 not allowed
09-13 17:03:24.791 3022 3059 I CameraService: onDeviceStatusChanged: Status changed for cameraId=0, newStatus=1
09-13 17:03:24.791 3022 3022 I : Waiting for activity service
09-13 17:03:24.793 3169 3169 E system_server: Not starting debugger since process cannot load the jdwp agent.
09-13 17:03:24.796 3169 3169 I Zygote : Process: zygote socket RESERVED/zygote_secondary opened, supported ABIS: armeabi-v7a,armeabi
09-13 17:03:24.793 3177 3177 W iptables-wrappe: type=1400 audit(0.0:646): avc: denied { read write } for path="/dev/diag" dev="tmpfs" ino=7350 scontext=u:r:netutils_wrapper:s0 tcontext=u:object_r:diag_device:s0 tclass=chr_file permissive=0
09-13 17:03:24.806 3169 3169 W system_server: ClassLoaderContext size mismatch. expected=1, actual=2 (PCL[] | PCL[];PCL[])
09-13 17:03:24.811 3169 3169 I system_server: The ClassLoaderContext is a special shared library.
09-13 17:03:24.814 3169 3169 I chatty : uid=1000 system_server identical 1 line
09-13 17:03:24.816 3169 3169 I system_server: The ClassLoaderContext is a special shared library.
09-13 17:03:24.822 1010 3188 E mm-3a-core: light_sensor_init init fail
09-13 17:03:24.823 1010 3188 E mm-camera: 448: dsps_open: try to sensor1_open()
09-13 17:03:24.823 3194 3194 W iptables-wrappe: type=1400 audit(0.0:647): avc: denied { read write } for path="/dev/diag" dev="tmpfs" ino=7350 scontext=u:r:netutils_wrapper:s0 tcontext=u:object_r:diag_device:s0 tclass=chr_file permissive=0
09-13 17:03:24.842 1010 3185 I mm-camera: sony_imx179_eeprom_get_calibration_items: A light valid page:0, D50 valid page:0
09-13 17:03:24.861 1010 1010 I mm-camera: < INFO> 292: af_core_init: af_core_init
09-13 17:03:24.862 1010 1010 E mm-camera: 2865: stats_port_check_caps_reserve: Invalid Port capability type!
09-13 17:03:24.862 1010 1010 I chatty : uid=1006(camera) mm-qcamera-daem identical 3 lines
09-13 17:03:24.863 1010 1010 E mm-camera: 2865: stats_port_check_caps_reserve: Invalid Port capability type!
09-13 17:03:24.863 1010 1010 I mm-3a-core: q3a_thread_aecawb_start Enter
09-13 17:03:24.870 3169 3169 I system_server: Rejecting re-init on previously-failed class java.lang.Class: java.lang.NoClassDefFoundError: Failed resolution of: Landroid/view/WindowManagerPolicy;
09-13 17:03:24.870 3169 3169 I system_server: at java.lang.Class java.lang.Class.classForName(java.lang.String, boolean, java.lang.ClassLoader) (Class.java:-2)
09-13 17:03:24.870 3169 3169 I system_server: at java.lang.Class java.lang.Class.forName(java.lang.String, boolean, java.lang.ClassLoader) (Class.java:453)
09-13 17:03:24.870 3169 3169 I system_server: at java.lang.Runnable com.android.internal.os.RuntimeInit.findStaticMain(java.lang.String, java.lang.String[], java.lang.ClassLoader) (RuntimeInit.java:336)
09-13 17:03:24.870 3169 3169 I system_server: at java.lang.Runnable com.android.internal.os.RuntimeInit.applicationInit(int, java.lang.String[], java.lang.ClassLoader) (RuntimeInit.java:409)
09-13 17:03:24.870 3169 3169 I system_server: at java.lang.Runnable com.android.internal.os.ZygoteInit.zygoteInit(int, java.lang.String[], java.lang.ClassLoader) (ZygoteInit.java:912)
09-13 17:03:24.870 3169 3169 I system_server: at java.lang.Runnable com.android.internal.os.ZygoteInit.handleSystemServerProcess(com.android.internal.os.ZygoteConnection$Arguments) (ZygoteInit.java:506)
09-13 17:03:24.870 3169 3169 I system_server: at java.lang.Runnable com.android.internal.os.ZygoteInit.forkSystemServer(java.lang.String, java.lang.String, com.android.internal.os.ZygoteServer) (ZygoteInit.java:730)
09-13 17:03:24.870 3169 3169 I system_server: at void com.android.internal.os.ZygoteInit.main(java.lang.String[]) (ZygoteInit.java:833)
09-13 17:03:24.870 3169 3169 I system_server: Caused by: java.lang.ClassNotFoundException: Didn't find class "android.view.WindowManagerPolicy" on path: DexPathList[[zip file "/system/framework/services.jar", zip file "/system/framework/ethernet-service.jar", zip file "/system/framework/wifi-service.jar", zip file "/system/framework/com.android.location.provider.jar"],nativeLibraryDirectories=[/system/lib64, /system/vendor/lib64, /system/lib64, /system/vendor/lib64]]
09-13 17:03:24.870 3169 3169 I system_server: at java.lang.Class dalvik.system.BaseDexClassLoader.findClass(java.lang.String) (BaseDexClassLoader.java:169)
09-13 17:03:24.870 3169 3169 I system_server: at java.lang.Class java.lang.ClassLoader.loadClass(java.lang.String, boolean) (ClassLoader.java:379)
09-13 17:03:24.870 3169 3169 I system_server: at java.lang.Class java.lang.ClassLoader.loadClass(java.lang.String) (ClassLoader.java:312)
09-13 17:03:24.870 3169 3169 I system_server: at java.lang.Class java.lang.Class.classForName(java.lang.String, boolean, java.lang.ClassLoader) (Class.java:-2)
09-13 17:03:24.870 3169 3169 I system_server: at java.lang.Class java.lang.Class.forName(java.lang.String, boolean, java.lang.ClassLoader) (Class.java:453)
09-13 17:03:24.870 3169 3169 I system_server: at java.lang.Runnable com.android.internal.os.RuntimeInit.findStaticMain(java.lang.String, java.lang.String[], java.lang.ClassLoader) (RuntimeInit.java:336)
09-13 17:03:24.870 3169 3169 I system_server: at java.lang.Runnable com.android.internal.os.RuntimeInit.applicationInit(int, java.lang.String[], java.lang.ClassLoader) (RuntimeInit.java:409)
09-13 17:03:24.870 3169 3169 I system_server: at java.lang.Runnable com.android.internal.os.ZygoteInit.zygoteInit(int, java.lang.String[], java.lang.ClassLoader) (ZygoteInit.java:912)
09-13 17:03:24.870 3169 3169 I system_server: at java.lang.Runnable com.android.internal.os.ZygoteInit.handleSystemServerProcess(com.android.internal.os.ZygoteConnection$Arguments) (ZygoteInit.java:506)
09-13 17:03:24.870 3169 3169 I system_server: at java.lang.Runnable com.android.internal.os.ZygoteInit.forkSystemServer(java.lang.String, java.lang.String, com.android.internal.os.ZygoteServer) (ZygoteInit.java:730)
09-13 17:03:24.870 3169 3169 I system_server: at void com.android.internal.os.ZygoteInit.main(java.lang.String[]) (ZygoteInit.java:833)
09-13 17:03:24.870 3169 3169 I system_server:
09-13 17:03:24.871 3169 3169 I system_server: Rejecting re-init on previously-failed class java.lang.Class: java.lang.NoClassDefFoundError: Failed resolution of: Lcom/android/server/policy/PhoneWindowManager;
09-13 17:03:24.871 3169 3169 I system_server: at java.lang.Class java.lang.Class.classForName(java.lang.String, boolean, java.lang.ClassLoader) (Class.java:-2)
09-13 17:03:24.871 3169 3169 I system_server: at java.lang.Class java.lang.Class.forName(java.lang.String, boolean, java.lang.ClassLoader) (Class.java:453)
09-13 17:03:24.871 3169 3169 I system_server: at java.lang.Runnable com.android.internal.os.RuntimeInit.findStaticMain(java.lang.String, java.lang.String[], java.lang.ClassLoader) (RuntimeInit.java:336)
09-13 17:03:24.871 3169 3169 I system_server: at java.lang.Runnable com.android.internal.os.RuntimeInit.applicationInit(int, java.lang.String[], java.lang.ClassLoader) (RuntimeInit.java:409)
09-13 17:03:24.871 3169 3169 I system_server: at java.lang.Runnable com.android.internal.os.ZygoteInit.zygoteInit(int, java.lang.String[], java.lang.ClassLoader) (ZygoteInit.java:912)
09-13 17:03:24.871 3169 3169 I system_server: at java.lang.Runnable com.android.internal.os.ZygoteInit.handleSystemServerProcess(com.android.internal.os.ZygoteConnection$Arguments) (ZygoteInit.java:506)
09-13 17:03:24.871 3169 3169 I system_server: at java.lang.Runnable com.android.internal.os.ZygoteInit.forkSystemServer(java.lang.String, java.lang.String, com.android.internal.os.ZygoteServer) (ZygoteInit.java:730)
09-13 17:03:24.871 3169 3169 I system_server: at void com.android.internal.os.ZygoteInit.main(java.lang.String[]) (ZygoteInit.java:833)
09-13 17:03:24.871 3169 3169 I system_server: Caused by: java.lang.ClassNotFoundException: com.android.server.policy.PhoneWindowManager
09-13 17:03:24.871 3169 3169 I system_server: at java.lang.Class java.lang.VMClassLoader.findLoadedClass(java.lang.ClassLoader, java.lang.String) (VMClassLoader.java:-2)
09-13 17:03:24.871 3169 3169 I system_server: at java.lang.Class java.lang.ClassLoader.findLoadedClass(java.lang.String) (ClassLoader.java:738)
09-13 17:03:24.871 3169 3169 I system_server: at java.lang.Class java.lang.ClassLoader.loadClass(java.lang.String, boolean) (ClassLoader.java:363)
09-13 17:03:24.871 3169 3169 I system_server: at java.lang.Class java.lang.ClassLoader.loadClass(java.lang.String) (ClassLoader.java:312)
09-13 17:03:24.871 3169 3169 I system_server: at java.lang.Class java.lang.Class.classForName(java.lang.String, boolean, java.lang.ClassLoader) (Class.java:-2)
09-13 17:03:24.871 3169 3169 I system_server: at java.lang.Class java.lang.Class.forName(java.lang.String, boolean, java.lang.ClassLoader) (Class.java:453)
09-13 17:03:24.871 3169 3169 I system_server: at java.lang.Runnable com.android.internal.os.RuntimeInit.findStaticMain(java.lang.String, java.lang.String[], java.lang.ClassLoader) (RuntimeInit.java:336)
09-13 17:03:24.871 3169 3169 I system_server: at java.lang.Runnable com.android.internal.os.RuntimeInit.applicationInit(int, java.lang.String[], java.lang.ClassLoader) (RuntimeInit.java:409)
09-13 17:03:24.871 3169 3169 I system_server: at java.lang.Runnable com.android.internal.os.ZygoteInit.zygoteInit(int, java.lang.String[], java.lang.ClassLoader) (ZygoteInit.java:912)
09-13 17:03:24.871 3169 3169 I system_server: at java.lang.Runnable com.android.internal.os.ZygoteInit.handleSystemServerProcess(com.android.internal.os.ZygoteConnection$Arguments) (ZygoteInit.java:506)
09-13 17:03:24.871 3169 3169 I system_server: at java.lang.Runnable com.android.internal.os.ZygoteInit.forkSystemServer(java.lang.String, java.lang.String, com.android.internal.os.ZygoteServer) (ZygoteInit.java:730)
09-13 17:03:24.871 3169 3169 I system_server: at void com.android.internal.os.ZygoteInit.main(java.lang.String[]) (ZygoteInit.java:833)
09-13 17:03:24.871 3169 3169 I system_server:
09-13 17:03:24.871 3169 3169 I system_server: Rejecting re-init on previously-failed class java.lang.Class: java.lang.NoClassDefFoundError: Failed resolution of: Lcom/android/server/policy/PhoneWindowManager;
09-13 17:03:24.871 3169 3169 I system_server: at java.lang.Class java.lang.Class.classForName(java.lang.String, boolean, java.lang.ClassLoader) (Class.java:-2)
09-13 17:03:24.871 3169 3169 I system_server: at java.lang.Class java.lang.Class.forName(java.lang.String, boolean, java.lang.ClassLoader) (Class.java:453)
09-13 17:03:24.871 3169 3169 I system_server: at java.lang.Runnable com.android.internal.os.RuntimeInit.findStaticMain(java.lang.String, java.lang.String[], java.lang.ClassLoader) (RuntimeInit.java:336)
09-13 17:03:24.871 3169 3169 I system_server: at java.lang.Runnable com.android.internal.os.RuntimeInit.applicationInit(int, java.lang.String[], java.lang.ClassLoader) (RuntimeInit.java:409)
09-13 17:03:24.871 3169 3169 I system_server: at java.lang.Runnable com.android.internal.os.ZygoteInit.zygoteInit(int, java.lang.String[], java.lang.ClassLoader) (ZygoteInit.java:912)
09-13 17:03:24.871 3169 3169 I system_server: at java.lang.Runnable com.android.internal.os.ZygoteInit.handleSystemServerProcess(com.android.internal.os.ZygoteConnection$Arguments) (ZygoteInit.java:506)
09-13 17:03:24.871 3169 3169 I system_server: at java.lang.Runnable com.android.internal.os.ZygoteInit.forkSystemServer(java.lang.String, java.lang.String, com.android.internal.os.ZygoteServer) (ZygoteInit.java:730)
09-13 17:03:24.871 3169 3169 I system_server: at void com.android.internal.os.ZygoteInit.main(java.lang.String[]) (ZygoteInit.java:833)
09-13 17:03:24.871 3169 3169 I system_server: Caused by: java.lang.ClassNotFoundException: com.android.server.policy.PhoneWindowManager
09-13 17:03:24.871 3169 3169 I system_server: at java.lang.Class java.lang.VMClassLoader.findLoadedClass(java.lang.ClassLoader, java.lang.String) (VMClassLoader.java:-2)
09-13 17:03:24.871 3169 3169 I system_server: at java.lang.Class java.lang.ClassLoader.findLoadedClass(java.lang.String) (ClassLoader.java:738)
09-13 17:03:24.871 3169 3169 I system_server: at java.lang.Class java.lang.ClassLoader.loadClass(java.lang.String, boolean) (ClassLoader.java:363)
09-13 17:03:24.871 3169 3169 I system_server: at java.lang.Class java.lang.ClassLoader.loadClass(java.lang.String) (ClassLoader.java:312)
09-13 17:03:24.871 3169 3169 I system_server: at java.lang.Class java.lang.Class.classForName(java.lang.String, boolean, java.lang.ClassLoader) (Class.java:-2)
09-13 17:03:24.871 3169 3169 I system_server: at java.lang.Class java.lang.Class.forName(java.lang.String, boolean, java.lang.ClassLoader) (Class.java:453)
09-13 17:03:24.871 3169 3169 I system_server: at java.lang.Runnable com.android.internal.os.RuntimeInit.findStaticMain(java.lang.String, java.lang.String[], java.lang.ClassLoader) (RuntimeInit.java:336)
09-13 17:03:24.871 3169 3169 I system_server: at java.lang.Runnable com.android.internal.os.RuntimeInit.applicationInit(int, java.lang.String[], java.lang.ClassLoader) (RuntimeInit.java:409)
09-13 17:03:24.871 3169 3169 I system_server: at java.lang.Runnable com.android.internal.os.ZygoteInit.zygoteInit(int, java.lang.String[], java.lang.ClassLoader) (ZygoteInit.java:912)
09-13 17:03:24.871 3169 3169 I system_server: at java.lang.Runnable com.android.internal.os.ZygoteInit.handleSystemServerProcess(com.android.internal.os.ZygoteConnection$Arguments) (ZygoteInit.java:506)
09-13 17:03:24.871 3169 3169 I system_server: at java.lang.Runnable com.android.internal.os.ZygoteInit.forkSystemServer(java.lang.String, java.lang.String, com.android.internal.os.ZygoteServer) (ZygoteInit.java:730)
09-13 17:03:24.871 3169 3169 I system_server: at void com.android.internal.os.ZygoteInit.main(java.lang.String[]) (ZygoteInit.java:833)
09-13 17:03:24.871 3169 3169 I system_server:
09-13 17:03:24.872 3169 3169 I system_server: Rejecting re-init on previously-failed class java.lang.Class: java.lang.NoClassDefFoundError: Failed resolution of: Lcom/android/server/policy/PhoneWindowManager;
09-13 17:03:24.872 3169 3169 I system_server: at java.lang.Class java.lang.Class.classForName(java.lang.String, boolean, java.lang.ClassLoader) (Class.java:-2)
09-13 17:03:24.872 3169 3169 I system_server: at java.lang.Class java.lang.Class.forName(java.lang.String, boolean, java.lang.ClassLoader) (Class.java:453)
09-13 17:03:24.872 3169 3169 I system_server: at java.lang.Runnable com.android.internal.os.RuntimeInit.findStaticMain(java.lang.String, java.lang.String[], java.lang.ClassLoader) (RuntimeInit.java:336)
09-13 17:03:24.872 3169 3169 I system_server: at java.lang.Runnable com.android.internal.os.RuntimeInit.applicationInit(int, java.lang.String[], java.lang.ClassLoader) (RuntimeInit.java:409)
09-13 17:03:24.872 3169 3169 I system_server: at java.lang.Runnable com.android.internal.os.ZygoteInit.zygoteInit(int, java.lang.String[], java.lang.ClassLoader) (ZygoteInit.java:912)
09-13 17:03:24.872 3169 3169 I system_server: at java.lang.Runnable com.android.internal.os.ZygoteInit.handleSystemServerProcess(com.android.internal.os.ZygoteConnection$Arguments) (ZygoteInit.java:506)
09-13 17:03:24.872 3169 3169 I system_server: at java.lang.Runnable com.android.internal.os.ZygoteInit.forkSystemServer(java.lang.String, java.lang.String, com.android.internal.os.ZygoteServer) (ZygoteInit.java:730)
09-13 17:03:24.872 3169 3169 I system_server: at void com.android.internal.os.ZygoteInit.main(java.lang.String[]) (ZygoteInit.java:833)
09-13 17:03:24.872 3169 3169 I system_server: Caused by: java.lang.ClassNotFoundException: com.android.server.policy.PhoneWindowManager
09-13 17:03:24.872 3169 3169 I system_server: at java.lang.Class java.lang.VMClassLoader.findLoadedClass(java.lang.ClassLoader, java.lang.String) (VMClassLoader.java:-2)
09-13 17:03:24.872 3169 3169 I system_server: at java.lang.Class java.lang.ClassLoader.findLoadedClass(java.lang.String) (ClassLoader.java:738)
09-13 17:03:24.872 3169 3169 I system_server: at java.lang.Class java.lang.ClassLoader.loadClass(java.lang.String, boolean) (ClassLoader.java:363)
09-13 17:03:24.872 3169 3169 I system_server: at java.lang.Class java.lang.ClassLoader.loadClass(java.lang.String) (ClassLoader.java:312)
09-13 17:03:24.872 3169 3169 I system_server: at java.lang.Class java.lang.Class.classForName(java.lang.String, boolean, java.lang.ClassLoader) (Class.java:-2)
09-13 17:03:24.872 3169 3169 I system_server: at java.lang.Class java.lang.Class.forName(java.lang.String, boolean, java.lang.ClassLoader) (Class.java:453)
09-13 17:03:24.872 3169 3169 I system_server: at java.lang.Runnable com.android.internal.os.RuntimeInit.findStaticMain(java.lang.String, java.lang.String[], java.lang.ClassLoader) (RuntimeInit.java:336)
09-13 17:03:24.872 3169 3169 I system_server: at java.lang.Runnable com.android.internal.os.RuntimeInit.applicationInit(int, java.lang.String[], java.lang.ClassLoader) (RuntimeInit.java:409)
09-13 17:03:24.872 3169 3169 I system_server: at java.lang.Runnable com.android.internal.os.ZygoteInit.zygoteInit(int, java.lang.String[], java.lang.ClassLoader) (ZygoteInit.java:912)
09-13 17:03:24.872 3169 3169 I system_server: at java.lang.Runnable com.android.internal.os.ZygoteInit.handleSystemServerProcess(com.android.internal.os.ZygoteConnection$Arguments) (ZygoteInit.java:506)
09-13 17:03:24.872 3169 3169 I system_server: at java.lang.Runnable com.android.internal.os.ZygoteInit.forkSystemServer(java.lang.String, java.lang.String, com.android.internal.os.ZygoteServer) (ZygoteInit.java:730)
09-13 17:03:24.872 3169 3169 I system_server: at void com.android.internal.os.ZygoteInit.main(java.lang.String[]) (ZygoteInit.java:833)
09-13 17:03:24.872 3169 3169 I system_server:
09-13 17:03:24.874 3169 3169 I system_server: Rejecting re-init on previously-failed class java.lang.Class: java.lang.NoClassDefFoundError: Failed resolution of: Landroid/view/WindowManagerPolicy$WindowManagerFuncs;
09-13 17:03:24.874 3169 3169 I system_server: at java.lang.Class java.lang.Class.classForName(java.lang.String, boolean, java.lang.ClassLoader) (Class.java:-2)
09-13 17:03:24.874 3169 3169 I system_server: at java.lang.Class java.lang.Class.forName(java.lang.String, boolean, java.lang.ClassLoader) (Class.java:453)
09-13 17:03:24.874 3169 3169 I system_server: at java.lang.Runnable com.android.internal.os.RuntimeInit.findStaticMain(java.lang.String, java.lang.String[], java.lang.ClassLoader) (RuntimeInit.java:336)
09-13 17:03:24.874 3169 3169 I system_server: at java.lang.Runnable com.android.internal.os.RuntimeInit.applicationInit(int, java.lang.String[], java.lang.ClassLoader) (RuntimeInit.java:409)
09-13 17:03:24.874 3169 3169 I system_server: at java.lang.Runnable com.android.internal.os.ZygoteInit.zygoteInit(int, java.lang.String[], java.lang.ClassLoader) (ZygoteInit.java:912)
09-13 17:03:24.874 3169 3169 I system_server: at java.lang.Runnable com.android.internal.os.ZygoteInit.handleSystemServerProcess(com.android.internal.os.ZygoteConnection$Arguments) (ZygoteInit.java:506)
09-13 17:03:24.874 3169 3169 I system_server: at java.lang.Runnable com.android.internal.os.ZygoteInit.forkSystemServer(java.lang.String, java.lang.String, com.android.internal.os.ZygoteServer) (ZygoteInit.java:730)
09-13 17:03:24.874 3169 3169 I system_server: at void com.android.internal.os.ZygoteInit.main(java.lang.String[]) (ZygoteInit.java:833)
09-13 17:03:24.874 3169 3169 I system_server: Caused by: java.lang.ClassNotFoundException: Didn't find class "android.view.WindowManagerPolicy$WindowManagerFuncs" on path: DexPathList[[zip file "/system/framework/services.jar", zip file "/system/framework/ethernet-service.jar", zip file "/system/framework/wifi-service.jar", zip file "/system/framework/com.android.location.provider.jar"],nativeLibraryDirectories=[/system/lib64, /system/vendor/lib64, /system/lib64, /system/vendor/lib64]]
09-13 17:03:24.874 3169 3169 I system_server: at java.lang.Class dalvik.system.BaseDexClassLoader.findClass(java.lang.String) (BaseDexClassLoader.java:169)
09-13 17:03:24.874 3169 3169 I system_server: at java.lang.Class java.lang.ClassLoader.loadClass(java.lang.String, boolean) (ClassLoader.java:379)
09-13 17:03:24.874 3169 3169 I system_server: at java.lang.Class java.lang.ClassLoader.loadClass(java.lang.String) (ClassLoader.java:312)
09-13 17:03:24.874 3169 3169 I system_server: at java.lang.Class java.lang.Class.classForName(java.lang.String, boolean, java.lang.ClassLoader) (Class.java:-2)
09-13 17:03:24.874 3169 3169 I system_server: at java.lang.Class java.lang.Class.forName(java.lang.String, boolean, java.lang.ClassLoader) (Class.java:453)
09-13 17:03:24.874 3169 3169 I system_server: at java.lang.Runnable com.android.internal.os.RuntimeInit.findStaticMain(java.lang.String, java.lang.String[], java.lang.ClassLoader) (RuntimeInit.java:336)
09-13 17:03:24.874 3169 3169 I system_server: at java.lang.Runnable com.android.internal.os.RuntimeInit.applicationInit(int, java.lang.String[], java.lang.ClassLoader) (RuntimeInit.java:409)
09-13 17:03:24.874 3169 3169 I system_server: at java.lang.Runnable com.android.internal.os.ZygoteInit.zygoteInit(int, java.lang.String[], java.lang.ClassLoader) (ZygoteInit.java:912)
09-13 17:03:24.874 3169 3169 I system_server: at java.lang.Runnable com.android.internal.os.ZygoteInit.handleSystemServerProcess(com.android.internal.os.ZygoteConnection$Arguments) (ZygoteInit.java:506)
09-13 17:03:24.874 3169 3169 I system_server: at java.lang.Runnable com.android.internal.os.ZygoteInit.forkSystemServer(java.lang.String, java.lang.String, com.android.internal.os.ZygoteServer) (ZygoteInit.java:730)
