09-13 17:03:05.253 2080 2080 W ip6tables-wrapp: type=1400 audit(0.0:332): avc: denied { read write } for path="/dev/diag" dev="tmpfs" ino=7350 scontext=u:r:netutils_wrapper:s0 tcontext=u:object_r:diag_device:s0 tclass=chr_file permissive=0
09-13 17:03:05.248 1010 2077 E mm-camera: 2966: sensor_get_cur_chromatix_name: Sensor name:imx298,sensor id:0x0, vendor id:4, lens id:0
09-13 17:03:05.248 1010 2077 E mm-camera: 3129: sensor_get_cur_chromatix_name: 3A chromatix : imx298_zsl_preview
09-13 17:03:05.249 1010 2077 E mm-camera: 4205: mct_pipeline_process_get: NULL ptr detected! query_buf = [0x0] module list = [0xeb91f980]
09-13 17:03:05.251 1855 1995 E CamPvdr@2.4-external: deviceAdded v4l2 QUERYCAP /dev/video2 failed
09-13 17:03:05.255 1852 1852 I Zygote : Process 2017 exited due to signal (9)
09-13 17:03:05.255 1852 1852 E Zygote : Exit zygote because system server (2017) has terminated
09-13 17:03:05.273 1851 2051 D vndksupport: Loading /vendor/lib/hw/audio.primary.msm8996.so from current namespace instead of sphal namespace.
09-13 17:03:05.273 1851 2051 D audio_hw_primary: adev_open: enter
09-13 17:03:05.274 1851 2051 D audio_log_utils: registered, module hal
09-13 17:03:05.276 1851 2051 D audio_hw_utils: audio_extn_utils_open_snd_mixer: snd_card_name: msm8996-tasha-mtp-snd-card
09-13 17:03:05.276 1851 2051 W hardware_info: update_hardware_info_8996: Not a 8996 device
09-13 17:03:05.276 1851 2051 D audio_hw_utils: audio_extn_utils_open_snd_mixer: Opened sound card:0
09-13 17:03:05.276 1851 2051 D msm8974_platform: platform_init: Opened sound card:0
09-13 17:03:05.276 1851 2051 W hardware_info: update_hardware_info_8996: Not a 8996 device
09-13 17:03:05.276 1851 2051 D msm8974_platform: platform_init: Loading mixer file: /vendor/etc/mixer_paths_tasha.xml
09-13 17:03:05.293 2087 2087 W iptables-wrappe: type=1400 audit(0.0:333): avc: denied { read write } for path="/dev/diag" dev="tmpfs" ino=7350 scontext=u:r:netutils_wrapper:s0 tcontext=u:object_r:diag_device:s0 tclass=chr_file permissive=0
09-13 17:03:05.329 478 478 I ServiceManager: service 'media.audio_flinger' died
09-13 17:03:05.323 2090 2090 W ip6tables-wrapp: type=1400 audit(0.0:334): avc: denied { read write } for path="/dev/diag" dev="tmpfs" ino=7350 scontext=u:r:netutils_wrapper:s0 tcontext=u:object_r:diag_device:s0 tclass=chr_file permissive=0
09-13 17:03:05.348 1169 1225 I QC-NETMGR-LIB: NetmgrNetdClientRegisterNetwork(): Looking for Netd service
09-13 17:03:05.348 1169 1225 I QC-NETMGR-LIB: NetmgrNetdClientRegisterNetwork(): register to create new OEM network
09-13 17:03:05.348 1169 1225 I QC-NETMGR-LIB: registerNetwork(): Attempting createOemNetwork
09-13 17:03:05.348 1857 1886 D TcpSocketMonitor: suspending tcpinfo polling
09-13 17:03:05.348 1169 1225 I QC-NETMGR-LIB: registerNetwork(): command completed!
09-13 17:03:05.348 1169 1225 I QC-NETMGR-LIB: registerNetwork(): createOemNetwork succeeded [packet mark : 0xf0002] [net id : 2] [network handle : 0x2cafed00d]
09-13 17:03:05.349 1169 1225 I QC-NETMGR-LIB: NetmgrNetdClientRegisterNetwork(): [packet mark : 0xf0002] [network handle : 0x2cafed00d]
09-13 17:03:05.392 1010 2048 E mm-camera: 731: eeprom_process: failed NULL pointer detected: eeprom_ctrl :
09-13 17:03:05.392 1010 2048 E mm-camera: 325: module_sensor_offload_ois_init_calibrate: Get Is OIS calibration failed
09-13 17:03:05.429 478 478 I ServiceManager: service 'netd' died
09-13 17:03:05.430 1169 1557 E QC-NETMGR-LIB: serviceDied(): Netd service died
09-13 17:03:05.476 1031 1086 W ServiceManagement: Waited one second for android.frameworks.sensorservice@1.0::ISensorManager/default
09-13 17:03:05.478 1031 1086 I ServiceManagement: getService: Trying again for android.frameworks.sensorservice@1.0::ISensorManager/default...
09-13 17:03:05.647 478 478 I ServiceManager: service 'wificond' died
09-13 17:03:05.737 478 478 I ServiceManager: service 'media.player' died
09-13 17:03:05.737 478 478 I ServiceManager: service 'media.resource_manager' died
09-13 17:03:06.193 2128 2128 W ip6tables-wrapp: type=1400 audit(0.0:368): avc: denied { read write } for path="/dev/diag" dev="tmpfs" ino=7350 scontext=u:r:netutils_wrapper:s0 tcontext=u:object_r:diag_device:s0 tclass=chr_file permissive=0
09-13 17:03:06.213 2129 2129 W ip6tables-wrapp: type=1400 audit(0.0:369): avc: denied { read write } for path="/dev/diag" dev="tmpfs" ino=7350 scontext=u:r:netutils_wrapper:s0 tcontext=u:object_r:diag_device:s0 tclass=chr_file permissive=0
09-13 17:03:06.243 2131 2131 W iptables-wrappe: type=1400 audit(0.0:370): avc: denied { read write } for path="/dev/diag" dev="tmpfs" ino=7350 scontext=u:r:netutils_wrapper:s0 tcontext=u:object_r:diag_device:s0 tclass=chr_file permissive=0
09-13 17:03:06.273 2132 2132 W iptables-wrappe: type=1400 audit(0.0:371): avc: denied { read write } for path="/dev/diag" dev="tmpfs" ino=7350 scontext=u:r:netutils_wrapper:s0 tcontext=u:object_r:diag_device:s0 tclass=chr_file permissive=0
09-13 17:03:06.293 2133 2133 W ip6tables-wrapp: type=1400 audit(0.0:372): avc: denied { read write } for path="/dev/diag" dev="tmpfs" ino=7350 scontext=u:r:netutils_wrapper:s0 tcontext=u:object_r:diag_device:s0 tclass=chr_file permissive=0
09-13 17:03:06.478 1031 1086 W ServiceManagement: Waited one second for android.frameworks.sensorservice@1.0::ISensorManager/default
09-13 17:03:06.479 1031 1086 I ServiceManagement: getService: Trying again for android.frameworks.sensorservice@1.0::ISensorManager/default...
09-13 17:03:06.501 1169 1225 I QC-NETMGR-LIB: NetmgrNetdClientSetIpForwardEnable(): Looking for Netd service
09-13 17:03:06.501 1169 1225 I QC-NETMGR-LIB: NetmgrNetdClientSetIpForwardEnable(): starting command
09-13 17:03:06.501 1169 1225 E QC-NETMGR-LIB: setIpForwardEnable(): mService is NULL
09-13 17:03:07.479 1031 1086 W ServiceManagement: Waited one second for android.frameworks.sensorservice@1.0::ISensorManager/default
09-13 17:03:07.480 1031 1086 I ServiceManagement: getService: Trying again for android.frameworks.sensorservice@1.0::ISensorManager/default...
09-13 17:03:08.215 2143 2143 D vndksupport: Loading /vendor/lib/hw/android.hardware.audio@4.0-impl.so from current namespace instead of sphal namespace.
09-13 17:03:08.220 2143 2143 I ServiceManagement: Removing namespace from process name android.hardware.audio@2.0-service to audio@2.0-service.
09-13 17:03:08.221 2143 2143 I audiohalservice: Registration complete for android.hardware.audio@4.0::IDevicesFactory/default.
09-13 17:03:08.223 2143 2143 D vndksupport: Loading /vendor/lib/hw/android.hardware.audio.effect@4.0-impl.so from current namespace instead of sphal namespace.
09-13 17:03:08.248 2143 2143 I audiohalservice: Registration complete for android.hardware.audio.effect@4.0::IEffectsFactory/default.
09-13 17:03:08.249 2143 2143 D vndksupport: Loading /vendor/lib/hw/android.hardware.soundtrigger@2.1-impl.so from current namespace instead of sphal namespace.
09-13 17:03:08.251 2143 2143 D vndksupport: Loading /vendor/lib/hw/sound_trigger.primary.msm8996.so from current namespace instead of sphal namespace.
09-13 17:03:08.253 2143 2143 D sound_trigger_hw: stdev_open: Enter
09-13 17:03:08.256 2143 2143 I sound_trigger_platform: platform_stdev_init: Enter
09-13 17:03:08.258 2143 2143 D audio_hw_utils: audio_extn_utils_open_snd_mixer: snd_card_name: msm8996-tasha-mtp-snd-card
09-13 17:03:08.258 2143 2143 W hardware_info: update_hardware_info_8996: Not a 8996 device
09-13 17:03:08.258 2143 2143 D audio_hw_utils: audio_extn_utils_open_snd_mixer: Opened sound card:0
09-13 17:03:08.273 2146 2146 I Dpps : GetInstance: DppsServer ref count increased to 1
09-13 17:03:08.274 2146 2146 I Dpps : InitPrimaryContextFeatures():298 Dpps feature enable properties are false, skipping primary feature context init
09-13 17:03:08.448 2152 2152 I Netd : Netd 1.0 starting
09-13 17:03:08.448 2152 2152 D TetherController: Setting IP forward enable = 0
09-13 17:03:08.480 1031 1086 W ServiceManagement: Waited one second for android.frameworks.sensorservice@1.0::ISensorManager/default
09-13 17:03:08.481 1031 1086 I ServiceManagement: getService: Trying again for android.frameworks.sensorservice@1.0::ISensorManager/default...
09-13 17:03:08.500 2153 2153 I wificond: wificond is starting up...
09-13 17:03:08.509 2152 2152 I Netd : Creating child chains: 26.2ms
09-13 17:03:08.509 2152 2152 I Netd : Setting up OEM hooks: 0.1ms
09-13 17:03:08.515 2144 2144 D AndroidRuntime: >>>>>> START com.android.internal.os.ZygoteInit uid 0 <<<<<<
09-13 17:03:08.515 2144 2144 E AndroidRuntime: hot count path: /proc/2144/page_hot_count
09-13 17:03:08.515 2144 2144 E AndroidRuntime: open page_hot_count failed
09-13 17:03:08.523 2144 2144 I zygote64: option[0]=-Xzygote
09-13 17:03:08.523 2144 2144 I zygote64: option[1]=-Xusetombstonedtraces
09-13 17:03:08.523 2144 2144 I zygote64: option[2]=exit
09-13 17:03:08.523 2144 2144 I zygote64: option[3]=vfprintf
09-13 17:03:08.523 2144 2144 I zygote64: option[4]=sensitiveThread
09-13 17:03:08.523 2144 2144 I zygote64: option[5]=-verbose:gc
09-13 17:03:08.523 2144 2144 I zygote64: option[6]=-Xms8m
09-13 17:03:08.523 2144 2144 I zygote64: option[7]=-Xmx512m
09-13 17:03:08.523 2144 2144 I zygote64: option[8]=-XX:HeapGrowthLimit=256m
09-13 17:03:08.523 2144 2144 I zygote64: option[9]=-XX:HeapMinFree=512k
09-13 17:03:08.523 2144 2144 I zygote64: option[10]=-XX:HeapMaxFree=8m
09-13 17:03:08.523 2144 2144 I zygote64: option[11]=-XX:HeapTargetUtilization=0.75
09-13 17:03:08.523 2144 2144 I zygote64: option[12]=-Xusejit:true
09-13 17:03:08.523 2144 2144 I zygote64: option[13]=-Xjitsaveprofilinginfo
09-13 17:03:08.523 2144 2144 I zygote64: option[14]=-XjdwpOptions:suspend=n,server=y
09-13 17:03:08.523 2144 2144 I zygote64: option[15]=-XjdwpProvider:default
09-13 17:03:08.523 2144 2144 I zygote64: option[16]=-Ximage-compiler-option
09-13 17:03:08.523 2144 2144 I zygote64: option[17]=--runtime-arg
09-13 17:03:08.523 2144 2144 I zygote64: option[18]=-Ximage-compiler-option
09-13 17:03:08.524 2144 2144 I zygote64: option[19]=-Xms64m
09-13 17:03:08.524 2144 2144 I zygote64: option[20]=-Ximage-compiler-option
09-13 17:03:08.524 2144 2144 I zygote64: option[21]=--runtime-arg
09-13 17:03:08.524 2144 2144 I zygote64: option[22]=-Ximage-compiler-option
09-13 17:03:08.524 2144 2144 I zygote64: option[23]=-Xmx64m
09-13 17:03:08.524 2144 2144 I zygote64: option[24]=-Ximage-compiler-option
09-13 17:03:08.524 2144 2144 I zygote64: option[25]=--profile-file=/system/etc/boot-image.prof
09-13 17:03:08.524 2144 2144 I zygote64: option[26]=-Ximage-compiler-option
09-13 17:03:08.524 2144 2144 I zygote64: option[27]=--compiler-filter=speed-profile
09-13 17:03:08.524 2144 2144 I zygote64: option[28]=-Xcompiler-option
09-13 17:03:08.524 2144 2144 I zygote64: option[29]=--runtime-arg
09-13 17:03:08.524 2144 2144 I zygote64: option[30]=-Xcompiler-option
09-13 17:03:08.524 2144 2144 I zygote64: option[31]=-Xms64m
09-13 17:03:08.524 2144 2144 I zygote64: option[32]=-Xcompiler-option
09-13 17:03:08.524 2144 2144 I zygote64: option[33]=--runtime-arg
09-13 17:03:08.524 2144 2144 I zygote64: option[34]=-Xcompiler-option
09-13 17:03:08.524 2144 2144 I zygote64: option[35]=-Xmx512m
09-13 17:03:08.524 2144 2144 I zygote64: option[36]=-Ximage-compiler-option
09-13 17:03:08.524 2144 2144 I zygote64: option[37]=--instruction-set-variant=kryo
09-13 17:03:08.524 2144 2144 I zygote64: option[38]=-Xcompiler-option
09-13 17:03:08.524 2144 2144 I zygote64: option[39]=--instruction-set-variant=kryo
09-13 17:03:08.524 2144 2144 I zygote64: option[40]=-Ximage-compiler-option
09-13 17:03:08.524 2144 2144 I zygote64: option[41]=--instruction-set-features=default
09-13 17:03:08.524 2144 2144 I zygote64: option[42]=-Xcompiler-option
09-13 17:03:08.524 2144 2144 I zygote64: option[43]=--instruction-set-features=default
09-13 17:03:08.524 2144 2144 I zygote64: option[44]=-Duser.locale=en-NL
09-13 17:03:08.524 2144 2144 I zygote64: option[45]=--cpu-abilist=arm64-v8a
09-13 17:03:08.524 2144 2144 I zygote64: option[46]=-Xfingerprint:OnePlus/OnePlus3/OnePlus3:9/PKQ1.181203.001/1907311932:user/release-keys
09-13 17:03:08.525 2152 2152 I Netd : Setting up FirewallController hooks: 16.1ms
09-13 17:03:08.528 2152 2152 I Netd : Setting up TetherController hooks: 3.4ms
09-13 17:03:08.534 2152 2152 I Netd : Setting up BandwidthController hooks: 5.9ms
09-13 17:03:08.534 2152 2152 I Netd : Setting up IdletimerController hooks: 0.1ms
09-13 17:03:08.534 2152 2152 I Netd : initializing traffic control: 0.0ms
09-13 17:03:08.535 2144 2144 I zygote64: VerifyImage: /system/bin/patchoat --input-image-location=/system/framework/boot.art --output-image-directory=/data/dalvik-cache/arm64 --instruction-set=arm64 --verify
09-13 17:03:08.542 2152 2152 I Netd : Disabling bandwidth control: 8.0ms
09-13 17:03:08.544 2152 2152 E Netd : Error adding route 0.0.0.0/0 -> (null) dummy0 to table 1003: File exists
09-13 17:03:08.544 2152 2152 I Netd : Initializing RouteController: 1.9ms
09-13 17:03:08.545 2152 2152 D XfrmController: Sending Netlink XFRM Message: XFRM_MSG_FLUSHSA
09-13 17:03:08.545 2152 2152 D XfrmController: Sending Netlink XFRM Message: XFRM_MSG_FLUSHPOLICY
09-13 17:03:08.597 2152 2152 I Netd : Initializing XfrmController: 52.3ms
09-13 17:03:08.597 2152 2152 E Netd : Unable to create netlink socket: Protocol not supported
09-13 17:03:08.597 2152 2152 W Netd : Unable to open qlog quota socket, check if xt_quota2 can send via UeventHandler
09-13 17:03:08.598 2152 2152 D MDnsDS : MDnsSdListener::Hander starting up
09-13 17:03:08.599 2152 2152 I Netd : Registering NetdNativeService: 1.3ms
09-13 17:03:08.599 2152 2152 I Netd : Starting CommandListener: 0.1ms
09-13 17:03:08.602 2152 2152 I Netd : Registering NetdHwService: 2.1ms
09-13 17:03:08.602 2152 2152 I Netd : Netd started in 154ms
09-13 17:03:08.602 1169 1557 I QC-NETMGR-LIB: onRegistration(): Starting Netd getService thread
09-13 17:03:08.609 2152 2165 D MDnsDS : MDnsSdListener starting to monitor
09-13 17:03:08.609 2152 2165 D MDnsDS : Going to poll with pollCount 1
09-13 17:03:08.688 1169 2171 I QC-NETMGR-LIB: getServiceImpl(): INetd discovered
09-13 17:03:08.688 1169 2171 I QC-NETMGR-LIB: registerLinkToDeath(): Success registerLinkToDeath!
09-13 17:03:08.688 1169 1557 D QC-NETMGR-LIB: onRegistration(): netd restart detected
09-13 17:03:08.689 1169 1225 I QC-NETMGR-LIB: NetmgrNetdClientRegisterNetwork(): Looking for Netd service
09-13 17:03:08.689 1169 1225 I QC-NETMGR-LIB: NetmgrNetdClientRegisterNetwork(): register to create new OEM network
09-13 17:03:08.689 1169 1225 I QC-NETMGR-LIB: registerNetwork(): Attempting createOemNetwork
09-13 17:03:08.696 2145 2145 D AndroidRuntime: >>>>>> START com.android.internal.os.ZygoteInit uid 0 <<<<<<
09-13 17:03:08.696 2145 2145 E AndroidRuntime: hot count path: /proc/2145/page_hot_count
09-13 17:03:08.696 2145 2145 E AndroidRuntime: open page_hot_count failed
09-13 17:03:08.708 2145 2145 I zygote : option[0]=-Xzygote
09-13 17:03:08.708 2145 2145 I zygote : option[1]=-Xusetombstonedtraces
09-13 17:03:08.708 2145 2145 I zygote : option[2]=exit
09-13 17:03:08.708 2145 2145 I zygote : option[3]=vfprintf
09-13 17:03:08.708 2145 2145 I zygote : option[4]=sensitiveThread
09-13 17:03:08.708 2145 2145 I zygote : option[5]=-verbose:gc
09-13 17:03:08.708 2145 2145 I zygote : option[6]=-Xms8m
09-13 17:03:08.708 2145 2145 I zygote : option[7]=-Xmx512m
09-13 17:03:08.708 2145 2145 I zygote : option[8]=-XX:HeapGrowthLimit=256m
09-13 17:03:08.713 2172 2172 W iptables-wrappe: type=1400 audit(0.0:380): avc: denied { read write } for path="/dev/diag" dev="tmpfs" ino=7350 scontext=u:r:netutils_wrapper:s0 tcontext=u:object_r:diag_device:s0 tclass=chr_file permissive=0
09-13 17:03:08.708 2145 2145 I zygote : option[9]=-XX:HeapMinFree=512k
09-13 17:03:08.708 2145 2145 I zygote : option[10]=-XX:HeapMaxFree=8m
09-13 17:03:08.708 2145 2145 I zygote : option[11]=-XX:HeapTargetUtilization=0.75
09-13 17:03:08.708 2145 2145 I zygote : option[12]=-Xusejit:true
09-13 17:03:08.708 2145 2145 I zygote : option[13]=-Xjitsaveprofilinginfo
09-13 17:03:08.708 2145 2145 I zygote : option[14]=-XjdwpOptions:suspend=n,server=y
09-13 17:03:08.708 2145 2145 I zygote : option[15]=-XjdwpProvider:default
09-13 17:03:08.708 2145 2145 I zygote : option[16]=-Ximage-compiler-option
09-13 17:03:08.708 2145 2145 I zygote : option[17]=--runtime-arg
09-13 17:03:08.708 2145 2145 I zygote : option[18]=-Ximage-compiler-option
09-13 17:03:08.708 2145 2145 I zygote : option[19]=-Xms64m
09-13 17:03:08.708 2145 2145 I zygote : option[20]=-Ximage-compiler-option
09-13 17:03:08.709 2145 2145 I zygote : option[21]=--runtime-arg
09-13 17:03:08.709 2145 2145 I zygote : option[22]=-Ximage-compiler-option
09-13 17:03:08.709 2145 2145 I zygote : option[23]=-Xmx64m
09-13 17:03:08.709 2145 2145 I zygote : option[24]=-Ximage-compiler-option
09-13 17:03:08.709 2145 2145 I zygote : option[25]=--profile-file=/system/etc/boot-image.prof
09-13 17:03:08.709 2145 2145 I zygote : option[26]=-Ximage-compiler-option
09-13 17:03:08.709 2145 2145 I zygote : option[27]=--compiler-filter=speed-profile
09-13 17:03:08.709 2145 2145 I zygote : option[28]=-Xcompiler-option
09-13 17:03:08.709 2145 2145 I zygote : option[29]=--runtime-arg
09-13 17:03:08.709 2145 2145 I zygote : option[30]=-Xcompiler-option
09-13 17:03:08.709 2145 2145 I zygote : option[31]=-Xms64m
09-13 17:03:08.709 2145 2145 I zygote : option[32]=-Xcompiler-option
09-13 17:03:08.709 2145 2145 I zygote : option[33]=--runtime-arg
09-13 17:03:08.709 2145 2145 I zygote : option[34]=-Xcompiler-option
09-13 17:03:08.709 2145 2145 I zygote : option[35]=-Xmx512m
09-13 17:03:08.709 2145 2145 I zygote : option[36]=-Ximage-compiler-option
09-13 17:03:08.709 2145 2145 I zygote : option[37]=--instruction-set-variant=cortex-a53
09-13 17:03:08.709 2145 2145 I zygote : option[38]=-Xcompiler-option
09-13 17:03:08.709 2145 2145 I zygote : option[39]=--instruction-set-variant=cortex-a53
09-13 17:03:08.709 2145 2145 I zygote : option[40]=-Ximage-compiler-option
09-13 17:03:08.709 2145 2145 I zygote : option[41]=--instruction-set-features=default
09-13 17:03:08.709 2145 2145 I zygote : option[42]=-Xcompiler-option
09-13 17:03:08.709 2145 2145 I zygote : option[43]=--instruction-set-features=default
09-13 17:03:08.709 2145 2145 I zygote : option[44]=-Duser.locale=en-NL
09-13 17:03:08.709 2145 2145 I zygote : option[45]=--cpu-abilist=armeabi-v7a,armeabi
09-13 17:03:08.710 2145 2145 I zygote : option[46]=-Xfingerprint:OnePlus/OnePlus3/OnePlus3:9/PKQ1.181203.001/1907311932:user/release-keys
09-13 17:03:08.717 2152 2170 D TcpSocketMonitor: suspending tcpinfo polling
09-13 17:03:08.717 1169 1225 I QC-NETMGR-LIB: registerNetwork(): command completed!
09-13 17:03:08.717 1169 1225 I QC-NETMGR-LIB: registerNetwork(): createOemNetwork succeeded [packet mark : 0xf0001] [net id : 1] [network handle : 0x1cafed00d]
09-13 17:03:08.717 1169 1225 I QC-NETMGR-LIB: NetmgrNetdClientRegisterNetwork(): [packet mark : 0xf0001] [network handle : 0x1cafed00d]
09-13 17:03:08.723 2145 2145 I zygote : VerifyImage: /system/bin/patchoat --input-image-location=/system/framework/boot.art --output-image-directory=/data/dalvik-cache/arm --instruction-set=arm --verify
09-13 17:03:08.803 2174 2174 W iptables-wrappe: type=1400 audit(0.0:381): avc: denied { read write } for path="/dev/diag" dev="tmpfs" ino=7350 scontext=u:r:netutils_wrapper:s0 tcontext=u:object_r:diag_device:s0 tclass=chr_file permissive=0
09-13 17:03:08.883 2175 2175 W iptables-wrappe: type=1400 audit(0.0:382): avc: denied { read write } for path="/dev/diag" dev="tmpfs" ino=7350 scontext=u:r:netutils_wrapper:s0 tcontext=u:object_r:diag_device:s0 tclass=chr_file permissive=0
09-13 17:03:08.943 2144 2144 D Zygote : begin preload
09-13 17:03:08.943 2144 2144 I Zygote : Installing ICU cache reference pinning...
09-13 17:03:08.943 2144 2144 I Zygote : Preloading ICU data...
09-13 17:03:08.960 2144 2144 I Zygote : Preloading classes...
09-13 17:03:08.980 2144 2144 I PackageBackwardCompatibility: Loaded android.content.pm.OrgApacheHttpLegacyUpdater
09-13 17:03:08.980 2144 2144 I PackageBackwardCompatibility: Could not find android.content.pm.AndroidTestBaseUpdater, ignoring
09-13 17:03:09.061 2144 2144 E Typeface: Error mapping font file /system/fonts/RobotoCondensed-Thin.ttf
09-13 17:03:09.085 2144 2144 E Typeface: Error mapping font file /system/fonts/NotoSansKhmer-Regular.ttf
09-13 17:03:09.085 2144 2144 E Typeface: Error mapping font file /system/fonts/NotoSansKhmer-Bold.ttf
09-13 17:03:09.086 2144 2144 E Typeface: Unable to load Family: null : [und-Khmr]
09-13 17:03:09.100 2143 2143 D sound_trigger_platform: call audio_hw_acdb_init_v2
09-13 17:03:09.100 2143 2143 E platform_info: param tag only supported with CONFIG_PARAMS section
09-13 17:03:09.100 2143 2143 I chatty : uid=1041(audioserver) audio@2.0-servi identical 3 lines
09-13 17:03:09.100 2143 2143 E platform_info: param tag only supported with CONFIG_PARAMS section
09-13 17:03:09.102 2143 2143 E audio_hw_acdb: acdb_init_v2: dlsym error undefined symbol: acdb_loader_init_v4 for acdb_loader_init_v4
09-13 17:03:09.102 2143 2143 D ACDB-LOADER: ACDB -> No .acdb files found in /vendor/etc/acdbdata!
09-13 17:03:09.102 2143 2143 D ACDB-LOADER: ACDB -> found 0 form factor & soundcard independant files
09-13 17:03:09.102 2143 2143 D ACDB-LOADER: ACDB -> Load file: /vendor/etc/acdbdata/MTP/MTP_Speaker_cal.acdb
09-13 17:03:09.103 2143 2143 D ACDB-LOADER: ACDB -> Load file: /vendor/etc/acdbdata/MTP/MTP_Bluetooth_cal.acdb
09-13 17:03:09.103 2143 2143 D ACDB-LOADER: ACDB -> Load file: /vendor/etc/acdbdata/MTP/MTP_Global_cal.acdb
09-13 17:03:09.103 2143 2143 D ACDB-LOADER: ACDB -> Load file: /vendor/etc/acdbdata/MTP/MTP_General_cal.acdb
09-13 17:03:09.103 2143 2143 D ACDB-LOADER: ACDB -> Load file: /vendor/etc/acdbdata/MTP/MTP_Headset_cal.acdb
09-13 17:03:09.103 2143 2143 D ACDB-LOADER: ACDB -> Load file: /vendor/etc/acdbdata/MTP/MTP_Hdmi_cal.acdb
09-13 17:03:09.103 2143 2143 D ACDB-LOADER: ACDB -> Load file: /vendor/etc/acdbdata/MTP/MTP_Handset_cal.acdb
09-13 17:03:09.103 2143 2143 D ACDB-LOADER: ACDB -> ACDB_CMD_INITIALIZE_V2
09-13 17:03:09.103 2143 2143 D : [ACDB Command]->SW Minor/Major/Revision version info for /vendor/etc/acdbdata/MTP/MTP_Speaker_cal.acdb
09-13 17:03:09.103 2143 2143 D : [ACDB Command]->ACDB Sw Major = 9, ACDB Sw Minor = 0, ACDB Sw Revision = 4, ACDB Sw Cpl Number = 0
09-13 17:03:09.103 2143 2143 D : [ACDB Command]->ACDB File Major = 7, ACDB File Minor = 0, ACDB File Revision = 5
09-13 17:03:09.104 2143 2143 D : [ACDB Command]->SW Minor/Major/Revision version info for /vendor/etc/acdbdata/MTP/MTP_Bluetooth_cal.acdb
09-13 17:03:09.104 2143 2143 D : [ACDB Command]->ACDB Sw Major = 9, ACDB Sw Minor = 0, ACDB Sw Revision = 4, ACDB Sw Cpl Number = 0
09-13 17:03:09.104 2143 2143 D : [ACDB Command]->ACDB File Major = 7, ACDB File Minor = 0, ACDB File Revision = 5
09-13 17:03:09.104 2143 2143 D : [ACDB Command]->SW Minor/Major/Revision version info for /vendor/etc/acdbdata/MTP/MTP_Global_cal.acdb
09-13 17:03:09.104 2143 2143 D : [ACDB Command]->ACDB Sw Major = 9, ACDB Sw Minor = 0, ACDB Sw Revision = 4, ACDB Sw Cpl Number = 0
09-13 17:03:09.104 2143 2143 D : [ACDB Command]->ACDB File Major = 7, ACDB File Minor = 0, ACDB File Revision = 5
09-13 17:03:09.104 2143 2143 D : [ACDB Command]->SW Minor/Major/Revision version info for /vendor/etc/acdbdata/MTP/MTP_General_cal.acdb
09-13 17:03:09.104 2143 2143 D : [ACDB Command]->ACDB Sw Major = 9, ACDB Sw Minor = 0, ACDB Sw Revision = 4, ACDB Sw Cpl Number = 0
09-13 17:03:09.104 2143 2143 D : [ACDB Command]->ACDB File Major = 7, ACDB File Minor = 0, ACDB File Revision = 5
09-13 17:03:09.105 2143 2143 D : [ACDB Command]->SW Minor/Major/Revision version info for /vendor/etc/acdbdata/MTP/MTP_Headset_cal.acdb
09-13 17:03:09.105 2143 2143 D : [ACDB Command]->ACDB Sw Major = 9, ACDB Sw Minor = 0, ACDB Sw Revision = 4, ACDB Sw Cpl Number = 0
09-13 17:03:09.105 2143 2143 D : [ACDB Command]->ACDB File Major = 7, ACDB File Minor = 0, ACDB File Revision = 5
09-13 17:03:09.105 2143 2143 D : [ACDB Command]->SW Minor/Major/Revision version info for /vendor/etc/acdbdata/MTP/MTP_Hdmi_cal.acdb
09-13 17:03:09.105 2143 2143 D : [ACDB Command]->ACDB Sw Major = 9, ACDB Sw Minor = 0, ACDB Sw Revision = 4, ACDB Sw Cpl Number = 0
09-13 17:03:09.105 2143 2143 D : [ACDB Command]->ACDB File Major = 7, ACDB File Minor = 0, ACDB File Revision = 5
09-13 17:03:09.106 2143 2143 D : [ACDB Command]->SW Minor/Major/Revision version info for /vendor/etc/acdbdata/MTP/MTP_Handset_cal.acdb
09-13 17:03:09.106 2143 2143 D : [ACDB Command]->ACDB Sw Major = 9, ACDB Sw Minor = 0, ACDB Sw Revision = 4, ACDB Sw Cpl Number = 0
09-13 17:03:09.106 2143 2143 D : [ACDB Command]->ACDB File Major = 7, ACDB File Minor = 0, ACDB File Revision = 5
09-13 17:03:09.106 2143 2143 D ACDB-LOADER: ACDB -> ACPH INIT
09-13 17:03:09.106 2143 2143 D : [ACPH]->Online service registered with ACPH
09-13 17:03:09.107 2143 2143 D : [ACPH]->ACPH init success
09-13 17:03:09.108 2143 2143 D ACDB-LOADER: ACDB -> RTAC INIT
09-13 17:03:09.108 2143 2143 D : [ACPH]->DSP RTC service registered with ACPH
09-13 17:03:09.108 2143 2143 D ACDB-LOADER: ACDB -> MCS, FTS INIT
09-13 17:03:09.108 2143 2143 E ACDB-MCS: acdb_mcs_init: /vendor/etc/audio_tuning_mixer_tasha.txt not present, using /vendor/etc/audio_tuning_mixer.txt config file
09-13 17:03:09.108 2143 2143 D : [ACPH]->MCS RTC service registered with ACPH
09-13 17:03:09.108 2143 2143 D : [ACPH]->FTS RTC service registered with ACPH
09-13 17:03:09.108 2143 2143 D ACDB-LOADER: ACDB -> ADIE RTAC INIT
09-13 17:03:09.108 2143 2143 D : [ACPH]->ADIE RTC service registered with ACPH
09-13 17:03:09.108 2143 2143 D ACDB-LOADER: ACDB -> ACDB_CMD_GET_VOC_PROC_DYNAMIC_TABLE_SIZE
09-13 17:03:09.110 2144 2144 E Typeface: Error mapping font file /system/fonts/DroidSansFallback.ttf
09-13 17:03:09.110 2144 2144 E Typeface: Unable to load Family: null : null
09-13 17:03:09.120 2143 2143 D ACDB-LOADER: ACDB -> send_common_custom_topology
09-13 17:03:09.120 2143 2143 D ACDB-LOADER: ACDB -> ACDB_CMD_GET_AVCS_CUSTOM_TOPO_INFO_SIZE
09-13 17:03:09.120 2143 2143 D ACDB-LOADER: ACDB -> ACDB_CMD_GET_AVCS_CUSTOM_TOPO_INFO
09-13 17:03:09.120 2143 2143 D ACDB-LOADER: ACDB -> ACDB_CMD_GET_AVCS_CUSTOM_TOPO_INFO: size:0x1ec ret=0
09-13 17:03:09.120 2143 2143 D ACDB-LOADER: ACDB -> CORE_CUSTOM_TOPOLOGIES
09-13 17:03:09.122 2143 2143 E ACDB-LOADER: AUDIO_SET_CALIBRATION, Error = -1
09-13 17:03:09.122 2143 2143 D ACDB-LOADER: ACDB -> acdb_loader_send_common_custom_topology: Common custom topology not in use
09-13 17:03:09.122 2143 2143 D ACDB-LOADER: ACDB -> send_afe_custom_topology
09-13 17:03:09.122 2143 2143 D ACDB-LOADER: ACDB -> ACDB_CMD_GET_AFE_TOPOLOGIES
09-13 17:03:09.122 2143 2143 D : ACDBFILE_MGR: Property for the pid 000130DE not found
09-13 17:03:09.122 2143 2143 D : ACDB_COMMAND: Failed to fetch the property info for pid 000130DE
09-13 17:03:09.122 2143 2143 E ACDB-LOADER: Error: ACDB get afe custom topologies returned = -18
09-13 17:03:09.122 2143 2143 D ACDB-LOADER: ACDB -> ACDB_CMD_GET_AFE_TOPOLOGIES: size:0x0 ret=-18
09-13 17:03:09.122 2143 2143 D ACDB-LOADER: ACDB -> AUDIO_SET_AFE_CUSTOM_TOPOLOGY
09-13 17:03:09.122 2143 2143 D ACDB-LOADER: ACDB -> send_adm_custom_topology
09-13 17:03:09.122 2143 2143 D ACDB-LOADER: ACDB -> ACDB_CMD_GET_AUDIO_COPP_TOPOLOGIES
09-13 17:03:09.122 2143 2143 D ACDB-LOADER: ACDB -> AUDIO_SET_ADM_CUSTOM_TOPOLOGY
09-13 17:03:09.122 2143 2143 D ACDB-LOADER: ACDB -> send_asm_custom_topology
09-13 17:03:09.122 2143 2143 D ACDB-LOADER: ACDB -> ACDB_CMD_GET_AUDIO_POPP_TOPOLOGIES
09-13 17:03:09.122 2143 2143 D ACDB-LOADER: ACDB -> AUDIO_SET_ASM_CUSTOM_TOPOLOGY
09-13 17:03:09.122 2143 2143 D ACDB-LOADER: ACDB -> send_lsm_custom_topology
09-13 17:03:09.122 2143 2143 D ACDB-LOADER: ACDB -> ACDB_CMD_GET_LSM_TOPOLOGIES
09-13 17:03:09.122 2143 2143 D ACDB-LOADER: ACDB -> AUDIO_SET_LSM_CUSTOM_TOPOLOGY
09-13 17:03:09.122 2143 2143 D ACDB-LOADER: ACDB -> init done!
09-13 17:03:09.123 2143 2143 D audio_hw_acdb: acdb_init_v2: ACDB Instance ID support after ACDB init:0
09-13 17:03:09.123 2143 2143 D sound_trigger_platform: platform_stdev_init Opening device /dev/snd/hwC0D1000
09-13 17:03:09.123 2143 2143 D sound_trigger_platform: get_codec_version: codec version WCD9335_2_0
09-13 17:03:09.123 2143 2143 I SoundTriggerHalImpl: onFirstRef() mModuleName primary mHwDevice 0xf103a300
09-13 17:03:09.143 2143 2143 I audiohalservice: Registration complete for android.hardware.soundtrigger@2.1::ISoundTriggerHw/default.
09-13 17:03:09.147 479 479 W hwservicemanager: getTransport: Cannot find entry android.hardware.bluetooth.a2dp@1.0::IBluetoothAudioOffload/default in either framework or device manifest.
09-13 17:03:09.147 2143 2143 E audiohalservice: Could not get passthrough implementation for android.hardware.bluetooth.a2dp@1.0::IBluetoothAudioOffload/default.
09-13 17:03:09.147 2143 2143 W audiohalservice: Could not register Bluetooth audio offload 1.0
09-13 17:03:09.167 2151 2151 I mediaserver: ServiceManager: 0xf169c1c0
09-13 17:03:09.174 2143 2143 E audiohalservice: Could not get passthrough implementation for com.qualcomm.qti.bluetooth_audio@1.0::IBluetoothAudio/default.
09-13 17:03:09.174 2143 2143 W audiohalservice: Could not register bluetooth_audio service
09-13 17:03:09.174 2151 2151 W BatteryNotifier: batterystats service unavailable!
09-13 17:03:09.211 2145 2145 I zygote : Explicit concurrent copying GC freed 199(19KB) AllocSpace objects, 0(0B) LOS objects, 97% free, 44KB/1580KB, paused 150us total 6.439ms
09-13 17:03:09.183 2185 2185 W ip6tables-wrapp: type=1400 audit(0.0:383): avc: denied { read write } for path="/dev/diag" dev="tmpfs" ino=7350 scontext=u:r:netutils_wrapper:s0 tcontext=u:object_r:diag_device:s0 tclass=chr_file permissive=0
09-13 17:03:09.224 2145 2145 I zygote : Explicit concurrent copying GC freed 5(32KB) AllocSpace objects, 0(0B) LOS objects, 97% free, 44KB/1580KB, paused 336us total 6.807ms
09-13 17:03:09.250 2145 2145 I Zygote : Accepting command socket connections
09-13 17:03:09.263 2187 2187 W iptables-wrappe: type=1400 audit(0.0:384): avc: denied { read write } for path="/dev/diag" dev="tmpfs" ino=7350 scontext=u:r:netutils_wrapper:s0 tcontext=u:object_r:diag_device:s0 tclass=chr_file permissive=0
09-13 17:03:09.285 2147 2147 I FastMixerState: sMaxFastTracks = 8
09-13 17:03:09.285 2147 2147 V MediaUtils: physMem: 4294967295
09-13 17:03:09.285 2147 2147 V MediaUtils: requested limit: 536870912
09-13 17:03:09.285 2147 2147 V MediaUtils: actual limit: 536870912
09-13 17:03:09.285 2147 2147 V MediaUtils: original limits: 4294967295/4294967295
09-13 17:03:09.285 2147 2147 V MediaUtils: new limits: 536870912/4294967295
09-13 17:03:09.286 2147 2147 I audioserver: ServiceManager: 0xf339c1c0
09-13 17:03:09.287 2147 2147 D audioserver: audioserver get Service Manager need time 1 ms
09-13 17:03:09.287 2147 2147 W BatteryNotifier: batterystats service unavailable!
09-13 17:03:09.291 479 479 W hwservicemanager: getTransport: Cannot find entry android.hardware.audio@4.0::IDevicesFactory/msd in either framework or device manifest.
09-13 17:03:09.293 2147 2147 D vndksupport: Loading /vendor/lib/hw/android.hardware.audio@4.0-impl.so from current namespace instead of sphal namespace.
09-13 17:03:09.295 2144 2144 E ActivityRecognitionHardware: activity_recognition HAL is deprecated. class_init is effectively a no-op
09-13 17:03:09.300 2147 2147 I AudioFlinger: Using default 3000 mSec as standby time.
09-13 17:03:09.302 2147 2147 D audioserver: audioserver audio flinger init need time 14 ms
09-13 17:03:09.304 2147 2147 E APM::Serializer: deserialize: Could not parse /odm/etc/audio_policy_configuration.xml document.
09-13 17:03:09.335 2143 2188 D vndksupport: Loading /vendor/lib/hw/audio.primary.msm8996.so from current namespace instead of sphal namespace.
09-13 17:03:09.336 2143 2188 D audio_hw_primary: adev_open: enter
09-13 17:03:09.336 2143 2188 D audio_log_utils: registered, module hal
09-13 17:03:09.338 2143 2188 D audio_hw_utils: audio_extn_utils_open_snd_mixer: snd_card_name: msm8996-tasha-mtp-snd-card
09-13 17:03:09.338 2143 2188 W hardware_info: update_hardware_info_8996: Not a 8996 device
09-13 17:03:09.338 2143 2188 D audio_hw_utils: audio_extn_utils_open_snd_mixer: Opened sound card:0
09-13 17:03:09.338 2143 2188 D msm8974_platform: platform_init: Opened sound card:0
09-13 17:03:09.338 2143 2188 W hardware_info: update_hardware_info_8996: Not a 8996 device
09-13 17:03:09.338 2143 2188 D msm8974_platform: platform_init: Loading mixer file: /vendor/etc/mixer_paths_tasha.xml
09-13 17:03:09.368 2144 2144 I zygote64: Thread[1,tid=2144,Native,Thread*=0x7e01014c00,peer=0x130c0088,"main"] recursive attempt to load library "/system/lib64/libmedia_jni.so"
09-13 17:03:09.368 2144 2144 D MtpDeviceJNI: register_android_mtp_MtpDevice
09-13 17:03:09.368 2144 2144 I zygote64: Thread[1,tid=2144,Native,Thread*=0x7e01014c00,peer=0x130c0088,"main"] recursive attempt to load library "/system/lib64/libmedia_jni.so"
09-13 17:03:09.369 2144 2144 I zygote64: Thread[1,tid=2144,Native,Thread*=0x7e01014c00,peer=0x130c0088,"main"] recursive attempt to load library "/system/lib64/libmedia_jni.so"
09-13 17:03:09.377 2148 2148 I cameraserver: ServiceManager: 0xe5d1c1c0
09-13 17:03:09.378 2148 2148 I CameraService: CameraService started (pid=2148)
09-13 17:03:09.378 2148 2148 I CameraService: CameraService process starting
09-13 17:03:09.378 2148 2148 W BatteryNotifier: batterystats service unavailable!
09-13 17:03:09.379 2148 2148 W BatteryNotifier: batterystats service unavailable!
09-13 17:03:09.383 2148 2148 I CameraProviderManager: Connecting to new camera provider: legacy/0, isRemote? 1
09-13 17:03:09.384 2148 2148 I CameraProviderManager: Enumerating new camera device: device@1.0/legacy/0
09-13 17:03:09.386 531 2095 I CamDev@1.0-impl: Opening camera 0
09-13 17:03:09.386 531 2095 I QCamera : openLegacy: 680: openLegacy halVersion: 256
09-13 17:03:09.412 531 2204 I QCameraHWI_Mem: memoryPoolThread: E
09-13 17:03:09.412 531 2204 I QCameraHWI_Mem: memoryPoolThread: start proc
09-13 17:03:09.414 531 2095 I OneplusCamera: initClientPackageNameFlag: com.android.facelock
09-13 17:03:09.414 531 2095 D vndksupport: Loading /vendor/lib/hw/power.qcom.so from current namespace instead of sphal namespace.
09-13 17:03:09.421 531 2095 I QCamera2HWI: QCamera2HardwareInterface: mClientPackageName = com.android.facelock
09-13 17:03:09.421 531 2095 I QCamera : openCamera: 2057: [KPI Perf]: E PROFILE_OPEN_CAMERA camera id 0
09-13 17:03:09.422 531 2095 I OPCAMERA_SERVICE: init_module: module=0xe8c97c58 private=0xe8c9cae0 list=0xe26c33f0
09-13 17:03:09.422 531 2095 E OneplusCamera: acquire: fail
09-13 17:03:09.422 2148 2148 W CameraProviderManager: Camera provider legacy/0 says an unknown camera device@1.0/legacy/0 now has torch status 0. Curious.
09-13 17:03:09.423 2148 2148 W CameraProviderManager: Camera provider legacy/0 says an unknown camera device@3.3/legacy/0 now has torch status 0. Curious.
09-13 17:03:09.423 531 2206 I QCamera2HWI: QCamera2HardwareInterface::deferredWorkRoutine id=19
09-13 17:03:09.424 531 2206 I QCamera2HWI: QCamera2HardwareInterface::dequeueDeferredWork id=19
09-13 17:03:09.424 531 2206 I QCamera2HWI: QCamera2HardwareInterface::deferredWorkRoutine id=20
09-13 17:03:09.425 531 2206 I QCamera2HWI: QCamera2HardwareInterface::dequeueDeferredWork id=20
09-13 17:03:09.425 531 2203 I QCameraStateMachine: E
09-13 17:03:09.465 2144 2144 E libc : Access denied finding property "vendor.perf.gestureflingboost.enable"
09-13 17:03:09.473 2144 2144 E libc : Access denied finding property "vendor.perf.gestureflingboost.enable"
09-13 17:03:09.482 1031 1086 W ServiceManagement: Waited one second for android.frameworks.sensorservice@1.0::ISensorManager/default
09-13 17:03:09.483 1031 1086 I ServiceManagement: getService: Trying again for android.frameworks.sensorservice@1.0::ISensorManager/default...
09-13 17:03:09.491 1010 2212 E mm-3a-core: light_sensor_init init fail
09-13 17:03:09.493 1010 2212 E mm-camera: 448: dsps_open: try to sensor1_open()
09-13 17:03:09.500 2144 2144 I DpmTcmClient: DpmTcmClient constructor
09-13 17:03:09.544 2144 2144 I Zygote : ...preloaded 6535 classes in 584ms.
09-13 17:03:09.544 2144 2144 I zygote64: VMRuntime.preloadDexCaches starting
09-13 17:03:09.600 2144 2144 I zygote64: VMRuntime.preloadDexCaches strings total=356396 before=14612 after=14612
09-13 17:03:09.600 2144 2144 I zygote64: VMRuntime.preloadDexCaches types total=32715 before=8120 after=8129
09-13 17:03:09.600 2144 2144 I zygote64: VMRuntime.preloadDexCaches fields total=146899 before=9193 after=9207
09-13 17:03:09.600 2144 2144 I zygote64: VMRuntime.preloadDexCaches methods total=256431 before=13225 after=13240
09-13 17:03:09.600 2144 2144 I zygote64: VMRuntime.preloadDexCaches finished
09-13 17:03:09.610 1010 1010 I mm-camera: < INFO> 292: af_core_init: af_core_init
09-13 17:03:09.614 1010 1010 E mm-camera: 2865: stats_port_check_caps_reserve: Invalid Port capability type!
09-13 17:03:09.614 1010 1010 I chatty : uid=1006(camera) mm-qcamera-daem identical 3 lines
09-13 17:03:09.614 1010 1010 E mm-camera: 2865: stats_port_check_caps_reserve: Invalid Port capability type!
09-13 17:03:09.614 1010 1010 I mm-3a-core: q3a_thread_aecawb_start Enter
09-13 17:03:09.654 531 2095 I QCamera : openCamera: 2070: [KPI Perf]: X PROFILE_OPEN_CAMERA camera id 0, rc: 0
09-13 17:03:09.654 531 2095 I CamDev@1.0-impl: could not cast ICameraDeviceCallback to IQCameraDeviceCallback
09-13 17:03:09.654 531 2206 I QCamera2HWI: QCamera2HardwareInterface::deferredWorkRoutine id=21
09-13 17:03:09.655 531 2206 I QCameraParameters: Open flash for camera Id: 0 (flash fd: 34)
09-13 17:03:09.673 531 2206 I QCameraParameters: init: no sensor name matched
09-13 17:03:09.673 531 2206 D QCameraParameters: sensor_active_size is 4656 3496
09-13 17:03:09.673 531 2206 I QCamera : setFocusMode: 7701: Setting focus mode auto
09-13 17:03:09.673 531 2206 I QCamera : setFocusAreas: 9967: Default ROI
09-13 17:03:09.674 531 2206 I OPCAMERA_VFB: init_module: module=0xe8c97cb0 private=0xe1ff7000 list=0xe1fb1050
09-13 17:03:09.682 2144 2144 I AssetManager: no overlays.list file found
09-13 17:03:09.684 2144 2144 I Zygote : Preloading resources...
09-13 17:03:09.695 2144 2144 W Resources: Preloaded drawable resource #0x1080265 (android:drawable/dialog_background_material) that varies with configuration!!
09-13 17:03:09.715 2144 2144 I Zygote : ...preloaded 64 resources in 32ms.
09-13 17:03:09.721 2144 2144 I Zygote : ...preloaded 41 resources in 5ms.
09-13 17:03:09.721 2144 2144 D vndksupport: Loading /vendor/lib64/hw/android.hardware.graphics.mapper@2.0-impl.so from current namespace instead of sphal namespace.
09-13 17:03:09.723 2144 2144 D vndksupport: Loading /vendor/lib64/egl/libEGL_adreno.so from current namespace instead of sphal namespace.
09-13 17:03:09.725 2144 2144 D libEGL : loaded /vendor/lib64/egl/libEGL_adreno.so
09-13 17:03:09.731 2144 2144 D vndksupport: Loading /vendor/lib64/egl/libGLESv1_CM_adreno.so from current namespace instead of sphal namespace.
09-13 17:03:09.731 2144 2144 D libEGL : loaded /vendor/lib64/egl/libGLESv1_CM_adreno.so
09-13 17:03:09.740 531 2245 I OPCAMERA_VFB: sensor_config: enable cfg for imx298
09-13 17:03:09.741 531 2206 I OPCAMERA_SFB: init_module: module=0xe1fad000 private=0xe1fd0000 list=0xe1fb1070
09-13 17:03:09.747 2144 2144 D vndksupport: Loading /vendor/lib64/egl/libGLESv2_adreno.so from current namespace instead of sphal namespace.
09-13 17:03:09.747 531 2249 I OPCAMERA_SFB: sensor_config: imx298.is_sensor_cfg=1
09-13 17:03:09.747 531 2206 E OneplusCamera: createFaceBeautyLevelString facebeauty levels=0,1,2,3,4,5,6,7,8
09-13 17:03:09.748 2144 2144 D libEGL : loaded /vendor/lib64/egl/libGLESv2_adreno.so
09-13 17:03:09.748 531 2206 I OPCAMERA_VFB: deinit_module: module=0xe8c97cb0 private=0xe1ff7000 list=0x0
09-13 17:03:09.748 531 2206 I OPCAMERA_SFB: deinit_module: module=0xe1fad000 private=0xe1fd0000 list=0x0
09-13 17:03:09.750 1010 2236 E mm-camera: 2966: sensor_get_cur_chromatix_name: Sensor name:imx298,sensor id:0x0, vendor id:4, lens id:0
09-13 17:03:09.750 1010 2236 E mm-camera: 3129: sensor_get_cur_chromatix_name: 3A chromatix : imx298_zsl_preview
09-13 17:03:09.751 531 2206 I QCamera2HWI: QCamera2HardwareInterface::dequeueDeferredWork id=21
09-13 17:03:09.753 531 2095 I CamDev@1.0-impl: Closing camera 0
09-13 17:03:09.753 531 2095 I QCamera : close_camera_device: 1649: [KPI Perf]: E camera id 0
09-13 17:03:09.754 531 2095 I QCameraStateMachine: E
09-13 17:03:09.754 531 2203 I QCameraStateMachine: QCAMERA_SM_CMD_TYPE_EXIT
09-13 17:03:09.754 531 2203 I QCameraStateMachine: X
09-13 17:03:09.754 531 2095 I QCameraStateMachine: X
09-13 17:03:09.754 531 2095 I QCamera : closeCamera: 2479: E
09-13 17:03:09.754 531 2095 I QCamera : closeCamera: 2484: [KPI Perf]: E PROFILE_CLOSE_CAMERA camera id 0
09-13 17:03:09.755 531 2095 E OneplusCamera: acquire: fail
09-13 17:03:09.755 1010 2236 I : sensor_pick_resolution res_idx: 2
09-13 17:03:09.755 1010 2236 I : sensor_pick_resolution Matched pick_w:2328, pick_h:1748, pick_fps:30.020000, pick_clk:299300000, pick_mode:1
09-13 17:03:09.755 1010 1310 E mm-camera: 303: AllocateBuffers: Invalid dimensions 0x0
09-13 17:03:09.755 1010 1310 E mm-camera: 203: img_algo_preload: Preload: Failed to allocate buffer, rc -4
09-13 17:03:09.755 1010 1310 E mm-camera: 117: module_imgbase_client_preload_exec: IMG_CORE_PRELOAD failed -4
09-13 17:03:09.753 2250 2250 W iptables-wrappe: type=1400 audit(0.0:403): avc: denied { read write } for path="/dev/diag" dev="tmpfs" ino=7350 scontext=u:r:netutils_wrapper:s0 tcontext=u:object_r:diag_device:s0 tclass=chr_file permissive=0
09-13 17:03:09.783 2251 2251 W iptables-wrappe: type=1400 audit(0.0:404): avc: denied { read write } for path="/dev/diag" dev="tmpfs" ino=7350 scontext=u:r:netutils_wrapper:s0 tcontext=u:object_r:diag_device:s0 tclass=chr_file permissive=0
09-13 17:03:09.759 531 2095 I QCameraParameters: Close flash fd: 34
09-13 17:03:09.759 531 2095 D QCameraPostProc: stop: E
09-13 17:03:09.759 531 2095 E QCameraPostProc: stop: X
09-13 17:03:09.760 531 2241 D : cmdtype=MM_CAMERA_CMD_TYPE_EXIT
09-13 17:03:09.761 1010 1010 E mm-camera: 916: isp_port_check_caps_unreserve: ISP session resource not dellocated in time
09-13 17:03:09.768 2144 2144 I Zygote : Preloading shared libraries...
09-13 17:03:09.774 2144 2144 I Zygote : Uninstalled ICU cache reference pinning...
09-13 17:03:09.775 2144 2144 I Zygote : Installed AndroidKeyStoreProvider in 1ms.
09-13 17:03:09.783 2144 2144 I Zygote : Warmed up JCA providers in 9ms.
09-13 17:03:09.783 2144 2144 D Zygote : end preload
09-13 17:03:09.799 1010 2254 E mm-camera: 528: isp_module_stop_session: warning: ISP resource is not freed on time!
09-13 17:03:09.825 2144 2144 I zygote64: Explicit concurrent copying GC freed 20392(1156KB) AllocSpace objects, 0(0B) LOS objects, 50% free, 2MB/4MB, paused 117us total 41.551ms
09-13 17:03:09.823 2258 2258 W ip6tables-wrapp: type=1400 audit(0.0:405): avc: denied { read write } for path="/dev/diag" dev="tmpfs" ino=7350 scontext=u:r:netutils_wrapper:s0 tcontext=u:object_r:diag_device:s0 tclass=chr_file permissive=0
09-13 17:03:09.843 2259 2259 W ip6tables-wrapp: type=1400 audit(0.0:406): avc: denied { read write } for path="/dev/diag" dev="tmpfs" ino=7350 scontext=u:r:netutils_wrapper:s0 tcontext=u:object_r:diag_device:s0 tclass=chr_file permissive=0
09-13 17:03:09.870 2144 2144 I zygote64: Explicit concurrent copying GC freed 1669(97KB) AllocSpace objects, 0(0B) LOS objects, 50% free, 2MB/4MB, paused 336us total 41.360ms
09-13 17:03:09.863 2260 2260 W ip6tables-wrapp: type=1400 audit(0.0:407): avc: denied { read write } for path="/dev/diag" dev="tmpfs" ino=7350 scontext=u:r:netutils_wrapper:s0 tcontext=u:object_r:diag_device:s0 tclass=chr_file permissive=0
09-13 17:03:09.905 2148 2148 W CameraProviderManager: Camera provider legacy/0 says an unknown camera device@1.0/legacy/0 now has torch status 1. Curious.
09-13 17:03:09.906 2148 2148 W CameraProviderManager: Camera provider legacy/0 says an unknown camera device@3.3/legacy/0 now has torch status 1. Curious.
09-13 17:03:09.907 531 2095 I OPCAMERA_SERVICE: deinit_module: module=0xe8c97c58 private=0xe8c9cae0 list=0x0
09-13 17:03:09.907 531 2095 I QCamera : closeCamera: 2575: [KPI Perf]: X PROFILE_CLOSE_CAMERA camera id 0, rc: 0
09-13 17:03:09.908 531 2204 I QCameraHWI_Mem: memoryPoolThread: stop proc
09-13 17:03:09.908 531 2204 I QCameraHWI_Mem: memoryPoolThread: X
09-13 17:03:09.908 531 2095 I QCamera : close_camera_device: 1651: [KPI Perf]: X
09-13 17:03:09.908 2148 2148 I CameraProviderManager: Enumerating new camera device: device@3.3/legacy/0
09-13 17:03:09.909 2148 2148 I CameraProviderManager: Enumerating new camera device: device@1.0/legacy/1
09-13 17:03:09.912 531 2095 I CamDev@1.0-impl: Opening camera 1
09-13 17:03:09.912 531 2095 I QCamera : openLegacy: 680: openLegacy halVersion: 256
09-13 17:03:09.986 531 2262 I QCameraStateMachine: E
09-13 17:03:09.987 531 2263 I QCameraHWI_Mem: memoryPoolThread: E
09-13 17:03:09.987 531 2263 I QCameraHWI_Mem: memoryPoolThread: start proc
09-13 17:03:09.987 531 2095 I OneplusCamera: initClientPackageNameFlag: com.android.facelock
09-13 17:03:09.987 531 2095 D vndksupport: Loading /vendor/lib/hw/power.qcom.so from current namespace instead of sphal namespace.
09-13 17:03:09.992 531 2095 I QCamera2HWI: QCamera2HardwareInterface: mClientPackageName = com.android.facelock
09-13 17:03:09.992 531 2095 I QCamera : openCamera: 2057: [KPI Perf]: E PROFILE_OPEN_CAMERA camera id 1
09-13 17:03:09.992 531 2095 I OPCAMERA_SERVICE: init_module: module=0xe8c97c48 private=0xe8c9cae0 list=0xe26c3470
09-13 17:03:09.993 531 2095 E OneplusCamera: acquire: fail
09-13 17:03:09.997 2144 2144 I Zygote : System server process 2270 has been created
09-13 17:03:09.999 2144 2144 I Zygote : Accepting command socket connections
09-13 17:03:10.000 531 2268 I QCamera2HWI: QCamera2HardwareInterface::deferredWorkRoutine id=22
09-13 17:03:10.000 531 2268 I QCamera2HWI: QCamera2HardwareInterface::dequeueDeferredWork id=22
09-13 17:03:10.000 531 2268 I QCamera2HWI: QCamera2HardwareInterface::deferredWorkRoutine id=23
09-13 17:03:10.001 531 2268 I QCamera2HWI: QCamera2HardwareInterface::dequeueDeferredWork id=23
09-13 17:03:10.009 1010 2281 E mm-3a-core: light_sensor_init init fail
09-13 17:03:10.011 1010 2281 E mm-camera: 448: dsps_open: try to sensor1_open()
09-13 17:03:10.019 1010 2277 I mm-camera: sony_imx179_eeprom_get_calibration_items: A light valid page:0, D50 valid page:0
09-13 17:03:10.037 2270 2270 E system_server: Not starting debugger since process cannot load the jdwp agent.
09-13 17:03:10.046 2270 2270 I Zygote : Process: zygote socket RESERVED/zygote_secondary opened, supported ABIS: armeabi-v7a,armeabi
09-13 17:03:10.051 1010 1010 I mm-camera: < INFO> 292: af_core_init: af_core_init
09-13 17:03:10.052 1010 1010 E mm-camera: 2865: stats_port_check_caps_reserve: Invalid Port capability type!
09-13 17:03:10.052 1010 1010 I chatty : uid=1006(camera) mm-qcamera-daem identical 3 lines
09-13 17:03:10.052 1010 1010 E mm-camera: 2865: stats_port_check_caps_reserve: Invalid Port capability type!
09-13 17:03:10.053 1010 1010 I mm-3a-core: q3a_thread_aecawb_start Enter
09-13 17:03:10.060 2270 2270 W system_server: ClassLoaderContext size mismatch. expected=1, actual=2 (PCL[] | PCL[];PCL[])
09-13 17:03:10.064 2270 2270 I system_server: The ClassLoaderContext is a special shared library.
09-13 17:03:10.068 2270 2270 I chatty : uid=1000 system_server identical 1 line
09-13 17:03:10.071 2270 2270 I system_server: The ClassLoaderContext is a special shared library.
09-13 17:03:10.075 531 2095 I QCamera : openCamera: 2070: [KPI Perf]: X PROFILE_OPEN_CAMERA camera id 1, rc: 0
09-13 17:03:10.075 531 2095 I CamDev@1.0-impl: could not cast ICameraDeviceCallback to IQCameraDeviceCallback
09-13 17:03:10.076 531 2268 I QCamera2HWI: QCamera2HardwareInterface::deferredWorkRoutine id=24
09-13 17:03:10.076 1169 1225 I QC-NETMGR-LIB: NetmgrNetdClientRegisterNetwork(): Looking for Netd service
09-13 17:03:10.076 1169 1225 I QC-NETMGR-LIB: NetmgrNetdClientRegisterNetwork(): register to create new OEM network
09-13 17:03:10.076 1169 1225 I QC-NETMGR-LIB: registerNetwork(): Attempting createOemNetwork
09-13 17:03:10.076 2152 2170 D TcpSocketMonitor: suspending tcpinfo polling
09-13 17:03:10.077 531 2268 D QCameraParameters: sensor_active_size is 3288 2480
09-13 17:03:10.077 531 2268 I QCamera : setFocusMode: 7701: Setting focus mode fixed
09-13 17:03:10.077 1169 1225 I QC-NETMGR-LIB: registerNetwork(): command completed!
09-13 17:03:10.077 1169 1225 I QC-NETMGR-LIB: registerNetwork(): createOemNetwork succeeded [packet mark : 0xf0002] [net id : 2] [network handle : 0x2cafed00d]
09-13 17:03:10.077 1169 1225 I QC-NETMGR-LIB: NetmgrNetdClientRegisterNetwork(): [packet mark : 0xf0002] [network handle : 0x2cafed00d]
09-13 17:03:10.078 531 2268 I OPCAMERA_VFB: init_module: module=0xe8c97ca8 private=0xe1ff7000 list=0xe1fb1050
09-13 17:03:10.078 531 2311 I OPCAMERA_VFB: sensor_config: enable cfg for imx179
09-13 17:03:10.078 531 2268 I OPCAMERA_SFB: init_module: module=0xe1fae000 private=0xe1fd0000 list=0xe1fb1070
09-13 17:03:10.078 531 2314 I OPCAMERA_SFB: sensor_config: imx179.is_sensor_cfg=1
09-13 17:03:10.078 531 2268 E OneplusCamera: createFaceBeautyLevelString facebeauty levels=0,1,2,3,4,5,6,7,8
09-13 17:03:10.079 531 2268 I OPCAMERA_VFB: deinit_module: module=0xe8c97ca8 private=0xe1ff7000 list=0x0
09-13 17:03:10.079 531 2268 I OPCAMERA_SFB: deinit_module: module=0xe1fae000 private=0xe1fd0000 list=0x0
09-13 17:03:10.081 1010 2304 E mm-camera: 2966: sensor_get_cur_chromatix_name: Sensor name:imx179,sensor id:0x0, vendor id:0, lens id:0
09-13 17:03:10.081 1010 2304 E mm-camera: 3129: sensor_get_cur_chromatix_name: 3A chromatix : imx179_3a_3280x2464_30fps_preview
