09-13 17:03:19.812 2942 2942 I system_server: at java.lang.Class java.lang.Class.classForName(java.lang.String, boolean, java.lang.ClassLoader) (Class.java:-2)
09-13 17:03:19.818 2942 2942 E Zygote : System zygote died with exception
09-13 17:03:19.818 2942 2942 E Zygote : java.lang.NoClassDefFoundError: Failed resolution of: Landroid/util/BootTimingsTraceLog;
09-13 17:03:19.818 2942 2942 E Zygote : at com.android.server.SystemServer.(SystemServer.java:153)
09-13 17:03:19.818 2942 2942 E Zygote : at java.lang.Class.classForName(Native Method)
09-13 17:03:19.818 2942 2942 E Zygote : at java.lang.Class.forName(Class.java:453)
09-13 17:03:19.818 2942 2942 E Zygote : at com.android.internal.os.RuntimeInit.findStaticMain(RuntimeInit.java:336)
09-13 17:03:19.818 2942 2942 E Zygote : at com.android.internal.os.RuntimeInit.applicationInit(RuntimeInit.java:409)
09-13 17:03:19.818 2942 2942 E Zygote : at com.android.internal.os.ZygoteInit.zygoteInit(ZygoteInit.java:912)
09-13 17:03:19.818 2942 2942 E Zygote : at com.android.internal.os.ZygoteInit.handleSystemServerProcess(ZygoteInit.java:506)
09-13 17:03:19.818 2942 2942 E Zygote : at com.android.internal.os.ZygoteInit.forkSystemServer(ZygoteInit.java:730)
09-13 17:03:19.818 2942 2942 E Zygote : at com.android.internal.os.ZygoteInit.main(ZygoteInit.java:833)
09-13 17:03:19.818 2942 2942 E Zygote : Caused by: java.lang.ClassNotFoundException: Didn't find class "android.util.BootTimingsTraceLog" on path: DexPathList[[zip file "/system/framework/services.jar", zip file "/system/framework/ethernet-service.jar", zip file "/system/framework/wifi-service.jar", zip file "/system/framework/com.android.location.provider.jar"],nativeLibraryDirectories=[/system/lib64, /system/vendor/lib64, /system/lib64, /system/vendor/lib64]]
09-13 17:03:19.818 2942 2942 E Zygote : at dalvik.system.BaseDexClassLoader.findClass(BaseDexClassLoader.java:169)
09-13 17:03:19.818 2942 2942 E Zygote : at java.lang.ClassLoader.loadClass(ClassLoader.java:379)
09-13 17:03:19.818 2942 2942 E Zygote : at java.lang.ClassLoader.loadClass(ClassLoader.java:312)
09-13 17:03:19.818 2942 2942 E Zygote : ... 9 more
09-13 17:03:19.818 2942 2942 D AndroidRuntime: Shutting down VM
09-13 17:03:19.818 2942 2942 E AndroidRuntime: *** FATAL EXCEPTION IN SYSTEM PROCESS: main
09-13 17:03:19.818 2942 2942 E AndroidRuntime: java.lang.NoClassDefFoundError: Failed resolution of: Landroid/util/BootTimingsTraceLog;
09-13 17:03:19.818 2942 2942 E AndroidRuntime: at com.android.server.SystemServer.(SystemServer.java:153)
09-13 17:03:19.818 2942 2942 E AndroidRuntime: at java.lang.Class.classForName(Native Method)
09-13 17:03:19.818 2942 2942 E AndroidRuntime: at java.lang.Class.forName(Class.java:453)
09-13 17:03:19.818 2942 2942 E AndroidRuntime: at com.android.internal.os.RuntimeInit.findStaticMain(RuntimeInit.java:336)
09-13 17:03:19.818 2942 2942 E AndroidRuntime: at com.android.internal.os.RuntimeInit.applicationInit(RuntimeInit.java:409)
09-13 17:03:19.818 2942 2942 E AndroidRuntime: at com.android.internal.os.ZygoteInit.zygoteInit(ZygoteInit.java:912)
09-13 17:03:19.818 2942 2942 E AndroidRuntime: at com.android.internal.os.ZygoteInit.handleSystemServerProcess(ZygoteInit.java:506)
09-13 17:03:19.818 2942 2942 E AndroidRuntime: at com.android.internal.os.ZygoteInit.forkSystemServer(ZygoteInit.java:730)
09-13 17:03:19.818 2942 2942 E AndroidRuntime: at com.android.internal.os.ZygoteInit.main(ZygoteInit.java:833)
09-13 17:03:19.818 2942 2942 E AndroidRuntime: Caused by: java.lang.ClassNotFoundException: Didn't find class "android.util.BootTimingsTraceLog" on path: DexPathList[[zip file "/system/framework/services.jar", zip file "/system/framework/ethernet-service.jar", zip file "/system/framework/wifi-service.jar", zip file "/system/framework/com.android.location.provider.jar"],nativeLibraryDirectories=[/system/lib64, /system/vendor/lib64, /system/lib64, /system/vendor/lib64]]
09-13 17:03:19.818 2942 2942 E AndroidRuntime: at dalvik.system.BaseDexClassLoader.findClass(BaseDexClassLoader.java:169)
09-13 17:03:19.818 2942 2942 E AndroidRuntime: at java.lang.ClassLoader.loadClass(ClassLoader.java:379)
09-13 17:03:19.818 2942 2942 E AndroidRuntime: at java.lang.ClassLoader.loadClass(ClassLoader.java:312)
09-13 17:03:19.818 2942 2942 E AndroidRuntime: ... 9 more
09-13 17:03:19.818 2942 2942 E AndroidRuntime: *** FATAL EXCEPTION IN SYSTEM PROCESS: main
09-13 17:03:19.818 2942 2942 E AndroidRuntime: java.lang.NoClassDefFoundError: Failed resolution of: Landroid/util/BootTimingsTraceLog;
09-13 17:03:19.818 2942 2942 E AndroidRuntime: at com.android.server.SystemServer.(SystemServer.java:153)
09-13 17:03:19.818 2942 2942 E AndroidRuntime: at java.lang.Class.classForName(Native Method)
09-13 17:03:19.818 2942 2942 E AndroidRuntime: at java.lang.Class.forName(Class.java:453)
09-13 17:03:19.818 2942 2942 E AndroidRuntime: at com.android.internal.os.RuntimeInit.findStaticMain(RuntimeInit.java:336)
09-13 17:03:19.818 2942 2942 E AndroidRuntime: at com.android.internal.os.RuntimeInit.applicationInit(RuntimeInit.java:409)
09-13 17:03:19.818 2942 2942 E AndroidRuntime: at com.android.internal.os.ZygoteInit.zygoteInit(ZygoteInit.java:912)
09-13 17:03:19.818 2942 2942 E AndroidRuntime: at com.android.internal.os.ZygoteInit.handleSystemServerProcess(ZygoteInit.java:506)
09-13 17:03:19.818 2942 2942 E AndroidRuntime: at com.android.internal.os.ZygoteInit.forkSystemServer(ZygoteInit.java:730)
09-13 17:03:19.818 2942 2942 E AndroidRuntime: at com.android.internal.os.ZygoteInit.main(ZygoteInit.java:833)
09-13 17:03:19.818 2942 2942 E AndroidRuntime: Caused by: java.lang.ClassNotFoundException: Didn't find class "android.util.BootTimingsTraceLog" on path: DexPathList[[zip file "/system/framework/services.jar", zip file "/system/framework/ethernet-service.jar", zip file "/system/framework/wifi-service.jar", zip file "/system/framework/com.android.location.provider.jar"],nativeLibraryDirectories=[/system/lib64, /system/vendor/lib64, /system/lib64, /system/vendor/lib64]]
09-13 17:03:19.818 2942 2942 E AndroidRuntime: at dalvik.system.BaseDexClassLoader.findClass(BaseDexClassLoader.java:169)
09-13 17:03:19.818 2942 2942 E AndroidRuntime: at java.lang.ClassLoader.loadClass(ClassLoader.java:379)
09-13 17:03:19.818 2942 2942 E AndroidRuntime: at java.lang.ClassLoader.loadClass(ClassLoader.java:312)
09-13 17:03:19.818 2942 2942 E AndroidRuntime: ... 9 more
09-13 17:03:19.819 2942 2942 E AndroidRuntime: Error reporting crash
09-13 17:03:19.819 2942 2942 E AndroidRuntime: java.lang.NullPointerException: Attempt to invoke interface method 'void android.app.IActivityManager.handleApplicationCrash(android.os.IBinder, android.app.ApplicationErrorReport$ParcelableCrashInfo)' on a null object reference
09-13 17:03:19.819 2942 2942 E AndroidRuntime: at com.android.internal.os.RuntimeInit$KillApplicationHandler.uncaughtException(RuntimeInit.java:187)
09-13 17:03:19.819 2942 2942 E AndroidRuntime: at java.lang.ThreadGroup.uncaughtException(ThreadGroup.java:1068)
09-13 17:03:19.819 2942 2942 E AndroidRuntime: at java.lang.ThreadGroup.uncaughtException(ThreadGroup.java:1063)
09-13 17:03:19.819 2942 2942 E AndroidRuntime: at java.lang.Thread.dispatchUncaughtException(Thread.java:1955)
09-13 17:03:19.821 2942 2942 E Process : try to kill system_server
09-13 17:03:19.821 2942 2942 I Process : Sending signal. PID: 2942 SIG: 9
09-13 17:03:19.826 2729 2864 W CamPvdr@2.4-external: deviceAdded device /dev/video1 does not support VIDEO_CAPTURE
09-13 17:03:19.827 2729 2864 E CamPvdr@2.4-external: deviceAdded open v4l2 device /dev/video0 failed:Device or resource busy
09-13 17:03:19.836 2729 2864 W CamPvdr@2.4-external: deviceAdded device /dev/video33 does not support VIDEO_CAPTURE
09-13 17:03:19.842 2725 2725 I Zygote : Process 2942 exited due to signal (9)
09-13 17:03:19.842 2725 2725 E Zygote : Exit zygote because system server (2942) has terminated
09-13 17:03:19.853 2963 2963 W ip6tables-wrapp: type=1400 audit(0.0:575): avc: denied { read write } for path="/dev/diag" dev="tmpfs" ino=7350 scontext=u:r:netutils_wrapper:s0 tcontext=u:object_r:diag_device:s0 tclass=chr_file permissive=0
09-13 17:03:19.859 2729 2864 W CamPvdr@2.4-external: deviceAdded device /dev/video32 does not support VIDEO_CAPTURE
09-13 17:03:19.860 2729 2864 I CamPvdr@2.4-external: threadLoop start monitoring new V4L2 devices
09-13 17:03:19.874 2724 2869 E audio_route: Control 'MultiMedia8 Mixer TERT_MI2S_TX' doesn't exist - skipping
09-13 17:03:19.874 2724 2869 E audio_route: Control 'MultiMedia8 Mixer AUX_PCM_UL_TX' doesn't exist - skipping
09-13 17:03:19.874 2724 2869 E audio_route: Control 'MultiMedia4 Mixer MI2S_TX' doesn't exist - skipping
09-13 17:03:19.874 2724 2869 E audio_route: Control 'MultiMedia7 Mixer MI2S_TX' doesn't exist - skipping
09-13 17:03:19.874 2724 2869 E audio_route: Control 'MultiMedia10 Mixer MI2S_TX' doesn't exist - skipping
09-13 17:03:19.874 2724 2869 E audio_route: Control 'MultiMedia11 Mixer MI2S_TX' doesn't exist - skipping
09-13 17:03:19.874 2724 2869 E audio_route: Control 'MultiMedia12 Mixer MI2S_TX' doesn't exist - skipping
09-13 17:03:19.874 2724 2869 E audio_route: Control 'MultiMedia13 Mixer MI2S_TX' doesn't exist - skipping
09-13 17:03:19.874 2724 2869 E audio_route: Control 'MultiMedia14 Mixer MI2S_TX' doesn't exist - skipping
09-13 17:03:19.875 2724 2869 E audio_route: Control 'MultiMedia15 Mixer MI2S_TX' doesn't exist - skipping
09-13 17:03:19.875 2724 2869 E audio_route: Control 'MultiMedia16 Mixer MI2S_TX' doesn't exist - skipping
09-13 17:03:19.873 2964 2964 W iptables-wrappe: type=1400 audit(0.0:576): avc: denied { read write } for path="/dev/diag" dev="tmpfs" ino=7350 scontext=u:r:netutils_wrapper:s0 tcontext=u:object_r:diag_device:s0 tclass=chr_file permissive=0
09-13 17:03:19.881 2724 2869 E audio_route: Control 'SpkrLeft COMP Switch' doesn't exist - skipping
09-13 17:03:19.881 2724 2869 E audio_route: Control 'SpkrRight COMP Switch' doesn't exist - skipping
09-13 17:03:19.881 2724 2869 E audio_route: Control 'SpkrLeft BOOST Switch' doesn't exist - skipping
09-13 17:03:19.881 2724 2869 E audio_route: Control 'SpkrRight BOOST Switch' doesn't exist - skipping
09-13 17:03:19.881 2724 2869 E audio_route: Control 'SpkrLeft VISENSE Switch' doesn't exist - skipping
09-13 17:03:19.882 2724 2869 E audio_route: Control 'SpkrRight VISENSE Switch' doesn't exist - skipping
09-13 17:03:19.882 2724 2869 E audio_route: Control 'SpkrLeft SWR DAC_Port Switch' doesn't exist - skipping
09-13 17:03:19.882 2724 2869 E audio_route: Control 'SpkrRight SWR DAC_Port Switch' doesn't exist - skipping
09-13 17:03:19.884 2724 2869 E audio_route: Control 'MultiMedia8 Mixer AUX_PCM_UL_TX' doesn't exist - skipping
09-13 17:03:19.885 2724 2869 E audio_route: Control 'LSM1 MUX' doesn't exist - skipping
09-13 17:03:19.885 2724 2869 E audio_route: Control 'LSM2 MUX' doesn't exist - skipping
09-13 17:03:19.885 2724 2869 E audio_route: Control 'LSM3 MUX' doesn't exist - skipping
09-13 17:03:19.885 2724 2869 E audio_route: Control 'LSM4 MUX' doesn't exist - skipping
09-13 17:03:19.885 2724 2869 E audio_route: Control 'LSM5 MUX' doesn't exist - skipping
09-13 17:03:19.885 2724 2869 E audio_route: Control 'LSM6 MUX' doesn't exist - skipping
09-13 17:03:19.885 2724 2869 E audio_route: Control 'LSM7 MUX' doesn't exist - skipping
09-13 17:03:19.885 2724 2869 E audio_route: Control 'LSM8 MUX' doesn't exist - skipping
09-13 17:03:19.887 2724 2869 E audio_route: Control 'SLIM_1 SampleRate' doesn't exist - skipping
09-13 17:03:19.892 2724 2869 I chatty : uid=1041(audioserver) HwBinder:2724_2 identical 10 lines
09-13 17:03:19.893 2724 2869 E audio_route: Control 'SLIM_1 SampleRate' doesn't exist - skipping
09-13 17:03:19.893 2724 2869 E audio_route: Control 'MultiMedia8 Mixer AUX_PCM_UL_TX' doesn't exist - skipping
09-13 17:03:19.893 2724 2869 E audio_route: Control 'SLIM_1 SampleRate' doesn't exist - skipping
09-13 17:03:19.893 2724 2869 E audio_route: Control 'MultiMedia8 Mixer AUX_PCM_UL_TX' doesn't exist - skipping
09-13 17:03:19.896 2724 2869 E audio_route: Control 'SLIM_1 SampleRate' doesn't exist - skipping
09-13 17:03:19.897 2724 2869 E audio_route: Control 'LSM1 MUX' doesn't exist - skipping
09-13 17:03:19.893 2965 2965 W ip6tables-wrapp: type=1400 audit(0.0:577): avc: denied { read write } for path="/dev/diag" dev="tmpfs" ino=7350 scontext=u:r:netutils_wrapper:s0 tcontext=u:object_r:diag_device:s0 tclass=chr_file permissive=0
09-13 17:03:19.897 2724 2869 E audio_route: Control 'LSM2 MUX' doesn't exist - skipping
09-13 17:03:19.897 2724 2869 E audio_route: Control 'LSM3 MUX' doesn't exist - skipping
09-13 17:03:19.898 2724 2869 E audio_route: Control 'LSM4 MUX' doesn't exist - skipping
09-13 17:03:19.898 2724 2869 E audio_route: Control 'LSM5 MUX' doesn't exist - skipping
09-13 17:03:19.898 2724 2869 E audio_route: Control 'LSM6 MUX' doesn't exist - skipping
09-13 17:03:19.898 2724 2869 E audio_route: Control 'LSM7 MUX' doesn't exist - skipping
09-13 17:03:19.898 2724 2869 E audio_route: Control 'LSM8 MUX' doesn't exist - skipping
09-13 17:03:19.901 2724 2869 E audio_route: Control 'SpkrLeft COMP Switch' doesn't exist - skipping
09-13 17:03:19.901 2724 2869 E audio_route: Control 'SpkrRight COMP Switch' doesn't exist - skipping
09-13 17:03:19.901 2724 2869 E audio_route: Control 'SpkrLeft BOOST Switch' doesn't exist - skipping
09-13 17:03:19.901 2724 2869 E audio_route: Control 'SpkrRight BOOST Switch' doesn't exist - skipping
09-13 17:03:19.901 2724 2869 E audio_route: Control 'SpkrLeft VISENSE Switch' doesn't exist - skipping
09-13 17:03:19.901 2724 2869 E audio_route: Control 'SpkrRight VISENSE Switch' doesn't exist - skipping
09-13 17:03:19.901 2724 2869 E audio_route: Control 'SpkrLeft SWR DAC_Port Switch' doesn't exist - skipping
09-13 17:03:19.901 2724 2869 E audio_route: Control 'SpkrRight SWR DAC_Port Switch' doesn't exist - skipping
09-13 17:03:19.902 2724 2869 E audio_route: Control 'SpkrLeft COMP Switch' doesn't exist - skipping
09-13 17:03:19.902 2724 2869 E audio_route: Control 'SpkrLeft BOOST Switch' doesn't exist - skipping
09-13 17:03:19.902 2724 2869 E audio_route: Control 'SpkrLeft VISENSE Switch' doesn't exist - skipping
09-13 17:03:19.902 2724 2869 E audio_route: Control 'SpkrLeft SWR DAC_Port Switch' doesn't exist - skipping
09-13 17:03:19.908 478 478 I ServiceManager: service 'media.audio_flinger' died
09-13 17:03:19.915 1169 1225 I QC-NETMGR-LIB: NetmgrNetdClientRegisterNetwork(): Looking for Netd service
09-13 17:03:19.915 1169 1225 I QC-NETMGR-LIB: NetmgrNetdClientRegisterNetwork(): register to create new OEM network
09-13 17:03:19.915 1169 1225 I QC-NETMGR-LIB: registerNetwork(): Attempting createOemNetwork
09-13 17:03:19.915 2731 2770 D TcpSocketMonitor: suspending tcpinfo polling
09-13 17:03:19.915 1169 1225 I QC-NETMGR-LIB: registerNetwork(): command completed!
09-13 17:03:19.915 1169 1225 I QC-NETMGR-LIB: registerNetwork(): createOemNetwork succeeded [packet mark : 0xf0002] [net id : 2] [network handle : 0x2cafed00d]
09-13 17:03:19.915 1169 1225 I QC-NETMGR-LIB: NetmgrNetdClientRegisterNetwork(): [packet mark : 0xf0002] [network handle : 0x2cafed00d]
09-13 17:03:19.918 2724 2869 D audio_hw_extn: audio_extn_can_use_vbat: vbat.enabled property is set to 0
09-13 17:03:19.918 2724 2869 D audio_hw_extn: audio_extn_can_use_bcl: bcl.enabled property is set to 0
09-13 17:03:19.918 2724 2869 D msm8974_platform: Alac software decoder is available...removing alac from DSP decoder list
09-13 17:03:19.918 2724 2869 D msm8974_platform: APE software decoder is available...removing ape from DSP decoder list
09-13 17:03:19.918 2724 2869 E msm8974_platform: find_index: Could not find index for name = SND_DEVICE_IN_UNPROCESSED_QAUD_MIC
09-13 17:03:19.918 2724 2869 E platform_info: process_acdb_id: Device SND_DEVICE_IN_UNPROCESSED_QAUD_MIC in platform info xml not found, no ACDB ID set!
09-13 17:03:19.918 2724 2869 D msm8974_platform: native_audio_set_params:napb updating mode (1) from XML
09-13 17:03:19.918 2724 2869 D msm8974_platform: platform_set_native_support:napb: native audio playback enabled in (SRC) mode
09-13 17:03:19.918 2724 2869 D msm8974_platform: platform_set_snd_device_backend: backend_tag_table[headphones]: old = null new = headphones
09-13 17:03:19.918 2724 2869 D msm8974_platform: platform_set_snd_device_backend: hw_interface_table[8] = SLIMBUS_6_RX
09-13 17:03:19.918 2724 2869 D msm8974_platform: platform_set_snd_device_backend: backend_tag_table[line]: old = null new = headphones
09-13 17:03:19.918 2724 2869 D msm8974_platform: platform_set_snd_device_backend: hw_interface_table[7] = SLIMBUS_6_RX
09-13 17:03:19.918 2724 2869 D msm8974_platform: platform_set_snd_device_backend: backend_tag_table[anc-headphones]: old = null new = headphones
09-13 17:03:19.918 2724 2869 D msm8974_platform: platform_set_snd_device_backend: hw_interface_table[46] = SLIMBUS_6_RX
09-13 17:03:19.918 2724 2869 D msm8974_platform: platform_set_snd_device_backend: backend_tag_table[speaker-and-headphones]: old = speaker-and-headphones new = speaker-and-headphones
09-13 17:03:19.918 2724 2869 D msm8974_platform: platform_set_snd_device_backend: hw_interface_table[11] = SLIMBUS_0_RX-and-SLIMBUS_6_RX
09-13 17:03:19.918 2724 2869 D msm8974_platform: platform_set_snd_device_backend: backend_tag_table[speaker-and-line]: old = null new = speaker-and-headphones
09-13 17:03:19.918 2724 2869 D msm8974_platform: platform_set_snd_device_backend: hw_interface_table[12] = SLIMBUS_0_RX-and-SLIMBUS_6_RX
09-13 17:03:19.918 2724 2869 D msm8974_platform: platform_set_snd_device_backend: backend_tag_table[speaker-and-anc-headphones]: old = null new = speaker-and-headphones
09-13 17:03:19.918 2724 2869 D msm8974_platform: platform_set_snd_device_backend: hw_interface_table[50] = SLIMBUS_0_RX-and-SLIMBUS_6_RX
09-13 17:03:19.918 2724 2869 D msm8974_platform: platform_set_snd_device_backend: backend_tag_table[voice-headphones]: old = null new = headphones
09-13 17:03:19.918 2724 2869 D msm8974_platform: platform_set_snd_device_backend: hw_interface_table[21] = SLIMBUS_6_RX
09-13 17:03:19.918 2724 2869 D msm8974_platform: platform_set_snd_device_backend: backend_tag_table[voice-anc-headphones]: old = null new = headphones
09-13 17:03:19.918 2724 2869 D msm8974_platform: platform_set_snd_device_backend: hw_interface_table[48] = SLIMBUS_6_RX
09-13 17:03:19.918 2724 2869 D msm8974_platform: platform_set_snd_device_backend: backend_tag_table[voice-line]: old = null new = headphones
09-13 17:03:19.918 2724 2869 D msm8974_platform: platform_set_snd_device_backend: hw_interface_table[22] = SLIMBUS_6_RX
09-13 17:03:19.919 2724 2869 D msm8974_platform: platform_set_snd_device_backend: backend_tag_table[voice-tty-full-headphones]: old = null new = headphones
09-13 17:03:19.919 2724 2869 D msm8974_platform: platform_set_snd_device_backend: hw_interface_table[33] = SLIMBUS_6_RX
09-13 17:03:19.919 2724 2869 D msm8974_platform: platform_set_snd_device_backend: backend_tag_table[voice-tty-vco-headphones]: old = null new = headphones
09-13 17:03:19.919 2724 2869 D msm8974_platform: platform_set_snd_device_backend: hw_interface_table[34] = SLIMBUS_6_RX
09-13 17:03:19.921 2724 2869 E msm8974_platform: platform_init: dlsym error undefined symbol: acdb_loader_init_v4 for acdb_loader_init_v4
09-13 17:03:19.921 2724 2869 E platform_info: param tag only supported with CONFIG_PARAMS section
09-13 17:03:19.921 2724 2869 I chatty : uid=1041(audioserver) HwBinder:2724_2 identical 3 lines
09-13 17:03:19.921 2724 2869 E platform_info: param tag only supported with CONFIG_PARAMS section
09-13 17:03:19.922 2724 2869 E audio_hw_acdb: acdb_init_v2: dlsym error undefined symbol: acdb_loader_init_v4 for acdb_loader_init_v4
09-13 17:03:19.922 2724 2869 D ACDB-LOADER: ACDB -> already initialized, exit
09-13 17:03:19.922 2724 2869 D audio_hw_acdb: acdb_init_v2: ACDB Instance ID support after ACDB init:0
09-13 17:03:19.922 2724 2869 D msm8974_platform: ACDB initialized
09-13 17:03:19.922 2724 2869 D msm8974_platform: hw_util_open Opening device /dev/snd/hwC0D1000
09-13 17:03:19.923 2724 2869 D msm8974_platform: hw_util_open success
09-13 17:03:19.923 2724 2869 D ACDB-LOADER: ACDB -> ACDB_CMD_GET_ANC_SETTING
09-13 17:03:19.923 2724 2869 D : Failed to fetch the lookup information of the device 0000001A
09-13 17:03:19.923 2724 2869 E ACDB-LOADER: Error: ACDB ANC returned = -19
09-13 17:03:19.923 2724 2869 D ACDB-LOADER: ACDB -> ACDB_CMD_GET_ANC_SETTING
09-13 17:03:19.923 2724 2869 D ACDB-LOADER: send_wcd9xxx_anc_cal: anc_version = 1
09-13 17:03:19.923 2724 2869 D anc_map : Setwcd9xxxANC_IIRCoeffs:enter
09-13 17:03:19.923 2724 2869 D anc_map : Setwcd9xxxANC_IIRCoeffs:leave
09-13 17:03:19.923 2724 2869 D anc_map : Setwcd9xxxANC_IIRCoeffs:enter
09-13 17:03:19.923 2724 2869 D anc_map : Setwcd9xxxANC_IIRCoeffs:leave
09-13 17:03:19.923 2724 2869 D anc_map : convert_anc_acdb_to_reg:leave
09-13 17:03:19.923 2724 2869 D ACDB-LOADER: ACDB -> ACDB_CMD_GET_ANC_SETTING
09-13 17:03:19.923 2724 2869 D : Failed to fetch the lookup information of the device 0000001B
09-13 17:03:19.923 2724 2869 E ACDB-LOADER: Error: ACDB ANC returned = -19
09-13 17:03:19.923 2724 2869 D ACDB-LOADER: ACDB -> ACDB_CMD_GET_ANC_SETTING
09-13 17:03:19.923 2724 2869 D ACDB-LOADER: send_wcd9xxx_anc_cal: anc_version = 1
09-13 17:03:19.923 2724 2869 D anc_map : Setwcd9xxxANC_IIRCoeffs:enter
09-13 17:03:19.923 2724 2869 D anc_map : Setwcd9xxxANC_IIRCoeffs:leave
09-13 17:03:19.923 2724 2869 D anc_map : Setwcd9xxxANC_IIRCoeffs:enter
09-13 17:03:19.923 2724 2869 D anc_map : Setwcd9xxxANC_IIRCoeffs:leave
09-13 17:03:19.923 2724 2869 D anc_map : convert_anc_acdb_to_reg:leave
09-13 17:03:19.923 2724 2869 D ACDB-LOADER: ACDB -> ACDB_CMD_GET_ANC_SETTING
09-13 17:03:19.923 2724 2869 D : Failed to fetch the lookup information of the device 0000001C
09-13 17:03:19.923 2724 2869 E ACDB-LOADER: Error: ACDB ANC returned = -19
09-13 17:03:19.923 2724 2869 D ACDB-LOADER: ACDB -> ACDB_CMD_GET_ANC_SETTING
09-13 17:03:19.923 2724 2869 D ACDB-LOADER: send_wcd9xxx_anc_cal: anc_version = 1
09-13 17:03:19.923 2724 2869 D anc_map : Setwcd9xxxANC_IIRCoeffs:enter
09-13 17:03:19.923 2724 2869 D anc_map : Setwcd9xxxANC_IIRCoeffs:leave
09-13 17:03:19.923 2724 2869 D anc_map : Setwcd9xxxANC_IIRCoeffs:enter
09-13 17:03:19.923 2724 2869 D anc_map : Setwcd9xxxANC_IIRCoeffs:leave
09-13 17:03:19.923 2724 2869 D anc_map : convert_anc_acdb_to_reg:leave
09-13 17:03:19.923 2724 2869 D ACDB-LOADER: ACDB -> ACDB_CMD_GET_ANC_SETTING
09-13 17:03:19.923 2724 2869 D : Failed to fetch the lookup information of the device 0000001D
09-13 17:03:19.923 2724 2869 E ACDB-LOADER: Error: ACDB ANC returned = -19
09-13 17:03:19.923 2724 2869 D ACDB-LOADER: ACDB -> ACDB_CMD_GET_ANC_SETTING
09-13 17:03:19.923 2724 2869 D ACDB-LOADER: send_wcd9xxx_anc_cal: anc_version = 1
09-13 17:03:19.923 2724 2869 D anc_map : Setwcd9xxxANC_IIRCoeffs:enter
09-13 17:03:19.923 2724 2869 D anc_map : Setwcd9xxxANC_IIRCoeffs:leave
09-13 17:03:19.923 2724 2869 D anc_map : Setwcd9xxxANC_IIRCoeffs:enter
09-13 17:03:19.923 2724 2869 D anc_map : Setwcd9xxxANC_IIRCoeffs:leave
09-13 17:03:19.923 2724 2869 D anc_map : convert_anc_acdb_to_reg:leave
09-13 17:03:19.923 2724 2869 D ACDB-LOADER: ACDB -> ACDB_CMD_GET_ANC_SETTING
09-13 17:03:19.923 2724 2869 D : Failed to fetch the lookup information of the device 0000001E
09-13 17:03:19.923 2724 2869 E ACDB-LOADER: Error: ACDB ANC returned = -19
09-13 17:03:19.923 2724 2869 D ACDB-LOADER: ACDB -> ACDB_CMD_GET_ANC_SETTING
09-13 17:03:19.923 2724 2869 D ACDB-LOADER: send_wcd9xxx_anc_cal: anc_version = 1
09-13 17:03:19.923 2724 2869 D anc_map : Setwcd9xxxANC_IIRCoeffs:enter
09-13 17:03:19.923 2724 2869 D anc_map : Setwcd9xxxANC_IIRCoeffs:leave
09-13 17:03:19.923 2724 2869 D anc_map : Setwcd9xxxANC_IIRCoeffs:enter
09-13 17:03:19.923 2724 2869 D anc_map : Setwcd9xxxANC_IIRCoeffs:leave
09-13 17:03:19.923 2724 2869 D anc_map : convert_anc_acdb_to_reg:leave
09-13 17:03:19.923 2724 2869 D ACDB-LOADER: ACDB -> ACDB_CMD_GET_ANC_SETTING
09-13 17:03:19.923 2724 2869 D : Failed to fetch the lookup information of the device 0000001F
09-13 17:03:19.923 2724 2869 E ACDB-LOADER: Error: ACDB ANC returned = -19
09-13 17:03:19.923 2724 2869 D ACDB-LOADER: ACDB -> ACDB_CMD_GET_ANC_SETTING
09-13 17:03:19.923 2724 2869 D ACDB-LOADER: send_wcd9xxx_anc_cal: anc_version = 1
09-13 17:03:19.923 2724 2869 D anc_map : Setwcd9xxxANC_IIRCoeffs:enter
09-13 17:03:19.923 2724 2869 D anc_map : Setwcd9xxxANC_IIRCoeffs:leave
09-13 17:03:19.923 2724 2869 D anc_map : Setwcd9xxxANC_IIRCoeffs:enter
09-13 17:03:19.923 2724 2869 D anc_map : Setwcd9xxxANC_IIRCoeffs:leave
09-13 17:03:19.923 2724 2869 D anc_map : convert_anc_acdb_to_reg:leave
09-13 17:03:19.923 2724 2869 D ACDB-LOADER: ACDB -> ACDB_CMD_GET_ANC_SETTING
09-13 17:03:19.923 2724 2869 D : Failed to fetch the lookup information of the device 00000067
09-13 17:03:19.923 2724 2869 E ACDB-LOADER: Error: ACDB ANC returned = -19
09-13 17:03:19.923 2724 2869 D ACDB-LOADER: ACDB -> ACDB_CMD_GET_ANC_SETTING
09-13 17:03:19.923 2724 2869 D ACDB-LOADER: send_wcd9xxx_anc_cal: anc_version = 1
09-13 17:03:19.923 2724 2869 D anc_map : Setwcd9xxxANC_IIRCoeffs:enter
09-13 17:03:19.923 2724 2869 D anc_map : Setwcd9xxxANC_IIRCoeffs:leave
09-13 17:03:19.923 2724 2869 D anc_map : Setwcd9xxxANC_IIRCoeffs:enter
09-13 17:03:19.923 2724 2869 D anc_map : Setwcd9xxxANC_IIRCoeffs:leave
09-13 17:03:19.923 2724 2869 D anc_map : convert_anc_acdb_to_reg:leave
09-13 17:03:19.924 2724 2869 D ACDB-LOADER: ACDB -> ACDB_CMD_GET_ANC_SETTING
09-13 17:03:19.924 2724 2869 D : Failed to fetch the lookup information of the device 00000056
09-13 17:03:19.924 2724 2869 E ACDB-LOADER: Error: ACDB ANC returned = -19
09-13 17:03:19.924 2724 2869 D ACDB-LOADER: ACDB -> ACDB_CMD_GET_ANC_SETTING
09-13 17:03:19.924 2724 2869 D ACDB-LOADER: send_wcd9xxx_anc_cal: anc_version = 1
09-13 17:03:19.924 2724 2869 D anc_map : Setwcd9xxxANC_IIRCoeffs:enter
09-13 17:03:19.924 2724 2869 D anc_map : Setwcd9xxxANC_IIRCoeffs:leave
09-13 17:03:19.924 2724 2869 D anc_map : Setwcd9xxxANC_IIRCoeffs:enter
09-13 17:03:19.924 2724 2869 D anc_map : Setwcd9xxxANC_IIRCoeffs:leave
09-13 17:03:19.924 2724 2869 D anc_map : convert_anc_acdb_to_reg:leave
09-13 17:03:19.924 2724 2869 D ACDB-LOADER: ACDB -> ACDB_CMD_GET_ANC_SETTING
09-13 17:03:19.924 2724 2869 D : Failed to fetch the lookup information of the device 00000059
09-13 17:03:19.924 2724 2869 E ACDB-LOADER: Error: ACDB ANC returned = -19
09-13 17:03:19.924 2724 2869 D ACDB-LOADER: ACDB -> ACDB_CMD_GET_ANC_SETTING
09-13 17:03:19.924 2724 2869 D ACDB-LOADER: send_wcd9xxx_anc_cal: anc_version = 1
09-13 17:03:19.924 2724 2869 D anc_map : Setwcd9xxxANC_IIRCoeffs:enter
09-13 17:03:19.924 2724 2869 D anc_map : Setwcd9xxxANC_IIRCoeffs:leave
09-13 17:03:19.924 2724 2869 D anc_map : Setwcd9xxxANC_IIRCoeffs:enter
09-13 17:03:19.924 2724 2869 D anc_map : Setwcd9xxxANC_IIRCoeffs:leave
09-13 17:03:19.924 2724 2869 D anc_map : convert_anc_acdb_to_reg:leave
09-13 17:03:19.924 2724 2869 D msm8974_platform: send_codec_cal: anc_cal cal sent successfully
09-13 17:03:19.924 2724 2869 D ACDB-LOADER: send mbhc data
09-13 17:03:19.924 2724 2869 D ACDB-LOADER: ACDB -> MBHC ACDB_PID_GENERAL_CONFIG
09-13 17:03:19.924 2724 2869 D ACDB-LOADER: ACDB -> MBHC ACDB_PID_PLUG_REMOVAL_DETECTION
09-13 17:03:19.924 2724 2869 D ACDB-LOADER: ACDB -> MBHC ACDB_PID_PLUG_TYPE_DETECTION
09-13 17:03:19.924 2724 2869 D ACDB-LOADER: ACDB -> MBHC ACDB_PID_BUTTON_PRESS_DETECTION
09-13 17:03:19.924 2724 2869 D ACDB-LOADER: ACDB -> MBHC ACDB_PID_IMPEDANCE_DETECTION
09-13 17:03:19.924 2724 2869 D msm8974_platform: send_codec_cal: mbhc_cal cal sent successfully
09-13 17:03:19.924 2724 2869 D ACDB-LOADER: send vbat data
09-13 17:03:19.924 2724 2869 D ACDB-LOADER: ACDB -> VBAT ACDB_PID_ADC_CAL
09-13 17:03:19.924 2724 2869 D ACDB-LOADER: ACDB -> VBAT ACDB_PID_GAIN_PROC
09-13 17:03:19.924 2724 2869 D ACDB-LOADER: send vbat data, calling convert_vbat_data
09-13 17:03:19.924 2724 2869 D ACDB-LOADER: copied vbat cal size =72
09-13 17:03:19.924 2724 2869 D msm8974_platform: send_codec_cal: vbat_cal cal sent successfully
09-13 17:03:19.924 2724 2869 E msm8974_platform: send_codec_cal: Failed to call ioctl, err=14
09-13 17:03:19.924 2724 2869 E msm8974_platform: send_codec_cal: Failed to call ioctl, err=14
09-13 17:03:19.924 2724 2869 D audio_log_utils: read_module
09-13 17:03:19.924 2724 2869 D audio_log_utils: read_module: calling parse module xml file
09-13 17:03:19.924 2724 2869 D audio_log_utils: parse_module_xml_file: parse hal log mask
09-13 17:03:19.924 2724 2869 D log_xml_parser: parse_log_xml: Failed to open file /data/vendor/audio/audio_dynamic_log.xml
09-13 17:03:19.924 2724 2869 E audio_log_utils: parse_module_xml_file: could not parse hal logmask
09-13 17:03:19.924 2724 2869 D audio_log_utils: parse_module_xml_file: exit
09-13 17:03:19.925 2724 2869 E msm8974_platform: init_be_dai_name_table: Could not get ctl for mixer name Backend DAI Name Table
09-13 17:03:19.925 2724 2869 D msm8974_platform: platform_init: Fluence_Type(1) max_mic_count(4) mic_type(0xf) fluence_in_voice_call(1) fluence_in_voice_rec(0) fluence_in_spkr_mode(1) fluence_in_hfp_call(0)
09-13 17:03:19.925 2724 2869 D audio_hw_ssr: audio_extn_ssr_update_enabled: surround sound recording is not supported
09-13 17:03:19.925 2724 2869 D audio_hw_spkr_prot: audio_extn_spkr_prot_init: Initialize speaker protection module
09-13 17:03:19.925 2724 2869 D audio_hw_spkr_prot: audio_extn_spkr_prot_init: Speaker protection disabled
09-13 17:03:19.926 2724 2968 D audio_log_utils: monitor_mod_file_change
09-13 17:03:19.930 2724 2869 D msm8974_platform: platform_get_mixer_control: mixer ctl not obtained
09-13 17:03:19.930 2724 2869 D msm8974_platform: platform_get_mixer_control: mixer ctl not obtained
09-13 17:03:19.932 478 478 I ServiceManager: service 'media.player' died
09-13 17:03:19.932 478 478 I ServiceManager: service 'media.resource_manager' died
09-13 17:03:19.936 2724 2869 D msm8974_platform: platform_get_mixer_control: mixer ctl not obtained
09-13 17:03:19.936 2724 2869 I chatty : uid=1041(audioserver) identical 4 lines
09-13 17:03:19.936 2724 2869 D msm8974_platform: platform_get_mixer_control: mixer ctl not obtained
09-13 17:03:19.937 478 478 I ServiceManager: service 'netd' died
09-13 17:03:19.937 1169 1557 E QC-NETMGR-LIB: serviceDied(): Netd service died
09-13 17:03:19.938 2724 2869 D msm8974_platform: platform_get_mixer_control: mixer ctl not obtained
09-13 17:03:19.939 2724 2869 I chatty : uid=1041(audioserver) identical 3 lines
09-13 17:03:19.939 2724 2869 D msm8974_platform: platform_get_mixer_control: mixer ctl not obtained
09-13 17:03:19.940 2724 2869 D audio_hw_utils: audio_extn_utils_get_codec_version: codec version WCD9335_2_0
09-13 17:03:19.943 2724 2869 D audio_hw_utils: audio_extn_utils_update_streams_cfg_lists: failed to open io config file(/vendor/etc/audio_io_policy.conf), trying older config file
09-13 17:03:19.943 2724 2869 I audio_hw_utils: load_cfg_list: could not load input, node is NULL
09-13 17:03:19.945 2724 2869 E audio_hw_extn: audio_extn_perf_lock_init: Perf lock handles Success
09-13 17:03:19.948 562 605 E ANDR-PERF-MPCTL: First Boot check over.Going to 2nd Boot check.
09-13 17:03:20.057 478 478 I ServiceManager: service 'wificond' died
09-13 17:03:20.496 1031 1086 W ServiceManagement: Waited one second for android.frameworks.sensorservice@1.0::ISensorManager/default
09-13 17:03:20.498 1031 1086 I ServiceManagement: getService: Trying again for android.frameworks.sensorservice@1.0::ISensorManager/default...
09-13 17:03:20.761 1169 1225 I QC-NETMGR-LIB: NetmgrNetdClientSetIpForwardEnable(): Looking for Netd service
09-13 17:03:20.761 1169 1225 I QC-NETMGR-LIB: NetmgrNetdClientSetIpForwardEnable(): starting command
09-13 17:03:20.761 1169 1225 E QC-NETMGR-LIB: setIpForwardEnable(): mService is NULL
09-13 17:03:21.498 1031 1086 W ServiceManagement: Waited one second for android.frameworks.sensorservice@1.0::ISensorManager/default
09-13 17:03:21.499 1031 1086 I ServiceManagement: getService: Trying again for android.frameworks.sensorservice@1.0::ISensorManager/default...
09-13 17:03:22.499 1031 1086 W ServiceManagement: Waited one second for android.frameworks.sensorservice@1.0::ISensorManager/default
09-13 17:03:22.500 1031 1086 I ServiceManagement: getService: Trying again for android.frameworks.sensorservice@1.0::ISensorManager/default...
09-13 17:03:23.218 3017 3017 D vndksupport: Loading /vendor/lib/hw/android.hardware.audio@4.0-impl.so from current namespace instead of sphal namespace.
09-13 17:03:23.222 3017 3017 I ServiceManagement: Removing namespace from process name android.hardware.audio@2.0-service to audio@2.0-service.
09-13 17:03:23.223 3017 3017 I audiohalservice: Registration complete for android.hardware.audio@4.0::IDevicesFactory/default.
09-13 17:03:23.224 3017 3017 D vndksupport: Loading /vendor/lib/hw/android.hardware.audio.effect@4.0-impl.so from current namespace instead of sphal namespace.
09-13 17:03:23.241 3017 3017 I audiohalservice: Registration complete for android.hardware.audio.effect@4.0::IEffectsFactory/default.
09-13 17:03:23.242 3017 3017 D vndksupport: Loading /vendor/lib/hw/android.hardware.soundtrigger@2.1-impl.so from current namespace instead of sphal namespace.
09-13 17:03:23.244 3017 3017 D vndksupport: Loading /vendor/lib/hw/sound_trigger.primary.msm8996.so from current namespace instead of sphal namespace.
09-13 17:03:23.245 3017 3017 D sound_trigger_hw: stdev_open: Enter
09-13 17:03:23.268 3017 3017 I sound_trigger_platform: platform_stdev_init: Enter
09-13 17:03:23.272 3017 3017 D audio_hw_utils: audio_extn_utils_open_snd_mixer: snd_card_name: msm8996-tasha-mtp-snd-card
09-13 17:03:23.272 3017 3017 W hardware_info: update_hardware_info_8996: Not a 8996 device
09-13 17:03:23.272 3017 3017 D audio_hw_utils: audio_extn_utils_open_snd_mixer: Opened sound card:0
09-13 17:03:23.293 3019 3019 I Dpps : GetInstance: DppsServer ref count increased to 1
09-13 17:03:23.294 3019 3019 I Dpps : InitPrimaryContextFeatures():298 Dpps feature enable properties are false, skipping primary feature context init
09-13 17:03:23.365 3027 3027 I wificond: wificond is starting up...
09-13 17:03:23.457 3026 3026 I Netd : Netd 1.0 starting
09-13 17:03:23.457 3026 3026 D TetherController: Setting IP forward enable = 0
09-13 17:03:23.486 3018 3018 D AndroidRuntime: >>>>>> START com.android.internal.os.ZygoteInit uid 0 <<<<<<
09-13 17:03:23.486 3018 3018 E AndroidRuntime: hot count path: /proc/3018/page_hot_count
09-13 17:03:23.486 3018 3018 E AndroidRuntime: open page_hot_count failed
09-13 17:03:23.495 3018 3018 I zygote64: option[0]=-Xzygote
09-13 17:03:23.495 3018 3018 I zygote64: option[1]=-Xusetombstonedtraces
09-13 17:03:23.495 3018 3018 I zygote64: option[2]=exit
09-13 17:03:23.495 3018 3018 I zygote64: option[3]=vfprintf
09-13 17:03:23.495 3018 3018 I zygote64: option[4]=sensitiveThread
09-13 17:03:23.495 3018 3018 I zygote64: option[5]=-verbose:gc
09-13 17:03:23.495 3018 3018 I zygote64: option[6]=-Xms8m
09-13 17:03:23.495 3018 3018 I zygote64: option[7]=-Xmx512m
09-13 17:03:23.495 3018 3018 I zygote64: option[8]=-XX:HeapGrowthLimit=256m
09-13 17:03:23.495 3018 3018 I zygote64: option[9]=-XX:HeapMinFree=512k
09-13 17:03:23.495 3018 3018 I zygote64: option[10]=-XX:HeapMaxFree=8m
09-13 17:03:23.495 3018 3018 I zygote64: option[11]=-XX:HeapTargetUtilization=0.75
09-13 17:03:23.495 3018 3018 I zygote64: option[12]=-Xusejit:true
09-13 17:03:23.495 3018 3018 I zygote64: option[13]=-Xjitsaveprofilinginfo
09-13 17:03:23.495 3018 3018 I zygote64: option[14]=-XjdwpOptions:suspend=n,server=y
09-13 17:03:23.495 3018 3018 I zygote64: option[15]=-XjdwpProvider:default
09-13 17:03:23.495 3018 3018 I zygote64: option[16]=-Ximage-compiler-option
09-13 17:03:23.495 3018 3018 I zygote64: option[17]=--runtime-arg
09-13 17:03:23.495 3018 3018 I zygote64: option[18]=-Ximage-compiler-option
09-13 17:03:23.495 3018 3018 I zygote64: option[19]=-Xms64m
09-13 17:03:23.495 3018 3018 I zygote64: option[20]=-Ximage-compiler-option
09-13 17:03:23.495 3018 3018 I zygote64: option[21]=--runtime-arg
09-13 17:03:23.495 3018 3018 I zygote64: option[22]=-Ximage-compiler-option
09-13 17:03:23.495 3018 3018 I zygote64: option[23]=-Xmx64m
09-13 17:03:23.495 3018 3018 I zygote64: option[24]=-Ximage-compiler-option
09-13 17:03:23.495 3018 3018 I zygote64: option[25]=--profile-file=/system/etc/boot-image.prof
09-13 17:03:23.495 3018 3018 I zygote64: option[26]=-Ximage-compiler-option
09-13 17:03:23.495 3018 3018 I zygote64: option[27]=--compiler-filter=speed-profile
09-13 17:03:23.495 3018 3018 I zygote64: option[28]=-Xcompiler-option
09-13 17:03:23.495 3018 3018 I zygote64: option[29]=--runtime-arg
09-13 17:03:23.495 3018 3018 I zygote64: option[30]=-Xcompiler-option
09-13 17:03:23.495 3018 3018 I zygote64: option[31]=-Xms64m
09-13 17:03:23.495 3018 3018 I zygote64: option[32]=-Xcompiler-option
09-13 17:03:23.496 3018 3018 I zygote64: option[33]=--runtime-arg
09-13 17:03:23.496 3018 3018 I zygote64: option[34]=-Xcompiler-option
09-13 17:03:23.496 3018 3018 I zygote64: option[35]=-Xmx512m
09-13 17:03:23.496 3018 3018 I zygote64: option[36]=-Ximage-compiler-option
09-13 17:03:23.496 3018 3018 I zygote64: option[37]=--instruction-set-variant=kryo
09-13 17:03:23.496 3018 3018 I zygote64: option[38]=-Xcompiler-option
09-13 17:03:23.496 3018 3018 I zygote64: option[39]=--instruction-set-variant=kryo
09-13 17:03:23.496 3018 3018 I zygote64: option[40]=-Ximage-compiler-option
09-13 17:03:23.496 3018 3018 I zygote64: option[41]=--instruction-set-features=default
09-13 17:03:23.496 3018 3018 I zygote64: option[42]=-Xcompiler-option
09-13 17:03:23.496 3018 3018 I zygote64: option[43]=--instruction-set-features=default
09-13 17:03:23.496 3018 3018 I zygote64: option[44]=-Duser.locale=en-NL
09-13 17:03:23.496 3018 3018 I zygote64: option[45]=--cpu-abilist=arm64-v8a
09-13 17:03:23.496 3018 3018 I zygote64: option[46]=-Xfingerprint:OnePlus/OnePlus3/OnePlus3:9/PKQ1.181203.001/1907311932:user/release-keys
09-13 17:03:23.501 1031 1086 W ServiceManagement: Waited one second for android.frameworks.sensorservice@1.0::ISensorManager/default
09-13 17:03:23.501 1031 1086 I ServiceManagement: getService: Trying again for android.frameworks.sensorservice@1.0::ISensorManager/default...
09-13 17:03:23.507 3018 3018 I zygote64: VerifyImage: /system/bin/patchoat --input-image-location=/system/framework/boot.art --output-image-directory=/data/dalvik-cache/arm64 --instruction-set=arm64 --verify
09-13 17:03:23.556 3026 3026 I Netd : Creating child chains: 64.9ms
09-13 17:03:23.556 3026 3026 I Netd : Setting up OEM hooks: 0.2ms
09-13 17:03:23.566 3026 3026 I Netd : Setting up FirewallController hooks: 9.7ms
09-13 17:03:23.588 3026 3026 I Netd : Setting up TetherController hooks: 21.9ms
09-13 17:03:23.594 3026 3026 I Netd : Setting up BandwidthController hooks: 6.0ms
09-13 17:03:23.594 3026 3026 I Netd : Setting up IdletimerController hooks: 0.1ms
09-13 17:03:23.594 3026 3026 I Netd : initializing traffic control: 0.0ms
09-13 17:03:23.614 3026 3026 I Netd : Disabling bandwidth control: 19.9ms
09-13 17:03:23.616 3026 3026 E Netd : Error adding route 0.0.0.0/0 -> (null) dummy0 to table 1003: File exists
09-13 17:03:23.616 3026 3026 I Netd : Initializing RouteController: 2.3ms
09-13 17:03:23.617 3026 3026 D XfrmController: Sending Netlink XFRM Message: XFRM_MSG_FLUSHSA
09-13 17:03:23.617 3026 3026 D XfrmController: Sending Netlink XFRM Message: XFRM_MSG_FLUSHPOLICY
09-13 17:03:23.617 3026 3026 I Netd : Initializing XfrmController: 0.7ms
09-13 17:03:23.618 3026 3026 E Netd : Unable to create netlink socket: Protocol not supported
09-13 17:03:23.618 3026 3026 W Netd : Unable to open qlog quota socket, check if xt_quota2 can send via UeventHandler
09-13 17:03:23.618 3026 3026 D MDnsDS : MDnsSdListener::Hander starting up
09-13 17:03:23.620 3026 3026 I Netd : Registering NetdNativeService: 1.4ms
09-13 17:03:23.620 3026 3026 I Netd : Starting CommandListener: 0.2ms
09-13 17:03:23.627 3026 3026 I Netd : Registering NetdHwService: 6.7ms
09-13 17:03:23.627 3026 3026 I Netd : Netd started in 191ms
09-13 17:03:23.627 1169 1557 I QC-NETMGR-LIB: onRegistration(): Starting Netd getService thread
09-13 17:03:23.627 3026 3038 D MDnsDS : MDnsSdListener starting to monitor
09-13 17:03:23.627 3026 3038 D MDnsDS : Going to poll with pollCount 1
09-13 17:03:23.688 3020 3020 D AndroidRuntime: >>>>>> START com.android.internal.os.ZygoteInit uid 0 <<<<<<
09-13 17:03:23.688 3020 3020 E AndroidRuntime: hot count path: /proc/3020/page_hot_count
09-13 17:03:23.689 3020 3020 E AndroidRuntime: open page_hot_count failed
09-13 17:03:23.697 3020 3020 I zygote : option[0]=-Xzygote
09-13 17:03:23.697 3020 3020 I zygote : option[1]=-Xusetombstonedtraces
09-13 17:03:23.697 3020 3020 I zygote : option[2]=exit
09-13 17:03:23.697 3020 3020 I zygote : option[3]=vfprintf
09-13 17:03:23.697 3020 3020 I zygote : option[4]=sensitiveThread
09-13 17:03:23.697 3020 3020 I zygote : option[5]=-verbose:gc
09-13 17:03:23.697 1169 3044 I QC-NETMGR-LIB: getServiceImpl(): INetd discovered
09-13 17:03:23.697 3020 3020 I zygote : option[6]=-Xms8m
09-13 17:03:23.697 1169 3044 I QC-NETMGR-LIB: registerLinkToDeath(): Success registerLinkToDeath!
09-13 17:03:23.697 3020 3020 I zygote : option[7]=-Xmx512m
09-13 17:03:23.698 1169 1557 D QC-NETMGR-LIB: onRegistration(): netd restart detected
09-13 17:03:23.698 1169 1225 I QC-NETMGR-LIB: NetmgrNetdClientRegisterNetwork(): Looking for Netd service
09-13 17:03:23.698 1169 1225 I QC-NETMGR-LIB: NetmgrNetdClientRegisterNetwork(): register to create new OEM network
09-13 17:03:23.698 1169 1225 I QC-NETMGR-LIB: registerNetwork(): Attempting createOemNetwork
09-13 17:03:23.698 3020 3020 I zygote : option[8]=-XX:HeapGrowthLimit=256m
09-13 17:03:23.698 3026 3043 D TcpSocketMonitor: suspending tcpinfo polling
09-13 17:03:23.698 3020 3020 I zygote : option[9]=-XX:HeapMinFree=512k
09-13 17:03:23.698 1169 1225 I QC-NETMGR-LIB: registerNetwork(): command completed!
09-13 17:03:23.698 1169 1225 I QC-NETMGR-LIB: registerNetwork(): createOemNetwork succeeded [packet mark : 0xf0001] [net id : 1] [network handle : 0x1cafed00d]
09-13 17:03:23.698 1169 1225 I QC-NETMGR-LIB: NetmgrNetdClientRegisterNetwork(): [packet mark : 0xf0001] [network handle : 0x1cafed00d]
09-13 17:03:23.699 3020 3020 I zygote : option[10]=-XX:HeapMaxFree=8m
09-13 17:03:23.699 3020 3020 I zygote : option[11]=-XX:HeapTargetUtilization=0.75
09-13 17:03:23.699 3020 3020 I zygote : option[12]=-Xusejit:true
09-13 17:03:23.699 3020 3020 I zygote : option[13]=-Xjitsaveprofilinginfo
09-13 17:03:23.699 3020 3020 I zygote : option[14]=-XjdwpOptions:suspend=n,server=y
09-13 17:03:23.699 3020 3020 I zygote : option[15]=-XjdwpProvider:default
09-13 17:03:23.699 3020 3020 I zygote : option[16]=-Ximage-compiler-option
09-13 17:03:23.699 3020 3020 I zygote : option[17]=--runtime-arg
09-13 17:03:23.699 3020 3020 I zygote : option[18]=-Ximage-compiler-option
09-13 17:03:23.699 3020 3020 I zygote : option[19]=-Xms64m
09-13 17:03:23.699 3020 3020 I zygote : option[20]=-Ximage-compiler-option
09-13 17:03:23.699 3020 3020 I zygote : option[21]=--runtime-arg
09-13 17:03:23.699 3020 3020 I zygote : option[22]=-Ximage-compiler-option
09-13 17:03:23.699 3020 3020 I zygote : option[23]=-Xmx64m
09-13 17:03:23.699 3020 3020 I zygote : option[24]=-Ximage-compiler-option
09-13 17:03:23.699 3020 3020 I zygote : option[25]=--profile-file=/system/etc/boot-image.prof
09-13 17:03:23.699 3020 3020 I zygote : option[26]=-Ximage-compiler-option
09-13 17:03:23.699 3020 3020 I zygote : option[27]=--compiler-filter=speed-profile
09-13 17:03:23.699 3020 3020 I zygote : option[28]=-Xcompiler-option
09-13 17:03:23.699 3020 3020 I zygote : option[29]=--runtime-arg
09-13 17:03:23.699 3020 3020 I zygote : option[30]=-Xcompiler-option
09-13 17:03:23.699 3020 3020 I zygote : option[31]=-Xms64m
09-13 17:03:23.699 3020 3020 I zygote : option[32]=-Xcompiler-option
09-13 17:03:23.699 3020 3020 I zygote : option[33]=--runtime-arg
09-13 17:03:23.699 3020 3020 I zygote : option[34]=-Xcompiler-option
09-13 17:03:23.700 3020 3020 I zygote : option[35]=-Xmx512m
09-13 17:03:23.700 3020 3020 I zygote : option[36]=-Ximage-compiler-option
09-13 17:03:23.700 3020 3020 I zygote : option[37]=--instruction-set-variant=cortex-a53
09-13 17:03:23.700 3020 3020 I zygote : option[38]=-Xcompiler-option
09-13 17:03:23.700 3020 3020 I zygote : option[39]=--instruction-set-variant=cortex-a53
09-13 17:03:23.700 3020 3020 I zygote : option[40]=-Ximage-compiler-option
09-13 17:03:23.700 3020 3020 I zygote : option[41]=--instruction-set-features=default
09-13 17:03:23.700 3020 3020 I zygote : option[42]=-Xcompiler-option
09-13 17:03:23.700 3020 3020 I zygote : option[43]=--instruction-set-features=default
09-13 17:03:23.700 3020 3020 I zygote : option[44]=-Duser.locale=en-NL
09-13 17:03:23.700 3020 3020 I zygote : option[45]=--cpu-abilist=armeabi-v7a,armeabi
09-13 17:03:23.700 3020 3020 I zygote : option[46]=-Xfingerprint:OnePlus/OnePlus3/OnePlus3:9/PKQ1.181203.001/1907311932:user/release-keys
09-13 17:03:23.750 3020 3020 I zygote : VerifyImage: /system/bin/patchoat --input-image-location=/system/framework/boot.art --output-image-directory=/data/dalvik-cache/arm --instruction-set=arm --verify
09-13 17:03:23.763 3045 3045 W iptables-wrappe: type=1400 audit(0.0:623): avc: denied { read write } for path="/dev/diag" dev="tmpfs" ino=7350 scontext=u:r:netutils_wrapper:s0 tcontext=u:object_r:diag_device:s0 tclass=chr_file permissive=0
09-13 17:03:23.834 3018 3018 D Zygote : begin preload
09-13 17:03:23.834 3018 3018 I Zygote : Installing ICU cache reference pinning...
09-13 17:03:23.834 3018 3018 I Zygote : Preloading ICU data...
09-13 17:03:23.841 3025 3025 I mediaserver: ServiceManager: 0xed31c1c0
09-13 17:03:23.846 3025 3025 W BatteryNotifier: batterystats service unavailable!
09-13 17:03:23.848 3018 3018 I Zygote : Preloading classes...
09-13 17:03:23.865 3018 3018 I PackageBackwardCompatibility: Loaded android.content.pm.OrgApacheHttpLegacyUpdater
09-13 17:03:23.865 3018 3018 I PackageBackwardCompatibility: Could not find android.content.pm.AndroidTestBaseUpdater, ignoring
09-13 17:03:23.932 3018 3018 E Typeface: Error mapping font file /system/fonts/RobotoCondensed-Thin.ttf
09-13 17:03:23.949 3018 3018 E Typeface: Error mapping font file /system/fonts/NotoSansKhmer-Regular.ttf
09-13 17:03:23.950 3018 3018 E Typeface: Error mapping font file /system/fonts/NotoSansKhmer-Bold.ttf
09-13 17:03:23.950 3018 3018 E Typeface: Unable to load Family: null : [und-Khmr]
09-13 17:03:23.971 3018 3018 E Typeface: Error mapping font file /system/fonts/DroidSansFallback.ttf
09-13 17:03:23.971 3018 3018 E Typeface: Unable to load Family: null : null
09-13 17:03:23.953 3052 3052 W iptables-wrappe: type=1400 audit(0.0:624): avc: denied { read write } for path="/dev/diag" dev="tmpfs" ino=7350 scontext=u:r:netutils_wrapper:s0 tcontext=u:object_r:diag_device:s0 tclass=chr_file permissive=0
09-13 17:03:23.993 3053 3053 W iptables-wrappe: type=1400 audit(0.0:625): avc: denied { read write } for path="/dev/diag" dev="tmpfs" ino=7350 scontext=u:r:netutils_wrapper:s0 tcontext=u:object_r:diag_device:s0 tclass=chr_file permissive=0
09-13 17:03:24.117 3022 3022 I cameraserver: ServiceManager: 0xecb9c1c0
09-13 17:03:24.118 3022 3022 I CameraService: CameraService started (pid=3022)
09-13 17:03:24.118 3022 3022 I CameraService: CameraService process starting
09-13 17:03:24.113 3054 3054 W ip6tables-wrapp: type=1400 audit(0.0:626): avc: denied { read write } for path="/dev/diag" dev="tmpfs" ino=7350 scontext=u:r:netutils_wrapper:s0 tcontext=u:object_r:diag_device:s0 tclass=chr_file permissive=0
09-13 17:03:24.128 3022 3022 W BatteryNotifier: batterystats service unavailable!
09-13 17:03:24.135 3018 3018 E ActivityRecognitionHardware: activity_recognition HAL is deprecated. class_init is effectively a no-op
09-13 17:03:24.137 3022 3022 W BatteryNotifier: batterystats service unavailable!
09-13 17:03:24.147 3022 3022 I CameraProviderManager: Connecting to new camera provider: legacy/0, isRemote? 1
09-13 17:03:24.157 3022 3022 I CameraProviderManager: Enumerating new camera device: device@1.0/legacy/0
09-13 17:03:24.159 531 1509 I CamDev@1.0-impl: Opening camera 0
09-13 17:03:24.159 531 1509 I QCamera : openLegacy: 680: openLegacy halVersion: 256
09-13 17:03:24.182 531 3063 I QCameraHWI_Mem: memoryPoolThread: E
09-13 17:03:24.182 531 3063 I QCameraHWI_Mem: memoryPoolThread: start proc
09-13 17:03:24.183 531 1509 I OneplusCamera: initClientPackageNameFlag: com.android.facelock
09-13 17:03:24.183 531 1509 D vndksupport: Loading /vendor/lib/hw/power.qcom.so from current namespace instead of sphal namespace.
09-13 17:03:24.192 531 1509 I QCamera2HWI: QCamera2HardwareInterface: mClientPackageName = com.android.facelock
09-13 17:03:24.192 531 1509 I QCamera : openCamera: 2057: [KPI Perf]: E PROFILE_OPEN_CAMERA camera id 0
09-13 17:03:24.193 531 1509 I OPCAMERA_SERVICE: init_module: module=0xe1f9e010 private=0xe1fa2da0 list=0xe1fb10d0
09-13 17:03:24.193 531 3062 I QCameraStateMachine: E
09-13 17:03:24.195 531 1509 E OneplusCamera: acquire: fail
09-13 17:03:24.196 3022 3022 W CameraProviderManager: Camera provider legacy/0 says an unknown camera device@1.0/legacy/0 now has torch status 0. Curious.
09-13 17:03:24.223 3066 3066 W iptables-wrappe: type=1400 audit(0.0:627): avc: denied { read write } for path="/dev/diag" dev="tmpfs" ino=7350 scontext=u:r:netutils_wrapper:s0 tcontext=u:object_r:diag_device:s0 tclass=chr_file permissive=0
09-13 17:03:24.203 3020 3020 I zygote : Explicit concurrent copying GC freed 199(19KB) AllocSpace objects, 0(0B) LOS objects, 98% free, 28KB/1564KB, paused 137us total 5.954ms
