--------- beginning of main
03-23 19:09:31.405 477 477 W auditd : type=2000 audit(0.0:1): initialized
03-23 19:09:34.849 477 477 I auditd : type=1403 audit(0.0:2): policy loaded auid=4294967295 ses=4294967295
03-23 19:09:34.849 477 477 W auditd : type=1404 audit(0.0:3): enforcing=1 old_enforcing=0 auid=4294967295 ses=4294967295
03-23 19:09:35.009 457 457 W init : type=1400 audit(0.0:4): avc: denied { write } for name="/" dev="rootfs" ino=2 scontext=u:r:vendor_init:s0 tcontext=u:object_r:rootfs:s0 tclass=dir permissive=0
03-23 19:09:35.009 457 457 I chatty : uid=0(root) /init identical 2 lines
03-23 19:09:35.009 457 457 W init : type=1400 audit(0.0:7): avc: denied { write } for name="/" dev="rootfs" ino=2 scontext=u:r:vendor_init:s0 tcontext=u:object_r:rootfs:s0 tclass=dir permissive=0
03-23 19:09:36.539 466 466 W init : type=1400 audit(0.0:8): avc: granted { read } for name="param" dev="tmpfs" ino=7355 scontext=u:r:init:s0 tcontext=u:object_r:oem_device:s0 tclass=chr_file
03-23 19:09:36.539 466 466 W init : type=1400 audit(0.0:9): avc: granted { read open } for path="/dev/param" dev="tmpfs" ino=7355 scontext=u:r:init:s0 tcontext=u:object_r:oem_device:s0 tclass=chr_file
03-23 19:09:36.608 480 480 I SELinux : SELinux: Loaded service_contexts from:
03-23 19:09:36.609 480 480 I SELinux : /vndservice_contexts
03-23 19:09:36.610 478 478 I SELinux : SELinux: Loaded service_contexts from:
03-23 19:09:36.611 478 478 I SELinux : /plat_service_contexts
03-23 19:09:36.611 478 478 I SELinux : /vendor_service_contexts
03-23 19:09:36.653 479 479 I hwservicemanager: hwservicemanager is ready now.
03-23 19:09:36.708 488 488 D vndksupport: Loading /vendor/lib64/hw/android.hardware.keymaster@3.0-impl.so from current namespace instead of sphal namespace. --------- beginning of system
03-23 19:09:36.723 489 489 I vold : Vold 3.0 (the awakening) firing up
03-23 19:09:36.723 489 489 V vold : Detected support for: ext4 f2fs exfat ntfs vfat
03-23 19:09:36.726 488 488 I android.hardware.keymaster@3.0-impl: Fetching keymaster device name default
03-23 19:09:36.727 488 488 D vndksupport: Loading /vendor/lib64/hw/keystore.msm8996.so from current namespace instead of sphal namespace.
03-23 19:09:36.728 489 489 W vold : Failed to LOOP_GET_STATUS64 /dev/block/loop6: No such device or address
03-23 19:09:36.729 489 489 W vold : Failed to LOOP_GET_STATUS64 /dev/block/loop2: No such device or address
03-23 19:09:36.729 489 489 W vold : Failed to LOOP_GET_STATUS64 /dev/block/loop7: No such device or address
03-23 19:09:36.729 489 489 W vold : Failed to LOOP_GET_STATUS64 /dev/block/loop3: No such device or address
03-23 19:09:36.729 489 489 W vold : Failed to LOOP_GET_STATUS64 /dev/block/loop4: No such device or address
03-23 19:09:36.729 489 489 W vold : Failed to LOOP_GET_STATUS64 /dev/block/loop0: No such device or address
03-23 19:09:36.729 489 489 W vold : Failed to LOOP_GET_STATUS64 /dev/block/loop5: No such device or address
03-23 19:09:36.729 489 489 W vold : Failed to LOOP_GET_STATUS64 /dev/block/loop1: No such device or address
03-23 19:09:36.729 489 489 W vold : emulated setState:kUnmounted
03-23 19:09:36.732 489 489 D vold : VoldNativeService::start() completed OK
03-23 19:09:36.735 489 493 D vold : e4crypt_init_user0
03-23 19:09:36.736 489 493 D vold : e4crypt_prepare_user_storage for volume null, user 0, serial 0, flags 1
03-23 19:09:36.736 489 493 D vold : Preparing: /data/system/users/0
03-23 19:09:36.736 489 493 D vold : Preparing: /data/misc/profiles/cur/0
03-23 19:09:36.736 489 493 D vold : Preparing: /data/system_de/0
03-23 19:09:36.736 489 493 D vold : Preparing: /data/misc_de/0
03-23 19:09:36.736 489 493 D vold : Preparing: /data/vendor_de/0
03-23 19:09:36.737 489 493 D vold : Preparing: /data/user_de/0
03-23 19:09:36.737 489 493 V vold : /system/bin/vold_prepare_subdirs
03-23 19:09:36.737 489 493 V vold : prepare
03-23 19:09:36.737 489 493 V vold :
03-23 19:09:36.737 489 493 V vold : 0
03-23 19:09:36.737 489 493 V vold : 1
03-23 19:09:36.759 489 493 I vold_prepare_subdirs: SELinux: Loaded file_contexts
03-23 19:09:36.763 494 494 D vold_prepare_subdirs: Setting up mode 700 uid 0 gid 0 context u:object_r:vold_data_file:s0 on path: /data/misc_de/0/vold
03-23 19:09:36.763 494 494 D vold_prepare_subdirs: Setting up mode 700 uid 0 gid 0 context u:object_r:storaged_data_file:s0 on path: /data/misc_de/0/storaged
03-23 19:09:36.764 494 494 D vold_prepare_subdirs: Setting up mode 700 uid 1000 gid 1000 context u:object_r:fingerprint_vendor_data_file:s0 on path: /data/vendor_de/0/fpdata
03-23 19:09:36.766 489 493 D vold : e4crypt_unlock_user_key 0 serial=0 token_present=0
03-23 19:09:36.766 489 493 E vold : Failed to chmod /data/system_ce/0: No such file or directory
03-23 19:09:36.766 489 493 E vold : Failed to chmod /data/misc_ce/0: No such file or directory
03-23 19:09:36.766 489 493 E vold : Failed to chmod /data/media/0: No such file or directory
03-23 19:09:36.805 496 496 I /system/bin/tzdatacheck: timezone distro dir /data/misc/zoneinfo/current does not exist. No action required.
03-23 19:09:36.853 499 499 I Magisk : Magisk v19.3(19300) daemon started
03-23 19:09:36.854 499 499 I Magisk : * Device API level: 28
03-23 19:09:36.899 457 457 W init : type=1400 audit(0.0:10): avc: denied { write } for name="/" dev="tmpfs" ino=1463 scontext=u:r:vendor_init:s0 tcontext=u:object_r:system_data_file:s0 tclass=dir permissive=0
03-23 19:09:36.899 457 457 W init : type=1400 audit(0.0:11): avc: denied { write } for name="/" dev="tmpfs" ino=1463 scontext=u:r:vendor_init:s0 tcontext=u:object_r:system_data_file:s0 tclass=dir permissive=0
03-23 19:09:36.919 457 457 W init : type=1400 audit(0.0:12): avc: denied { setattr } for name="nfc" dev="tmpfs" ino=16834 scontext=u:r:vendor_init:s0 tcontext=u:object_r:nfc_data_file:s0 tclass=dir permissive=0
03-23 19:09:36.919 457 457 W init : type=1400 audit(0.0:13): avc: denied { setattr } for name="fpc_images" dev="tmpfs" ino=16854 scontext=u:r:vendor_init:s0 tcontext=u:object_r:fpc_images_file:s0 tclass=dir permissive=0
03-23 19:09:36.919 457 457 W init : type=1400 audit(0.0:14): avc: denied { search } for name="fpc_images" dev="tmpfs" ino=16854 scontext=u:r:vendor_init:s0 tcontext=u:object_r:fpc_images_file:s0 tclass=dir permissive=0
03-23 19:09:36.919 457 457 W init : type=1400 audit(0.0:15): avc: denied { search } for name="fpc_images" dev="tmpfs" ino=16854 scontext=u:r:vendor_init:s0 tcontext=u:object_r:fpc_images_file:s0 tclass=dir permissive=0
03-23 19:09:36.929 457 457 W init : type=1400 audit(0.0:16): avc: denied { write } for name="/" dev="tmpfs" ino=1463 scontext=u:r:vendor_init:s0 tcontext=u:object_r:system_data_file:s0 tclass=dir permissive=0
03-23 19:09:36.929 457 457 W init : type=1400 audit(0.0:17): avc: denied { setattr } for name="theme" dev="tmpfs" ino=16807 scontext=u:r:vendor_init:s0 tcontext=u:object_r:theme_data_file:s0 tclass=dir permissive=0
03-23 19:09:36.929 457 457 W init : type=1400 audit(0.0:18): avc: denied { setattr } for name="mdm" dev="tmpfs" ino=16806 scontext=u:r:vendor_init:s0 tcontext=u:object_r:oem_data_file:s0 tclass=dir permissive=0
03-23 19:09:37.039 508 508 I BOOT : MSM target '', SoC 'MTP', HwID '246', SoC ver '65536'
03-23 19:09:37.050 509 509 W DRM_BOOT: file: '/sys/module/drm/parameters/vblankoffdelay' or perms doesn't exist
03-23 19:09:37.277 528 528 I ServiceManagement: Removing namespace from process name android.hidl.allocator@1.0-service to allocator@1.0-service.
03-23 19:09:37.285 530 530 I android.hardware.bluetooth@1.0-service: registering BT & FM services
03-23 19:09:37.301 529 529 I health@2.0/: health@2.0/backup: Hal starting main loop...
03-23 19:09:37.301 529 529 I health@2.0/: health@2.0/backup Hal is starting up...
03-23 19:09:37.303 479 479 W hwservicemanager: getTransport: Cannot find entry android.hardware.health@1.0::IHealth/default in either framework or device manifest.
03-23 19:09:37.307 530 530 D vndksupport: Loading /vendor/lib64/hw/android.hardware.bluetooth@1.0-impl-qti.so from current namespace instead of sphal namespace.
03-23 19:09:37.308 529 529 I health@2.0/: health@2.0/backup: Hal init done
03-23 19:09:37.388 530 530 I ServiceManagement: Removing namespace from process name android.hardware.bluetooth@1.0-service-qti to bluetooth@1.0-service-qti.
03-23 19:09:37.395 530 530 I : Registration complete for android.hardware.bluetooth@1.0::IBluetoothHci/default.
03-23 19:09:37.396 555 555 I ServiceManagement: Removing namespace from process name vendor.oneplus.hardware.display@1.0-service to display@1.0-service.
03-23 19:09:37.397 530 530 D vndksupport: Loading /vendor/lib64/hw/vendor.qti.hardware.fm@1.0-impl.so from current namespace instead of sphal namespace.
03-23 19:09:37.406 558 558 D vendor.qti.esepowermanager@1.0-service: loading eseservice
03-23 19:09:37.406 558 558 D QSEECOMAPI: QSEECom_get_handle sb_length = 0x400
03-23 19:09:37.408 533 533 W /vendor/bin/hw/android.hardware.configstore@1.1-service: libminijail[533]: allowing syscall: connect
03-23 19:09:37.408 533 533 W /vendor/bin/hw/android.hardware.configstore@1.1-service: libminijail[533]: allowing syscall: fcntl
03-23 19:09:37.408 533 533 W /vendor/bin/hw/android.hardware.configstore@1.1-service: libminijail[533]: allowing syscall: sendto
03-23 19:09:37.408 533 533 W /vendor/bin/hw/android.hardware.configstore@1.1-service: libminijail[533]: allowing syscall: socket
03-23 19:09:37.408 533 533 W /vendor/bin/hw/android.hardware.configstore@1.1-service: libminijail[533]: allowing syscall: writev
03-23 19:09:37.410 530 530 I : Registration complete for vendor.qti.hardware.fm@1.0::IFmHci/default.
03-23 19:09:37.410 533 533 W /vendor/bin/hw/android.hardware.configstore@1.1-service: libminijail[533]: logging seccomp filter failures
03-23 19:09:37.411 533 533 I ServiceManagement: Removing namespace from process name android.hardware.configstore@1.1-service to configstore@1.1-service.
03-23 19:09:37.416 546 546 D vndksupport: Loading /vendor/lib64/hw/android.hardware.power@1.0-impl.so from current namespace instead of sphal namespace.
03-23 19:09:37.422 556 556 I ServiceManagement: Removing namespace from process name vendor.oneplus.hardware.param@1.0-service to param@1.0-service.
03-23 19:09:37.423 547 547 D vndksupport: Loading /vendor/lib64/hw/android.hardware.sensors@1.0-impl.so from current namespace instead of sphal namespace.
03-23 19:09:37.437 539 539 D vndksupport: Loading /vendor/lib64/hw/android.hardware.graphics.allocator@2.0-impl.so from current namespace instead of sphal namespace.
03-23 19:09:37.446 543 543 I health@2.0/: health@2.0/default: Hal starting main loop...
03-23 19:09:37.454 539 539 D vndksupport: Loading /vendor/lib64/hw/gralloc.msm8996.so from current namespace instead of sphal namespace.
03-23 19:09:37.455 546 546 D vndksupport: Loading /vendor/lib64/hw/power.qcom.so from current namespace instead of sphal namespace.
03-23 19:09:37.455 548 548 D vndksupport: Loading /vendor/lib64/hw/android.hardware.thermal@1.0-impl.so from current namespace instead of sphal namespace.
03-23 19:09:37.463 548 548 D vndksupport: Loading /vendor/lib64/hw/thermal.msm8996.so from current namespace instead of sphal namespace.
03-23 19:09:37.471 558 558 D QSEECOMAPI: App is not loaded in QSEE
03-23 19:09:37.471 558 558 E QSEECOMAPI: Error::Cannot open the file /vendor/firmware_mnt/image/eseservice.mdt errno = 2
03-23 19:09:37.471 558 558 E QSEECOMAPI: Error::Loading image failed with ret = -1
03-23 19:09:37.471 558 558 D vendor.qti.esepowermanager@1.0-service: loading eseservice failed
03-23 19:09:37.471 558 558 D vendor.qti.esepowermanager@1.0-service: eSEPowerManager is starting
03-23 19:09:37.472 548 548 I ServiceManagement: Removing namespace from process name android.hardware.thermal@1.0-service to thermal@1.0-service.
03-23 19:09:37.474 539 539 I ServiceManagement: Removing namespace from process name android.hardware.graphics.allocator@2.0-service to allocator@2.0-service.
03-23 19:09:37.476 548 548 I android.hardware.thermal@1.0-service: Registration complete for android.hardware.thermal@1.0::IThermal/default.
03-23 19:09:37.477 539 539 I android.hardware.graphics.allocator@2.0-service: Registration complete for android.hardware.graphics.allocator@2.0::IAllocator/default.
03-23 19:09:37.478 558 558 D vndksupport: Loading /vendor/lib64/hw/vendor.qti.esepowermanager@1.0-impl.so from current namespace instead of sphal namespace.
03-23 19:09:37.484 537 537 D vndksupport: Loading /vendor/lib64/hw/android.hardware.gatekeeper@1.0-impl.so from current namespace instead of sphal namespace.
03-23 19:09:37.486 549 549 D vndksupport: Loading /vendor/lib64/hw/android.hardware.vibrator@1.0-impl.so from current namespace instead of sphal namespace.
03-23 19:09:37.489 545 545 D vndksupport: Loading /vendor/lib64/hw/android.hardware.memtrack@1.0-impl.so from current namespace instead of sphal namespace.
03-23 19:09:37.490 554 554 D vndksupport: Loading /vendor/lib64/hw/android.hardware.nfc@1.0-impl.so from current namespace instead of sphal namespace.
03-23 19:09:37.491 532 532 D android.hardware.cas@1.0-service: android.hardware.cas@1.0-service starting...
03-23 19:09:37.491 546 546 I QTI PowerHAL: QTI power HAL initing.
03-23 19:09:37.492 553 553 I ServiceManagement: Removing namespace from process name vendor.display.color@1.0-service to color@1.0-service.
03-23 19:09:37.492 558 558 I ServiceManagement: Removing namespace from process name vendor.qti.esepowermanager@1.0-service to esepowermanager@1.0-service.
03-23 19:09:37.494 532 532 I ServiceManagement: Removing namespace from process name android.hardware.cas@1.0-service to cas@1.0-service.
03-23 19:09:37.496 534 534 D android.hardware.drm@1.0-service: android.hardware.drm@1.0-service starting...
03-23 19:09:37.497 558 558 I vendor.qti.esepowermanager@1.0-service: Registration complete for vendor.qti.esepowermanager@1.0::IEsePowerManager/default.
03-23 19:09:37.497 544 544 D vndksupport: Loading /vendor/lib64/hw/android.hardware.light@2.0-impl.so from current namespace instead of sphal namespace.
03-23 19:09:37.498 546 546 I ServiceManagement: Removing namespace from process name android.hardware.power@1.0-service to power@1.0-service.
03-23 19:09:37.506 531 531 I android.hardware.camera.provider@2.4-service: Camera provider Service is starting.
03-23 19:09:37.507 537 537 D vndksupport: Loading /vendor/lib64/hw/gatekeeper.msm8996.so from current namespace instead of sphal namespace.
03-23 19:09:37.508 554 554 D vndksupport: Loading /vendor/lib64/hw/nfc_nci.pn54x.so from current namespace instead of sphal namespace.
03-23 19:09:37.508 549 549 D vndksupport: Loading /vendor/lib64/hw/vibrator.default.so from current namespace instead of sphal namespace.
03-23 19:09:37.509 545 545 D vndksupport: Loading /vendor/lib64/hw/memtrack.msm8996.so from current namespace instead of sphal namespace.
03-23 19:09:37.511 537 537 D gatekeeper_device: HwGkOpen called
03-23 19:09:37.512 549 549 D : Vibrator using timed_output
03-23 19:09:37.516 544 544 D vndksupport: Loading /vendor/lib64/hw/lights.msm8996.so from current namespace instead of sphal namespace.
03-23 19:09:37.518 543 543 I health@2.0/: health@2.0/default Hal is starting up...
03-23 19:09:37.519 543 543 I ServiceManagement: Removing namespace from process name android.hardware.health@2.0-service to health@2.0-service.
03-23 19:09:37.521 544 544 D vndksupport: Loading /vendor/lib64/hw/lights.msm8996.so from current namespace instead of sphal namespace.
03-23 19:09:37.521 544 544 E light : light_open lights keyboard failed: -22
03-23 19:09:37.521 544 544 E light : Light passthrough failed to load legacy HAL.
03-23 19:09:37.521 544 544 D vndksupport: Loading /vendor/lib64/hw/lights.msm8996.so from current namespace instead of sphal namespace.
03-23 19:09:37.522 544 544 I chatty : uid=1000(system) light@2.0-servi identical 3 lines
03-23 19:09:37.522 544 544 D vndksupport: Loading /vendor/lib64/hw/lights.msm8996.so from current namespace instead of sphal namespace.
03-23 19:09:37.522 544 544 E light : light_open lights bluetooth failed: -22
03-23 19:09:37.522 544 544 E light : Light passthrough failed to load legacy HAL.
03-23 19:09:37.522 544 544 D vndksupport: Loading /vendor/lib64/hw/lights.msm8996.so from current namespace instead of sphal namespace.
03-23 19:09:37.522 544 544 E light : light_open lights wifi failed: -22
03-23 19:09:37.522 544 544 E light : Light passthrough failed to load legacy HAL.
03-23 19:09:37.529 546 546 I android.hardware.power@1.0-service: Registration complete for android.hardware.power@1.0::IPower/default.
03-23 19:09:37.532 557 557 I vendor.oneplus.hardware.wifi@1.0-service: oneplus wifi Hal is booting up...
03-23 19:09:37.533 557 557 I ServiceManagement: Removing namespace from process name vendor.oneplus.hardware.wifi@1.0-service to wifi@1.0-service.
03-23 19:09:37.534 531 531 D vndksupport: Loading /vendor/lib/hw/android.hardware.camera.provider@2.4-impl.so from current namespace instead of sphal namespace.
03-23 19:09:37.534 552 552 D wired_se@1.0-service: WiredSe HAL Service is starting.
03-23 19:09:37.534 552 552 D wired_se@1.0-service: Registering Wired Interface as eSE1
03-23 19:09:37.535 549 549 I ServiceManagement: Removing namespace from process name android.hardware.vibrator@1.0-service to vibrator@1.0-service.
03-23 19:09:37.538 545 545 I ServiceManagement: Removing namespace from process name android.hardware.memtrack@1.0-service to memtrack@1.0-service.
03-23 19:09:37.539 535 535 D android.hardware.drm@1.1-service.clearkey: android.hardware.drm@1.1-service.clearkey starting...
03-23 19:09:37.539 535 535 I ServiceManagement: Removing namespace from process name android.hardware.drm@1.1-service.clearkey to drm@1.1-service.clearkey.
03-23 19:09:37.540 540 540 D vndksupport: Loading /vendor/lib64/hw/android.hardware.graphics.composer@2.1-impl.so from current namespace instead of sphal namespace.
03-23 19:09:37.543 550 550 I android.hardware.wifi@1.0-service: Wifi Hal is booting up...
03-23 19:09:37.543 550 550 I ServiceManagement: Removing namespace from process name android.hardware.wifi@1.0-service to wifi@1.0-service.
03-23 19:09:37.544 554 554 D NxpNfcNciHal: nfc_open: enter; name=nci
03-23 19:09:37.544 554 554 D NxpNfcNciHal: nfc_open: exit 0
03-23 19:09:37.545 543 543 I health@2.0/: health@2.0/default: Hal init done
03-23 19:09:37.551 544 544 I ServiceManagement: Removing namespace from process name android.hardware.light@2.0-service to light@2.0-service.
03-23 19:09:37.553 540 540 D vndksupport: Loading /vendor/lib64/hw/hwcomposer.msm8996.so from current namespace instead of sphal namespace.
03-23 19:09:37.583 549 549 I android.hardware.vibrator@1.0-service: Registration complete for android.hardware.vibrator@1.0::IVibrator/default.
03-23 19:09:37.586 565 565 D vndksupport: Loading /vendor/lib64/hw/vendor.qti.hardware.qteeconnector@1.0-impl.so from current namespace instead of sphal namespace.
03-23 19:09:37.593 545 545 I android.hardware.memtrack@1.0-service: Registration complete for android.hardware.memtrack@1.0::IMemtrack/default.
03-23 19:09:37.604 590 590 I tftp_server: Initializing tftp_server RING buffer
03-23 19:09:37.604 590 590 I tftp_server: Starting...
03-23 19:09:37.605 536 536 D android.hardware.drm@1.0-service.widevine: android.hardware.drm@1.1-service.widevine starting...
03-23 19:09:37.624 588 588 I irsc_util: Starting irsc tool
03-23 19:09:37.625 534 534 D vndksupport: Loading /vendor/lib/hw/android.hardware.drm@1.0-impl.so from current namespace instead of sphal namespace.
03-23 19:09:37.625 588 588 I irsc_util: Num of entries:297
03-23 19:09:37.626 588 588 I irsc_util: Ending irsc tool
03-23 19:09:37.634 535 535 I ServiceManagement: Removing namespace from process name android.hardware.drm@1.1-service.clearkey to drm@1.1-service.clearkey.
03-23 19:09:37.635 564 564 D : QdutilsDisp: svc service starting :)
03-23 19:09:37.635 568 568 D : tui_comm: svc service starting :)
03-23 19:09:37.636 564 564 I ServiceManagement: Removing namespace from process name vendor.qti.hardware.qdutils_disp@1.0-service-qti to qdutils_disp@1.0-service-qti.
03-23 19:09:37.636 568 568 I ServiceManagement: Removing namespace from process name vendor.qti.hardware.tui_comm@1.0-service-qti to tui_comm@1.0-service-qti.
03-23 19:09:37.637 590 590 I tftp_server: pid=590 tid=590 tftp-server : INF :[tftp_os_la.c, 126] mkdir failed: [2] [/data/vendor/tombstones/rfs/modem] [No such file or directory]
03-23 19:09:37.638 544 544 I android.hardware.light@2.0-service: Registration complete for android.hardware.light@2.0::ILight/default.
03-23 19:09:37.646 562 562 I ServiceManagement: Removing namespace from process name vendor.qti.hardware.perf@1.0-service to perf@1.0-service.
03-23 19:09:37.648 566 566 D vndksupport: Loading /vendor/lib64/hw/vendor.qti.hardware.sensorscalibrate@1.0-impl.so from current namespace instead of sphal namespace.
03-23 19:09:37.649 536 536 I ServiceManagement: Removing namespace from process name android.hardware.drm@1.1-service.widevine to drm@1.1-service.widevine.
03-23 19:09:37.650 526 526 D vndksupport: Loading /vendor/lib/hw/android.hardware.audio@4.0-impl.so from current namespace instead of sphal namespace.
03-23 19:09:37.664 593 593 I oemlogkit: oemlogkit main start
03-23 19:09:37.664 593 593 I oemlogkit: oemlogkit: platform : msm8996
03-23 19:09:37.664 593 593 I oemlogkit: platrom : msm8996 , is old project : 1
03-23 19:09:37.669 552 552 D wired_se@1.0-service: WiredSe HAL Service is ready
03-23 19:09:37.671 565 565 I ServiceManagement: Removing namespace from process name vendor.qti.hardware.qteeconnector@1.0-service to qteeconnector@1.0-service.
03-23 19:09:37.676 567 567 D vndksupport: Loading /vendor/lib64/hw/vendor.qti.hardware.soter@1.0-impl.so from current namespace instead of sphal namespace.
03-23 19:09:37.677 561 561 D vndksupport: Loading /vendor/lib64/hw/vendor.qti.hardware.alarm@1.0-impl.so from current namespace instead of sphal namespace.
03-23 19:09:37.683 531 531 D vndksupport: Loading /vendor/lib/hw/camera.msm8996.so from current namespace instead of sphal namespace.
03-23 19:09:37.684 593 593 I oemlogkit: put cache logs in /cache/
03-23 19:09:37.685 592 592 I OPDiagnoseService: onFirstRef: starting...
03-23 19:09:37.685 592 592 D OPDiagnoseService: OPDiagnoseService enable
03-23 19:09:37.685 593 593 I oemlogkit: oemlogkit firing up
03-23 19:09:37.685 593 593 E oemlogkit: oemlogkit: Directory create failed! Error: Permission denied
03-23 19:09:37.686 593 593 E oemlogkit: oemlogkit: Wait for /cache/boot_log/ is ready
03-23 19:09:37.686 592 592 D OPDiagnoseService: opdiagnoselog, critical_xml load xml fail
03-23 19:09:37.686 592 592 D OPDiagnoseService: opdiagnoselog, critical_xml testXML end
03-23 19:09:37.688 540 540 I SDM : HWCSession::StartServices: IDisplayConfig service registration completed.
03-23 19:09:37.689 540 540 D vndksupport: Loading /vendor/lib64/hw/gralloc.msm8996.so from current namespace instead of sphal namespace.
03-23 19:09:37.695 540 540 I SDM : ExtensionInterface::CreateExtensionInterface:
03-23 19:09:37.695 540 540 I SDM : SDM-EXTENSION Version: Date: 12/21/18, Commit: c4e73a1, Change: I2bd1ac2a20
03-23 19:09:37.696 540 540 I SDM : HWInfo::GetHWResourceInfo: SDE Version = 5, SDE Revision = 10070002, RGB = 4, VIG = 4, DMA = 2, Cursor = 2
03-23 19:09:37.696 540 540 I SDM : HWInfo::GetHWResourceInfo: Upscale Ratio = 20, Downscale Ratio = 4, Blending Stages = 7
03-23 19:09:37.696 540 540 I SDM : HWInfo::GetHWResourceInfo: SourceSplit = 1 QSEED3 = 0
03-23 19:09:37.696 540 540 I SDM : HWInfo::GetHWResourceInfo: BWC = 0, UBWC = 1, Decimation = 1, Tile Format = 0 Concurrent Writeback = 0
03-23 19:09:37.696 540 540 I SDM : HWInfo::GetHWResourceInfo: MaxLowBw = 9600000 , MaxHighBw = 9600000
03-23 19:09:37.696 540 540 I SDM : HWInfo::GetHWResourceInfo: MaxPipeBw = 4500000 KBps, MaxSDEClock = 412500000 Hz, ClockFudgeFactor = 1.050000
03-23 19:09:37.696 540 540 I SDM : HWInfo::GetHWResourceInfo: Prefill factors: Tiled_NV12 = 8, Tiled = 4, Linear = 1, Scale = 1, Fudge_factor = 2
03-23 19:09:37.696 540 540 I SDM : HWInfo::GetMDSSRotatorInfo: MDSS Rotator: Count = 2, Downscale = 1, Min_downscale = 2.000000
03-23 19:09:37.697 540 540 I SDM : SessionManager::SessionManager: Allocate buffers synchronously = 0
03-23 19:09:37.699 554 554 I vendor.nxp.nxpnfc@1.0-service: Registration complete for android.hardware.nfc@1.0::INfc/default.
03-23 19:09:37.699 592 592 W OPDiagnoseService: checkUpdate: current version: OnePlus3Oxygen_16.A.85_GLO_085_1907311947, last version: OnePlus3Oxygen_16.A.85_GLO_085_1907311947
03-23 19:09:37.700 592 592 I OPDiagnoseService: readIssue: ISSUE_RESTART_UNKNOWN_REASON 0
03-23 19:09:37.704 540 540 I SDM : CoreInterface::CreateCore: Open interface handle = 0x7edce70000
03-23 19:09:37.704 540 540 I SDM : HWCSession::Register: Set uevent listener = 0x7edce6b000
03-23 19:09:37.704 540 540 I SDM : HWInfo::GetFirstDisplayInterfaceType: First display is internal display
03-23 19:09:37.704 540 540 I SDM : CPUHint::Init: CPU Hint Pre-enable Window 50
03-23 19:09:37.705 540 540 I SDM : CPUHint::Init: Successfully Loaded Vendor Extension Library symbols
03-23 19:09:37.706 540 540 I SDM : HWDevice::GetHWPanelMaxBrightnessFromNode: Max brightness level = 255
03-23 19:09:37.706 540 540 I SDM : HWDevice::Init: access(/dev/graphics/fb0) successful
03-23 19:09:37.706 540 540 I SDM : HWDevice::GetHWPanelMaxBrightnessFromNode: Max brightness level = 255
03-23 19:09:37.706 540 540 I SDM : HWDevice::PopulateHWPanelInfo: Device type = 0, Display Port = 1, Display Mode = 2, Device Node = 0, Is Primary = 1
03-23 19:09:37.706 540 540 I SDM : HWDevice::PopulateHWPanelInfo: Partial Update = 0, supported roi_count =1, Dynamic FPS = 0
03-23 19:09:37.706 540 540 I SDM : HWDevice::PopulateHWPanelInfo: Align: left = 0, width = 0, top = 0, height = 0
03-23 19:09:37.706 540 540 I SDM : HWDevice::PopulateHWPanelInfo: ROI: min_width = 0, min_height = 0, need_merge = 0
03-23 19:09:37.706 540 540 I SDM : HWDevice::PopulateHWPanelInfo: FPS: min = 0, max =0
03-23 19:09:37.707 540 540 I SDM : HWDevice::PopulateHWPanelInfo: Ping Pong Split = 0
03-23 19:09:37.707 540 540 I SDM : HWDevice::PopulateHWPanelInfo: Left Split = 0, Right Split = 0
03-23 19:09:37.708 592 592 I OPDiagnoseService: setDiagData: type = 8, issue_desc = ISSUE_RESTART_UNKNOWN_REASON, time_now = 1973-03-23 13:09:37
03-23 19:09:37.708 592 592 I OPDiagnoseService: readIssue: ISSUE_CRASH_MODEM modem_crash_error = 2
03-23 19:09:37.708 592 592 I OPDiagnoseService: setDiagData: type = 3, issue_desc = ISSUE_CRASH_MODEM, time_now = 1973-03-23 13:09:37
03-23 19:09:37.709 592 592 I OPDiagnoseService: readIssue: ISSUE_DASH_FAIL dash_fail_count = 0
03-23 19:09:37.709 592 592 I OPDiagnoseService: setDiagData: type = 37, issue_desc = ISSUE_DASH_FAIL, time_now = 1973-03-23 13:09:37
03-23 19:09:37.709 592 592 I OPDiagnoseService: readIssue: ISSUE_SUBSYSTEM_ERROR subsystem_error_count = 3
03-23 19:09:37.709 592 592 I OPDiagnoseService: setDiagData: type = 9, issue_desc = ISSUE_SUBSYSTEM_ERROR, time_now = 1973-03-23 13:09:37
03-23 19:09:37.712 568 568 E : Registered ITuiComm HAL service success!
03-23 19:09:37.716 564 564 E : Registered IQdutilsDisp HAL service success!
03-23 19:09:37.717 526 526 I ServiceManagement: Removing namespace from process name android.hardware.audio@2.0-service to audio@2.0-service.
03-23 19:09:37.721 589 589 E libmdmdetect: Failed to open /sys/bus/msm_subsys/devices/subsys3/name: Permission denied
03-23 19:09:37.723 540 540 I SDM : HWDevice::GetHWPanelMaxBrightnessFromNode: Max brightness level = 255
03-23 19:09:37.723 540 540 I SDM : HWDevice::GetHWPanelMaxBrightnessFromNode: Max brightness level = 255
03-23 19:09:37.723 592 613 D OPDiagnoseService: threadLoop: thread starting...
03-23 19:09:37.723 592 613 I OPDiagnoseService: threadLoop: get issue item...8
03-23 19:09:37.723 540 540 W SDM : HWDevice::GetHWPanelInfoByNode: Failed to open msm_fb_panel_info node device node 2
03-23 19:09:37.723 540 540 W SDM : HWDevice::GetHWPanelInfoByNode: Failed to open msm_fb_panel_info node device node 3
03-23 19:09:37.724 595 595 I PerMgrSrv: Adding entry for modem : offTimeout : 500 ackTimeout : 200
03-23 19:09:37.724 602 602 D QSEECOMD: : qseecom listener services process entry PPID = 1
03-23 19:09:37.724 602 602 E QSEECOMD: : Listener: index = 0, hierarchy = 0
03-23 19:09:37.724 540 540 I SDM : HWDevice::GetHWPanelMaxBrightnessFromNode: Max brightness level = 255
03-23 19:09:37.724 540 540 I SDM : HWDevice::GetHWPanelMaxBrightnessFromNode: Max brightness level = 255
03-23 19:09:37.724 540 540 W SDM : HWDevice::GetHWPanelInfoByNode: Failed to open msm_fb_panel_info node device node 2
03-23 19:09:37.725 540 540 W SDM : HWDevice::GetHWPanelInfoByNode: Failed to open msm_fb_panel_info node device node 3
03-23 19:09:37.725 540 540 I SDM : StrategyImpl::SetIdleTimeoutMs: Idle timeout not supported for display = 0, mode = 2
03-23 19:09:37.727 592 613 I OPDiagnoseService: ~IssueItem: Destructor of IssueItem object, type id = 8
03-23 19:09:37.728 592 613 I OPDiagnoseService: threadLoop: get issue item...3
03-23 19:09:37.732 540 540 W SDM : ColorManager::CreateColorManagerProxy: PAV2 version is versions = 11, version = 11
03-23 19:09:37.732 589 589 I vendor.rmt_storage: Shared memory initialised successfully.
03-23 19:09:37.732 589 589 I oem_rmts: oem_remote_storage_parse_partitions: Registering oem_dycnvbk: 9, /oem/nvbk/dynamic
03-23 19:09:37.732 589 589 I oem_rmts: oem_remote_storage_parse_partitions: Registering oem_stanvbk: 10, /oem/nvbk/static
03-23 19:09:37.732 589 589 I vendor.rmt_storage: Registering modemst1: 0x4a /boot/modem_fs1
03-23 19:09:37.733 589 589 I vendor.rmt_storage: Registering modemst2: 0x4b /boot/modem_fs2
03-23 19:09:37.733 589 589 I vendor.rmt_storage: Registering fsc: 0xff /boot/modem_fsc
03-23 19:09:37.733 589 589 I vendor.rmt_storage: Registering fsg: 0x58 /boot/modem_fsg
03-23 19:09:37.733 589 589 I vendor.rmt_storage: 4 GPT partitions found
03-23 19:09:37.733 589 589 I vendor.rmt_storage: Capset success!
03-23 19:09:37.733 562 562 E vendor.qti.hardware.perf@1.0-service: Registered IPerf HAL service success!
03-23 19:09:37.734 592 613 I OPDiagnoseService: ~IssueItem: Destructor of IssueItem object, type id = 3
03-23 19:09:37.734 592 613 I OPDiagnoseService: threadLoop: get issue item...37
03-23 19:09:37.734 595 595 I PerMgrSrv: Adding entry for slpi : offTimeout : 5000 ackTimeout : 200
03-23 19:09:37.737 592 613 I OPDiagnoseService: ~IssueItem: Destructor of IssueItem object, type id = 37
03-23 19:09:37.737 592 613 I OPDiagnoseService: threadLoop: get issue item...9
03-23 19:09:37.738 536 536 I ServiceManagement: Removing namespace from process name android.hardware.drm@1.1-service.widevine to drm@1.1-service.widevine.
03-23 19:09:37.740 595 595 I PerMgrSrv: Peripheral Mananager service start
03-23 19:09:37.740 595 595 I PerMgrSrv: power-off timeout 500,ms; event-ack timeout 200,ms; debug-mode false
03-23 19:09:37.740 595 595 I PerMgrSrv: Statistics for : modem
03-23 19:09:37.740 595 595 I PerMgrSrv: modem: Current State : is off-line
03-23 19:09:37.740 595 595 I PerMgrSrv: modem: Voter/Listener count : 0/0
03-23 19:09:37.740 595 595 I PerMgrSrv: modem: Power on count : 0
03-23 19:09:37.740 595 595 I PerMgrSrv: modem: Power off count: 0
03-23 19:09:37.740 595 595 I PerMgrSrv: modem: Client list:
03-23 19:09:37.740 595 595 I PerMgrSrv: Statistics for : slpi
03-23 19:09:37.740 595 595 I PerMgrSrv: slpi: Current State : is off-line
03-23 19:09:37.740 595 595 I PerMgrSrv: slpi: Voter/Listener count : 0/0
03-23 19:09:37.740 595 595 I PerMgrSrv: slpi: Power on count : 0
03-23 19:09:37.740 595 595 I PerMgrSrv: slpi: Power off count: 0
03-23 19:09:37.740 595 595 I PerMgrSrv: slpi: Client list:
03-23 19:09:37.744 561 561 I ServiceManagement: Removing namespace from process name vendor.qti.hardware.alarm@1.0-service to alarm@1.0-service.
03-23 19:09:37.744 566 566 I ServiceManagement: Removing namespace from process name vendor.qti.hardware.sensorscalibrate@1.0-service to sensorscalibrate@1.0-service.
03-23 19:09:37.744 479 479 W hwservicemanager: getTransport: Cannot find entry vendor.nxp.nxpnfc@1.0::INxpNfc/default in either framework or device manifest.
03-23 19:09:37.745 554 554 D vndksupport: Loading /vendor/lib64/hw/vendor.nxp.nxpnfc@1.0-impl.so from current namespace instead of sphal namespace.
03-23 19:09:37.745 540 540 I SDM : DisplayBase::InitializeColorModes: Number of Color Modes = 1
03-23 19:09:37.747 595 619 I PerMgrSrv: QMI service start
03-23 19:09:37.748 540 540 W SDM : HWEvents::InitializePollFd: open failed for display=0 event=idle_power_collapse, error=No such file or directory
03-23 19:09:37.749 540 540 I SDM : HWCDisplay::Init: Display created with id: 0
03-23 19:09:37.749 540 540 E SDM : DisplayBase::GetColorModeAttr: Failed: Mode Native mode without attribute
03-23 19:09:37.749 540 540 I SDM : DisplayBase::SetFrameBufferConfig: New framebuffer resolution (1080x1920)
03-23 19:09:37.754 554 554 E : HIDL_FETCH_INxpNfc
03-23 19:09:37.754 554 554 D vndksupport: Loading /vendor/lib64/hw/nfc_nci.pn54x.so from current namespace instead of sphal namespace.
03-23 19:09:37.754 554 554 D NxpNfcNciHal: nfc_open: enter; name=nci
03-23 19:09:37.754 554 554 D NxpNfcNciHal: nfc_open: exit 0
03-23 19:09:37.758 526 526 I audiohalservice: Registration complete for android.hardware.audio@4.0::IDevicesFactory/default.
03-23 19:09:37.758 602 602 D QSEECOMD: : Init dlopen(librpmb.so, RTLD_NOW) succeeds
03-23 19:09:37.758 602 602 D QSEECOMD: : Init::Init dlsym(g_FSHandle rpmb_init_service) succeeds
03-23 19:09:37.761 592 613 I OPDiagnoseService: ~IssueItem: Destructor of IssueItem object, type id = 9
03-23 19:09:37.763 565 565 D vndksupport: Loading /vendor/lib64/hw/vendor.qti.hardware.qteeconnector@1.0-impl.so from current namespace instead of sphal namespace.
03-23 19:09:37.764 559 559 I LocSvc_HIDL_vendor.qti.gnss@1.0-service: main
03-23 19:09:37.767 561 561 I : Registration complete for vendor.qti.hardware.alarm@1.0::IAlarm/default.
03-23 19:09:37.774 606 606 I lowmemorykiller: Using in-kernel low memory killer interface
03-23 19:09:37.774 602 602 I rpmb_ufs: RPMB Mult (512-byte sector) = 8192, Rel_sec_cnt = 32
03-23 19:09:37.775 602 602 E DrmLibRpmb: rpmb_init succeeded! with ret = 0
03-23 19:09:37.775 602 602 D QSEECOMD: : Init rpmb_init_service ret = 0
03-23 19:09:37.775 602 602 D QSEECOMD: : RPMB system services: init (Listener ID = 8192)
03-23 19:09:37.775 602 602 E QSEECOMD: : Listener: index = 1, hierarchy = 0
03-23 19:09:37.777 566 566 I vendor.qti.hardware.sensorscalibrate@1.0-service: Registration complete for vendor.qti.hardware.sensorscalibrate@1.0::ISensorsCalibrate/default.
03-23 19:09:37.778 554 554 I ServiceManagement: Removing namespace from process name vendor.nxp.nxpnfc@1.0-service to nxpnfc@1.0-service.
03-23 19:09:37.781 526 526 D vndksupport: Loading /vendor/lib/hw/android.hardware.audio.effect@4.0-impl.so from current namespace instead of sphal namespace.
03-23 19:09:37.784 565 565 I ServiceManagement: Removing namespace from process name vendor.qti.hardware.qteeconnector@1.0-service to qteeconnector@1.0-service.
03-23 19:09:37.786 602 602 D QSEECOMD: : Init dlopen(libssd.so, RTLD_NOW) succeeds
03-23 19:09:37.786 602 602 D QSEECOMD: : Init::Init dlsym(g_FSHandle ssd_init_service) succeeds
03-23 19:09:37.786 602 602 E SSD : ssd_init_service succeeded!
03-23 19:09:37.786 602 602 D QSEECOMD: : Init ssd_init_service ret = 0
03-23 19:09:37.786 602 602 D QSEECOMD: : SSD system services: init (Listener ID = 12288)
03-23 19:09:37.786 602 602 E QSEECOMD: : Listener: index = 2, hierarchy = 0
03-23 19:09:37.792 479 479 W hwservicemanager: getTransport: Cannot find entry android.hardware.gnss@1.1::IGnss/default in either framework or device manifest.
03-23 19:09:37.793 559 559 E LocSvc_HIDL_vendor.qti.gnss@1.0-service: Could not get passthrough implementation for android.hardware.gnss@1.1::IGnss/default.
03-23 19:09:37.793 559 559 W LocSvc_HIDL_vendor.qti.gnss@1.0-service: Failed to register IGnss 1.1 service: 1, try IGnss 1.0
03-23 19:09:37.808 554 554 I vendor.nxp.nxpnfc@1.0-service: Registration complete for vendor.nxp.nxpnfc@1.0::INxpNfc/default.
03-23 19:09:37.813 559 559 D vndksupport: Loading /vendor/lib64/hw/android.hardware.gnss@1.0-impl-qti.so from current namespace instead of sphal namespace.
03-23 19:09:37.813 602 602 D QSEECOMD: : Init dlopen(libsecureui.so, RTLD_NOW) succeeds
03-23 19:09:37.813 602 602 D QSEECOMD: : Init::Init dlsym(g_FSHandle secure_ui_init) succeeds
03-23 19:09:37.813 602 602 D QSEECOMD: : Init secure_ui_init ret = 0
03-23 19:09:37.813 602 602 D QSEECOMD: : secure UI services: init (Listener ID = 16384)
03-23 19:09:37.813 602 602 D QSEECOMD: : qseecom listener service threads starting!!!
03-23 19:09:37.813 602 602 D QSEECOMD: : Total listener services to start = 9
03-23 19:09:37.813 602 602 E QSEECOMD: : Listener: index = 0, hierarchy = 1
03-23 19:09:37.813 602 602 D QSEECOMD: : Init dlopen(librpmb.so, RTLD_NOW) succeeds
03-23 19:09:37.813 602 602 D QSEECOMD: : Init::Init dlsym(g_FSHandle rpmb_start) succeeds
03-23 19:09:37.813 602 602 D QSEECOMAPI: QSEECom_register_listener 8192 sb_length = 0x6400
03-23 19:09:37.819 534 534 I ServiceManagement: Removing namespace from process name android.hardware.drm@1.0-service to drm@1.0-service.
03-23 19:09:37.823 602 602 D QSEECOMD: : Init rpmb_start ret = 0
03-23 19:09:37.824 602 602 D QSEECOMD: : RPMB system services: Started (Listener ID = 8192)
03-23 19:09:37.824 602 602 E QSEECOMD: : Listener: index = 1, hierarchy = 1
03-23 19:09:37.824 602 602 D QSEECOMD: : Init dlopen(libssd.so, RTLD_NOW) succeeds
03-23 19:09:37.824 602 602 D QSEECOMD: : Init::Init dlsym(g_FSHandle ssd_start) succeeds
03-23 19:09:37.824 602 602 D QSEECOMAPI: QSEECom_register_listener 12288 sb_length = 0x5000
03-23 19:09:37.828 526 526 I audiohalservice: Registration complete for android.hardware.audio.effect@4.0::IEffectsFactory/default.
03-23 19:09:37.829 602 602 D QSEECOMD: : Init ssd_start ret = 0
03-23 19:09:37.829 602 602 D QSEECOMD: : SSD system services: Started (Listener ID = 12288)
03-23 19:09:37.829 602 602 E QSEECOMD: : Listener: index = 2, hierarchy = 1
03-23 19:09:37.830 602 602 D QSEECOMD: : Init dlopen(libsecureui.so, RTLD_NOW) succeeds
03-23 19:09:37.830 602 602 D QSEECOMD: : Init::Init dlsym(g_FSHandle secure_ui_start) succeeds
03-23 19:09:37.830 534 534 I android.hardware.drm@1.0-service: Registration complete for android.hardware.drm@1.0::IDrmFactory/default.
03-23 19:09:37.830 602 602 D QSEECOMAPI: QSEECom_register_listener 16384 sb_length = 0x10a8
03-23 19:09:37.831 602 602 D QSEECOMD: : Init secure_ui_start ret = 0
03-23 19:09:37.831 602 602 D QSEECOMD: : secure UI services: Started (Listener ID = 16384)
03-23 19:09:37.831 602 602 E QSEECOMD: : Listener: index = 3, hierarchy = 1
03-23 19:09:37.835 602 602 D QSEECOMD: : Init dlopen(libdrmtime.so, RTLD_NOW) succeeds
03-23 19:09:37.835 602 602 D QSEECOMD: : Init::Init dlsym(g_FSHandle atime_start) succeeds
03-23 19:09:37.835 526 526 D vndksupport: Loading /vendor/lib/hw/android.hardware.soundtrigger@2.1-impl.so from current namespace instead of sphal namespace.
03-23 19:09:37.835 602 602 D DrmLibTime: QSEE Time Listener: atime_start
03-23 19:09:37.835 602 602 D QSEECOMAPI: QSEECom_register_listener 11 sb_length = 0x5000
03-23 19:09:37.836 602 602 D DrmLibTime: registering fs service to QSEECom is done!
03-23 19:09:37.836 602 602 D DrmLibTime: begin to create a thread!
03-23 19:09:37.837 602 602 D DrmLibTime: Creating a pthread in atime_start is done! return 0
03-23 19:09:37.837 602 602 D QSEECOMD: : Init atime_start ret = 0
03-23 19:09:37.837 602 602 D QSEECOMD: : time services: Started (Listener ID = 11)
03-23 19:09:37.837 602 602 E QSEECOMD: : Listener: index = 4, hierarchy = 1
03-23 19:09:37.837 602 602 D QSEECOMD: : Init dlopen(libdrmfs.so, RTLD_NOW) succeeds
03-23 19:09:37.837 602 602 D QSEECOMD: : Init::Init dlsym(g_FSHandle fs_start) succeeds
03-23 19:09:37.837 602 602 D QSEECOMAPI: QSEECom_register_listener 10 sb_length = 0x5000
03-23 19:09:37.839 602 602 D QSEECOMD: : Init fs_start ret = 0
03-23 19:09:37.839 602 602 D QSEECOMD: : file system services: Started (Listener ID = 10)
03-23 19:09:37.839 602 602 E QSEECOMD: : Listener: index = 5, hierarchy = 1
03-23 19:09:37.839 602 602 D QSEECOMD: : Init dlopen(libdrmfs.so, RTLD_NOW) succeeds
03-23 19:09:37.839 602 602 D QSEECOMD: : Init::Init dlsym(g_FSHandle gpfs_start) succeeds
03-23 19:09:37.840 602 635 D DrmLibTime: QSEE Time Listener: dispatch
03-23 19:09:37.841 602 635 D DrmLibTime: before calling ioctl to read the next time_cmd
03-23 19:09:37.843 602 602 D QSEECOMAPI: QSEECom_register_listener 28672 sb_length = 0x7e000
03-23 19:09:37.849 602 602 D QSEECOMD: : Init gpfs_start ret = 0
03-23 19:09:37.849 602 602 D QSEECOMD: : gpfile system services: Started (Listener ID = 28672)
03-23 19:09:37.849 602 602 E QSEECOMD: : Listener: index = 6, hierarchy = 1
03-23 19:09:37.850 534 534 D vndksupport: Loading /vendor/lib/hw/android.hardware.drm@1.0-impl.so from current namespace instead of sphal namespace.
03-23 19:09:37.851 602 602 D QSEECOMD: : Init dlopen(libqisl.so, RTLD_NOW) succeeds
03-23 19:09:37.851 602 602 D QSEECOMD: : Init::Init dlsym(g_FSHandle qisl_start) succeeds
03-23 19:09:37.852 602 640 I QISL : QSEE Interrupt Service Listener Thread is started
03-23 19:09:37.853 559 559 I LocSvc_HIDL_vendor.qti.gnss@1.0-service: Registration complete for android.hardware.gnss@1.0::IGnss/default.
03-23 19:09:37.853 526 526 D vndksupport: Loading /vendor/lib/hw/sound_trigger.primary.msm8996.so from current namespace instead of sphal namespace.
03-23 19:09:37.855 479 479 W hwservicemanager: getTransport: Cannot find entry android.hardware.thermal@1.1::IThermal/default in either framework or device manifest.
03-23 19:09:37.855 534 534 I ServiceManagement: Removing namespace from process name android.hardware.drm@1.0-service to drm@1.0-service.
03-23 19:09:37.857 559 559 D vndksupport: Loading /vendor/lib64/hw/vendor.qti.gnss@1.0-impl.so from current namespace instead of sphal namespace.
03-23 19:09:37.874 602 640 D QSEECOMAPI: QSEECom_register_listener 36864 sb_length = 0x1f4
03-23 19:09:37.877 602 640 I QISL : QSEE Interrupt Service Listener was activated successfully
03-23 19:09:37.877 602 602 D QSEECOMD: : Init qisl_start ret = 0
03-23 19:09:37.877 602 602 D QSEECOMD: : interrupt services: Started (Listener ID = 36864)
03-23 19:09:37.877 602 602 E QSEECOMD: : Listener: index = 7, hierarchy = 1
03-23 19:09:37.877 602 602 E QSEECOMD: : Init dlopen(libspl.so, RLTD_NOW) is failed.... dlopen failed: library "libspl.so" not found
03-23 19:09:37.877 602 602 E QSEECOMD: : Listener: index = 8, hierarchy = 1
03-23 19:09:37.879 602 602 D QSEECOMD: : Init dlopen(libGPreqcancel.so, RTLD_NOW) succeeds
03-23 19:09:37.879 602 602 D QSEECOMD: : Init::Init dlsym(g_FSHandle gp_reqcancel_start) succeeds
03-23 19:09:37.879 602 602 D QSEECOMAPI: QSEECom_register_listener 4352 sb_length = 0x5000
03-23 19:09:37.880 609 609 W thermalserviced: Unable to get Thermal HAL V1.1, vendor thermal event notification not available
03-23 19:09:37.881 602 602 D QSEECOMD: : Init gp_reqcancel_start ret = 0
03-23 19:09:37.881 602 602 D QSEECOMD: : gp request cancellation services: Started (Listener ID = 4352)
03-23 19:09:37.882 602 602 D QSEECOMD: : QSEECOM DAEMON RUNNING
03-23 19:09:37.894 534 534 I android.hardware.drm@1.0-service: Registration complete for android.hardware.drm@1.0::ICryptoFactory/default.
03-23 19:09:37.902 526 526 D sound_trigger_hw: stdev_open: Enter
03-23 19:09:37.912 537 537 D QSEECOMAPI: QSEECom_get_handle sb_length = 0xa000
03-23 19:09:37.913 537 537 D QSEECOMAPI: App is already loaded QSEE and app id = 65537
03-23 19:09:37.914 537 537 E gatekeeper_device: Gatekeeper initialized
03-23 19:09:37.915 537 537 I ServiceManagement: Removing namespace from process name android.hardware.gatekeeper@1.0-service to gatekeeper@1.0-service.
03-23 19:09:37.916 537 537 I android.hardware.gatekeeper@1.0-service: Registration complete for android.hardware.gatekeeper@1.0::IGatekeeper/default.
03-23 19:09:37.923 526 526 I sound_trigger_platform: platform_stdev_init: Enter
03-23 19:09:37.934 488 488 D QSEECOMAPI: QSEECom_get_handle sb_length = 0xa000
03-23 19:09:37.934 488 488 D QSEECOMAPI: App is already loaded QSEE and app id = 65537
03-23 19:09:37.937 488 488 E keymaster1_device: Keymaster Initialized
03-23 19:09:37.937 488 488 E keymaster1_device: TA API Major Verion: 2
03-23 19:09:37.937 488 488 E keymaster1_device: TA API Minor Verion: 0
03-23 19:09:37.937 488 488 E keymaster1_device: TA Major Verion: 2
03-23 19:09:37.937 488 488 E keymaster1_device: TA Minor Verion: 25
03-23 19:09:37.937 488 488 E keymaster1_device: set_version_req->flags: 1
03-23 19:09:37.944 488 488 I ServiceManagement: Removing namespace from process name android.hardware.keymaster@3.0-service to keymaster@3.0-service.
03-23 19:09:37.945 488 488 I android.hardware.keymaster@3.0-service: Registration complete for android.hardware.keymaster@3.0::IKeymasterDevice/default.
03-23 19:09:37.949 457 457 W init : type=1400 audit(0.0:47): avc: denied { write } for name="fw_update" dev="proc" ino=4026533551 scontext=u:r:vendor_init:s0 tcontext=u:object_r:proc_s1302:s0 tclass=file permissive=0
03-23 19:09:37.950 540 540 I SDM : HWCDisplay::SetFrameBufferResolution: New framebuffer resolution (1080x1920)
03-23 19:09:37.951 540 540 I SDM : HWCColorManager::CreateColorManager: Successfully loaded libsdm-disp-vndapis.so
03-23 19:09:37.958 540 540 I SDM : HWCColorManager::CreateColorManager: Successfully loaded libsdm-disp-vndapis.so and libsdm-diag.so and diag_init'ed
03-23 19:09:37.959 540 540 I ServiceManagement: Removing namespace from process name android.hardware.graphics.composer@2.1-service to composer@2.1-service.
03-23 19:09:37.961 540 540 I android.hardware.graphics.composer@2.1-service: Registration complete for android.hardware.graphics.composer@2.1::IComposer/default.
03-23 19:09:37.980 567 567 D QSEECOMAPI: QSEECom_get_handle sb_length = 0xa000
03-23 19:09:37.980 567 567 D QSEECOMAPI: App is not loaded in QSEE
03-23 19:09:37.981 567 567 D QSEECOMAPI: app_arch = 1, total_files = 8
03-23 19:09:37.997 608 608 I ConfigStore: android::hardware::configstore::V1_0::ISurfaceFlingerConfigs::startGraphicsAllocatorService retrieved: 0
03-23 19:09:37.998 608 608 I SurfaceFlinger: Using HWComposer service: 'default'
03-23 19:09:37.998 608 608 I SurfaceFlinger: SurfaceFlinger is starting
03-23 19:09:37.999 608 608 I ConfigStore: android::hardware::configstore::V1_0::ISurfaceFlingerConfigs::vsyncEventPhaseOffsetNs retrieved: 1000000 (default)
03-23 19:09:38.000 608 608 I ConfigStore: android::hardware::configstore::V1_0::ISurfaceFlingerConfigs::vsyncSfEventPhaseOffsetNs retrieved: 1000000 (default)
03-23 19:09:38.000 608 608 I ConfigStore: android::hardware::configstore::V1_0::ISurfaceFlingerConfigs::hasSyncFramework retrieved: 1
03-23 19:09:38.000 608 608 I ConfigStore: android::hardware::configstore::V1_0::ISurfaceFlingerConfigs::presentTimeOffsetFromVSyncNs retrieved: 0
03-23 19:09:38.000 608 608 I ConfigStore: android::hardware::configstore::V1_0::ISurfaceFlingerConfigs::useHwcForRGBtoYUV retrieved: 1
03-23 19:09:38.001 608 608 I ConfigStore: android::hardware::configstore::V1_0::ISurfaceFlingerConfigs::maxVirtualDisplaySize retrieved: 4096
03-23 19:09:38.001 608 608 I ConfigStore: android::hardware::configstore::V1_0::ISurfaceFlingerConfigs::useVrFlinger retrieved: 0 (default)
03-23 19:09:38.001 608 608 I ConfigStore: android::hardware::configstore::V1_0::ISurfaceFlingerConfigs::maxFrameBufferAcquiredBuffers retrieved: 3
03-23 19:09:38.001 608 608 I ConfigStore: android::hardware::configstore::V1_0::ISurfaceFlingerConfigs::hasWideColorDisplay retrieved: 0
03-23 19:09:38.004 608 608 I ConfigStore: android::hardware::configstore::V1_1::ISurfaceFlingerConfigs::primaryDisplayOrientation retrieved: ORIENTATION_0 (default)
03-23 19:09:38.004 608 608 I SurfaceFlinger: Disabling backpressure propagation
03-23 19:09:38.004 608 608 I SurfaceFlinger: Disabling Triple Buffering
03-23 19:09:38.004 608 608 I SurfaceFlinger: Treble testing override: 'false'
03-23 19:09:38.005 479 479 W hwservicemanager: getTransport: Cannot find entry vendor.display.config@1.2::IDisplayConfig/default in either framework or device manifest.
03-23 19:09:38.006 608 608 I SurfaceFlinger: SurfaceFlinger's main thread ready to run. Initializing graphics H/W...
03-23 19:09:38.006 608 608 I SurfaceFlinger: Phase offest NS: 1000000
03-23 19:09:38.008 608 608 D vndksupport: Loading /vendor/lib64/egl/libEGL_adreno.so from current namespace instead of sphal namespace.
03-23 19:09:38.009 650 650 W sensors.qti: type=1400 audit(0.0:48): avc: denied { read } for name="name" dev="sysfs" ino=40486 scontext=u:r:sensors:s0 tcontext=u:object_r:sysfs:s0 tclass=file permissive=0
03-23 19:09:38.010 608 608 D libEGL : loaded /vendor/lib64/egl/libEGL_adreno.so
03-23 19:09:38.019 650 650 W sensors.qti: type=1400 audit(0.0:49): avc: denied { read } for name="name" dev="sysfs" ino=40486 scontext=u:r:sensors:s0 tcontext=u:object_r:sysfs:s0 tclass=file permissive=0
03-23 19:09:38.019 650 650 W sensors.qti: type=1400 audit(0.0:50): avc: denied { open } for path="/dev/__properties__/u:object_r:boottime_prop:s0" dev="tmpfs" ino=16384 scontext=u:r:sensors:s0 tcontext=u:object_r:boottime_prop:s0 tclass=file permissive=0
03-23 19:09:38.027 650 650 E libmdmdetect: Failed to open /sys/bus/msm_subsys/devices/subsys3/name: Permission denied
03-23 19:09:38.027 650 650 E libmdmdetect: Failed to open /sys/bus/msm_subsys/devices/subsys3/name: Permission denied
03-23 19:09:38.028 650 650 E libc : Access denied finding property "persist.vendor.diag.max.size"
03-23 19:09:38.051 567 567 D QSEECOMAPI: Loaded image: APP id = 131074
03-23 19:09:38.070 567 567 D vendor.qti.hardware.soter@1.0-service: soter: svc service starting.
