09-13 17:03:34.323 1010 1310 E mm-camera: 203: img_algo_preload: Preload: Failed to allocate buffer, rc -4
09-13 17:03:34.323 1010 1310 E mm-camera: 117: module_imgbase_client_preload_exec: IMG_CORE_PRELOAD failed -4
09-13 17:03:34.325 531 1509 I QCameraParameters: Close flash fd: 34
09-13 17:03:34.326 531 1509 D QCameraPostProc: stop: E
09-13 17:03:34.327 531 1509 E QCameraPostProc: stop: X
09-13 17:03:34.327 531 3617 D : cmdtype=MM_CAMERA_CMD_TYPE_EXIT
09-13 17:03:34.328 1010 1010 E mm-camera: 916: isp_port_check_caps_unreserve: ISP session resource not dellocated in time
09-13 17:03:34.337 1010 3628 E mm-camera: 528: isp_module_stop_session: warning: ISP resource is not freed on time!
09-13 17:03:34.340 3538 3538 D ACDB-LOADER: ACDB -> send_common_custom_topology
09-13 17:03:34.340 3538 3538 D ACDB-LOADER: ACDB -> ACDB_CMD_GET_AVCS_CUSTOM_TOPO_INFO_SIZE
09-13 17:03:34.340 3538 3538 D ACDB-LOADER: ACDB -> ACDB_CMD_GET_AVCS_CUSTOM_TOPO_INFO
09-13 17:03:34.340 3538 3538 D ACDB-LOADER: ACDB -> ACDB_CMD_GET_AVCS_CUSTOM_TOPO_INFO: size:0x1ec ret=0
09-13 17:03:34.340 3538 3538 D ACDB-LOADER: ACDB -> CORE_CUSTOM_TOPOLOGIES
09-13 17:03:34.343 3538 3538 E ACDB-LOADER: AUDIO_SET_CALIBRATION, Error = -1
09-13 17:03:34.343 3538 3538 D ACDB-LOADER: ACDB -> acdb_loader_send_common_custom_topology: Common custom topology not in use
09-13 17:03:34.343 3538 3538 D ACDB-LOADER: ACDB -> send_afe_custom_topology
09-13 17:03:34.343 3538 3538 D ACDB-LOADER: ACDB -> ACDB_CMD_GET_AFE_TOPOLOGIES
09-13 17:03:34.343 3538 3538 D : ACDBFILE_MGR: Property for the pid 000130DE not found
09-13 17:03:34.343 3538 3538 D : ACDB_COMMAND: Failed to fetch the property info for pid 000130DE
09-13 17:03:34.343 3538 3538 E ACDB-LOADER: Error: ACDB get afe custom topologies returned = -18
09-13 17:03:34.343 3538 3538 D ACDB-LOADER: ACDB -> ACDB_CMD_GET_AFE_TOPOLOGIES: size:0x0 ret=-18
09-13 17:03:34.343 3538 3538 D ACDB-LOADER: ACDB -> AUDIO_SET_AFE_CUSTOM_TOPOLOGY
09-13 17:03:34.343 3538 3538 D ACDB-LOADER: ACDB -> send_adm_custom_topology
09-13 17:03:34.343 3538 3538 D ACDB-LOADER: ACDB -> ACDB_CMD_GET_AUDIO_COPP_TOPOLOGIES
09-13 17:03:34.343 3538 3538 D ACDB-LOADER: ACDB -> AUDIO_SET_ADM_CUSTOM_TOPOLOGY
09-13 17:03:34.343 3538 3538 D ACDB-LOADER: ACDB -> send_asm_custom_topology
09-13 17:03:34.343 3538 3538 D ACDB-LOADER: ACDB -> ACDB_CMD_GET_AUDIO_POPP_TOPOLOGIES
09-13 17:03:34.343 3538 3538 D ACDB-LOADER: ACDB -> AUDIO_SET_ASM_CUSTOM_TOPOLOGY
09-13 17:03:34.343 3538 3538 D ACDB-LOADER: ACDB -> send_lsm_custom_topology
09-13 17:03:34.343 3538 3538 D ACDB-LOADER: ACDB -> ACDB_CMD_GET_LSM_TOPOLOGIES
09-13 17:03:34.343 3538 3538 D ACDB-LOADER: ACDB -> AUDIO_SET_LSM_CUSTOM_TOPOLOGY
09-13 17:03:34.343 3538 3538 D ACDB-LOADER: ACDB -> init done!
09-13 17:03:34.343 3538 3538 D audio_hw_acdb: acdb_init_v2: ACDB Instance ID support after ACDB init:0
09-13 17:03:34.343 3538 3538 D sound_trigger_platform: platform_stdev_init Opening device /dev/snd/hwC0D1000
09-13 17:03:34.344 3538 3538 D sound_trigger_platform: get_codec_version: codec version WCD9335_2_0
09-13 17:03:34.344 3538 3538 I SoundTriggerHalImpl: onFirstRef() mModuleName primary mHwDevice 0xf63ba300
09-13 17:03:34.347 3538 3538 I audiohalservice: Registration complete for android.hardware.soundtrigger@2.1::ISoundTriggerHw/default.
09-13 17:03:34.348 479 479 W hwservicemanager: getTransport: Cannot find entry android.hardware.bluetooth.a2dp@1.0::IBluetoothAudioOffload/default in either framework or device manifest.
09-13 17:03:34.349 3538 3538 E audiohalservice: Could not get passthrough implementation for android.hardware.bluetooth.a2dp@1.0::IBluetoothAudioOffload/default.
09-13 17:03:34.349 3538 3538 W audiohalservice: Could not register Bluetooth audio offload 1.0
09-13 17:03:34.350 3538 3538 E audiohalservice: Could not get passthrough implementation for com.qualcomm.qti.bluetooth_audio@1.0::IBluetoothAudio/default.
09-13 17:03:34.350 3538 3538 W audiohalservice: Could not register bluetooth_audio service
09-13 17:03:34.355 479 479 W hwservicemanager: getTransport: Cannot find entry android.hardware.audio@4.0::IDevicesFactory/msd in either framework or device manifest.
09-13 17:03:34.357 3542 3542 D vndksupport: Loading /vendor/lib/hw/android.hardware.audio@4.0-impl.so from current namespace instead of sphal namespace.
09-13 17:03:34.365 3542 3542 I AudioFlinger: Using default 3000 mSec as standby time.
09-13 17:03:34.365 3542 3542 D audioserver: audioserver audio flinger init need time 88 ms
09-13 17:03:34.367 3542 3542 E APM::Serializer: deserialize: Could not parse /odm/etc/audio_policy_configuration.xml document.
09-13 17:03:34.368 3539 3539 I zygote64: VMRuntime.preloadDexCaches strings total=356396 before=14612 after=14612
09-13 17:03:34.368 3539 3539 I zygote64: VMRuntime.preloadDexCaches types total=32715 before=8120 after=8129
09-13 17:03:34.369 3539 3539 I zygote64: VMRuntime.preloadDexCaches fields total=146899 before=9193 after=9207
09-13 17:03:34.369 3539 3539 I zygote64: VMRuntime.preloadDexCaches methods total=256431 before=13225 after=13240
09-13 17:03:34.369 3539 3539 I zygote64: VMRuntime.preloadDexCaches finished
09-13 17:03:34.395 3538 3631 D vndksupport: Loading /vendor/lib/hw/audio.primary.msm8996.so from current namespace instead of sphal namespace.
09-13 17:03:34.396 3538 3631 D audio_hw_primary: adev_open: enter
09-13 17:03:34.396 3538 3631 D audio_log_utils: registered, module hal
09-13 17:03:34.398 3538 3631 D audio_hw_utils: audio_extn_utils_open_snd_mixer: snd_card_name: msm8996-tasha-mtp-snd-card
09-13 17:03:34.398 3538 3631 W hardware_info: update_hardware_info_8996: Not a 8996 device
09-13 17:03:34.398 3538 3631 D audio_hw_utils: audio_extn_utils_open_snd_mixer: Opened sound card:0
09-13 17:03:34.398 3538 3631 D msm8974_platform: platform_init: Opened sound card:0
09-13 17:03:34.398 3538 3631 W hardware_info: update_hardware_info_8996: Not a 8996 device
09-13 17:03:34.398 3538 3631 D msm8974_platform: platform_init: Loading mixer file: /vendor/etc/mixer_paths_tasha.xml
09-13 17:03:34.417 1010 3595 E mm-camera: 731: eeprom_process: failed NULL pointer detected: eeprom_ctrl :
09-13 17:03:34.417 1010 3595 E mm-camera: 325: module_sensor_offload_ois_init_calibrate: Get Is OIS calibration failed
09-13 17:03:34.436 3539 3539 I AssetManager: no overlays.list file found
09-13 17:03:34.437 3539 3539 I Zygote : Preloading resources...
09-13 17:03:34.442 3544 3544 W CameraProviderManager: Camera provider legacy/0 says an unknown camera device@1.0/legacy/0 now has torch status 1. Curious.
09-13 17:03:34.443 3544 3544 W CameraProviderManager: Camera provider legacy/0 says an unknown camera device@3.3/legacy/0 now has torch status 1. Curious.
09-13 17:03:34.443 531 1509 I OPCAMERA_SERVICE: deinit_module: module=0xe1f9e010 private=0xe1fa2e40 list=0x0
09-13 17:03:34.444 531 1509 I QCamera : closeCamera: 2575: [KPI Perf]: X PROFILE_CLOSE_CAMERA camera id 0, rc: 0
09-13 17:03:34.444 531 3584 I QCameraHWI_Mem: memoryPoolThread: stop proc
09-13 17:03:34.444 531 3584 I QCameraHWI_Mem: memoryPoolThread: X
09-13 17:03:34.444 531 1509 I QCamera : close_camera_device: 1651: [KPI Perf]: X
09-13 17:03:34.444 3544 3544 I CameraProviderManager: Enumerating new camera device: device@3.3/legacy/0
09-13 17:03:34.445 3544 3544 I CameraProviderManager: Enumerating new camera device: device@1.0/legacy/1
09-13 17:03:34.446 3539 3539 W Resources: Preloaded drawable resource #0x1080265 (android:drawable/dialog_background_material) that varies with configuration!!
09-13 17:03:34.454 531 1509 I CamDev@1.0-impl: Opening camera 1
09-13 17:03:34.454 531 1509 I QCamera : openLegacy: 680: openLegacy halVersion: 256
09-13 17:03:34.465 3539 3539 I Zygote : ...preloaded 64 resources in 28ms.
09-13 17:03:34.467 531 3648 I QCameraHWI_Mem: memoryPoolThread: E
09-13 17:03:34.467 531 3648 I QCameraHWI_Mem: memoryPoolThread: start proc
09-13 17:03:34.467 531 1509 I OneplusCamera: initClientPackageNameFlag: com.android.facelock
09-13 17:03:34.467 531 1509 D vndksupport: Loading /vendor/lib/hw/power.qcom.so from current namespace instead of sphal namespace.
09-13 17:03:34.471 3539 3539 I Zygote : ...preloaded 41 resources in 5ms.
09-13 17:03:34.471 3539 3539 D vndksupport: Loading /vendor/lib64/hw/android.hardware.graphics.mapper@2.0-impl.so from current namespace instead of sphal namespace.
09-13 17:03:34.472 531 1509 I QCamera2HWI: QCamera2HardwareInterface: mClientPackageName = com.android.facelock
09-13 17:03:34.472 531 1509 I QCamera : openCamera: 2057: [KPI Perf]: E PROFILE_OPEN_CAMERA camera id 1
09-13 17:03:34.473 3539 3539 D vndksupport: Loading /vendor/lib64/egl/libEGL_adreno.so from current namespace instead of sphal namespace.
09-13 17:03:34.473 531 1509 I OPCAMERA_SERVICE: init_module: module=0xe1f9e000 private=0xe1fa2e40 list=0xe1fb1170
09-13 17:03:34.473 531 3647 I QCameraStateMachine: E
09-13 17:03:34.474 531 1509 E OneplusCamera: acquire: fail
09-13 17:03:34.474 3539 3539 D libEGL : loaded /vendor/lib64/egl/libEGL_adreno.so
09-13 17:03:34.479 3539 3539 D vndksupport: Loading /vendor/lib64/egl/libGLESv1_CM_adreno.so from current namespace instead of sphal namespace.
09-13 17:03:34.480 3539 3539 D libEGL : loaded /vendor/lib64/egl/libGLESv1_CM_adreno.so
09-13 17:03:34.480 531 3649 I QCamera2HWI: QCamera2HardwareInterface::deferredWorkRoutine id=52
09-13 17:03:34.481 531 3649 I QCamera2HWI: QCamera2HardwareInterface::dequeueDeferredWork id=52
09-13 17:03:34.481 531 3649 I QCamera2HWI: QCamera2HardwareInterface::deferredWorkRoutine id=53
09-13 17:03:34.482 531 3649 I QCamera2HWI: QCamera2HardwareInterface::dequeueDeferredWork id=53
09-13 17:03:34.493 3539 3539 D vndksupport: Loading /vendor/lib64/egl/libGLESv2_adreno.so from current namespace instead of sphal namespace.
09-13 17:03:34.494 3539 3539 D libEGL : loaded /vendor/lib64/egl/libGLESv2_adreno.so
09-13 17:03:34.509 3539 3539 I Zygote : Preloading shared libraries...
09-13 17:03:34.514 3539 3539 I Zygote : Uninstalled ICU cache reference pinning...
09-13 17:03:34.515 3539 3539 I Zygote : Installed AndroidKeyStoreProvider in 0ms.
09-13 17:03:34.518 1031 1086 W ServiceManagement: Waited one second for android.frameworks.sensorservice@1.0::ISensorManager/default
09-13 17:03:34.520 1031 1086 I ServiceManagement: getService: Trying again for android.frameworks.sensorservice@1.0::ISensorManager/default...
09-13 17:03:34.530 1010 3654 I mm-camera: sony_imx179_eeprom_get_calibration_items: A light valid page:0, D50 valid page:0
09-13 17:03:34.534 1010 3657 E mm-3a-core: light_sensor_init init fail
09-13 17:03:34.536 3539 3539 I Zygote : Warmed up JCA providers in 21ms.
09-13 17:03:34.536 3539 3539 D Zygote : end preload
09-13 17:03:34.536 1010 3657 E mm-camera: 448: dsps_open: try to sensor1_open()
09-13 17:03:34.536 3539 3539 I zygote64: Waiting for a blocking GC Explicit
09-13 17:03:34.550 3539 3539 I zygote64: WaitForGcToComplete blocked Explicit on None for 14.120ms
09-13 17:03:34.586 3539 3539 I zygote64: Explicit concurrent copying GC freed 5828(271KB) AllocSpace objects, 0(0B) LOS objects, 50% free, 2MB/4MB, paused 75us total 35.578ms
09-13 17:03:34.613 1010 1010 I mm-camera: < INFO> 292: af_core_init: af_core_init
09-13 17:03:34.613 1010 1010 E mm-camera: 2865: stats_port_check_caps_reserve: Invalid Port capability type!
09-13 17:03:34.613 1010 1010 I chatty : uid=1006(camera) mm-qcamera-daem identical 3 lines
09-13 17:03:34.613 1010 1010 E mm-camera: 2865: stats_port_check_caps_reserve: Invalid Port capability type!
09-13 17:03:34.614 1010 1010 I mm-3a-core: q3a_thread_aecawb_start Enter
09-13 17:03:34.614 3539 3539 I zygote64: Explicit concurrent copying GC freed 934(71KB) AllocSpace objects, 0(0B) LOS objects, 49% free, 2MB/4MB, paused 47us total 28.027ms
09-13 17:03:34.626 531 1509 I QCamera : openCamera: 2070: [KPI Perf]: X PROFILE_OPEN_CAMERA camera id 1, rc: 0
09-13 17:03:34.626 531 1509 I CamDev@1.0-impl: could not cast ICameraDeviceCallback to IQCameraDeviceCallback
09-13 17:03:34.626 531 3649 I QCamera2HWI: QCamera2HardwareInterface::deferredWorkRoutine id=54
09-13 17:03:34.627 531 3649 D QCameraParameters: sensor_active_size is 3288 2480
09-13 17:03:34.628 531 3649 I QCamera : setFocusMode: 7701: Setting focus mode fixed
09-13 17:03:34.628 531 3649 I OPCAMERA_VFB: init_module: module=0xe1f9e018 private=0xe10cc000 list=0xe1fb1210
09-13 17:03:34.629 531 3685 I OPCAMERA_VFB: sensor_config: enable cfg for imx179
09-13 17:03:34.630 531 3649 I OPCAMERA_SFB: init_module: module=0xe1f9e038 private=0xe1fdf700 list=0xe1fb11b0
09-13 17:03:34.630 531 3687 I OPCAMERA_SFB: sensor_config: imx179.is_sensor_cfg=1
09-13 17:03:34.630 531 3649 E OneplusCamera: createFaceBeautyLevelString facebeauty levels=0,1,2,3,4,5,6,7,8
09-13 17:03:34.648 531 3649 I OPCAMERA_VFB: deinit_module: module=0xe1f9e018 private=0xe10cc000 list=0x0
09-13 17:03:34.650 531 3649 I OPCAMERA_SFB: deinit_module: module=0xe1f9e038 private=0xe1fdf700 list=0x0
09-13 17:03:34.655 1010 3678 E mm-camera: 2966: sensor_get_cur_chromatix_name: Sensor name:imx179,sensor id:0x0, vendor id:0, lens id:0
09-13 17:03:34.655 1010 3678 E mm-camera: 3129: sensor_get_cur_chromatix_name: 3A chromatix : imx179_3a_3280x2464_30fps_preview
09-13 17:03:34.656 531 3649 I QCamera2HWI: QCamera2HardwareInterface::dequeueDeferredWork id=54
09-13 17:03:34.658 531 1509 I CamDev@1.0-impl: Closing camera 1
09-13 17:03:34.658 531 1509 I QCamera : close_camera_device: 1649: [KPI Perf]: E camera id 1
09-13 17:03:34.660 531 1509 I QCameraStateMachine: E
09-13 17:03:34.662 531 3647 I QCameraStateMachine: QCAMERA_SM_CMD_TYPE_EXIT
09-13 17:03:34.662 531 3647 I QCameraStateMachine: X
09-13 17:03:34.662 531 1509 I QCameraStateMachine: X
09-13 17:03:34.662 531 1509 I QCamera : closeCamera: 2479: E
09-13 17:03:34.662 531 1509 I QCamera : closeCamera: 2484: [KPI Perf]: E PROFILE_CLOSE_CAMERA camera id 1
09-13 17:03:34.673 531 1509 E OneplusCamera: acquire: fail
09-13 17:03:34.673 1010 3678 I : sensor_pick_resolution res_idx: 2
09-13 17:03:34.673 1010 3678 I : sensor_pick_resolution Matched pick_w:1640, pick_h:924, pick_fps:30.000000, pick_clk:136000000, pick_mode:1
09-13 17:03:34.673 1010 1310 E mm-camera: 303: AllocateBuffers: Invalid dimensions 0x0
09-13 17:03:34.673 1010 1310 E mm-camera: 203: img_algo_preload: Preload: Failed to allocate buffer, rc -4
09-13 17:03:34.674 1010 1310 E mm-camera: 117: module_imgbase_client_preload_exec: IMG_CORE_PRELOAD failed -4
09-13 17:03:34.677 531 1509 D QCameraPostProc: stop: E
09-13 17:03:34.677 531 1509 E QCameraPostProc: stop: X
09-13 17:03:34.677 531 3681 D : cmdtype=MM_CAMERA_CMD_TYPE_EXIT
09-13 17:03:34.679 1010 1010 E mm-camera: 916: isp_port_check_caps_unreserve: ISP session resource not dellocated in time
09-13 17:03:34.683 3691 3691 W ip6tables-wrapp: type=1400 audit(0.0:753): avc: denied { read write } for path="/dev/diag" dev="tmpfs" ino=7350 scontext=u:r:netutils_wrapper:s0 tcontext=u:object_r:diag_device:s0 tclass=chr_file permissive=0
09-13 17:03:34.696 1010 3692 E mm-camera: 528: isp_module_stop_session: warning: ISP resource is not freed on time!
09-13 17:03:34.700 3539 3539 I Zygote : System server process 3694 has been created
09-13 17:03:34.701 3539 3539 I Zygote : Accepting command socket connections
09-13 17:03:34.717 531 1509 I OPCAMERA_SERVICE: deinit_module: module=0xe1f9e000 private=0xe1fa2e40 list=0x0
09-13 17:03:34.718 531 1509 I QCamera : closeCamera: 2575: [KPI Perf]: X PROFILE_CLOSE_CAMERA camera id 1, rc: 0
09-13 17:03:34.718 531 3648 I QCameraHWI_Mem: memoryPoolThread: stop proc
09-13 17:03:34.718 531 3648 I QCameraHWI_Mem: memoryPoolThread: X
09-13 17:03:34.718 531 1509 I QCamera : close_camera_device: 1651: [KPI Perf]: X
09-13 17:03:34.719 3544 3544 I CameraProviderManager: Enumerating new camera device: device@3.3/legacy/1
09-13 17:03:34.720 3544 3544 I CameraProviderManager: Camera provider legacy/0 ready with 4 camera devices
09-13 17:03:34.721 479 479 W hwservicemanager: getTransport: Cannot find entry android.hardware.camera.provider@2.4::ICameraProvider/external/0 in either framework or device manifest.
09-13 17:03:34.713 3701 3701 W iptables-wrappe: type=1400 audit(0.0:754): avc: denied { read write } for path="/dev/diag" dev="tmpfs" ino=7350 scontext=u:r:netutils_wrapper:s0 tcontext=u:object_r:diag_device:s0 tclass=chr_file permissive=0
09-13 17:03:34.723 3544 3544 D vndksupport: Loading /vendor/lib/hw/android.hardware.camera.provider@2.4-impl.so from current namespace instead of sphal namespace.
09-13 17:03:34.731 3544 3544 E ExtCamUtils@3.4: loadFromCfg: Unable to load external camera config file '/vendor/etc/external_camera_config.xml'. Error: XML_ERROR_FILE_NOT_FOUND
09-13 17:03:34.732 3544 3544 I CameraProviderManager: Connecting to new camera provider: external/0, isRemote? 0
09-13 17:03:34.735 3544 3544 I CameraProviderManager: Camera provider external/0 ready with 0 camera devices
09-13 17:03:34.735 3544 3581 W CameraProviderManager: addProviderLocked: Camera provider HAL with name 'legacy/0' already registered
09-13 17:03:34.741 3544 3544 I CameraService: onDeviceStatusChanged: Status changed for cameraId=1, newStatus=1
09-13 17:03:34.741 3544 3544 I CameraService: onDeviceStatusChanged: Unknown camera ID 1, a new camera is added
09-13 17:03:34.742 3544 3581 I CameraService: onDeviceStatusChanged: Status changed for cameraId=1, newStatus=1
09-13 17:03:34.742 3544 3581 I CameraService: onDeviceStatusChanged: Status changed for cameraId=0, newStatus=1
09-13 17:03:34.743 3544 3581 I CameraService: onDeviceStatusChanged: Unknown camera ID 0, a new camera is added
09-13 17:03:34.743 3544 3544 I CameraService: onDeviceStatusChanged: Status changed for cameraId=0, newStatus=1
09-13 17:03:34.744 3544 3544 I : Waiting for activity service
09-13 17:03:34.750 3694 3694 E system_server: Not starting debugger since process cannot load the jdwp agent.
09-13 17:03:34.750 1010 3710 E mm-3a-core: light_sensor_init init fail
09-13 17:03:34.753 3694 3694 I Zygote : Process: zygote socket RESERVED/zygote_secondary opened, supported ABIS: armeabi-v7a,armeabi
09-13 17:03:34.767 1010 3710 E mm-camera: 448: dsps_open: try to sensor1_open()
09-13 17:03:34.768 3694 3694 W system_server: ClassLoaderContext size mismatch. expected=1, actual=2 (PCL[] | PCL[];PCL[])
09-13 17:03:34.771 1010 3706 I mm-camera: sony_imx179_eeprom_get_calibration_items: A light valid page:0, D50 valid page:0
09-13 17:03:34.774 3694 3694 I system_server: The ClassLoaderContext is a special shared library.
09-13 17:03:34.777 3694 3694 I chatty : uid=1000 system_server identical 1 line
09-13 17:03:34.779 3694 3694 I system_server: The ClassLoaderContext is a special shared library.
09-13 17:03:34.783 3724 3724 W iptables-wrappe: type=1400 audit(0.0:755): avc: denied { read write } for path="/dev/diag" dev="tmpfs" ino=7350 scontext=u:r:netutils_wrapper:s0 tcontext=u:object_r:diag_device:s0 tclass=chr_file permissive=0
09-13 17:03:34.804 1010 1010 I mm-camera: < INFO> 292: af_core_init: af_core_init
09-13 17:03:34.805 1010 1010 E mm-camera: 2865: stats_port_check_caps_reserve: Invalid Port capability type!
09-13 17:03:34.805 1010 1010 I chatty : uid=1006(camera) mm-qcamera-daem identical 3 lines
09-13 17:03:34.805 1010 1010 E mm-camera: 2865: stats_port_check_caps_reserve: Invalid Port capability type!
09-13 17:03:34.805 1010 1010 I mm-3a-core: q3a_thread_aecawb_start Enter
09-13 17:03:34.803 3730 3730 W ip6tables-wrapp: type=1400 audit(0.0:756): avc: denied { read write } for path="/dev/diag" dev="tmpfs" ino=7350 scontext=u:r:netutils_wrapper:s0 tcontext=u:object_r:diag_device:s0 tclass=chr_file permissive=0
09-13 17:03:34.816 3694 3694 I system_server: Rejecting re-init on previously-failed class java.lang.Class: java.lang.NoClassDefFoundError: Failed resolution of: Landroid/view/WindowManagerPolicy;
09-13 17:03:34.816 3694 3694 I system_server: at java.lang.Class java.lang.Class.classForName(java.lang.String, boolean, java.lang.ClassLoader) (Class.java:-2)
09-13 17:03:34.816 3694 3694 I system_server: at java.lang.Class java.lang.Class.forName(java.lang.String, boolean, java.lang.ClassLoader) (Class.java:453)
09-13 17:03:34.816 3694 3694 I system_server: at java.lang.Runnable com.android.internal.os.RuntimeInit.findStaticMain(java.lang.String, java.lang.String[], java.lang.ClassLoader) (RuntimeInit.java:336)
09-13 17:03:34.816 3694 3694 I system_server: at java.lang.Runnable com.android.internal.os.RuntimeInit.applicationInit(int, java.lang.String[], java.lang.ClassLoader) (RuntimeInit.java:409)
09-13 17:03:34.816 3694 3694 I system_server: at java.lang.Runnable com.android.internal.os.ZygoteInit.zygoteInit(int, java.lang.String[], java.lang.ClassLoader) (ZygoteInit.java:912)
09-13 17:03:34.816 3694 3694 I system_server: at java.lang.Runnable com.android.internal.os.ZygoteInit.handleSystemServerProcess(com.android.internal.os.ZygoteConnection$Arguments) (ZygoteInit.java:506)
09-13 17:03:34.816 3694 3694 I system_server: at java.lang.Runnable com.android.internal.os.ZygoteInit.forkSystemServer(java.lang.String, java.lang.String, com.android.internal.os.ZygoteServer) (ZygoteInit.java:730)
09-13 17:03:34.816 3694 3694 I system_server: at void com.android.internal.os.ZygoteInit.main(java.lang.String[]) (ZygoteInit.java:833)
09-13 17:03:34.816 3694 3694 I system_server: Caused by: java.lang.ClassNotFoundException: Didn't find class "android.view.WindowManagerPolicy" on path: DexPathList[[zip file "/system/framework/services.jar", zip file "/system/framework/ethernet-service.jar", zip file "/system/framework/wifi-service.jar", zip file "/system/framework/com.android.location.provider.jar"],nativeLibraryDirectories=[/system/lib64, /system/vendor/lib64, /system/lib64, /system/vendor/lib64]]
09-13 17:03:34.816 3694 3694 I system_server: at java.lang.Class dalvik.system.BaseDexClassLoader.findClass(java.lang.String) (BaseDexClassLoader.java:169)
09-13 17:03:34.816 3694 3694 I system_server: at java.lang.Class java.lang.ClassLoader.loadClass(java.lang.String, boolean) (ClassLoader.java:379)
09-13 17:03:34.816 3694 3694 I system_server: at java.lang.Class java.lang.ClassLoader.loadClass(java.lang.String) (ClassLoader.java:312)
09-13 17:03:34.816 3694 3694 I system_server: at java.lang.Class java.lang.Class.classForName(java.lang.String, boolean, java.lang.ClassLoader) (Class.java:-2)
09-13 17:03:34.816 3694 3694 I system_server: at java.lang.Class java.lang.Class.forName(java.lang.String, boolean, java.lang.ClassLoader) (Class.java:453)
09-13 17:03:34.816 3694 3694 I system_server: at java.lang.Runnable com.android.internal.os.RuntimeInit.findStaticMain(java.lang.String, java.lang.String[], java.lang.ClassLoader) (RuntimeInit.java:336)
09-13 17:03:34.816 3694 3694 I system_server: at java.lang.Runnable com.android.internal.os.RuntimeInit.applicationInit(int, java.lang.String[], java.lang.ClassLoader) (RuntimeInit.java:409)
09-13 17:03:34.816 3694 3694 I system_server: at java.lang.Runnable com.android.internal.os.ZygoteInit.zygoteInit(int, java.lang.String[], java.lang.ClassLoader) (ZygoteInit.java:912)
09-13 17:03:34.816 3694 3694 I system_server: at java.lang.Runnable com.android.internal.os.ZygoteInit.handleSystemServerProcess(com.android.internal.os.ZygoteConnection$Arguments) (ZygoteInit.java:506)
09-13 17:03:34.816 3694 3694 I system_server: at java.lang.Runnable com.android.internal.os.ZygoteInit.forkSystemServer(java.lang.String, java.lang.String, com.android.internal.os.ZygoteServer) (ZygoteInit.java:730)
09-13 17:03:34.816 3694 3694 I system_server: at void com.android.internal.os.ZygoteInit.main(java.lang.String[]) (ZygoteInit.java:833)
09-13 17:03:34.816 3694 3694 I system_server:
09-13 17:03:34.816 3694 3694 I system_server: Rejecting re-init on previously-failed class java.lang.Class: java.lang.NoClassDefFoundError: Failed resolution of: Lcom/android/server/policy/PhoneWindowManager;
09-13 17:03:34.816 3694 3694 I system_server: at java.lang.Class java.lang.Class.classForName(java.lang.String, boolean, java.lang.ClassLoader) (Class.java:-2)
09-13 17:03:34.816 3694 3694 I system_server: at java.lang.Class java.lang.Class.forName(java.lang.String, boolean, java.lang.ClassLoader) (Class.java:453)
09-13 17:03:34.816 3694 3694 I system_server: at java.lang.Runnable com.android.internal.os.RuntimeInit.findStaticMain(java.lang.String, java.lang.String[], java.lang.ClassLoader) (RuntimeInit.java:336)
09-13 17:03:34.816 3694 3694 I system_server: at java.lang.Runnable com.android.internal.os.RuntimeInit.applicationInit(int, java.lang.String[], java.lang.ClassLoader) (RuntimeInit.java:409)
09-13 17:03:34.816 3694 3694 I system_server: at java.lang.Runnable com.android.internal.os.ZygoteInit.zygoteInit(int, java.lang.String[], java.lang.ClassLoader) (ZygoteInit.java:912)
09-13 17:03:34.816 3694 3694 I system_server: at java.lang.Runnable com.android.internal.os.ZygoteInit.handleSystemServerProcess(com.android.internal.os.ZygoteConnection$Arguments) (ZygoteInit.java:506)
09-13 17:03:34.816 3694 3694 I system_server: at java.lang.Runnable com.android.internal.os.ZygoteInit.forkSystemServer(java.lang.String, java.lang.String, com.android.internal.os.ZygoteServer) (ZygoteInit.java:730)
09-13 17:03:34.816 3694 3694 I system_server: at void com.android.internal.os.ZygoteInit.main(java.lang.String[]) (ZygoteInit.java:833)
09-13 17:03:34.817 3694 3694 I system_server: Caused by: java.lang.ClassNotFoundException: com.android.server.policy.PhoneWindowManager
09-13 17:03:34.817 3694 3694 I system_server: at java.lang.Class java.lang.VMClassLoader.findLoadedClass(java.lang.ClassLoader, java.lang.String) (VMClassLoader.java:-2)
09-13 17:03:34.817 3694 3694 I system_server: at java.lang.Class java.lang.ClassLoader.findLoadedClass(java.lang.String) (ClassLoader.java:738)
09-13 17:03:34.817 3694 3694 I system_server: at java.lang.Class java.lang.ClassLoader.loadClass(java.lang.String, boolean) (ClassLoader.java:363)
09-13 17:03:34.817 3694 3694 I system_server: at java.lang.Class java.lang.ClassLoader.loadClass(java.lang.String) (ClassLoader.java:312)
09-13 17:03:34.817 3694 3694 I system_server: at java.lang.Class java.lang.Class.classForName(java.lang.String, boolean, java.lang.ClassLoader) (Class.java:-2)
09-13 17:03:34.817 3694 3694 I system_server: at java.lang.Class java.lang.Class.forName(java.lang.String, boolean, java.lang.ClassLoader) (Class.java:453)
09-13 17:03:34.817 3694 3694 I system_server: at java.lang.Runnable com.android.internal.os.RuntimeInit.findStaticMain(java.lang.String, java.lang.String[], java.lang.ClassLoader) (RuntimeInit.java:336)
09-13 17:03:34.817 3694 3694 I system_server: at java.lang.Runnable com.android.internal.os.RuntimeInit.applicationInit(int, java.lang.String[], java.lang.ClassLoader) (RuntimeInit.java:409)
09-13 17:03:34.817 3694 3694 I system_server: at java.lang.Runnable com.android.internal.os.ZygoteInit.zygoteInit(int, java.lang.String[], java.lang.ClassLoader) (ZygoteInit.java:912)
09-13 17:03:34.817 3694 3694 I system_server: at java.lang.Runnable com.android.internal.os.ZygoteInit.handleSystemServerProcess(com.android.internal.os.ZygoteConnection$Arguments) (ZygoteInit.java:506)
09-13 17:03:34.817 3694 3694 I system_server: at java.lang.Runnable com.android.internal.os.ZygoteInit.forkSystemServer(java.lang.String, java.lang.String, com.android.internal.os.ZygoteServer) (ZygoteInit.java:730)
09-13 17:03:34.817 3694 3694 I system_server: at void com.android.internal.os.ZygoteInit.main(java.lang.String[]) (ZygoteInit.java:833)
09-13 17:03:34.817 3694 3694 I system_server:
09-13 17:03:34.818 3694 3694 I system_server: Rejecting re-init on previously-failed class java.lang.Class: java.lang.NoClassDefFoundError: Failed resolution of: Lcom/android/server/policy/PhoneWindowManager;
09-13 17:03:34.818 3694 3694 I system_server: at java.lang.Class java.lang.Class.classForName(java.lang.String, boolean, java.lang.ClassLoader) (Class.java:-2)
09-13 17:03:34.818 3694 3694 I system_server: at java.lang.Class java.lang.Class.forName(java.lang.String, boolean, java.lang.ClassLoader) (Class.java:453)
09-13 17:03:34.818 3694 3694 I system_server: at java.lang.Runnable com.android.internal.os.RuntimeInit.findStaticMain(java.lang.String, java.lang.String[], java.lang.ClassLoader) (RuntimeInit.java:336)
09-13 17:03:34.818 3694 3694 I system_server: at java.lang.Runnable com.android.internal.os.RuntimeInit.applicationInit(int, java.lang.String[], java.lang.ClassLoader) (RuntimeInit.java:409)
09-13 17:03:34.818 3694 3694 I system_server: at java.lang.Runnable com.android.internal.os.ZygoteInit.zygoteInit(int, java.lang.String[], java.lang.ClassLoader) (ZygoteInit.java:912)
09-13 17:03:34.818 3694 3694 I system_server: at java.lang.Runnable com.android.internal.os.ZygoteInit.handleSystemServerProcess(com.android.internal.os.ZygoteConnection$Arguments) (ZygoteInit.java:506)
09-13 17:03:34.818 3694 3694 I system_server: at java.lang.Runnable com.android.internal.os.ZygoteInit.forkSystemServer(java.lang.String, java.lang.String, com.android.internal.os.ZygoteServer) (ZygoteInit.java:730)
09-13 17:03:34.818 3694 3694 I system_server: at void com.android.internal.os.ZygoteInit.main(java.lang.String[]) (ZygoteInit.java:833)
09-13 17:03:34.818 3694 3694 I system_server: Caused by: java.lang.ClassNotFoundException: com.android.server.policy.PhoneWindowManager
09-13 17:03:34.818 3694 3694 I system_server: at java.lang.Class java.lang.VMClassLoader.findLoadedClass(java.lang.ClassLoader, java.lang.String) (VMClassLoader.java:-2)
09-13 17:03:34.818 3694 3694 I system_server: at java.lang.Class java.lang.ClassLoader.findLoadedClass(java.lang.String) (ClassLoader.java:738)
09-13 17:03:34.818 3694 3694 I system_server: at java.lang.Class java.lang.ClassLoader.loadClass(java.lang.String, boolean) (ClassLoader.java:363)
09-13 17:03:34.818 3694 3694 I system_server: at java.lang.Class java.lang.ClassLoader.loadClass(java.lang.String) (ClassLoader.java:312)
09-13 17:03:34.818 3694 3694 I system_server: at java.lang.Class java.lang.Class.classForName(java.lang.String, boolean, java.lang.ClassLoader) (Class.java:-2)
09-13 17:03:34.818 3694 3694 I system_server: at java.lang.Class java.lang.Class.forName(java.lang.String, boolean, java.lang.ClassLoader) (Class.java:453)
09-13 17:03:34.818 3694 3694 I system_server: at java.lang.Runnable com.android.internal.os.RuntimeInit.findStaticMain(java.lang.String, java.lang.String[], java.lang.ClassLoader) (RuntimeInit.java:336)
09-13 17:03:34.818 3694 3694 I system_server: at java.lang.Runnable com.android.internal.os.RuntimeInit.applicationInit(int, java.lang.String[], java.lang.ClassLoader) (RuntimeInit.java:409)
09-13 17:03:34.818 3694 3694 I system_server: at java.lang.Runnable com.android.internal.os.ZygoteInit.zygoteInit(int, java.lang.String[], java.lang.ClassLoader) (ZygoteInit.java:912)
09-13 17:03:34.818 3694 3694 I system_server: at java.lang.Runnable com.android.internal.os.ZygoteInit.handleSystemServerProcess(com.android.internal.os.ZygoteConnection$Arguments) (ZygoteInit.java:506)
09-13 17:03:34.818 3694 3694 I system_server: at java.lang.Runnable com.android.internal.os.ZygoteInit.forkSystemServer(java.lang.String, java.lang.String, com.android.internal.os.ZygoteServer) (ZygoteInit.java:730)
09-13 17:03:34.818 3694 3694 I system_server: at void com.android.internal.os.ZygoteInit.main(java.lang.String[]) (ZygoteInit.java:833)
09-13 17:03:34.818 3694 3694 I system_server:
09-13 17:03:34.818 3694 3694 I system_server: Rejecting re-init on previously-failed class java.lang.Class: java.lang.NoClassDefFoundError: Failed resolution of: Lcom/android/server/policy/PhoneWindowManager;
09-13 17:03:34.818 3694 3694 I system_server: at java.lang.Class java.lang.Class.classForName(java.lang.String, boolean, java.lang.ClassLoader) (Class.java:-2)
09-13 17:03:34.818 3694 3694 I system_server: at java.lang.Class java.lang.Class.forName(java.lang.String, boolean, java.lang.ClassLoader) (Class.java:453)
09-13 17:03:34.818 3694 3694 I system_server: at java.lang.Runnable com.android.internal.os.RuntimeInit.findStaticMain(java.lang.String, java.lang.String[], java.lang.ClassLoader) (RuntimeInit.java:336)
09-13 17:03:34.818 3694 3694 I system_server: at java.lang.Runnable com.android.internal.os.RuntimeInit.applicationInit(int, java.lang.String[], java.lang.ClassLoader) (RuntimeInit.java:409)
09-13 17:03:34.818 3694 3694 I system_server: at java.lang.Runnable com.android.internal.os.ZygoteInit.zygoteInit(int, java.lang.String[], java.lang.ClassLoader) (ZygoteInit.java:912)
09-13 17:03:34.818 3694 3694 I system_server: at java.lang.Runnable com.android.internal.os.ZygoteInit.handleSystemServerProcess(com.android.internal.os.ZygoteConnection$Arguments) (ZygoteInit.java:506)
09-13 17:03:34.818 3694 3694 I system_server: at java.lang.Runnable com.android.internal.os.ZygoteInit.forkSystemServer(java.lang.String, java.lang.String, com.android.internal.os.ZygoteServer) (ZygoteInit.java:730)
09-13 17:03:34.818 3694 3694 I system_server: at void com.android.internal.os.ZygoteInit.main(java.lang.String[]) (ZygoteInit.java:833)
09-13 17:03:34.818 3694 3694 I system_server: Caused by: java.lang.ClassNotFoundException: com.android.server.policy.PhoneWindowManager
09-13 17:03:34.818 3694 3694 I system_server: at java.lang.Class java.lang.VMClassLoader.findLoadedClass(java.lang.ClassLoader, java.lang.String) (VMClassLoader.java:-2)
09-13 17:03:34.818 3694 3694 I system_server: at java.lang.Class java.lang.ClassLoader.findLoadedClass(java.lang.String) (ClassLoader.java:738)
09-13 17:03:34.818 3694 3694 I system_server: at java.lang.Class java.lang.ClassLoader.loadClass(java.lang.String, boolean) (ClassLoader.java:363)
09-13 17:03:34.818 3694 3694 I system_server: at java.lang.Class java.lang.ClassLoader.loadClass(java.lang.String) (ClassLoader.java:312)
09-13 17:03:34.818 3694 3694 I system_server: at java.lang.Class java.lang.Class.classForName(java.lang.String, boolean, java.lang.ClassLoader) (Class.java:-2)
09-13 17:03:34.818 3694 3694 I system_server: at java.lang.Class java.lang.Class.forName(java.lang.String, boolean, java.lang.ClassLoader) (Class.java:453)
09-13 17:03:34.818 3694 3694 I system_server: at java.lang.Runnable com.android.internal.os.RuntimeInit.findStaticMain(java.lang.String, java.lang.String[], java.lang.ClassLoader) (RuntimeInit.java:336)
09-13 17:03:34.818 3694 3694 I system_server: at java.lang.Runnable com.android.internal.os.RuntimeInit.applicationInit(int, java.lang.String[], java.lang.ClassLoader) (RuntimeInit.java:409)
09-13 17:03:34.818 3694 3694 I system_server: at java.lang.Runnable com.android.internal.os.ZygoteInit.zygoteInit(int, java.lang.String[], java.lang.ClassLoader) (ZygoteInit.java:912)
09-13 17:03:34.818 3694 3694 I system_server: at java.lang.Runnable com.android.internal.os.ZygoteInit.handleSystemServerProcess(com.android.internal.os.ZygoteConnection$Arguments) (ZygoteInit.java:506)
09-13 17:03:34.818 3694 3694 I system_server: at java.lang.Runnable com.android.internal.os.ZygoteInit.forkSystemServer(java.lang.String, java.lang.String, com.android.internal.os.ZygoteServer) (ZygoteInit.java:730)
09-13 17:03:34.818 3694 3694 I system_server: at void com.android.internal.os.ZygoteInit.main(java.lang.String[]) (ZygoteInit.java:833)
09-13 17:03:34.818 3694 3694 I system_server:
09-13 17:03:34.821 3694 3694 I system_server: Rejecting re-init on previously-failed class java.lang.Class: java.lang.NoClassDefFoundError: Failed resolution of: Landroid/view/WindowManagerPolicy$WindowManagerFuncs;
09-13 17:03:34.821 3694 3694 I system_server: at java.lang.Class java.lang.Class.classForName(java.lang.String, boolean, java.lang.ClassLoader) (Class.java:-2)
09-13 17:03:34.821 3694 3694 I system_server: at java.lang.Class java.lang.Class.forName(java.lang.String, boolean, java.lang.ClassLoader) (Class.java:453)
09-13 17:03:34.821 3694 3694 I system_server: at java.lang.Runnable com.android.internal.os.RuntimeInit.findStaticMain(java.lang.String, java.lang.String[], java.lang.ClassLoader) (RuntimeInit.java:336)
09-13 17:03:34.821 3694 3694 I system_server: at java.lang.Runnable com.android.internal.os.RuntimeInit.applicationInit(int, java.lang.String[], java.lang.ClassLoader) (RuntimeInit.java:409)
09-13 17:03:34.821 3694 3694 I system_server: at java.lang.Runnable com.android.internal.os.ZygoteInit.zygoteInit(int, java.lang.String[], java.lang.ClassLoader) (ZygoteInit.java:912)
09-13 17:03:34.821 3694 3694 I system_server: at java.lang.Runnable com.android.internal.os.ZygoteInit.handleSystemServerProcess(com.android.internal.os.ZygoteConnection$Arguments) (ZygoteInit.java:506)
09-13 17:03:34.821 3694 3694 I system_server: at java.lang.Runnable com.android.internal.os.ZygoteInit.forkSystemServer(java.lang.String, java.lang.String, com.android.internal.os.ZygoteServer) (ZygoteInit.java:730)
09-13 17:03:34.821 3694 3694 I system_server: at void com.android.internal.os.ZygoteInit.main(java.lang.String[]) (ZygoteInit.java:833)
09-13 17:03:34.821 3694 3694 I system_server: Caused by: java.lang.ClassNotFoundException: Didn't find class "android.view.WindowManagerPolicy$WindowManagerFuncs" on path: DexPathList[[zip file "/system/framework/services.jar", zip file "/system/framework/ethernet-service.jar", zip file "/system/framework/wifi-service.jar", zip file "/system/framework/com.android.location.provider.jar"],nativeLibraryDirectories=[/system/lib64, /system/vendor/lib64, /system/lib64, /system/vendor/lib64]]
09-13 17:03:34.821 3694 3694 I system_server: at java.lang.Class dalvik.system.BaseDexClassLoader.findClass(java.lang.String) (BaseDexClassLoader.java:169)
09-13 17:03:34.821 3694 3694 I system_server: at java.lang.Class java.lang.ClassLoader.loadClass(java.lang.String, boolean) (ClassLoader.java:379)
09-13 17:03:34.821 3694 3694 I system_server: at java.lang.Class java.lang.ClassLoader.loadClass(java.lang.String) (ClassLoader.java:312)
09-13 17:03:34.821 3694 3694 I system_server: at java.lang.Class java.lang.Class.classForName(java.lang.String, boolean, java.lang.ClassLoader) (Class.java:-2)
09-13 17:03:34.821 3694 3694 I system_server: at java.lang.Class java.lang.Class.forName(java.lang.String, boolean, java.lang.ClassLoader) (Class.java:453)
09-13 17:03:34.821 3694 3694 I system_server: at java.lang.Runnable com.android.internal.os.RuntimeInit.findStaticMain(java.lang.String, java.lang.String[], java.lang.ClassLoader) (RuntimeInit.java:336)
09-13 17:03:34.822 3694 3694 I system_server: at java.lang.Runnable com.android.internal.os.RuntimeInit.applicationInit(int, java.lang.String[], java.lang.ClassLoader) (RuntimeInit.java:409)
09-13 17:03:34.822 3694 3694 I system_server: at java.lang.Runnable com.android.internal.os.ZygoteInit.zygoteInit(int, java.lang.String[], java.lang.ClassLoader) (ZygoteInit.java:912)
09-13 17:03:34.822 3694 3694 I system_server: at java.lang.Runnable com.android.internal.os.ZygoteInit.handleSystemServerProcess(com.android.internal.os.ZygoteConnection$Arguments) (ZygoteInit.java:506)
09-13 17:03:34.822 3694 3694 I system_server: at java.lang.Runnable com.android.internal.os.ZygoteInit.forkSystemServer(java.lang.String, java.lang.String, com.android.internal.os.ZygoteServer) (ZygoteInit.java:730)
09-13 17:03:34.822 3694 3694 I system_server: at void com.android.internal.os.ZygoteInit.main(java.lang.String[]) (ZygoteInit.java:833)
09-13 17:03:34.822 3694 3694 I system_server:
09-13 17:03:34.822 3694 3694 I system_server: Rejecting re-init on previously-failed class java.lang.Class: java.lang.NoClassDefFoundError: Failed resolution of: Landroid/view/WindowManagerPolicy$WindowManagerFuncs;
09-13 17:03:34.822 3694 3694 I system_server: at java.lang.Class java.lang.Class.classForName(java.lang.String, boolean, java.lang.ClassLoader) (Class.java:-2)
09-13 17:03:34.822 3694 3694 I system_server: at java.lang.Class java.lang.Class.forName(java.lang.String, boolean, java.lang.ClassLoader) (Class.java:453)
09-13 17:03:34.822 3694 3694 I system_server: at java.lang.Runnable com.android.internal.os.RuntimeInit.findStaticMain(java.lang.String, java.lang.String[], java.lang.ClassLoader) (RuntimeInit.java:336)
09-13 17:03:34.822 3694 3694 I system_server: at java.lang.Runnable com.android.internal.os.RuntimeInit.applicationInit(int, java.lang.String[], java.lang.ClassLoader) (RuntimeInit.java:409)
09-13 17:03:34.822 3694 3694 I system_server: at java.lang.Runnable com.android.internal.os.ZygoteInit.zygoteInit(int, java.lang.String[], java.lang.ClassLoader) (ZygoteInit.java:912)
09-13 17:03:34.822 3694 3694 I system_server: at java.lang.Runnable com.android.internal.os.ZygoteInit.handleSystemServerProcess(com.android.internal.os.ZygoteConnection$Arguments) (ZygoteInit.java:506)
09-13 17:03:34.822 3694 3694 I system_server: at java.lang.Runnable com.android.internal.os.ZygoteInit.forkSystemServer(java.lang.String, java.lang.String, com.android.internal.os.ZygoteServer) (ZygoteInit.java:730)
09-13 17:03:34.822 3694 3694 I system_server: at void com.android.internal.os.ZygoteInit.main(java.lang.String[]) (ZygoteInit.java:833)
09-13 17:03:34.822 3694 3694 I system_server: Caused by: java.lang.ClassNotFoundException: Didn't find class "android.view.WindowManagerPolicy$WindowManagerFuncs" on path: DexPathList[[zip file "/system/framework/services.jar", zip file "/system/framework/ethernet-service.jar", zip file "/system/framework/wifi-service.jar", zip file "/system/framework/com.android.location.provider.jar"],nativeLibraryDirectories=[/system/lib64, /system/vendor/lib64, /system/lib64, /system/vendor/lib64]]
09-13 17:03:34.822 3694 3694 I system_server: at java.lang.Class dalvik.system.BaseDexClassLoader.findClass(java.lang.String) (BaseDexClassLoader.java:169)
09-13 17:03:34.822 3694 3694 I system_server: at java.lang.Class java.lang.ClassLoader.loadClass(java.lang.String, boolean) (ClassLoader.java:379)
09-13 17:03:34.822 3694 3694 I system_server: at java.lang.Class java.lang.ClassLoader.loadClass(java.lang.String) (ClassLoader.java:312)
09-13 17:03:34.822 3694 3694 I system_server: at java.lang.Class java.lang.Class.classForName(java.lang.String, boolean, java.lang.ClassLoader) (Class.java:-2)
09-13 17:03:34.822 3694 3694 I system_server: at java.lang.Class java.lang.Class.forName(java.lang.String, boolean, java.lang.ClassLoader) (Class.java:453)
09-13 17:03:34.822 3694 3694 I system_server: at java.lang.Runnable com.android.internal.os.RuntimeInit.findStaticMain(java.lang.String, java.lang.String[], java.lang.ClassLoader) (RuntimeInit.java:336)
09-13 17:03:34.822 3694 3694 I system_server: at java.lang.Runnable com.android.internal.os.RuntimeInit.applicationInit(int, java.lang.String[], java.lang.ClassLoader) (RuntimeInit.java:409)
09-13 17:03:34.822 3694 3694 I system_server: at java.lang.Runnable com.android.internal.os.ZygoteInit.zygoteInit(int, java.lang.String[], java.lang.ClassLoader) (ZygoteInit.java:912)
09-13 17:03:34.822 3694 3694 I system_server: at java.lang.Runnable com.android.internal.os.ZygoteInit.handleSystemServerProcess(com.android.internal.os.ZygoteConnection$Arguments) (ZygoteInit.java:506)
09-13 17:03:34.823 3694 3694 I system_server: at java.lang.Runnable com.android.internal.os.ZygoteInit.forkSystemServer(java.lang.String, java.lang.String, com.android.internal.os.ZygoteServer) (ZygoteInit.java:730)
09-13 17:03:34.823 3694 3694 I system_server: at void com.android.internal.os.ZygoteInit.main(java.lang.String[]) (ZygoteInit.java:833)
09-13 17:03:34.823 3694 3694 I system_server:
09-13 17:03:34.823 3733 3733 W ip6tables-wrapp: type=1400 audit(0.0:757): avc: denied { read write } for path="/dev/diag" dev="tmpfs" ino=7350 scontext=u:r:netutils_wrapper:s0 tcontext=u:object_r:diag_device:s0 tclass=chr_file permissive=0
09-13 17:03:34.837 3694 3694 I system_server: Rejecting re-init on previously-failed class java.lang.Class: java.lang.NoClassDefFoundError: Failed resolution of: Landroid/view/WindowManagerPolicy$WindowManagerFuncs;
09-13 17:03:34.837 3694 3694 I system_server: at java.lang.Class java.lang.Class.classForName(java.lang.String, boolean, java.lang.ClassLoader) (Class.java:-2)
09-13 17:03:34.837 3694 3694 I system_server: at java.lang.Class java.lang.Class.forName(java.lang.String, boolean, java.lang.ClassLoader) (Class.java:453)
09-13 17:03:34.837 3694 3694 I system_server: at java.lang.Runnable com.android.internal.os.RuntimeInit.findStaticMain(java.lang.String, java.lang.String[], java.lang.ClassLoader) (RuntimeInit.java:336)
09-13 17:03:34.837 3694 3694 I system_server: at java.lang.Runnable com.android.internal.os.RuntimeInit.applicationInit(int, java.lang.String[], java.lang.ClassLoader) (RuntimeInit.java:409)
09-13 17:03:34.837 3694 3694 I system_server: at java.lang.Runnable com.android.internal.os.ZygoteInit.zygoteInit(int, java.lang.String[], java.lang.ClassLoader) (ZygoteInit.java:912)
09-13 17:03:34.837 3694 3694 I system_server: at java.lang.Runnable com.android.internal.os.ZygoteInit.handleSystemServerProcess(com.android.internal.os.ZygoteConnection$Arguments) (ZygoteInit.java:506)
09-13 17:03:34.837 3694 3694 I system_server: at java.lang.Runnable com.android.internal.os.ZygoteInit.forkSystemServer(java.lang.String, java.lang.String, com.android.internal.os.ZygoteServer) (ZygoteInit.java:730)
09-13 17:03:34.837 3694 3694 I system_server: at void com.android.internal.os.ZygoteInit.main(java.lang.String[]) (ZygoteInit.java:833)
09-13 17:03:34.837 3694 3694 I system_server: Caused by: java.lang.ClassNotFoundException: Didn't find class "android.view.WindowManagerPolicy$WindowManagerFuncs" on path: DexPathList[[zip file "/system/framework/services.jar", zip file "/system/framework/ethernet-service.jar", zip file "/system/framework/wifi-service.jar", zip file "/system/framework/com.android.location.provider.jar"],nativeLibraryDirectories=[/system/lib64, /system/vendor/lib64, /system/lib64, /system/vendor/lib64]]
09-13 17:03:34.837 3694 3694 I system_server: at java.lang.Class dalvik.system.BaseDexClassLoader.findClass(java.lang.String) (BaseDexClassLoader.java:169)
09-13 17:03:34.837 3694 3694 I system_server: at java.lang.Class java.lang.ClassLoader.loadClass(java.lang.String, boolean) (ClassLoader.java:379)
09-13 17:03:34.837 3694 3694 I system_server: at java.lang.Class java.lang.ClassLoader.loadClass(java.lang.String) (ClassLoader.java:312)
09-13 17:03:34.837 3694 3694 I system_server: at java.lang.Class java.lang.Class.classForName(java.lang.String, boolean, java.lang.ClassLoader) (Class.java:-2)
09-13 17:03:34.837 3694 3694 I system_server: at java.lang.Class java.lang.Class.forName(java.lang.String, boolean, java.lang.ClassLoader) (Class.java:453)
09-13 17:03:34.837 3694 3694 I system_server: at java.lang.Runnable com.android.internal.os.RuntimeInit.findStaticMain(java.lang.String, java.lang.String[], java.lang.ClassLoader) (RuntimeInit.java:336)
09-13 17:03:34.837 3694 3694 I system_server: at java.lang.Runnable com.android.internal.os.RuntimeInit.applicationInit(int, java.lang.String[], java.lang.ClassLoader) (RuntimeInit.java:409)
09-13 17:03:34.837 3694 3694 I system_server: at java.lang.Runnable com.android.internal.os.ZygoteInit.zygoteInit(int, java.lang.String[], java.lang.ClassLoader) (ZygoteInit.java:912)
09-13 17:03:34.837 3694 3694 I system_server: at java.lang.Runnable com.android.internal.os.ZygoteInit.handleSystemServerProcess(com.android.internal.os.ZygoteConnection$Arguments) (ZygoteInit.java:506)
09-13 17:03:34.837 3694 3694 I system_server: at java.lang.Runnable com.android.internal.os.ZygoteInit.forkSystemServer(java.lang.String, java.lang.String, com.android.internal.os.ZygoteServer) (ZygoteInit.java:730)
09-13 17:03:34.837 3694 3694 I system_server: at void com.android.internal.os.ZygoteInit.main(java.lang.String[]) (ZygoteInit.java:833)
09-13 17:03:34.837 3694 3694 I system_server:
09-13 17:03:34.839 3694 3694 I system_server: Rejecting re-init on previously-failed class java.lang.Class: java.lang.NoClassDefFoundError: Failed resolution of: Landroid/view/WindowManagerPolicy$WindowManagerFuncs;
09-13 17:03:34.839 3694 3694 I system_server: at java.lang.Class java.lang.Class.classForName(java.lang.String, boolean, java.lang.ClassLoader) (Class.java:-2)
09-13 17:03:34.839 3694 3694 I system_server: at java.lang.Class java.lang.Class.forName(java.lang.String, boolean, java.lang.ClassLoader) (Class.java:453)
09-13 17:03:34.839 3694 3694 I system_server: at java.lang.Runnable com.android.internal.os.RuntimeInit.findStaticMain(java.lang.String, java.lang.String[], java.lang.ClassLoader) (RuntimeInit.java:336)
09-13 17:03:34.839 3694 3694 I system_server: at java.lang.Runnable com.android.internal.os.RuntimeInit.applicationInit(int, java.lang.String[], java.lang.ClassLoader) (RuntimeInit.java:409)
09-13 17:03:34.839 3694 3694 I system_server: at java.lang.Runnable com.android.internal.os.ZygoteInit.zygoteInit(int, java.lang.String[], java.lang.ClassLoader) (ZygoteInit.java:912)
09-13 17:03:34.839 3694 3694 I system_server: at java.lang.Runnable com.android.internal.os.ZygoteInit.handleSystemServerProcess(com.android.internal.os.ZygoteConnection$Arguments) (ZygoteInit.java:506)
09-13 17:03:34.839 3694 3694 I system_server: at java.lang.Runnable com.android.internal.os.ZygoteInit.forkSystemServer(java.lang.String, java.lang.String, com.android.internal.os.ZygoteServer) (ZygoteInit.java:730)
09-13 17:03:34.839 3694 3694 I system_server: at void com.android.internal.os.ZygoteInit.main(java.lang.String[]) (ZygoteInit.java:833)
09-13 17:03:34.839 3694 3694 I system_server: Caused by: java.lang.ClassNotFoundException: Didn't find class "android.view.WindowManagerPolicy$WindowManagerFuncs" on path: DexPathList[[zip file "/system/framework/services.jar", zip file "/system/framework/ethernet-service.jar", zip file "/system/framework/wifi-service.jar", zip file "/system/framework/com.android.location.provider.jar"],nativeLibraryDirectories=[/system/lib64, /system/vendor/lib64, /system/lib64, /system/vendor/lib64]]
