03-23 19:09:41.325 499 825 I Magisk : bind_mount: /system/framework/arm64/boot-framework-oahl-backward-compatibility.art
03-23 19:09:41.326 499 825 I Magisk : bind_mount: /system/framework/arm64/boot-core-libart.art
03-23 19:09:41.326 499 825 I Magisk : copy_link : /system/framework/arm64/boot-wapicertstore.vdex
03-23 19:09:41.326 499 825 I Magisk : copy_link : /system/framework/arm64/boot-com.qualcomm.qti.camera.vdex
03-23 19:09:41.326 499 825 I Magisk : bind_mount: /system/framework/arm64/boot-WfdCommon.oat
03-23 19:09:41.326 499 825 I Magisk : bind_mount: /system/framework/arm64/boot-telephony-common.oat
03-23 19:09:41.326 499 825 I Magisk : bind_mount: /system/framework/arm64/boot-voip-common.art.rel
03-23 19:09:41.326 499 825 I Magisk : bind_mount: /system/framework/arm64/boot-oneplus_sdk_utils.art
03-23 19:09:41.327 499 825 I Magisk : copy_link : /system/framework/arm64/boot.vdex
03-23 19:09:41.328 499 825 I Magisk : bind_mount: /system/framework/arm64/boot-qcrilhook.art
03-23 19:09:41.328 499 825 I Magisk : copy_link : /system/framework/arm64/boot-qcrilhook.vdex
03-23 19:09:41.328 499 825 I Magisk : bind_mount: /system/framework/arm64/boot-oneplus_sdk_wrapper.art
03-23 19:09:41.328 499 825 I Magisk : bind_mount: /system/framework/arm64/boot-android.test.base.art
03-23 19:09:41.328 499 825 I Magisk : bind_mount: /system/framework/arm64/boot-tcmiface.oat
03-23 19:09:41.328 499 825 I Magisk : copy_link : /system/framework/arm64/boot-android.hidl.base-V1.0-java.vdex
03-23 19:09:41.328 499 825 I Magisk : bind_mount: /system/framework/arm64/boot-framework.oat
03-23 19:09:41.328 499 825 I Magisk : bind_mount: /system/framework/arm64/boot-voip-common.art
03-23 19:09:41.328 499 825 I Magisk : bind_mount: /system/framework/arm64/boot-QPerformance.art.rel
03-23 19:09:41.329 499 825 I Magisk : bind_mount: /system/framework/arm64/boot-conscrypt.art
03-23 19:09:41.329 499 825 I Magisk : bind_mount: /system/framework/arm64/boot-oem-services.art.rel
03-23 19:09:41.329 499 825 I Magisk : copy_link : /system/framework/arm64/boot-oneplus_sdk_utils.vdex
03-23 19:09:41.329 499 825 I Magisk : bind_mount: /system/framework/arm64/boot.art
03-23 19:09:41.329 499 825 I Magisk : copy_link : /system/framework/arm64/boot-core-libart.vdex
03-23 19:09:41.329 499 825 I Magisk : bind_mount: /system/framework/arm64/boot-android.hidl.manager-V1.0-java.art.rel
03-23 19:09:41.329 499 825 I Magisk : bind_mount: /system/framework/arm64/boot-core-oj.art
03-23 19:09:41.329 499 825 I Magisk : copy_link : /system/framework/arm64/boot-com.nxp.nfc.vdex
03-23 19:09:41.329 499 825 I Magisk : copy_link : /system/framework/arm64/boot-telephony-ext.vdex
03-23 19:09:41.329 499 825 I Magisk : bind_mount: /system/framework/arm64/boot-tcmiface.art
03-23 19:09:41.330 499 825 I Magisk : copy_link : /system/framework/arm64/boot-android.hidl.manager-V1.0-java.vdex
03-23 19:09:41.330 499 825 I Magisk : bind_mount: /system/framework/arm64/boot-oneplus_sdk_utils.art.rel
03-23 19:09:41.330 499 825 I Magisk : bind_mount: /system/framework/arm64/boot-telephony-ext.oat
03-23 19:09:41.330 499 825 I Magisk : bind_mount: /system/framework/arm64/boot-oem-services.art
03-23 19:09:41.330 499 825 I Magisk : bind_mount: /system/framework/arm64/boot-UxPerformance.art
03-23 19:09:41.330 499 825 I Magisk : bind_mount: /system/framework/arm64/boot-wapicertstore.oat
03-23 19:09:41.330 499 825 I Magisk : bind_mount: /system/framework/arm64/boot-core-oj.art.rel
03-23 19:09:41.330 499 825 I Magisk : bind_mount: /system/framework/arm64/boot-ims-common.art.rel
03-23 19:09:41.330 499 825 I Magisk : bind_mount: /system/framework/arm64/boot-telephony-ext.art.rel
03-23 19:09:41.330 499 825 I Magisk : bind_mount: /system/framework/arm64/boot-okhttp.art.rel
03-23 19:09:41.330 499 825 I Magisk : copy_link : /system/framework/arm64/boot-telephony-common.vdex
03-23 19:09:41.331 499 825 I Magisk : bind_mount: /system/framework/arm64/boot-okhttp.art
03-23 19:09:41.331 499 825 I Magisk : bind_mount: /system/framework/arm64/boot-core-libart.art.rel
03-23 19:09:41.331 526 807 E audio_route: Control 'SpkrLeft COMP Switch' doesn't exist - skipping
03-23 19:09:41.331 499 825 I Magisk : bind_mount: /system/framework/arm64/boot-android.hidl.base-V1.0-java.oat
03-23 19:09:41.331 499 825 I Magisk : bind_mount: /system/framework/arm64/boot-ims-common.oat
03-23 19:09:41.331 499 825 I Magisk : bind_mount: /system/framework/arm64/boot-core-oj.oat
03-23 19:09:41.331 526 807 E audio_route: Control 'SpkrRight COMP Switch' doesn't exist - skipping
03-23 19:09:41.331 499 825 I Magisk : bind_mount: /system/framework/arm64/boot-telephony-common.art
03-23 19:09:41.331 526 807 E audio_route: Control 'SpkrLeft BOOST Switch' doesn't exist - skipping
03-23 19:09:41.331 526 807 E audio_route: Control 'SpkrRight BOOST Switch' doesn't exist - skipping
03-23 19:09:41.331 526 807 E audio_route: Control 'SpkrLeft VISENSE Switch' doesn't exist - skipping
03-23 19:09:41.332 526 807 E audio_route: Control 'SpkrRight VISENSE Switch' doesn't exist - skipping
03-23 19:09:41.332 526 807 E audio_route: Control 'SpkrLeft SWR DAC_Port Switch' doesn't exist - skipping
03-23 19:09:41.332 526 807 E audio_route: Control 'SpkrRight SWR DAC_Port Switch' doesn't exist - skipping
03-23 19:09:41.333 499 825 I Magisk : copy_link : /system/framework/arm64/boot-framework-oahl-backward-compatibility.vdex
03-23 19:09:41.333 499 825 I Magisk : copy_link : /system/framework/arm64/boot-apache-xml.vdex
03-23 19:09:41.333 499 825 I Magisk : bind_mount: /system/framework/arm64/boot-ext.art
03-23 19:09:41.333 499 825 I Magisk : copy_link : /system/framework/arm64/boot-core-oj.vdex
03-23 19:09:41.333 499 825 I Magisk : bind_mount: /system/framework/arm64/boot-conscrypt.oat
03-23 19:09:41.333 499 825 I Magisk : copy_link : /system/framework/arm64/boot-framework.vdex
03-23 19:09:41.333 499 825 I Magisk : bind_mount: /system/framework/arm64/boot-WfdCommon.art
03-23 19:09:41.333 499 825 I Magisk : bind_mount: /system/framework/arm64/boot-ims-common.art
03-23 19:09:41.333 499 825 I Magisk : bind_mount: /system/framework/arm64/boot-tcmiface.art.rel
03-23 19:09:41.334 499 825 I Magisk : copy_link : /system/framework/arm64/boot-voip-common.vdex
03-23 19:09:41.334 499 825 I Magisk : copy_link : /system/framework/arm64/boot-ims-common.vdex
03-23 19:09:41.334 499 825 I Magisk : bind_mount: /system/framework/arm64/boot-android.hidl.manager-V1.0-java.oat
03-23 19:09:41.334 499 825 I Magisk : bind_mount: /system/framework/arm64/boot-com.qualcomm.qti.camera.art
03-23 19:09:41.334 499 825 I Magisk : bind_mount: /system/framework/arm64/boot-QPerformance.oat
03-23 19:09:41.334 499 825 I Magisk : copy_link : /system/framework/arm64/boot-WfdCommon.vdex
03-23 19:09:41.334 499 825 I Magisk : bind_mount: /system/framework/arm64/boot-framework-oahl-backward-compatibility.art.rel
03-23 19:09:41.334 499 825 I Magisk : bind_mount: /system/framework/arm64/boot-qcrilhook.oat
03-23 19:09:41.334 499 825 I Magisk : copy_link : /system/framework/arm64/boot-android.test.base.vdex
03-23 19:09:41.334 499 825 I Magisk : bind_mount: /system/framework/arm64/boot-apache-xml.oat
03-23 19:09:41.335 499 825 I Magisk : copy_link : /system/framework/arm64/boot-conscrypt.vdex
03-23 19:09:41.335 499 825 I Magisk : bind_mount: /system/framework/arm64/boot-com.nxp.nfc.oat
03-23 19:09:41.335 499 825 I Magisk : bind_mount: /system/framework/arm64/boot-bouncycastle.art
03-23 19:09:41.335 499 825 I Magisk : bind_mount: /system/framework/arm64/boot-oneplus_sdk_wrapper.art.rel
03-23 19:09:41.335 499 825 I Magisk : bind_mount: /system/framework/arm64/boot-framework.art.rel
03-23 19:09:41.335 499 825 I Magisk : bind_mount: /system/framework/arm64/boot-telephony-ext.art
03-23 19:09:41.335 499 825 I Magisk : bind_mount: /system/framework/arm64/boot-wapicertstore.art
03-23 19:09:41.335 499 825 I Magisk : copy_link : /system/framework/arm64/boot-tcmiface.vdex
03-23 19:09:41.335 499 825 I Magisk : copy_link : /system/framework/arm64/boot-ext.vdex
03-23 19:09:41.335 499 825 I Magisk : copy_link : /system/framework/arm64/boot-oem-services.vdex
03-23 19:09:41.335 499 825 I Magisk : bind_mount: /system/framework/arm64/boot-com.qualcomm.qti.camera.art.rel
03-23 19:09:41.336 499 825 I Magisk : bind_mount: /system/framework/arm64/boot-framework.art
03-23 19:09:41.336 499 825 I Magisk : bind_mount: /system/framework/arm64/boot-bouncycastle.art.rel
03-23 19:09:41.336 499 825 I Magisk : copy_link : /system/framework/arm64/boot-bouncycastle.vdex
03-23 19:09:41.336 499 825 I Magisk : bind_mount: /system/framework/arm64/boot-apache-xml.art
03-23 19:09:41.336 499 825 I Magisk : bind_mount: /system/framework/arm64/boot-qcnvitems.art
03-23 19:09:41.336 499 825 I Magisk : bind_mount: /system/framework/arm64/boot-com.qualcomm.qti.camera.oat
03-23 19:09:41.336 499 825 I Magisk : bind_mount: /system/framework/arm64/boot-oneplus_sdk_utils.oat
03-23 19:09:41.336 499 825 I Magisk : bind_mount: /system/framework/arm64/boot-framework-oahl-backward-compatibility.oat
03-23 19:09:41.337 499 825 I Magisk : bind_mount: /system/framework/arm64/boot-core-libart.oat
03-23 19:09:41.338 499 825 I Magisk : copy_link : /system/framework/arm64/boot-UxPerformance.vdex
03-23 19:09:41.338 499 825 I Magisk : bind_mount: /system/framework/arm64/boot-android.hidl.base-V1.0-java.art.rel
03-23 19:09:41.338 499 825 I Magisk : mnt_tmpfs : /system/framework/oat/arm
03-23 19:09:41.339 499 825 I Magisk : bind_mount: /system/framework/oat/arm/services.odex
03-23 19:09:41.339 499 825 I Magisk : bind_mount: /system/framework/oat/arm/vendor.qti.latency-V2.0-java.vdex
03-23 19:09:41.339 499 825 I Magisk : bind_mount: /system/framework/oat/arm/com.qti.location.sdk.odex
03-23 19:09:41.339 499 825 I Magisk : bind_mount: /system/framework/oat/arm/vendor.qti.voiceprint-V1.0-java.vdex
03-23 19:09:41.339 499 825 I Magisk : bind_mount: /system/framework/oat/arm/vendor.oneplus.hardware.param-V1.0-java.vdex
03-23 19:09:41.340 499 825 I Magisk : bind_mount: /system/framework/oat/arm/dpm.vdex
03-23 19:09:41.340 499 825 I Magisk : bind_mount: /system/framework/oat/arm/com.android.mediadrm.signer.odex
03-23 19:09:41.340 499 825 I Magisk : bind_mount: /system/framework/oat/arm/svc.vdex
03-23 19:09:41.340 499 825 I Magisk : bind_mount: /system/framework/oat/arm/vendor.qti.hardware.data.connection-V1.0-java.vdex
03-23 19:09:41.340 499 825 I Magisk : bind_mount: /system/framework/oat/arm/vendor.qti.hardware.fingerprint-V1.0-java.odex
03-23 19:09:41.340 499 825 I Magisk : bind_mount: /system/framework/oat/arm/qti-telephony-common.vdex
03-23 19:09:41.340 499 825 I Magisk : bind_mount: /system/framework/oat/arm/telecom.odex
03-23 19:09:41.340 499 825 I Magisk : bind_mount: /system/framework/oat/arm/media_cmd.vdex
03-23 19:09:41.340 499 825 I Magisk : bind_mount: /system/framework/oat/arm/media_cmd.odex
03-23 19:09:41.340 499 825 I Magisk : bind_mount: /system/framework/oat/arm/uiautomator.vdex
03-23 19:09:41.340 499 825 I Magisk : bind_mount: /system/framework/oat/arm/am.odex
03-23 19:09:41.341 499 825 I Magisk : bind_mount: /system/framework/oat/arm/sm.vdex
03-23 19:09:41.341 499 825 I Magisk : bind_mount: /system/framework/oat/arm/vendor.oneplus.hardware.param-V1.0-java.odex
03-23 19:09:41.341 499 825 I Magisk : bind_mount: /system/framework/oat/arm/com.android.future.usb.accessory.vdex
03-23 19:09:41.341 499 825 I Magisk : bind_mount: /system/framework/oat/arm/svc.odex
03-23 19:09:41.341 499 825 I Magisk : bind_mount: /system/framework/oat/arm/com.qti.snapdragon.sdk.display.odex
03-23 19:09:41.341 499 825 I Magisk : bind_mount: /system/framework/oat/arm/vendor.qti.ims.callinfo-V1.0-java.vdex
03-23 19:09:41.341 499 825 I Magisk : bind_mount: /system/framework/oat/arm/org.apache.http.legacy.boot.odex
03-23 19:09:41.341 499 825 I Magisk : bind_mount: /system/framework/oat/arm/QtiTelephonyServicelibrary.odex
03-23 19:09:41.341 499 825 I Magisk : bind_mount: /system/framework/oat/arm/javax.obex.vdex
03-23 19:09:41.341 499 825 I Magisk : bind_mount: /system/framework/oat/arm/content.vdex
03-23 19:09:41.341 499 825 I Magisk : bind_mount: /system/framework/oat/arm/vendor.oneplus.fingerprint.extension-V1.0-java.vdex
03-23 19:09:41.342 499 825 I Magisk : bind_mount: /system/framework/oat/arm/com.google.android.maps.odex
03-23 19:09:41.342 499 825 I Magisk : bind_mount: /system/framework/oat/arm/vendor.qti.latency-V2.0-java.odex
03-23 19:09:41.342 499 825 I Magisk : bind_mount: /system/framework/oat/arm/com.qualcomm.qti.uceservice-V2.0-java.vdex
03-23 19:09:41.342 499 825 I Magisk : bind_mount: /system/framework/oat/arm/vendor.qti.hardware.sensorscalibrate-V1.0-java.odex
03-23 19:09:41.342 499 825 I Magisk : bind_mount: /system/framework/oat/arm/com.android.future.usb.accessory.odex
03-23 19:09:41.342 499 825 I Magisk : bind_mount: /system/framework/oat/arm/javax.obex.odex
03-23 19:09:41.342 499 825 I Magisk : bind_mount: /system/framework/oat/arm/vendor.qti.hardware.data.dynamicdds-V1.0-java.odex
03-23 19:09:41.342 499 825 I Magisk : bind_mount: /system/framework/oat/arm/vendor.qti.hardware.data.dynamicdds-V1.0-java.vdex
03-23 19:09:41.342 499 825 I Magisk : bind_mount: /system/framework/oat/arm/vendor.qti.hardware.data.latency-V1.0-java.odex
03-23 19:09:41.343 499 825 I Magisk : bind_mount: /system/framework/oat/arm/com.qti.location.sdk.art
03-23 19:09:41.344 526 807 E audio_route: Control 'MultiMedia8 Mixer AUX_PCM_UL_TX' doesn't exist - skipping
03-23 19:09:41.343 499 825 I Magisk : bind_mount: /system/framework/oat/arm/sm.odex
03-23 19:09:41.345 526 807 E audio_route: Control 'LSM1 MUX' doesn't exist - skipping
03-23 19:09:41.345 499 825 I Magisk : bind_mount: /system/framework/oat/arm/android.test.mock.vdex
03-23 19:09:41.345 499 825 I Magisk : bind_mount: /system/framework/oat/arm/uimlpalibrary.vdex
03-23 19:09:41.345 499 825 I Magisk : bind_mount: /system/framework/oat/arm/monkey.vdex
03-23 19:09:41.345 526 807 E audio_route: Control 'LSM2 MUX' doesn't exist - skipping
03-23 19:09:41.345 499 825 I Magisk : bind_mount: /system/framework/oat/arm/content.odex
03-23 19:09:41.345 499 825 I Magisk : bind_mount: /system/framework/oat/arm/bu.odex
03-23 19:09:41.345 526 807 E audio_route: Control 'LSM3 MUX' doesn't exist - skipping
03-23 19:09:41.345 499 825 I Magisk : bind_mount: /system/framework/oat/arm/QtiTelephonyServicelibrary.vdex
03-23 19:09:41.345 499 825 I Magisk : bind_mount: /system/framework/oat/arm/requestsync.vdex
03-23 19:09:41.345 526 807 E audio_route: Control 'LSM4 MUX' doesn't exist - skipping
03-23 19:09:41.345 499 825 I Magisk : bind_mount: /system/framework/oat/arm/vendor.qti.ims.rcsconfig-V1.0-java.vdex
03-23 19:09:41.345 499 825 I Magisk : bind_mount: /system/framework/oat/arm/vendor.qti.hardware.fingerprint-V1.0-java.vdex
03-23 19:09:41.345 526 807 E audio_route: Control 'LSM5 MUX' doesn't exist - skipping
03-23 19:09:41.345 499 825 I Magisk : bind_mount: /system/framework/oat/arm/remotesimlockmanagerlibrary.vdex
03-23 19:09:41.346 499 825 I Magisk : bind_mount: /system/framework/oat/arm/uiautomator.odex
03-23 19:09:41.346 526 807 E audio_route: Control 'LSM6 MUX' doesn't exist - skipping
03-23 19:09:41.346 499 825 I Magisk : bind_mount: /system/framework/oat/arm/android.test.mock.odex
03-23 19:09:41.346 499 825 I Magisk : bind_mount: /system/framework/oat/arm/vendor.qti.hardware.soter-V1.0-java.odex
03-23 19:09:41.346 526 807 E audio_route: Control 'LSM7 MUX' doesn't exist - skipping
03-23 19:09:41.346 499 825 I Magisk : bind_mount: /system/framework/oat/arm/com.qualcomm.qti.uceservice-V2.0-java.odex
03-23 19:09:41.346 499 825 I Magisk : bind_mount: /system/framework/oat/arm/com.android.media.remotedisplay.odex
03-23 19:09:41.346 526 807 E audio_route: Control 'LSM8 MUX' doesn't exist - skipping
03-23 19:09:41.346 499 825 I Magisk : bind_mount: /system/framework/oat/arm/remotesimlockmanagerlibrary.odex
03-23 19:09:41.346 499 825 I Magisk : bind_mount: /system/framework/oat/arm/vendor.qti.hardware.data.latency-V1.0-java.vdex
03-23 19:09:41.346 499 825 I Magisk : bind_mount: /system/framework/oat/arm/bmgr.vdex
03-23 19:09:41.346 499 825 I Magisk : bind_mount: /system/framework/oat/arm/telecom.vdex
03-23 19:09:41.346 499 825 I Magisk : bind_mount: /system/framework/oat/arm/com.qualcomm.qti.imscmservice-V2.1-java.vdex
03-23 19:09:41.347 499 825 I Magisk : bind_mount: /system/framework/oat/arm/vendor.qti.ims.rcsconfig-V1.0-java.odex
03-23 19:09:41.347 499 825 I Magisk : bind_mount: /system/framework/oat/arm/com.qualcomm.qti.imscmservice-V2.0-java.odex
03-23 19:09:41.347 499 825 I Magisk : bind_mount: /system/framework/oat/arm/input.odex
03-23 19:09:41.347 499 825 I Magisk : bind_mount: /system/framework/oat/arm/uimlpalibrary.odex
03-23 19:09:41.347 499 825 I Magisk : bind_mount: /system/framework/oat/arm/vendor.oneplus.fingerprint.extension-V1.0-java.odex
03-23 19:09:41.347 499 825 I Magisk : bind_mount: /system/framework/oat/arm/android.test.runner.odex
03-23 19:09:41.347 499 825 I Magisk : bind_mount: /system/framework/oat/arm/com.android.nfc_extras.vdex
03-23 19:09:41.347 499 825 I Magisk : bind_mount: /system/framework/oat/arm/com.android.media.remotedisplay.vdex
03-23 19:09:41.347 499 825 I Magisk : bind_mount: /system/framework/oat/arm/ConnectivityExt.vdex
03-23 19:09:41.347 499 825 I Magisk : bind_mount: /system/framework/oat/arm/vr.vdex
03-23 19:09:41.347 499 825 I Magisk : bind_mount: /system/framework/oat/arm/vendor.qti.voiceprint-V1.0-java.odex
03-23 19:09:41.348 499 825 I Magisk : bind_mount: /system/framework/oat/arm/dpm.odex
03-23 19:09:41.348 499 825 I Magisk : bind_mount: /system/framework/oat/arm/embryo.odex
03-23 19:09:41.348 499 825 I Magisk : bind_mount: /system/framework/oat/arm/com.qualcomm.qti.imscmservice-V2.1-java.odex
03-23 19:09:41.348 499 825 I Magisk : bind_mount: /system/framework/oat/arm/appwidget.vdex
03-23 19:09:41.348 499 825 I Magisk : bind_mount: /system/framework/oat/arm/com.qti.snapdragon.sdk.display.vdex
03-23 19:09:41.348 499 825 I Magisk : bind_mount: /system/framework/oat/arm/vendor.qti.hardware.soter-V1.0-java.vdex
03-23 19:09:41.348 499 825 I Magisk : bind_mount: /system/framework/oat/arm/com.google.android.maps.vdex
03-23 19:09:41.348 499 825 I Magisk : bind_mount: /system/framework/oat/arm/vr.odex
03-23 19:09:41.348 499 825 I Magisk : bind_mount: /system/framework/oat/arm/hid.vdex
03-23 19:09:41.348 499 825 I Magisk : bind_mount: /system/framework/oat/arm/vendor.qti.hardware.data.connection-V1.0-java.odex
03-23 19:09:41.348 499 825 I Magisk : bind_mount: /system/framework/oat/arm/bmgr.odex
03-23 19:09:41.348 499 825 I Magisk : bind_mount: /system/framework/oat/arm/com.android.nfc_extras.odex
03-23 19:09:41.349 499 825 I Magisk : bind_mount: /system/framework/oat/arm/com.qrd.wappush.vdex
03-23 19:09:41.349 499 825 I Magisk : bind_mount: /system/framework/oat/arm/vendor.qti.hardware.sensorscalibrate-V1.0-java.vdex
03-23 19:09:41.349 499 825 I Magisk : bind_mount: /system/framework/oat/arm/bu.vdex
03-23 19:09:41.349 499 825 I Magisk : bind_mount: /system/framework/oat/arm/locksettings.odex
03-23 19:09:41.349 499 825 I Magisk : bind_mount: /system/framework/oat/arm/vendor.qti.ims.callinfo-V1.0-java.odex
03-23 19:09:41.349 499 825 I Magisk : bind_mount: /system/framework/oat/arm/android.test.runner.vdex
03-23 19:09:41.349 499 825 I Magisk : bind_mount: /system/framework/oat/arm/hid.odex
03-23 19:09:41.349 499 825 I Magisk : bind_mount: /system/framework/oat/arm/am.vdex
03-23 19:09:41.349 499 825 I Magisk : bind_mount: /system/framework/oat/arm/uimremotesimlocklibrary.odex
03-23 19:09:41.349 499 825 I Magisk : bind_mount: /system/framework/oat/arm/vendor.qti.hardware.alarm-V1.0-java.vdex
03-23 19:09:41.349 499 825 I Magisk : bind_mount: /system/framework/oat/arm/ConnectivityExt.odex
03-23 19:09:41.350 499 825 I Magisk : bind_mount: /system/framework/oat/arm/locksettings.vdex
03-23 19:09:41.350 499 825 I Magisk : bind_mount: /system/framework/oat/arm/input.vdex
03-23 19:09:41.350 499 825 I Magisk : bind_mount: /system/framework/oat/arm/com.qrd.wappush.odex
03-23 19:09:41.350 499 825 I Magisk : bind_mount: /system/framework/oat/arm/monkey.odex
03-23 19:09:41.350 499 825 I Magisk : bind_mount: /system/framework/oat/arm/com.android.mediadrm.signer.vdex
03-23 19:09:41.350 499 825 I Magisk : bind_mount: /system/framework/oat/arm/requestsync.odex
03-23 19:09:41.350 499 825 I Magisk : bind_mount: /system/framework/oat/arm/vendor.qti.hardware.alarm-V1.0-java.odex
03-23 19:09:41.350 499 825 I Magisk : bind_mount: /system/framework/oat/arm/embryo.vdex
03-23 19:09:41.350 499 825 I Magisk : bind_mount: /system/framework/oat/arm/com.qualcomm.qti.imscmservice-V2.0-java.vdex
03-23 19:09:41.350 499 825 I Magisk : bind_mount: /system/framework/oat/arm/com.qti.location.sdk.vdex
03-23 19:09:41.350 499 825 I Magisk : bind_mount: /system/framework/oat/arm/org.apache.http.legacy.boot.vdex
03-23 19:09:41.350 499 825 I Magisk : bind_mount: /system/framework/oat/arm/appwidget.odex
03-23 19:09:41.351 499 825 I Magisk : bind_mount: /system/framework/oat/arm/uimremotesimlocklibrary.vdex
03-23 19:09:41.351 499 825 I Magisk : bind_mount: /system/framework/oat/arm/qti-telephony-common.odex
03-23 19:09:41.351 499 825 I Magisk : bind_mount: /system/framework/oat/arm64/services.art
03-23 19:09:41.351 499 825 I Magisk : bind_mount: /system/framework/oat/arm64/services.odex
03-23 19:09:41.351 499 825 I Magisk : bind_mount: /system/framework/oat/arm64/services.vdex
03-23 19:09:41.351 499 825 I Magisk : bind_mount: /system/framework/oat/arm64/vendor.qti.latency-V2.0-java.vdex
03-23 19:09:41.351 499 825 I Magisk : bind_mount: /system/framework/oat/arm64/com.qti.location.sdk.odex
03-23 19:09:41.351 526 807 E audio_route: Control 'SLIM_1 SampleRate' doesn't exist - skipping
03-23 19:09:41.352 499 825 I Magisk : bind_mount: /system/framework/oat/arm64/vendor.qti.voiceprint-V1.0-java.vdex
03-23 19:09:41.352 499 825 I Magisk : bind_mount: /system/framework/oat/arm64/vendor.oneplus.hardware.param-V1.0-java.vdex
03-23 19:09:41.352 499 825 I Magisk : bind_mount: /system/framework/oat/arm64/dpm.vdex
03-23 19:09:41.352 499 825 I Magisk : bind_mount: /system/framework/oat/arm64/com.android.mediadrm.signer.odex
03-23 19:09:41.352 499 825 I Magisk : bind_mount: /system/framework/oat/arm64/svc.vdex
03-23 19:09:41.352 499 825 I Magisk : bind_mount: /system/framework/oat/arm64/vendor.qti.hardware.data.connection-V1.0-java.vdex
03-23 19:09:41.352 499 825 I Magisk : bind_mount: /system/framework/oat/arm64/wifi-service.vdex
03-23 19:09:41.352 499 825 I Magisk : bind_mount: /system/framework/oat/arm64/vendor.qti.hardware.fingerprint-V1.0-java.odex
03-23 19:09:41.352 499 825 I Magisk : bind_mount: /system/framework/oat/arm64/qti-telephony-common.vdex
03-23 19:09:41.352 499 825 I Magisk : bind_mount: /system/framework/oat/arm64/telecom.odex
03-23 19:09:41.352 499 825 I Magisk : bind_mount: /system/framework/oat/arm64/media_cmd.vdex
03-23 19:09:41.353 499 825 I Magisk : bind_mount: /system/framework/oat/arm64/media_cmd.odex
03-23 19:09:41.353 499 825 I Magisk : bind_mount: /system/framework/oat/arm64/uiautomator.vdex
03-23 19:09:41.353 499 825 I Magisk : bind_mount: /system/framework/oat/arm64/am.odex
03-23 19:09:41.353 499 825 I Magisk : bind_mount: /system/framework/oat/arm64/sm.vdex
03-23 19:09:41.353 526 807 E audio_route: Control 'SLIM_1 SampleRate' doesn't exist - skipping
03-23 19:09:41.353 499 825 I Magisk : bind_mount: /system/framework/oat/arm64/vendor.oneplus.hardware.param-V1.0-java.odex
03-23 19:09:41.353 499 825 I Magisk : bind_mount: /system/framework/oat/arm64/com.android.future.usb.accessory.vdex
03-23 19:09:41.353 499 825 I Magisk : bind_mount: /system/framework/oat/arm64/svc.odex
03-23 19:09:41.353 499 825 I Magisk : bind_mount: /system/framework/oat/arm64/com.qti.snapdragon.sdk.display.odex
03-23 19:09:41.353 499 825 I Magisk : bind_mount: /system/framework/oat/arm64/vendor.qti.ims.callinfo-V1.0-java.vdex
03-23 19:09:41.353 499 825 I Magisk : bind_mount: /system/framework/oat/arm64/org.apache.http.legacy.boot.odex
03-23 19:09:41.353 499 825 I Magisk : bind_mount: /system/framework/oat/arm64/QtiTelephonyServicelibrary.odex
03-23 19:09:41.354 499 825 I Magisk : bind_mount: /system/framework/oat/arm64/javax.obex.vdex
03-23 19:09:41.354 499 825 I Magisk : bind_mount: /system/framework/oat/arm64/content.vdex
03-23 19:09:41.354 499 825 I Magisk : bind_mount: /system/framework/oat/arm64/vendor.oneplus.fingerprint.extension-V1.0-java.vdex
03-23 19:09:41.354 499 825 I Magisk : bind_mount: /system/framework/oat/arm64/com.google.android.maps.odex
03-23 19:09:41.354 499 825 I Magisk : bind_mount: /system/framework/oat/arm64/ethernet-service.vdex
03-23 19:09:41.354 499 825 I Magisk : bind_mount: /system/framework/oat/arm64/vendor.qti.latency-V2.0-java.odex
03-23 19:09:41.354 499 825 I Magisk : bind_mount: /system/framework/oat/arm64/com.qualcomm.qti.uceservice-V2.0-java.vdex
03-23 19:09:41.354 499 825 I Magisk : bind_mount: /system/framework/oat/arm64/vendor.qti.hardware.sensorscalibrate-V1.0-java.odex
03-23 19:09:41.354 499 825 I Magisk : bind_mount: /system/framework/oat/arm64/com.android.future.usb.accessory.odex
03-23 19:09:41.354 499 825 I Magisk : bind_mount: /system/framework/oat/arm64/javax.obex.odex
03-23 19:09:41.354 499 825 I Magisk : bind_mount: /system/framework/oat/arm64/vendor.qti.hardware.data.dynamicdds-V1.0-java.odex
03-23 19:09:41.355 499 825 I Magisk : bind_mount: /system/framework/oat/arm64/vendor.qti.hardware.data.dynamicdds-V1.0-java.vdex
03-23 19:09:41.355 499 825 I Magisk : bind_mount: /system/framework/oat/arm64/vendor.qti.hardware.data.latency-V1.0-java.odex
03-23 19:09:41.355 499 825 I Magisk : bind_mount: /system/framework/oat/arm64/com.qti.location.sdk.art
03-23 19:09:41.355 499 825 I Magisk : bind_mount: /system/framework/oat/arm64/sm.odex
03-23 19:09:41.355 499 825 I Magisk : bind_mount: /system/framework/oat/arm64/android.test.mock.vdex
03-23 19:09:41.355 499 825 I Magisk : bind_mount: /system/framework/oat/arm64/uimlpalibrary.vdex
03-23 19:09:41.355 499 825 I Magisk : bind_mount: /system/framework/oat/arm64/monkey.vdex
03-23 19:09:41.355 499 825 I Magisk : bind_mount: /system/framework/oat/arm64/content.odex
03-23 19:09:41.355 499 825 I Magisk : bind_mount: /system/framework/oat/arm64/bu.odex
03-23 19:09:41.355 499 825 I Magisk : bind_mount: /system/framework/oat/arm64/QtiTelephonyServicelibrary.vdex
03-23 19:09:41.355 499 825 I Magisk : bind_mount: /system/framework/oat/arm64/requestsync.vdex
03-23 19:09:41.355 499 825 I Magisk : bind_mount: /system/framework/oat/arm64/vendor.qti.ims.rcsconfig-V1.0-java.vdex
03-23 19:09:41.356 499 825 I Magisk : bind_mount: /system/framework/oat/arm64/vendor.qti.hardware.fingerprint-V1.0-java.vdex
03-23 19:09:41.356 499 825 I Magisk : bind_mount: /system/framework/oat/arm64/remotesimlockmanagerlibrary.vdex
03-23 19:09:41.356 499 825 I Magisk : bind_mount: /system/framework/oat/arm64/uiautomator.odex
03-23 19:09:41.356 499 825 I Magisk : bind_mount: /system/framework/oat/arm64/android.test.mock.odex
03-23 19:09:41.356 499 825 I Magisk : bind_mount: /system/framework/oat/arm64/vendor.qti.hardware.soter-V1.0-java.odex
03-23 19:09:41.356 526 807 E audio_route: Control 'SLIM_1 SampleRate' doesn't exist - skipping
03-23 19:09:41.356 499 825 I Magisk : bind_mount: /system/framework/oat/arm64/com.qualcomm.qti.uceservice-V2.0-java.odex
03-23 19:09:41.356 499 825 I Magisk : bind_mount: /system/framework/oat/arm64/com.android.media.remotedisplay.odex
03-23 19:09:41.356 499 825 I Magisk : bind_mount: /system/framework/oat/arm64/remotesimlockmanagerlibrary.odex
03-23 19:09:41.358 526 807 E audio_route: Control 'SLIM_1 SampleRate' doesn't exist - skipping
03-23 19:09:41.359 499 825 I Magisk : bind_mount: /system/framework/oat/arm64/vendor.qti.hardware.data.latency-V1.0-java.vdex
03-23 19:09:41.359 499 825 I Magisk : bind_mount: /system/framework/oat/arm64/bmgr.vdex
03-23 19:09:41.359 499 825 I Magisk : bind_mount: /system/framework/oat/arm64/telecom.vdex
03-23 19:09:41.359 499 825 I Magisk : bind_mount: /system/framework/oat/arm64/com.qualcomm.qti.imscmservice-V2.1-java.vdex
03-23 19:09:41.359 499 825 I Magisk : bind_mount: /system/framework/oat/arm64/vendor.qti.ims.rcsconfig-V1.0-java.odex
03-23 19:09:41.359 499 825 I Magisk : bind_mount: /system/framework/oat/arm64/com.android.location.provider.vdex
03-23 19:09:41.359 499 825 I Magisk : bind_mount: /system/framework/oat/arm64/com.qualcomm.qti.imscmservice-V2.0-java.odex
03-23 19:09:41.359 499 825 I Magisk : bind_mount: /system/framework/oat/arm64/input.odex
03-23 19:09:41.360 499 825 I Magisk : bind_mount: /system/framework/oat/arm64/uimlpalibrary.odex
03-23 19:09:41.360 499 825 I Magisk : bind_mount: /system/framework/oat/arm64/vendor.oneplus.fingerprint.extension-V1.0-java.odex
03-23 19:09:41.360 499 825 I Magisk : bind_mount: /system/framework/oat/arm64/android.test.runner.odex
03-23 19:09:41.360 499 825 I Magisk : bind_mount: /system/framework/oat/arm64/com.android.nfc_extras.vdex
03-23 19:09:41.360 499 825 I Magisk : bind_mount: /system/framework/oat/arm64/com.android.media.remotedisplay.vdex
03-23 19:09:41.360 499 825 I Magisk : bind_mount: /system/framework/oat/arm64/ConnectivityExt.vdex
03-23 19:09:41.360 499 825 I Magisk : bind_mount: /system/framework/oat/arm64/vr.vdex
03-23 19:09:41.360 499 825 I Magisk : bind_mount: /system/framework/oat/arm64/vendor.qti.voiceprint-V1.0-java.odex
03-23 19:09:41.360 499 825 I Magisk : bind_mount: /system/framework/oat/arm64/dpm.odex
03-23 19:09:41.360 499 825 I Magisk : bind_mount: /system/framework/oat/arm64/embryo.odex
03-23 19:09:41.360 526 807 E audio_route: Control 'SLIM_1 SampleRate' doesn't exist - skipping
03-23 19:09:41.360 499 825 I Magisk : bind_mount: /system/framework/oat/arm64/com.qualcomm.qti.imscmservice-V2.1-java.odex
03-23 19:09:41.361 499 825 I Magisk : bind_mount: /system/framework/oat/arm64/appwidget.vdex
03-23 19:09:41.361 499 825 I Magisk : bind_mount: /system/framework/oat/arm64/com.qti.snapdragon.sdk.display.vdex
03-23 19:09:41.361 499 825 I Magisk : bind_mount: /system/framework/oat/arm64/vendor.qti.hardware.soter-V1.0-java.vdex
03-23 19:09:41.361 499 825 I Magisk : bind_mount: /system/framework/oat/arm64/com.android.location.provider.odex
03-23 19:09:41.361 499 825 I Magisk : bind_mount: /system/framework/oat/arm64/com.google.android.maps.vdex
03-23 19:09:41.361 499 825 I Magisk : bind_mount: /system/framework/oat/arm64/vr.odex
03-23 19:09:41.361 499 825 I Magisk : bind_mount: /system/framework/oat/arm64/hid.vdex
03-23 19:09:41.361 499 825 I Magisk : bind_mount: /system/framework/oat/arm64/vendor.qti.hardware.data.connection-V1.0-java.odex
03-23 19:09:41.361 499 825 I Magisk : bind_mount: /system/framework/oat/arm64/bmgr.odex
03-23 19:09:41.361 499 825 I Magisk : bind_mount: /system/framework/oat/arm64/com.android.nfc_extras.odex
03-23 19:09:41.361 499 825 I Magisk : bind_mount: /system/framework/oat/arm64/com.qrd.wappush.vdex
03-23 19:09:41.362 499 825 I Magisk : bind_mount: /system/framework/oat/arm64/vendor.qti.hardware.sensorscalibrate-V1.0-java.vdex
03-23 19:09:41.362 499 825 I Magisk : bind_mount: /system/framework/oat/arm64/wifi-service.odex
03-23 19:09:41.362 499 825 I Magisk : bind_mount: /system/framework/oat/arm64/bu.vdex
03-23 19:09:41.362 499 825 I Magisk : bind_mount: /system/framework/oat/arm64/ethernet-service.odex
03-23 19:09:41.362 499 825 I Magisk : bind_mount: /system/framework/oat/arm64/locksettings.odex
03-23 19:09:41.362 499 825 I Magisk : bind_mount: /system/framework/oat/arm64/vendor.qti.ims.callinfo-V1.0-java.odex
03-23 19:09:41.362 499 825 I Magisk : bind_mount: /system/framework/oat/arm64/android.test.runner.vdex
03-23 19:09:41.362 526 807 E audio_route: Control 'SLIM_1 SampleRate' doesn't exist - skipping
03-23 19:09:41.362 499 825 I Magisk : bind_mount: /system/framework/oat/arm64/hid.odex
03-23 19:09:41.362 499 825 I Magisk : bind_mount: /system/framework/oat/arm64/am.vdex
03-23 19:09:41.362 499 825 I Magisk : bind_mount: /system/framework/oat/arm64/uimremotesimlocklibrary.odex
03-23 19:09:41.362 499 825 I Magisk : bind_mount: /system/framework/oat/arm64/vendor.qti.hardware.alarm-V1.0-java.vdex
03-23 19:09:41.363 499 825 I Magisk : bind_mount: /system/framework/oat/arm64/ConnectivityExt.odex
03-23 19:09:41.363 499 825 I Magisk : bind_mount: /system/framework/oat/arm64/locksettings.vdex
03-23 19:09:41.363 499 825 I Magisk : bind_mount: /system/framework/oat/arm64/input.vdex
03-23 19:09:41.363 499 825 I Magisk : bind_mount: /system/framework/oat/arm64/com.qrd.wappush.odex
03-23 19:09:41.363 499 825 I Magisk : bind_mount: /system/framework/oat/arm64/monkey.odex
03-23 19:09:41.363 499 825 I Magisk : bind_mount: /system/framework/oat/arm64/com.android.mediadrm.signer.vdex
03-23 19:09:41.363 499 825 I Magisk : bind_mount: /system/framework/oat/arm64/requestsync.odex
03-23 19:09:41.363 499 825 I Magisk : bind_mount: /system/framework/oat/arm64/vendor.qti.hardware.alarm-V1.0-java.odex
03-23 19:09:41.363 499 825 I Magisk : bind_mount: /system/framework/oat/arm64/embryo.vdex
03-23 19:09:41.363 499 825 I Magisk : bind_mount: /system/framework/oat/arm64/com.qualcomm.qti.imscmservice-V2.0-java.vdex
03-23 19:09:41.363 499 825 I Magisk : bind_mount: /system/framework/oat/arm64/com.qti.location.sdk.vdex
03-23 19:09:41.364 499 825 I Magisk : bind_mount: /system/framework/oat/arm64/org.apache.http.legacy.boot.vdex
03-23 19:09:41.364 499 825 I Magisk : bind_mount: /system/framework/oat/arm64/appwidget.odex
03-23 19:09:41.364 499 825 I Magisk : bind_mount: /system/framework/oat/arm64/uimremotesimlocklibrary.vdex
03-23 19:09:41.364 499 825 I Magisk : bind_mount: /system/framework/oat/arm64/qti-telephony-common.odex
03-23 19:09:41.364 526 807 E audio_route: Control 'SLIM_1 SampleRate' doesn't exist - skipping
03-23 19:09:41.364 499 825 I Magisk : bind_mount: /system/framework/embmslibrary.jar
03-23 19:09:41.364 499 825 I Magisk : bind_mount: /system/framework/javax.obex.jar
03-23 19:09:41.364 499 825 I Magisk : bind_mount: /system/framework/com.google.android.maps.jar
03-23 19:09:41.364 499 825 I Magisk : bind_mount: /system/framework/boot.vdex
03-23 19:09:41.364 499 825 I Magisk : bind_mount: /system/framework/boot-qcrilhook.vdex
03-23 19:09:41.364 499 825 I Magisk : bind_mount: /system/framework/boot-conscrypt.vdex
03-23 19:09:41.364 499 825 I Magisk : bind_mount: /system/framework/vr.jar
03-23 19:09:41.365 499 825 I Magisk : bind_mount: /system/framework/boot-core-libart.vdex
03-23 19:09:41.365 499 825 I Magisk : bind_mount: /system/framework/com.qrd.wappush.jar
03-23 19:09:41.365 499 825 I Magisk : bind_mount: /system/framework/telephony-ext.jar
03-23 19:09:41.365 499 825 I Magisk : bind_mount: /system/framework/oem-services.jar
03-23 19:09:41.365 499 825 I Magisk : bind_mount: /system/framework/ConnectivityExt.jar
03-23 19:09:41.365 499 825 I Magisk : bind_mount: /system/framework/vendor.qti.ims.rcsconfig-V1.0-java.jar
03-23 19:09:41.365 499 825 I Magisk : bind_mount: /system/framework/org.apache.http.legacy.boot.jar.prof
03-23 19:09:41.365 499 825 I Magisk : bind_mount: /system/framework/com.qti.location.sdk.jar
03-23 19:09:41.365 499 825 I Magisk : bind_mount: /system/framework/vendor.oneplus.fingerprint.extension-V1.0-java.jar
03-23 19:09:41.365 499 825 I Magisk : bind_mount: /system/framework/embryo.jar
03-23 19:09:41.365 499 825 I Magisk : bind_mount: /system/framework/boot-ims-common.vdex
03-23 19:09:41.365 499 825 I Magisk : bind_mount: /system/framework/com.android.future.usb.accessory.jar
03-23 19:09:41.366 499 825 I Magisk : bind_mount: /system/framework/sm.jar
03-23 19:09:41.366 499 825 I Magisk : bind_mount: /system/framework/framework-oahl-backward-compatibility.jar
03-23 19:09:41.366 526 807 E audio_route: Control 'SLIM_1 SampleRate' doesn't exist - skipping
03-23 19:09:41.366 499 825 I Magisk : bind_mount: /system/framework/boot-oem-services.vdex
03-23 19:09:41.366 499 825 I Magisk : bind_mount: /system/framework/vendor.qti.hardware.soter-V1.0-java.jar
03-23 19:09:41.366 499 825 I Magisk : bind_mount: /system/framework/com.quicinc.cne.server-V2.2-java.jar
03-23 19:09:41.366 499 825 I Magisk : bind_mount: /system/framework/com.quicinc.cne.jar
03-23 19:09:41.366 499 825 I Magisk : bind_mount: /system/framework/vendor.oneplus.hardware.param-V1.0-java.jar
03-23 19:09:41.366 499 825 I Magisk : bind_mount: /system/framework/android.test.runner.jar
03-23 19:09:41.366 499 825 I Magisk : bind_mount: /system/framework/org.apache.http.legacy.boot.jar
03-23 19:09:41.367 499 825 I Magisk : bind_mount: /system/framework/vendor.qti.ims.callinfo-V1.0-java.jar
03-23 19:09:41.367 499 825 I Magisk : bind_mount: /system/framework/boot-com.qualcomm.qti.camera.vdex
03-23 19:09:41.367 499 825 I Magisk : bind_mount: /system/framework/bu.jar
03-23 19:09:41.367 499 825 I Magisk : bind_mount: /system/framework/boot-okhttp.vdex
03-23 19:09:41.367 499 825 I Magisk : bind_mount: /system/framework/com.qualcomm.qti.camera.jar
03-23 19:09:41.367 499 825 I Magisk : bind_mount: /system/framework/vendor.qti.hardware.fingerprint-V1.0-java.jar
03-23 19:09:41.367 499 825 I Magisk : bind_mount: /system/framework/qti-telephony-common.jar
03-23 19:09:41.367 499 825 I Magisk : bind_mount: /system/framework/vendor.qti.data.factory-V1.0-java.jar
03-23 19:09:41.367 499 825 I Magisk : bind_mount: /system/framework/vendor.qti.hardware.alarm-V1.0-java.jar
03-23 19:09:41.367 499 825 I Magisk : bind_mount: /system/framework/qcom.fmradio.jar
03-23 19:09:41.367 499 825 I Magisk : bind_mount: /system/framework/com.qti.snapdragon.sdk.display.jar
03-23 19:09:41.368 499 825 I Magisk : bind_mount: /system/framework/apache-xml.jar
03-23 19:09:41.368 526 807 E audio_route: Control 'SLIM_1 SampleRate' doesn't exist - skipping
03-23 19:09:41.368 499 825 I Magisk : bind_mount: /system/framework/core-libart.jar
03-23 19:09:41.368 499 825 I Magisk : bind_mount: /system/framework/vendor.qti.hardware.sensorscalibrate-V1.0-java.jar
03-23 19:09:41.368 499 825 I Magisk : bind_mount: /system/framework/com.qualcomm.qti.imscmservice-V2.1-java.jar
03-23 19:09:41.368 499 825 I Magisk : bind_mount: /system/framework/uiautomator.jar
03-23 19:09:41.368 499 825 I Magisk : bind_mount: /system/framework/boot-bouncycastle.vdex
03-23 19:09:41.368 499 825 I Magisk : bind_mount: /system/framework/uimlpalibrary.jar
03-23 19:09:41.368 499 825 I Magisk : bind_mount: /system/framework/boot-apache-xml.vdex
03-23 19:09:41.368 499 825 I Magisk : bind_mount: /system/framework/boot-telephony-ext.vdex
03-23 19:09:41.368 499 825 I Magisk : bind_mount: /system/framework/bmgr.jar
03-23 19:09:41.369 499 825 I Magisk : bind_mount: /system/framework/remotesimlockmanagerlibrary.jar
03-23 19:09:41.369 499 825 I Magisk : bind_mount: /system/framework/com.nxp.nfc.jar
03-23 19:09:41.369 499 825 I Magisk : bind_mount: /system/framework/boot-oneplus_sdk_utils.vdex
03-23 19:09:41.369 499 825 I Magisk : bind_mount: /system/framework/boot-WfdCommon.vdex
03-23 19:09:41.369 499 825 I Magisk : bind_mount: /system/framework/vendor.qti.hardware.data.dynamicdds-V1.0-java.jar
03-23 19:09:41.369 499 825 I Magisk : bind_mount: /system/framework/wifi-service.jar.prof
03-23 19:09:41.369 499 825 I Magisk : bind_mount: /system/framework/ims-common.jar
03-23 19:09:41.369 499 825 I Magisk : bind_mount: /system/framework/com.qualcomm.qti.imscmservice-V2.0-java.jar
03-23 19:09:41.369 499 825 I Magisk : bind_mount: /system/framework/okhttp.jar
03-23 19:09:41.369 499 825 I Magisk : bind_mount: /system/framework/framework-res.apk
03-23 19:09:41.369 499 825 I Magisk : bind_mount: /system/framework/locksettings.jar
03-23 19:09:41.370 499 825 I Magisk : bind_mount: /system/framework/vendor.qti.hardware.data.connection-V1.0-java.jar
03-23 19:09:41.370 499 825 I Magisk : bind_mount: /system/framework/audiosphere.jar
03-23 19:09:41.370 499 825 I Magisk : bind_mount: /system/framework/boot-tcmiface.vdex
03-23 19:09:41.370 526 807 E audio_route: Control 'SLIM_1 SampleRate' doesn't exist - skipping
03-23 19:09:41.370 499 825 I Magisk : bind_mount: /system/framework/oneplus_sdk_utils.jar
03-23 19:09:41.370 499 825 I Magisk : bind_mount: /system/framework/hid.jar
03-23 19:09:41.370 499 825 I Magisk : bind_mount: /system/framework/dpm.jar
03-23 19:09:41.370 499 825 I Magisk : bind_mount: /system/framework/WfdCommon.jar
03-23 19:09:41.370 499 825 I Magisk : bind_mount: /system/framework/com.quicinc.cne.api-V1.1-java.jar
03-23 19:09:41.370 499 825 I Magisk : bind_mount: /system/framework/qmapbridge.jar
03-23 19:09:41.370 499 825 I Magisk : bind_mount: /system/framework/com.android.media.remotedisplay.jar
03-23 19:09:41.370 499 825 I Magisk : bind_mount: /system/framework/wapicertstore.jar
03-23 19:09:41.371 499 825 I Magisk : bind_mount: /system/framework/boot-wapicertstore.vdex
03-23 19:09:41.371 499 825 I Magisk : bind_mount: /system/framework/requestsync.jar
03-23 19:09:41.371 499 825 I Magisk : bind_mount: /system/framework/ethernet-service.jar
03-23 19:09:41.371 499 825 I Magisk : bind_mount: /system/framework/core-oj.jar
03-23 19:09:41.371 499 825 I Magisk : bind_mount: /system/framework/com.android.nfc_extras.jar
03-23 19:09:41.371 499 825 I Magisk : bind_mount: /system/framework/services.jar.prof
03-23 19:09:41.371 499 825 I Magisk : bind_mount: /system/framework/qcrilhook.jar
03-23 19:09:41.371 499 825 I Magisk : bind_mount: /system/framework/com.quicinc.cne.server-V2.0-java.jar
03-23 19:09:41.371 499 825 I Magisk : bind_mount: /system/framework/boot-qcnvitems.vdex
03-23 19:09:41.372 499 825 I Magisk : bind_mount: /system/framework/UxPerformance.jar
03-23 19:09:41.372 499 825 I Magisk : bind_mount: /system/framework/am.jar
03-23 19:09:41.372 499 825 I Magisk : bind_mount: /system/framework/com.qti.dpmframework.jar
03-23 19:09:41.372 499 825 I Magisk : bind_mount: /system/framework/bouncycastle.jar
03-23 19:09:41.372 499 825 I Magisk : bind_mount: /system/framework/com.quicinc.cne.api-V1.0-java.jar
03-23 19:09:41.372 499 825 I Magisk : bind_mount: /system/framework/telephony-common.jar
03-23 19:09:41.372 499 825 I Magisk : bind_mount: /system/framework/boot-ext.vdex
03-23 19:09:41.372 526 807 E audio_route: Control 'SLIM_1 SampleRate' doesn't exist - skipping
03-23 19:09:41.372 499 825 I Magisk : bind_mount: /system/framework/android.test.mock.jar
03-23 19:09:41.372 499 825 I Magisk : bind_mount: /system/framework/vendor.qti.latency-V2.0-java.jar
03-23 19:09:41.373 499 825 I Magisk : bind_mount: /system/framework/izat.xt.srv.jar
03-23 19:09:41.373 499 825 I Magisk : bind_mount: /system/framework/wifi-service.jar
03-23 19:09:41.373 499 825 I Magisk : bind_mount: /system/framework/com.android.mediadrm.signer.jar
03-23 19:09:41.373 499 825 I Magisk : bind_mount: /system/framework/boot-UxPerformance.vdex
03-23 19:09:41.373 499 825 I Magisk : bind_mount: /system/framework/input.jar
03-23 19:09:41.373 499 825 I Magisk : bind_mount: /system/framework/ActivityExt.jar
03-23 19:09:41.373 499 825 I Magisk : bind_mount: /system/framework/vendor.qti.voiceprint-V1.0-java.jar
03-23 19:09:41.373 499 825 I Magisk : bind_mount: /system/framework/boot-QPerformance.vdex
03-23 19:09:41.373 499 825 I Magisk : bind_mount: /system/framework/boot-voip-common.vdex
03-23 19:09:41.373 499 825 I Magisk : bind_mount: /system/framework/tcmclient.jar
03-23 19:09:41.373 499 825 I Magisk : bind_mount: /system/framework/boot-framework-oahl-backward-compatibility.vdex
03-23 19:09:41.373 499 825 I Magisk : bind_mount: /system/framework/com.quicinc.cne.server-V2.1-java.jar
03-23 19:09:41.374 499 825 I Magisk : bind_mount: /system/framework/content.jar
03-23 19:09:41.374 499 825 I Magisk : bind_mount: /system/framework/qcnvitems.jar
03-23 19:09:41.374 499 825 I Magisk : bind_mount: /system/framework/vendor.qti.hardware.data.qmi-V1.0-java.jar
03-23 19:09:41.374 499 825 I Magisk : bind_mount: /system/framework/QtiTelephonyServicelibrary.jar
03-23 19:09:41.374 499 825 I Magisk : bind_mount: /system/framework/android.hidl.manager-V1.0-java.jar
03-23 19:09:41.374 499 825 I Magisk : bind_mount: /system/framework/QPerformance.jar
03-23 19:09:41.374 499 825 I Magisk : bind_mount: /system/framework/android.test.base.jar
03-23 19:09:41.374 526 807 E audio_route: Control 'SLIM_1 SampleRate' doesn't exist - skipping
03-23 19:09:41.374 499 825 I Magisk : bind_mount: /system/framework/conscrypt.jar
03-23 19:09:41.374 499 825 I Magisk : bind_mount: /system/framework/vendor.qti.hardware.data.latency-V1.0-java.jar
03-23 19:09:41.374 499 825 I Magisk : bind_mount: /system/framework/cneapiclient.jar
03-23 19:09:41.374 499 825 I Magisk : bind_mount: /system/framework/svc.jar
03-23 19:09:41.374 499 825 I Magisk : bind_mount: /system/framework/boot-framework.vdex
03-23 19:09:41.375 499 825 I Magisk : bind_mount: /system/framework/boot-android.hidl.base-V1.0-java.vdex
03-23 19:09:41.375 526 807 E audio_route: Control 'MultiMedia8 Mixer AUX_PCM_UL_TX' doesn't exist - skipping
03-23 19:09:41.375 499 825 I Magisk : bind_mount: /system/framework/dpmapi.jar
03-23 19:09:41.375 499 825 I Magisk : bind_mount: /system/framework/boot-android.test.base.vdex
03-23 19:09:41.375 499 825 I Magisk : bind_mount: /system/framework/boot-android.hidl.manager-V1.0-java.vdex
03-23 19:09:41.375 499 825 I Magisk : bind_mount: /system/framework/monkey.jar
03-23 19:09:41.375 526 807 E audio_route: Control 'SLIM_1 SampleRate' doesn't exist - skipping
03-23 19:09:41.375 499 825 I Magisk : bind_mount: /system/framework/com.android.location.provider.jar
03-23 19:09:41.375 499 825 I Magisk : bind_mount: /system/framework/media_cmd.jar
03-23 19:09:41.375 499 825 I Magisk : bind_mount: /system/framework/boot-telephony-common.vdex
03-23 19:09:41.376 499 825 I Magisk : bind_mount: /system/framework/android.hidl.base-V1.0-java.jar
03-23 19:09:41.376 499 825 I Magisk : bind_mount: /system/framework/com.qualcomm.qti.uceservice-V2.0-java.jar
03-23 19:09:41.376 499 825 I Magisk : bind_mount: /system/framework/boot-core-oj.vdex
03-23 19:09:41.376 499 825 I Magisk : bind_mount: /system/framework/appwidget.jar
03-23 19:09:41.376 499 825 I Magisk : bind_mount: /system/framework/uimremotesimlocklibrary.jar
03-23 19:09:41.376 499 825 I Magisk : bind_mount: /system/framework/com.quicinc.cne.server-V1.0-java.jar
03-23 19:09:41.376 499 825 I Magisk : bind_mount: /system/framework/voip-common.jar
03-23 19:09:41.376 499 825 I Magisk : bind_mount: /system/framework/framework.jar
03-23 19:09:41.376 499 825 I Magisk : bind_mount: /system/framework/boot-oneplus_sdk_wrapper.vdex
03-23 19:09:41.376 499 825 I Magisk : bind_mount: /system/framework/oneplus_sdk_wrapper.jar
03-23 19:09:41.377 499 825 I Magisk : bind_mount: /system/framework/tcmiface.jar
03-23 19:09:41.377 499 825 I Magisk : bind_mount: /system/framework/com.quicinc.cne.constants-V2.1-java.jar
03-23 19:09:41.377 499 825 I Magisk : bind_mount: /system/framework/ext.jar
03-23 19:09:41.377 499 825 I Magisk : bind_mount: /system/framework/com.quicinc.cne.constants-V2.0-java.jar
03-23 19:09:41.377 499 825 I Magisk : bind_mount: /system/framework/telecom.jar
03-23 19:09:41.377 499 825 I Magisk : bind_mount: /system/framework/com.quicinc.cne.constants-V1.0-java.jar
03-23 19:09:41.377 499 825 I Magisk : bind_mount: /system/framework/boot-com.nxp.nfc.vdex
03-23 19:09:41.378 526 807 E audio_route: Control 'MultiMedia8 Mixer AUX_PCM_UL_TX' doesn't exist - skipping
03-23 19:09:41.388 526 807 E audio_route: Control 'SLIM_1 SampleRate' doesn't exist - skipping
03-23 19:09:41.393 526 807 E audio_route: Control 'LSM1 MUX' doesn't exist - skipping
03-23 19:09:41.394 526 807 E audio_route: Control 'LSM2 MUX' doesn't exist - skipping
03-23 19:09:41.394 526 807 E audio_route: Control 'LSM3 MUX' doesn't exist - skipping
03-23 19:09:41.394 526 807 E audio_route: Control 'LSM4 MUX' doesn't exist - skipping
03-23 19:09:41.395 526 807 E audio_route: Control 'LSM5 MUX' doesn't exist - skipping
03-23 19:09:41.395 526 807 E audio_route: Control 'LSM6 MUX' doesn't exist - skipping
03-23 19:09:41.395 499 832 I Magisk : * Starting MagiskHide
03-23 19:09:41.395 499 832 I Magisk : hide_policy: Hiding sensitive props
03-23 19:09:41.396 526 807 E audio_route: Control 'LSM7 MUX' doesn't exist - skipping
03-23 19:09:41.396 526 807 E audio_route: Control 'LSM8 MUX' doesn't exist - skipping
03-23 19:09:41.397 499 832 I Magisk : hide_list init: [com.nianticlabs.pokemongo/com.nianticlabs.pokemongo]
03-23 19:09:41.402 526 807 E audio_route: Control 'SpkrLeft COMP Switch' doesn't exist - skipping
03-23 19:09:41.402 526 807 E audio_route: Control 'SpkrRight COMP Switch' doesn't exist - skipping
03-23 19:09:41.402 526 807 E audio_route: Control 'SpkrLeft BOOST Switch' doesn't exist - skipping
03-23 19:09:41.402 526 807 E audio_route: Control 'SpkrRight BOOST Switch' doesn't exist - skipping
03-23 19:09:41.402 526 807 E audio_route: Control 'SpkrLeft VISENSE Switch' doesn't exist - skipping
03-23 19:09:41.402 526 807 E audio_route: Control 'SpkrRight VISENSE Switch' doesn't exist - skipping
03-23 19:09:41.403 526 807 E audio_route: Control 'SpkrLeft SWR DAC_Port Switch' doesn't exist - skipping
03-23 19:09:41.403 526 807 E audio_route: Control 'SpkrRight SWR DAC_Port Switch' doesn't exist - skipping
03-23 19:09:41.403 526 807 E audio_route: Control 'SpkrLeft COMP Switch' doesn't exist - skipping
03-23 19:09:41.403 526 807 E audio_route: Control 'SpkrLeft BOOST Switch' doesn't exist - skipping
03-23 19:09:41.403 526 807 E audio_route: Control 'SpkrLeft VISENSE Switch' doesn't exist - skipping
03-23 19:09:41.403 526 807 E audio_route: Control 'SpkrLeft SWR DAC_Port Switch' doesn't exist - skipping
03-23 19:09:41.466 499 832 I Magisk : hide_list init: [com.nintendo.znca/com.nintendo.znca]
03-23 19:09:41.486 499 832 I Magisk : hide_list init: [com.nintendo.zara/com.nintendo.zara]
03-23 19:09:41.504 499 832 I Magisk : hide_list init: [com.google.android.apps.walletnfcrel/com.google.android.apps.walletnfcrel]
03-23 19:09:41.521 499 832 I Magisk : hide_list init: [com.android.vending/com.android.vending]
