09-13 17:03:45.056 4323 4323 I system_server: at void com.android.internal.os.ZygoteInit.main(java.lang.String[]) (ZygoteInit.java:833)
09-13 17:03:45.056 4323 4323 I system_server:
09-13 17:03:45.056 4323 4323 I system_server: Rejecting re-init on previously-failed class java.lang.Class: java.lang.NoClassDefFoundError: Failed resolution of: Landroid/view/WindowManagerPolicy$WindowManagerFuncs;
09-13 17:03:45.056 4323 4323 I system_server: at java.lang.Class java.lang.Class.classForName(java.lang.String, boolean, java.lang.ClassLoader) (Class.java:-2)
09-13 17:03:45.056 4323 4323 I system_server: at java.lang.Class java.lang.Class.forName(java.lang.String, boolean, java.lang.ClassLoader) (Class.java:453)
09-13 17:03:45.056 4323 4323 I system_server: at java.lang.Runnable com.android.internal.os.RuntimeInit.findStaticMain(java.lang.String, java.lang.String[], java.lang.ClassLoader) (RuntimeInit.java:336)
09-13 17:03:45.056 4323 4323 I system_server: at java.lang.Runnable com.android.internal.os.RuntimeInit.applicationInit(int, java.lang.String[], java.lang.ClassLoader) (RuntimeInit.java:409)
09-13 17:03:45.056 4323 4323 I system_server: at java.lang.Runnable com.android.internal.os.ZygoteInit.zygoteInit(int, java.lang.String[], java.lang.ClassLoader) (ZygoteInit.java:912)
09-13 17:03:45.056 4323 4323 I system_server: at java.lang.Runnable com.android.internal.os.ZygoteInit.handleSystemServerProcess(com.android.internal.os.ZygoteConnection$Arguments) (ZygoteInit.java:506)
09-13 17:03:45.056 4323 4323 I system_server: at java.lang.Runnable com.android.internal.os.ZygoteInit.forkSystemServer(java.lang.String, java.lang.String, com.android.internal.os.ZygoteServer) (ZygoteInit.java:730)
09-13 17:03:45.056 4323 4323 I system_server: at void com.android.internal.os.ZygoteInit.main(java.lang.String[]) (ZygoteInit.java:833)
09-13 17:03:45.056 4323 4323 I system_server: Caused by: java.lang.ClassNotFoundException: Didn't find class "android.view.WindowManagerPolicy$WindowManagerFuncs" on path: DexPathList[[zip file "/system/framework/services.jar", zip file "/system/framework/ethernet-service.jar", zip file "/system/framework/wifi-service.jar", zip file "/system/framework/com.android.location.provider.jar"],nativeLibraryDirectories=[/system/lib64, /system/vendor/lib64, /system/lib64, /system/vendor/lib64]]
09-13 17:03:45.056 4323 4323 I system_server: at java.lang.Class dalvik.system.BaseDexClassLoader.findClass(java.lang.String) (BaseDexClassLoader.java:169)
09-13 17:03:45.056 4323 4323 I system_server: at java.lang.Class java.lang.ClassLoader.loadClass(java.lang.String, boolean) (ClassLoader.java:379)
09-13 17:03:45.056 4323 4323 I system_server: at java.lang.Class java.lang.ClassLoader.loadClass(java.lang.String) (ClassLoader.java:312)
09-13 17:03:45.056 4323 4323 I system_server: at java.lang.Class java.lang.Class.classForName(java.lang.String, boolean, java.lang.ClassLoader) (Class.java:-2)
09-13 17:03:45.056 4323 4323 I system_server: at java.lang.Class java.lang.Class.forName(java.lang.String, boolean, java.lang.ClassLoader) (Class.java:453)
09-13 17:03:45.056 4323 4323 I system_server: at java.lang.Runnable com.android.internal.os.RuntimeInit.findStaticMain(java.lang.String, java.lang.String[], java.lang.ClassLoader) (RuntimeInit.java:336)
09-13 17:03:45.056 4323 4323 I system_server: at java.lang.Runnable com.android.internal.os.RuntimeInit.applicationInit(int, java.lang.String[], java.lang.ClassLoader) (RuntimeInit.java:409)
09-13 17:03:45.056 4323 4323 I system_server: at java.lang.Runnable com.android.internal.os.ZygoteInit.zygoteInit(int, java.lang.String[], java.lang.ClassLoader) (ZygoteInit.java:912)
09-13 17:03:45.056 4323 4323 I system_server: at java.lang.Runnable com.android.internal.os.ZygoteInit.handleSystemServerProcess(com.android.internal.os.ZygoteConnection$Arguments) (ZygoteInit.java:506)
09-13 17:03:45.056 4323 4323 I system_server: at java.lang.Runnable com.android.internal.os.ZygoteInit.forkSystemServer(java.lang.String, java.lang.String, com.android.internal.os.ZygoteServer) (ZygoteInit.java:730)
09-13 17:03:45.056 4323 4323 I system_server: at void com.android.internal.os.ZygoteInit.main(java.lang.String[]) (ZygoteInit.java:833)
09-13 17:03:45.056 4323 4323 I system_server:
09-13 17:03:45.058 4323 4323 I system_server: Rejecting re-init on previously-failed class java.lang.Class: java.lang.NoClassDefFoundError: Failed resolution of: Landroid/view/WindowManagerPolicy$WindowManagerFuncs;
09-13 17:03:45.058 4323 4323 I system_server: at java.lang.Class java.lang.Class.classForName(java.lang.String, boolean, java.lang.ClassLoader) (Class.java:-2)
09-13 17:03:45.058 4323 4323 I system_server: at java.lang.Class java.lang.Class.forName(java.lang.String, boolean, java.lang.ClassLoader) (Class.java:453)
09-13 17:03:45.058 4323 4323 I system_server: at java.lang.Runnable com.android.internal.os.RuntimeInit.findStaticMain(java.lang.String, java.lang.String[], java.lang.ClassLoader) (RuntimeInit.java:336)
09-13 17:03:45.058 4323 4323 I system_server: at java.lang.Runnable com.android.internal.os.RuntimeInit.applicationInit(int, java.lang.String[], java.lang.ClassLoader) (RuntimeInit.java:409)
09-13 17:03:45.058 4323 4323 I system_server: at java.lang.Runnable com.android.internal.os.ZygoteInit.zygoteInit(int, java.lang.String[], java.lang.ClassLoader) (ZygoteInit.java:912)
09-13 17:03:45.058 4323 4323 I system_server: at java.lang.Runnable com.android.internal.os.ZygoteInit.handleSystemServerProcess(com.android.internal.os.ZygoteConnection$Arguments) (ZygoteInit.java:506)
09-13 17:03:45.058 4323 4323 I system_server: at java.lang.Runnable com.android.internal.os.ZygoteInit.forkSystemServer(java.lang.String, java.lang.String, com.android.internal.os.ZygoteServer) (ZygoteInit.java:730)
09-13 17:03:45.058 4323 4323 I system_server: at void com.android.internal.os.ZygoteInit.main(java.lang.String[]) (ZygoteInit.java:833)
09-13 17:03:45.058 4323 4323 I system_server: Caused by: java.lang.ClassNotFoundException: Didn't find class "android.view.WindowManagerPolicy$WindowManagerFuncs" on path: DexPathList[[zip file "/system/framework/services.jar", zip file "/system/framework/ethernet-service.jar", zip file "/system/framework/wifi-service.jar", zip file "/system/framework/com.android.location.provider.jar"],nativeLibraryDirectories=[/system/lib64, /system/vendor/lib64, /system/lib64, /system/vendor/lib64]]
09-13 17:03:45.058 4323 4323 I system_server: at java.lang.Class dalvik.system.BaseDexClassLoader.findClass(java.lang.String) (BaseDexClassLoader.java:169)
09-13 17:03:45.058 4323 4323 I system_server: at java.lang.Class java.lang.ClassLoader.loadClass(java.lang.String, boolean) (ClassLoader.java:379)
09-13 17:03:45.058 4323 4323 I system_server: at java.lang.Class java.lang.ClassLoader.loadClass(java.lang.String) (ClassLoader.java:312)
09-13 17:03:45.058 4323 4323 I system_server: at java.lang.Class java.lang.Class.classForName(java.lang.String, boolean, java.lang.ClassLoader) (Class.java:-2)
09-13 17:03:45.058 4323 4323 I system_server: at java.lang.Class java.lang.Class.forName(java.lang.String, boolean, java.lang.ClassLoader) (Class.java:453)
09-13 17:03:45.058 4323 4323 I system_server: at java.lang.Runnable com.android.internal.os.RuntimeInit.findStaticMain(java.lang.String, java.lang.String[], java.lang.ClassLoader) (RuntimeInit.java:336)
09-13 17:03:45.058 4323 4323 I system_server: at java.lang.Runnable com.android.internal.os.RuntimeInit.applicationInit(int, java.lang.String[], java.lang.ClassLoader) (RuntimeInit.java:409)
09-13 17:03:45.058 4323 4323 I system_server: at java.lang.Runnable com.android.internal.os.ZygoteInit.zygoteInit(int, java.lang.String[], java.lang.ClassLoader) (ZygoteInit.java:912)
09-13 17:03:45.058 4323 4323 I system_server: at java.lang.Runnable com.android.internal.os.ZygoteInit.handleSystemServerProcess(com.android.internal.os.ZygoteConnection$Arguments) (ZygoteInit.java:506)
09-13 17:03:45.058 4323 4323 I system_server: at java.lang.Runnable com.android.internal.os.ZygoteInit.forkSystemServer(java.lang.String, java.lang.String, com.android.internal.os.ZygoteServer) (ZygoteInit.java:730)
09-13 17:03:45.058 4323 4323 I system_server: at void com.android.internal.os.ZygoteInit.main(java.lang.String[]) (ZygoteInit.java:833)
09-13 17:03:45.058 4323 4323 I system_server:
09-13 17:03:45.058 4323 4323 I system_server: Rejecting re-init on previously-failed class java.lang.Class: java.lang.NoClassDefFoundError: Failed resolution of: Landroid/view/WindowManagerPolicy$WindowManagerFuncs;
09-13 17:03:45.058 4323 4323 I system_server: at java.lang.Class java.lang.Class.classForName(java.lang.String, boolean, java.lang.ClassLoader) (Class.java:-2)
09-13 17:03:45.058 4323 4323 I system_server: at java.lang.Class java.lang.Class.forName(java.lang.String, boolean, java.lang.ClassLoader) (Class.java:453)
09-13 17:03:45.058 4323 4323 I system_server: at java.lang.Runnable com.android.internal.os.RuntimeInit.findStaticMain(java.lang.String, java.lang.String[], java.lang.ClassLoader) (RuntimeInit.java:336)
09-13 17:03:45.058 4323 4323 I system_server: at java.lang.Runnable com.android.internal.os.RuntimeInit.applicationInit(int, java.lang.String[], java.lang.ClassLoader) (RuntimeInit.java:409)
09-13 17:03:45.058 4323 4323 I system_server: at java.lang.Runnable com.android.internal.os.ZygoteInit.zygoteInit(int, java.lang.String[], java.lang.ClassLoader) (ZygoteInit.java:912)
09-13 17:03:45.058 4323 4323 I system_server: at java.lang.Runnable com.android.internal.os.ZygoteInit.handleSystemServerProcess(com.android.internal.os.ZygoteConnection$Arguments) (ZygoteInit.java:506)
09-13 17:03:45.058 4323 4323 I system_server: at java.lang.Runnable com.android.internal.os.ZygoteInit.forkSystemServer(java.lang.String, java.lang.String, com.android.internal.os.ZygoteServer) (ZygoteInit.java:730)
09-13 17:03:45.058 4323 4323 I system_server: at void com.android.internal.os.ZygoteInit.main(java.lang.String[]) (ZygoteInit.java:833)
09-13 17:03:45.058 4323 4323 I system_server: Caused by: java.lang.ClassNotFoundException: Didn't find class "android.view.WindowManagerPolicy$WindowManagerFuncs" on path: DexPathList[[zip file "/system/framework/services.jar", zip file "/system/framework/ethernet-service.jar", zip file "/system/framework/wifi-service.jar", zip file "/system/framework/com.android.location.provider.jar"],nativeLibraryDirectories=[/system/lib64, /system/vendor/lib64, /system/lib64, /system/vendor/lib64]]
09-13 17:03:45.058 4323 4323 I system_server: at java.lang.Class dalvik.system.BaseDexClassLoader.findClass(java.lang.String) (BaseDexClassLoader.java:169)
09-13 17:03:45.058 4323 4323 I system_server: at java.lang.Class java.lang.ClassLoader.loadClass(java.lang.String, boolean) (ClassLoader.java:379)
09-13 17:03:45.058 4323 4323 I system_server: at java.lang.Class java.lang.ClassLoader.loadClass(java.lang.String) (ClassLoader.java:312)
09-13 17:03:45.059 4323 4323 I system_server: at java.lang.Class java.lang.Class.classForName(java.lang.String, boolean, java.lang.ClassLoader) (Class.java:-2)
09-13 17:03:45.059 4323 4323 I system_server: at java.lang.Class java.lang.Class.forName(java.lang.String, boolean, java.lang.ClassLoader) (Class.java:453)
09-13 17:03:45.059 4323 4323 I system_server: at java.lang.Runnable com.android.internal.os.RuntimeInit.findStaticMain(java.lang.String, java.lang.String[], java.lang.ClassLoader) (RuntimeInit.java:336)
09-13 17:03:45.059 4323 4323 I system_server: at java.lang.Runnable com.android.internal.os.RuntimeInit.applicationInit(int, java.lang.String[], java.lang.ClassLoader) (RuntimeInit.java:409)
09-13 17:03:45.059 4323 4323 I system_server: at java.lang.Runnable com.android.internal.os.ZygoteInit.zygoteInit(int, java.lang.String[], java.lang.ClassLoader) (ZygoteInit.java:912)
09-13 17:03:45.059 4323 4323 I system_server: at java.lang.Runnable com.android.internal.os.ZygoteInit.handleSystemServerProcess(com.android.internal.os.ZygoteConnection$Arguments) (ZygoteInit.java:506)
09-13 17:03:45.059 4323 4323 I system_server: at java.lang.Runnable com.android.internal.os.ZygoteInit.forkSystemServer(java.lang.String, java.lang.String, com.android.internal.os.ZygoteServer) (ZygoteInit.java:730)
09-13 17:03:45.059 4323 4323 I system_server: at void com.android.internal.os.ZygoteInit.main(java.lang.String[]) (ZygoteInit.java:833)
09-13 17:03:45.059 4323 4323 I system_server:
09-13 17:03:45.068 4323 4323 E Zygote : System zygote died with exception
09-13 17:03:45.068 4323 4323 E Zygote : java.lang.NoClassDefFoundError: Failed resolution of: Landroid/util/BootTimingsTraceLog;
09-13 17:03:45.068 4323 4323 E Zygote : at com.android.server.SystemServer.(SystemServer.java:153)
09-13 17:03:45.068 4323 4323 E Zygote : at java.lang.Class.classForName(Native Method)
09-13 17:03:45.068 4323 4323 E Zygote : at java.lang.Class.forName(Class.java:453)
09-13 17:03:45.068 4323 4323 E Zygote : at com.android.internal.os.RuntimeInit.findStaticMain(RuntimeInit.java:336)
09-13 17:03:45.068 4323 4323 E Zygote : at com.android.internal.os.RuntimeInit.applicationInit(RuntimeInit.java:409)
09-13 17:03:45.068 4323 4323 E Zygote : at com.android.internal.os.ZygoteInit.zygoteInit(ZygoteInit.java:912)
09-13 17:03:45.068 4323 4323 E Zygote : at com.android.internal.os.ZygoteInit.handleSystemServerProcess(ZygoteInit.java:506)
09-13 17:03:45.068 4323 4323 E Zygote : at com.android.internal.os.ZygoteInit.forkSystemServer(ZygoteInit.java:730)
09-13 17:03:45.068 4323 4323 E Zygote : at com.android.internal.os.ZygoteInit.main(ZygoteInit.java:833)
09-13 17:03:45.068 4323 4323 E Zygote : Caused by: java.lang.ClassNotFoundException: Didn't find class "android.util.BootTimingsTraceLog" on path: DexPathList[[zip file "/system/framework/services.jar", zip file "/system/framework/ethernet-service.jar", zip file "/system/framework/wifi-service.jar", zip file "/system/framework/com.android.location.provider.jar"],nativeLibraryDirectories=[/system/lib64, /system/vendor/lib64, /system/lib64, /system/vendor/lib64]]
09-13 17:03:45.068 4323 4323 E Zygote : at dalvik.system.BaseDexClassLoader.findClass(BaseDexClassLoader.java:169)
09-13 17:03:45.068 4323 4323 E Zygote : at java.lang.ClassLoader.loadClass(ClassLoader.java:379)
09-13 17:03:45.068 4323 4323 E Zygote : at java.lang.ClassLoader.loadClass(ClassLoader.java:312)
09-13 17:03:45.068 4323 4323 E Zygote : ... 9 more
09-13 17:03:45.068 4323 4323 D AndroidRuntime: Shutting down VM
09-13 17:03:45.068 4323 4323 E AndroidRuntime: *** FATAL EXCEPTION IN SYSTEM PROCESS: main
09-13 17:03:45.068 4323 4323 E AndroidRuntime: java.lang.NoClassDefFoundError: Failed resolution of: Landroid/util/BootTimingsTraceLog;
09-13 17:03:45.068 4323 4323 E AndroidRuntime: at com.android.server.SystemServer.(SystemServer.java:153)
09-13 17:03:45.068 4323 4323 E AndroidRuntime: at java.lang.Class.classForName(Native Method)
09-13 17:03:45.068 4323 4323 E AndroidRuntime: at java.lang.Class.forName(Class.java:453)
09-13 17:03:45.068 4323 4323 E AndroidRuntime: at com.android.internal.os.RuntimeInit.findStaticMain(RuntimeInit.java:336)
09-13 17:03:45.068 4323 4323 E AndroidRuntime: at com.android.internal.os.RuntimeInit.applicationInit(RuntimeInit.java:409)
09-13 17:03:45.068 4323 4323 E AndroidRuntime: at com.android.internal.os.ZygoteInit.zygoteInit(ZygoteInit.java:912)
09-13 17:03:45.068 4323 4323 E AndroidRuntime: at com.android.internal.os.ZygoteInit.handleSystemServerProcess(ZygoteInit.java:506)
09-13 17:03:45.068 4323 4323 E AndroidRuntime: at com.android.internal.os.ZygoteInit.forkSystemServer(ZygoteInit.java:730)
09-13 17:03:45.068 4323 4323 E AndroidRuntime: at com.android.internal.os.ZygoteInit.main(ZygoteInit.java:833)
09-13 17:03:45.068 4323 4323 E AndroidRuntime: Caused by: java.lang.ClassNotFoundException: Didn't find class "android.util.BootTimingsTraceLog" on path: DexPathList[[zip file "/system/framework/services.jar", zip file "/system/framework/ethernet-service.jar", zip file "/system/framework/wifi-service.jar", zip file "/system/framework/com.android.location.provider.jar"],nativeLibraryDirectories=[/system/lib64, /system/vendor/lib64, /system/lib64, /system/vendor/lib64]]
09-13 17:03:45.068 4323 4323 E AndroidRuntime: at dalvik.system.BaseDexClassLoader.findClass(BaseDexClassLoader.java:169)
09-13 17:03:45.068 4323 4323 E AndroidRuntime: at java.lang.ClassLoader.loadClass(ClassLoader.java:379)
09-13 17:03:45.068 4323 4323 E AndroidRuntime: at java.lang.ClassLoader.loadClass(ClassLoader.java:312)
09-13 17:03:45.068 4323 4323 E AndroidRuntime: ... 9 more
09-13 17:03:45.068 4323 4323 E AndroidRuntime: *** FATAL EXCEPTION IN SYSTEM PROCESS: main
09-13 17:03:45.068 4323 4323 E AndroidRuntime: java.lang.NoClassDefFoundError: Failed resolution of: Landroid/util/BootTimingsTraceLog;
09-13 17:03:45.068 4323 4323 E AndroidRuntime: at com.android.server.SystemServer.(SystemServer.java:153)
09-13 17:03:45.068 4323 4323 E AndroidRuntime: at java.lang.Class.classForName(Native Method)
09-13 17:03:45.068 4323 4323 E AndroidRuntime: at java.lang.Class.forName(Class.java:453)
09-13 17:03:45.068 4323 4323 E AndroidRuntime: at com.android.internal.os.RuntimeInit.findStaticMain(RuntimeInit.java:336)
09-13 17:03:45.068 4323 4323 E AndroidRuntime: at com.android.internal.os.RuntimeInit.applicationInit(RuntimeInit.java:409)
09-13 17:03:45.068 4323 4323 E AndroidRuntime: at com.android.internal.os.ZygoteInit.zygoteInit(ZygoteInit.java:912)
09-13 17:03:45.068 4323 4323 E AndroidRuntime: at com.android.internal.os.ZygoteInit.handleSystemServerProcess(ZygoteInit.java:506)
09-13 17:03:45.068 4323 4323 E AndroidRuntime: at com.android.internal.os.ZygoteInit.forkSystemServer(ZygoteInit.java:730)
09-13 17:03:45.068 4323 4323 E AndroidRuntime: at com.android.internal.os.ZygoteInit.main(ZygoteInit.java:833)
09-13 17:03:45.068 4323 4323 E AndroidRuntime: Caused by: java.lang.ClassNotFoundException: Didn't find class "android.util.BootTimingsTraceLog" on path: DexPathList[[zip file "/system/framework/services.jar", zip file "/system/framework/ethernet-service.jar", zip file "/system/framework/wifi-service.jar", zip file "/system/framework/com.android.location.provider.jar"],nativeLibraryDirectories=[/system/lib64, /system/vendor/lib64, /system/lib64, /system/vendor/lib64]]
09-13 17:03:45.068 4323 4323 E AndroidRuntime: at dalvik.system.BaseDexClassLoader.findClass(BaseDexClassLoader.java:169)
09-13 17:03:45.068 4323 4323 E AndroidRuntime: at java.lang.ClassLoader.loadClass(ClassLoader.java:379)
09-13 17:03:45.068 4323 4323 E AndroidRuntime: at java.lang.ClassLoader.loadClass(ClassLoader.java:312)
09-13 17:03:45.068 4323 4323 E AndroidRuntime: ... 9 more
09-13 17:03:45.069 4323 4323 E AndroidRuntime: Error reporting crash
09-13 17:03:45.069 4323 4323 E AndroidRuntime: java.lang.NullPointerException: Attempt to invoke interface method 'void android.app.IActivityManager.handleApplicationCrash(android.os.IBinder, android.app.ApplicationErrorReport$ParcelableCrashInfo)' on a null object reference
09-13 17:03:45.069 4323 4323 E AndroidRuntime: at com.android.internal.os.RuntimeInit$KillApplicationHandler.uncaughtException(RuntimeInit.java:187)
09-13 17:03:45.069 4323 4323 E AndroidRuntime: at java.lang.ThreadGroup.uncaughtException(ThreadGroup.java:1068)
09-13 17:03:45.069 4323 4323 E AndroidRuntime: at java.lang.ThreadGroup.uncaughtException(ThreadGroup.java:1063)
09-13 17:03:45.069 4323 4323 E AndroidRuntime: at java.lang.Thread.dispatchUncaughtException(Thread.java:1955)
09-13 17:03:45.070 4323 4323 E Process : try to kill system_server
09-13 17:03:45.070 4323 4323 I Process : Sending signal. PID: 4323 SIG: 9
09-13 17:03:45.072 1010 4308 E mm-camera: 731: eeprom_process: failed NULL pointer detected: eeprom_ctrl :
09-13 17:03:45.072 1010 4308 E mm-camera: 325: module_sensor_offload_ois_init_calibrate: Get Is OIS calibration failed
09-13 17:03:45.095 4124 4262 W CamPvdr@2.4-external: deviceAdded device /dev/video1 does not support VIDEO_CAPTURE
09-13 17:03:45.096 4124 4262 E CamPvdr@2.4-external: deviceAdded open v4l2 device /dev/video0 failed:Device or resource busy
09-13 17:03:45.097 4124 4262 W CamPvdr@2.4-external: deviceAdded device /dev/video33 does not support VIDEO_CAPTURE
09-13 17:03:45.098 4119 4119 I Zygote : Process 4323 exited due to signal (9)
09-13 17:03:45.098 4119 4119 E Zygote : Exit zygote because system server (4323) has terminated
09-13 17:03:45.105 4124 4262 W CamPvdr@2.4-external: deviceAdded device /dev/video32 does not support VIDEO_CAPTURE
09-13 17:03:45.106 4124 4262 I CamPvdr@2.4-external: threadLoop start monitoring new V4L2 devices
09-13 17:03:45.131 478 478 I ServiceManager: service 'media.audio_flinger' died
09-13 17:03:45.141 1169 1225 I QC-NETMGR-LIB: NetmgrNetdClientRegisterNetwork(): Looking for Netd service
09-13 17:03:45.141 1169 1225 I QC-NETMGR-LIB: NetmgrNetdClientRegisterNetwork(): register to create new OEM network
09-13 17:03:45.141 1169 1225 I QC-NETMGR-LIB: registerNetwork(): Attempting createOemNetwork
09-13 17:03:45.141 4127 4145 D TcpSocketMonitor: suspending tcpinfo polling
09-13 17:03:45.141 1169 1225 I QC-NETMGR-LIB: registerNetwork(): command completed!
09-13 17:03:45.141 1169 1225 I QC-NETMGR-LIB: registerNetwork(): createOemNetwork succeeded [packet mark : 0xf0002] [net id : 2] [network handle : 0x2cafed00d]
09-13 17:03:45.141 1169 1225 I QC-NETMGR-LIB: NetmgrNetdClientRegisterNetwork(): [packet mark : 0xf0002] [network handle : 0x2cafed00d]
09-13 17:03:45.158 478 478 I ServiceManager: service 'media.player' died
09-13 17:03:45.158 478 478 I ServiceManager: service 'media.resource_manager' died
09-13 17:03:45.167 478 478 I ServiceManager: service 'netd' died
09-13 17:03:45.169 1169 1557 E QC-NETMGR-LIB: serviceDied(): Netd service died
09-13 17:03:45.317 478 478 I ServiceManager: service 'wificond' died
09-13 17:03:45.564 1031 1086 W ServiceManagement: Waited one second for android.frameworks.sensorservice@1.0::ISensorManager/default
09-13 17:03:45.566 1031 1086 I ServiceManagement: getService: Trying again for android.frameworks.sensorservice@1.0::ISensorManager/default...
09-13 17:03:45.933 4403 4403 W ip6tables-wrapp: type=1400 audit(0.0:966): avc: denied { read write } for path="/dev/diag" dev="tmpfs" ino=7350 scontext=u:r:netutils_wrapper:s0 tcontext=u:object_r:diag_device:s0 tclass=chr_file permissive=0
09-13 17:03:45.953 4404 4404 W ip6tables-wrapp: type=1400 audit(0.0:967): avc: denied { read write } for path="/dev/diag" dev="tmpfs" ino=7350 scontext=u:r:netutils_wrapper:s0 tcontext=u:object_r:diag_device:s0 tclass=chr_file permissive=0
09-13 17:03:45.973 4405 4405 W ip6tables-wrapp: type=1400 audit(0.0:968): avc: denied { read write } for path="/dev/diag" dev="tmpfs" ino=7350 scontext=u:r:netutils_wrapper:s0 tcontext=u:object_r:diag_device:s0 tclass=chr_file permissive=0
09-13 17:03:46.001 1169 1225 I QC-NETMGR-LIB: NetmgrNetdClientSetIpForwardEnable(): Looking for Netd service
09-13 17:03:46.001 1169 1225 I QC-NETMGR-LIB: NetmgrNetdClientSetIpForwardEnable(): starting command
09-13 17:03:46.001 1169 1225 E QC-NETMGR-LIB: setIpForwardEnable(): mService is NULL
09-13 17:03:46.566 1031 1086 W ServiceManagement: Waited one second for android.frameworks.sensorservice@1.0::ISensorManager/default
09-13 17:03:46.567 1031 1086 I ServiceManagement: getService: Trying again for android.frameworks.sensorservice@1.0::ISensorManager/default...
09-13 17:03:47.567 1031 1086 W ServiceManagement: Waited one second for android.frameworks.sensorservice@1.0::ISensorManager/default
09-13 17:03:47.568 1031 1086 I ServiceManagement: getService: Trying again for android.frameworks.sensorservice@1.0::ISensorManager/default...
09-13 17:03:48.234 4408 4408 D vndksupport: Loading /vendor/lib/hw/android.hardware.audio@4.0-impl.so from current namespace instead of sphal namespace.
09-13 17:03:48.238 4408 4408 I ServiceManagement: Removing namespace from process name android.hardware.audio@2.0-service to audio@2.0-service.
09-13 17:03:48.247 4408 4408 I audiohalservice: Registration complete for android.hardware.audio@4.0::IDevicesFactory/default.
09-13 17:03:48.249 4408 4408 D vndksupport: Loading /vendor/lib/hw/android.hardware.audio.effect@4.0-impl.so from current namespace instead of sphal namespace.
09-13 17:03:48.257 4408 4408 I audiohalservice: Registration complete for android.hardware.audio.effect@4.0::IEffectsFactory/default.
09-13 17:03:48.258 4408 4408 D vndksupport: Loading /vendor/lib/hw/android.hardware.soundtrigger@2.1-impl.so from current namespace instead of sphal namespace.
09-13 17:03:48.260 4408 4408 D vndksupport: Loading /vendor/lib/hw/sound_trigger.primary.msm8996.so from current namespace instead of sphal namespace.
09-13 17:03:48.261 4408 4408 D sound_trigger_hw: stdev_open: Enter
09-13 17:03:48.263 4408 4408 I sound_trigger_platform: platform_stdev_init: Enter
09-13 17:03:48.265 4408 4408 D audio_hw_utils: audio_extn_utils_open_snd_mixer: snd_card_name: msm8996-tasha-mtp-snd-card
09-13 17:03:48.265 4408 4408 W hardware_info: update_hardware_info_8996: Not a 8996 device
09-13 17:03:48.265 4408 4408 D audio_hw_utils: audio_extn_utils_open_snd_mixer: Opened sound card:0
09-13 17:03:48.274 4410 4410 I Dpps : GetInstance: DppsServer ref count increased to 1
09-13 17:03:48.275 4410 4410 I Dpps : InitPrimaryContextFeatures():298 Dpps feature enable properties are false, skipping primary feature context init
09-13 17:03:48.449 4409 4409 D AndroidRuntime: >>>>>> START com.android.internal.os.ZygoteInit uid 0 <<<<<<
09-13 17:03:48.449 4409 4409 E AndroidRuntime: hot count path: /proc/4409/page_hot_count
09-13 17:03:48.449 4409 4409 E AndroidRuntime: open page_hot_count failed
09-13 17:03:48.455 4409 4409 I zygote64: option[0]=-Xzygote
09-13 17:03:48.455 4409 4409 I zygote64: option[1]=-Xusetombstonedtraces
09-13 17:03:48.455 4409 4409 I zygote64: option[2]=exit
09-13 17:03:48.455 4409 4409 I zygote64: option[3]=vfprintf
09-13 17:03:48.455 4409 4409 I zygote64: option[4]=sensitiveThread
09-13 17:03:48.455 4409 4409 I zygote64: option[5]=-verbose:gc
09-13 17:03:48.455 4409 4409 I zygote64: option[6]=-Xms8m
09-13 17:03:48.455 4409 4409 I zygote64: option[7]=-Xmx512m
09-13 17:03:48.456 4409 4409 I zygote64: option[8]=-XX:HeapGrowthLimit=256m
09-13 17:03:48.456 4409 4409 I zygote64: option[9]=-XX:HeapMinFree=512k
09-13 17:03:48.456 4409 4409 I zygote64: option[10]=-XX:HeapMaxFree=8m
09-13 17:03:48.456 4409 4409 I zygote64: option[11]=-XX:HeapTargetUtilization=0.75
09-13 17:03:48.456 4409 4409 I zygote64: option[12]=-Xusejit:true
09-13 17:03:48.456 4409 4409 I zygote64: option[13]=-Xjitsaveprofilinginfo
09-13 17:03:48.456 4409 4409 I zygote64: option[14]=-XjdwpOptions:suspend=n,server=y
09-13 17:03:48.456 4409 4409 I zygote64: option[15]=-XjdwpProvider:default
09-13 17:03:48.456 4409 4409 I zygote64: option[16]=-Ximage-compiler-option
09-13 17:03:48.456 4409 4409 I zygote64: option[17]=--runtime-arg
09-13 17:03:48.456 4409 4409 I zygote64: option[18]=-Ximage-compiler-option
09-13 17:03:48.456 4409 4409 I zygote64: option[19]=-Xms64m
09-13 17:03:48.456 4409 4409 I zygote64: option[20]=-Ximage-compiler-option
09-13 17:03:48.456 4409 4409 I zygote64: option[21]=--runtime-arg
09-13 17:03:48.456 4409 4409 I zygote64: option[22]=-Ximage-compiler-option
09-13 17:03:48.456 4409 4409 I zygote64: option[23]=-Xmx64m
09-13 17:03:48.456 4409 4409 I zygote64: option[24]=-Ximage-compiler-option
09-13 17:03:48.456 4409 4409 I zygote64: option[25]=--profile-file=/system/etc/boot-image.prof
09-13 17:03:48.456 4409 4409 I zygote64: option[26]=-Ximage-compiler-option
09-13 17:03:48.456 4409 4409 I zygote64: option[27]=--compiler-filter=speed-profile
09-13 17:03:48.456 4409 4409 I zygote64: option[28]=-Xcompiler-option
09-13 17:03:48.456 4409 4409 I zygote64: option[29]=--runtime-arg
09-13 17:03:48.456 4409 4409 I zygote64: option[30]=-Xcompiler-option
09-13 17:03:48.456 4409 4409 I zygote64: option[31]=-Xms64m
09-13 17:03:48.456 4409 4409 I zygote64: option[32]=-Xcompiler-option
09-13 17:03:48.456 4409 4409 I zygote64: option[33]=--runtime-arg
09-13 17:03:48.456 4409 4409 I zygote64: option[34]=-Xcompiler-option
09-13 17:03:48.456 4409 4409 I zygote64: option[35]=-Xmx512m
09-13 17:03:48.456 4409 4409 I zygote64: option[36]=-Ximage-compiler-option
09-13 17:03:48.456 4409 4409 I zygote64: option[37]=--instruction-set-variant=kryo
09-13 17:03:48.456 4409 4409 I zygote64: option[38]=-Xcompiler-option
09-13 17:03:48.456 4409 4409 I zygote64: option[39]=--instruction-set-variant=kryo
09-13 17:03:48.456 4409 4409 I zygote64: option[40]=-Ximage-compiler-option
09-13 17:03:48.456 4409 4409 I zygote64: option[41]=--instruction-set-features=default
09-13 17:03:48.456 4409 4409 I zygote64: option[42]=-Xcompiler-option
09-13 17:03:48.456 4409 4409 I zygote64: option[43]=--instruction-set-features=default
09-13 17:03:48.456 4409 4409 I zygote64: option[44]=-Duser.locale=en-NL
09-13 17:03:48.456 4409 4409 I zygote64: option[45]=--cpu-abilist=arm64-v8a
09-13 17:03:48.456 4409 4409 I zygote64: option[46]=-Xfingerprint:OnePlus/OnePlus3/OnePlus3:9/PKQ1.181203.001/1907311932:user/release-keys
09-13 17:03:48.459 4418 4418 I wificond: wificond is starting up...
09-13 17:03:48.463 4409 4409 I zygote64: VerifyImage: /system/bin/patchoat --input-image-location=/system/framework/boot.art --output-image-directory=/data/dalvik-cache/arm64 --instruction-set=arm64 --verify
09-13 17:03:48.552 4417 4417 I Netd : Netd 1.0 starting
09-13 17:03:48.553 4417 4417 D TetherController: Setting IP forward enable = 0
09-13 17:03:48.569 1031 1086 W ServiceManagement: Waited one second for android.frameworks.sensorservice@1.0::ISensorManager/default
09-13 17:03:48.570 1031 1086 I ServiceManagement: getService: Trying again for android.frameworks.sensorservice@1.0::ISensorManager/default...
09-13 17:03:48.650 4417 4417 I Netd : Creating child chains: 49.2ms
09-13 17:03:48.650 4417 4417 I Netd : Setting up OEM hooks: 0.1ms
09-13 17:03:48.655 4417 4417 I Netd : Setting up FirewallController hooks: 5.3ms
09-13 17:03:48.666 4417 4417 I Netd : Setting up TetherController hooks: 10.5ms
09-13 17:03:48.669 4417 4417 I Netd : Setting up BandwidthController hooks: 3.3ms
09-13 17:03:48.669 4417 4417 I Netd : Setting up IdletimerController hooks: 0.0ms
09-13 17:03:48.669 4417 4417 I Netd : initializing traffic control: 0.0ms
09-13 17:03:48.675 4417 4417 I Netd : Disabling bandwidth control: 6.3ms
09-13 17:03:48.677 4417 4417 E Netd : Error adding route 0.0.0.0/0 -> (null) dummy0 to table 1003: File exists
09-13 17:03:48.677 4417 4417 I Netd : Initializing RouteController: 1.6ms
09-13 17:03:48.677 4417 4417 D XfrmController: Sending Netlink XFRM Message: XFRM_MSG_FLUSHSA
09-13 17:03:48.677 4417 4417 D XfrmController: Sending Netlink XFRM Message: XFRM_MSG_FLUSHPOLICY
09-13 17:03:48.677 4417 4417 I Netd : Initializing XfrmController: 0.4ms
09-13 17:03:48.678 4417 4417 E Netd : Unable to create netlink socket: Protocol not supported
09-13 17:03:48.678 4417 4417 W Netd : Unable to open qlog quota socket, check if xt_quota2 can send via UeventHandler
09-13 17:03:48.678 4417 4417 D MDnsDS : MDnsSdListener::Hander starting up
09-13 17:03:48.679 4417 4417 I Netd : Registering NetdNativeService: 1.0ms
09-13 17:03:48.680 4417 4417 I Netd : Starting CommandListener: 0.1ms
09-13 17:03:48.687 4417 4429 D MDnsDS : MDnsSdListener starting to monitor
09-13 17:03:48.687 4417 4429 D MDnsDS : Going to poll with pollCount 1
09-13 17:03:48.697 1169 1557 I QC-NETMGR-LIB: onRegistration(): Starting Netd getService thread
09-13 17:03:48.706 4417 4417 I Netd : Registering NetdHwService: 26.5ms
09-13 17:03:48.706 4417 4417 I Netd : Netd started in 154ms
09-13 17:03:48.726 1169 4436 I QC-NETMGR-LIB: getServiceImpl(): INetd discovered
09-13 17:03:48.726 1169 4436 I QC-NETMGR-LIB: registerLinkToDeath(): Success registerLinkToDeath!
09-13 17:03:48.727 1169 1557 D QC-NETMGR-LIB: onRegistration(): netd restart detected
09-13 17:03:48.727 1169 1225 I QC-NETMGR-LIB: NetmgrNetdClientRegisterNetwork(): Looking for Netd service
09-13 17:03:48.727 1169 1225 I QC-NETMGR-LIB: NetmgrNetdClientRegisterNetwork(): register to create new OEM network
09-13 17:03:48.727 1169 1225 I QC-NETMGR-LIB: registerNetwork(): Attempting createOemNetwork
09-13 17:03:48.727 4417 4434 D TcpSocketMonitor: suspending tcpinfo polling
09-13 17:03:48.727 1169 1225 I QC-NETMGR-LIB: registerNetwork(): command completed!
09-13 17:03:48.728 1169 1225 I QC-NETMGR-LIB: registerNetwork(): createOemNetwork succeeded [packet mark : 0xf0001] [net id : 1] [network handle : 0x1cafed00d]
09-13 17:03:48.728 1169 1225 I QC-NETMGR-LIB: NetmgrNetdClientRegisterNetwork(): [packet mark : 0xf0001] [network handle : 0x1cafed00d]
09-13 17:03:48.743 4437 4437 W iptables-wrappe: type=1400 audit(0.0:969): avc: denied { read write } for path="/dev/diag" dev="tmpfs" ino=7350 scontext=u:r:netutils_wrapper:s0 tcontext=u:object_r:diag_device:s0 tclass=chr_file permissive=0
09-13 17:03:48.759 4411 4411 D AndroidRuntime: >>>>>> START com.android.internal.os.ZygoteInit uid 0 <<<<<<
09-13 17:03:48.759 4411 4411 E AndroidRuntime: hot count path: /proc/4411/page_hot_count
09-13 17:03:48.759 4411 4411 E AndroidRuntime: open page_hot_count failed
09-13 17:03:48.769 4411 4411 I zygote : option[0]=-Xzygote
09-13 17:03:48.770 4411 4411 I zygote : option[1]=-Xusetombstonedtraces
09-13 17:03:48.770 4411 4411 I zygote : option[2]=exit
09-13 17:03:48.770 4411 4411 I zygote : option[3]=vfprintf
09-13 17:03:48.770 4411 4411 I zygote : option[4]=sensitiveThread
09-13 17:03:48.770 4411 4411 I zygote : option[5]=-verbose:gc
09-13 17:03:48.770 4411 4411 I zygote : option[6]=-Xms8m
09-13 17:03:48.770 4411 4411 I zygote : option[7]=-Xmx512m
09-13 17:03:48.770 4411 4411 I zygote : option[8]=-XX:HeapGrowthLimit=256m
09-13 17:03:48.770 4411 4411 I zygote : option[9]=-XX:HeapMinFree=512k
09-13 17:03:48.770 4411 4411 I zygote : option[10]=-XX:HeapMaxFree=8m
09-13 17:03:48.770 4411 4411 I zygote : option[11]=-XX:HeapTargetUtilization=0.75
09-13 17:03:48.770 4411 4411 I zygote : option[12]=-Xusejit:true
09-13 17:03:48.770 4411 4411 I zygote : option[13]=-Xjitsaveprofilinginfo
09-13 17:03:48.770 4411 4411 I zygote : option[14]=-XjdwpOptions:suspend=n,server=y
09-13 17:03:48.770 4411 4411 I zygote : option[15]=-XjdwpProvider:default
09-13 17:03:48.770 4411 4411 I zygote : option[16]=-Ximage-compiler-option
09-13 17:03:48.770 4411 4411 I zygote : option[17]=--runtime-arg
09-13 17:03:48.770 4411 4411 I zygote : option[18]=-Ximage-compiler-option
09-13 17:03:48.770 4411 4411 I zygote : option[19]=-Xms64m
09-13 17:03:48.770 4411 4411 I zygote : option[20]=-Ximage-compiler-option
09-13 17:03:48.770 4411 4411 I zygote : option[21]=--runtime-arg
09-13 17:03:48.770 4411 4411 I zygote : option[22]=-Ximage-compiler-option
09-13 17:03:48.770 4411 4411 I zygote : option[23]=-Xmx64m
09-13 17:03:48.770 4411 4411 I zygote : option[24]=-Ximage-compiler-option
09-13 17:03:48.770 4411 4411 I zygote : option[25]=--profile-file=/system/etc/boot-image.prof
09-13 17:03:48.770 4411 4411 I zygote : option[26]=-Ximage-compiler-option
09-13 17:03:48.771 4411 4411 I zygote : option[27]=--compiler-filter=speed-profile
09-13 17:03:48.771 4411 4411 I zygote : option[28]=-Xcompiler-option
09-13 17:03:48.771 4411 4411 I zygote : option[29]=--runtime-arg
09-13 17:03:48.771 4411 4411 I zygote : option[30]=-Xcompiler-option
09-13 17:03:48.771 4411 4411 I zygote : option[31]=-Xms64m
09-13 17:03:48.771 4411 4411 I zygote : option[32]=-Xcompiler-option
09-13 17:03:48.771 4411 4411 I zygote : option[33]=--runtime-arg
09-13 17:03:48.771 4411 4411 I zygote : option[34]=-Xcompiler-option
09-13 17:03:48.771 4411 4411 I zygote : option[35]=-Xmx512m
09-13 17:03:48.771 4411 4411 I zygote : option[36]=-Ximage-compiler-option
09-13 17:03:48.771 4411 4411 I zygote : option[37]=--instruction-set-variant=cortex-a53
09-13 17:03:48.771 4411 4411 I zygote : option[38]=-Xcompiler-option
09-13 17:03:48.771 4411 4411 I zygote : option[39]=--instruction-set-variant=cortex-a53
09-13 17:03:48.771 4411 4411 I zygote : option[40]=-Ximage-compiler-option
09-13 17:03:48.771 4411 4411 I zygote : option[41]=--instruction-set-features=default
09-13 17:03:48.771 4411 4411 I zygote : option[42]=-Xcompiler-option
09-13 17:03:48.771 4411 4411 I zygote : option[43]=--instruction-set-features=default
09-13 17:03:48.771 4411 4411 I zygote : option[44]=-Duser.locale=en-NL
09-13 17:03:48.771 4411 4411 I zygote : option[45]=--cpu-abilist=armeabi-v7a,armeabi
09-13 17:03:48.771 4411 4411 I zygote : option[46]=-Xfingerprint:OnePlus/OnePlus3/OnePlus3:9/PKQ1.181203.001/1907311932:user/release-keys
09-13 17:03:48.785 4411 4411 I zygote : VerifyImage: /system/bin/patchoat --input-image-location=/system/framework/boot.art --output-image-directory=/data/dalvik-cache/arm --instruction-set=arm --verify
09-13 17:03:48.815 4409 4409 D Zygote : begin preload
09-13 17:03:48.815 4409 4409 I Zygote : Installing ICU cache reference pinning...
09-13 17:03:48.815 4409 4409 I Zygote : Preloading ICU data...
09-13 17:03:48.830 4409 4409 I Zygote : Preloading classes...
09-13 17:03:48.848 4409 4409 I PackageBackwardCompatibility: Loaded android.content.pm.OrgApacheHttpLegacyUpdater
09-13 17:03:48.848 4409 4409 I PackageBackwardCompatibility: Could not find android.content.pm.AndroidTestBaseUpdater, ignoring
09-13 17:03:48.918 4409 4409 E Typeface: Error mapping font file /system/fonts/RobotoCondensed-Thin.ttf
09-13 17:03:48.936 4409 4409 E Typeface: Error mapping font file /system/fonts/NotoSansKhmer-Regular.ttf
09-13 17:03:48.937 4409 4409 E Typeface: Error mapping font file /system/fonts/NotoSansKhmer-Bold.ttf
09-13 17:03:48.937 4409 4409 E Typeface: Unable to load Family: null : [und-Khmr]
09-13 17:03:48.953 4443 4443 W iptables-wrappe: type=1400 audit(0.0:970): avc: denied { read write } for path="/dev/diag" dev="tmpfs" ino=7350 scontext=u:r:netutils_wrapper:s0 tcontext=u:object_r:diag_device:s0 tclass=chr_file permissive=0
09-13 17:03:48.958 4409 4409 E Typeface: Error mapping font file /system/fonts/DroidSansFallback.ttf
09-13 17:03:48.958 4409 4409 E Typeface: Unable to load Family: null : null
09-13 17:03:49.073 4444 4444 W iptables-wrappe: type=1400 audit(0.0:971): avc: denied { read write } for path="/dev/diag" dev="tmpfs" ino=7350 scontext=u:r:netutils_wrapper:s0 tcontext=u:object_r:diag_device:s0 tclass=chr_file permissive=0
09-13 17:03:49.107 4409 4409 E ActivityRecognitionHardware: activity_recognition HAL is deprecated. class_init is effectively a no-op
09-13 17:03:49.109 4416 4416 I mediaserver: ServiceManager: 0xe931c1c0
09-13 17:03:49.110 4414 4414 I cameraserver: ServiceManager: 0xef71c1c0
09-13 17:03:49.110 4414 4414 I CameraService: CameraService started (pid=4414)
09-13 17:03:49.110 4414 4414 I CameraService: CameraService process starting
09-13 17:03:49.163 4449 4449 W ip6tables-wrapp: type=1400 audit(0.0:972): avc: denied { read write } for path="/dev/diag" dev="tmpfs" ino=7350 scontext=u:r:netutils_wrapper:s0 tcontext=u:object_r:diag_device:s0 tclass=chr_file permissive=0
09-13 17:03:49.110 4414 4414 W BatteryNotifier: batterystats service unavailable!
09-13 17:03:49.110 4414 4414 W BatteryNotifier: batterystats service unavailable!
09-13 17:03:49.116 4416 4416 W BatteryNotifier: batterystats service unavailable!
09-13 17:03:49.121 4414 4414 I CameraProviderManager: Connecting to new camera provider: legacy/0, isRemote? 1
09-13 17:03:49.136 4414 4414 I CameraProviderManager: Enumerating new camera device: device@1.0/legacy/0
09-13 17:03:49.152 4409 4409 I zygote64: Thread[1,tid=4409,Native,Thread*=0x7ed7a14c00,peer=0x130c0088,"main"] recursive attempt to load library "/system/lib64/libmedia_jni.so"
09-13 17:03:49.152 4409 4409 D MtpDeviceJNI: register_android_mtp_MtpDevice
09-13 17:03:49.153 4409 4409 I zygote64: Thread[1,tid=4409,Native,Thread*=0x7ed7a14c00,peer=0x130c0088,"main"] recursive attempt to load library "/system/lib64/libmedia_jni.so"
09-13 17:03:49.153 4409 4409 I zygote64: Thread[1,tid=4409,Native,Thread*=0x7ed7a14c00,peer=0x130c0088,"main"] recursive attempt to load library "/system/lib64/libmedia_jni.so"
09-13 17:03:49.157 531 531 I CamDev@1.0-impl: Opening camera 0
09-13 17:03:49.157 531 531 I QCamera : openLegacy: 680: openLegacy halVersion: 256
09-13 17:03:49.177 531 4451 I QCameraHWI_Mem: memoryPoolThread: E
09-13 17:03:49.177 531 4451 I QCameraHWI_Mem: memoryPoolThread: start proc
09-13 17:03:49.178 531 531 I OneplusCamera: initClientPackageNameFlag: com.android.facelock
09-13 17:03:49.178 531 531 D vndksupport: Loading /vendor/lib/hw/power.qcom.so from current namespace instead of sphal namespace.
09-13 17:03:49.184 531 531 I QCamera2HWI: QCamera2HardwareInterface: mClientPackageName = com.android.facelock
09-13 17:03:49.184 531 531 I QCamera : openCamera: 2057: [KPI Perf]: E PROFILE_OPEN_CAMERA camera id 0
09-13 17:03:49.185 531 531 I OPCAMERA_SERVICE: init_module: module=0xe8c97c28 private=0xe1fa2d80 list=0xe26c3230
09-13 17:03:49.186 531 531 E OneplusCamera: acquire: fail
09-13 17:03:49.186 4414 4414 W CameraProviderManager: Camera provider legacy/0 says an unknown camera device@1.0/legacy/0 now has torch status 0. Curious.
09-13 17:03:49.186 4414 4414 W CameraProviderManager: Camera provider legacy/0 says an unknown camera device@3.3/legacy/0 now has torch status 0. Curious.
09-13 17:03:49.187 531 4450 I QCameraStateMachine: E
09-13 17:03:49.187 531 4452 I QCamera2HWI: QCamera2HardwareInterface::deferredWorkRoutine id=67
09-13 17:03:49.188 531 4452 I QCamera2HWI: QCamera2HardwareInterface::dequeueDeferredWork id=67
09-13 17:03:49.188 531 4452 I QCamera2HWI: QCamera2HardwareInterface::deferredWorkRoutine id=68
09-13 17:03:49.188 531 4452 I QCamera2HWI: QCamera2HardwareInterface::dequeueDeferredWork id=68
09-13 17:03:49.223 4412 4412 I FastMixerState: sMaxFastTracks = 8
09-13 17:03:49.223 4412 4412 V MediaUtils: physMem: 4294967295
09-13 17:03:49.224 4412 4412 V MediaUtils: requested limit: 536870912
09-13 17:03:49.224 4412 4412 V MediaUtils: actual limit: 536870912
09-13 17:03:49.224 4412 4412 V MediaUtils: original limits: 4294967295/4294967295
09-13 17:03:49.224 4412 4412 V MediaUtils: new limits: 536870912/4294967295
09-13 17:03:49.226 4412 4412 I audioserver: ServiceManager: 0xece9c1c0
09-13 17:03:49.226 4412 4412 D audioserver: audioserver get Service Manager need time 2 ms
09-13 17:03:49.231 4412 4412 W BatteryNotifier: batterystats service unavailable!
09-13 17:03:49.223 4454 4454 W iptables-wrappe: type=1400 audit(0.0:973): avc: denied { read write } for path="/dev/diag" dev="tmpfs" ino=7350 scontext=u:r:netutils_wrapper:s0 tcontext=u:object_r:diag_device:s0 tclass=chr_file permissive=0
09-13 17:03:49.233 4409 4409 W main : type=1400 audit(0.0:974): avc: denied { read } for name="u:object_r:vendor_scroll_prop:s0" dev="tmpfs" ino=16517 scontext=u:r:zygote:s0 tcontext=u:object_r:vendor_scroll_prop:s0 tclass=file permissive=0
09-13 17:03:49.241 4409 4409 E libc : Access denied finding property "vendor.perf.gestureflingboost.enable"
09-13 17:03:49.249 4409 4409 E libc : Access denied finding property "vendor.perf.gestureflingboost.enable"
09-13 17:03:49.253 1010 4464 E mm-3a-core: light_sensor_init init fail
09-13 17:03:49.255 1010 4464 E mm-camera: 448: dsps_open: try to sensor1_open()
09-13 17:03:49.274 4409 4409 I DpmTcmClient: DpmTcmClient constructor
09-13 17:03:49.283 1010 1010 I mm-camera: < INFO> 292: af_core_init: af_core_init
09-13 17:03:49.284 1010 1010 E mm-camera: 2865: stats_port_check_caps_reserve: Invalid Port capability type!
09-13 17:03:49.285 1010 1010 I chatty : uid=1006(camera) mm-qcamera-daem identical 3 lines
09-13 17:03:49.285 1010 1010 E mm-camera: 2865: stats_port_check_caps_reserve: Invalid Port capability type!
09-13 17:03:49.285 1010 1010 I mm-3a-core: q3a_thread_aecawb_start Enter
09-13 17:03:49.291 531 531 I QCamera : openCamera: 2070: [KPI Perf]: X PROFILE_OPEN_CAMERA camera id 0, rc: 0
09-13 17:03:49.291 531 531 I CamDev@1.0-impl: could not cast ICameraDeviceCallback to IQCameraDeviceCallback
09-13 17:03:49.291 531 4452 I QCamera2HWI: QCamera2HardwareInterface::deferredWorkRoutine id=69
09-13 17:03:49.291 531 4452 I QCameraParameters: Open flash for camera Id: 0 (flash fd: 34)
09-13 17:03:49.293 531 4452 I QCameraParameters: init: no sensor name matched
09-13 17:03:49.293 531 4452 D QCameraParameters: sensor_active_size is 4656 3496
09-13 17:03:49.293 531 4452 I QCamera : setFocusMode: 7701: Setting focus mode auto
09-13 17:03:49.293 531 4452 I QCamera : setFocusAreas: 9967: Default ROI
09-13 17:03:49.294 531 4452 I OPCAMERA_VFB: init_module: module=0xe8c97cb8 private=0xe10cc000 list=0xe1fb1090
09-13 17:03:49.243 4409 4409 W main : type=1400 audit(0.0:975): avc: denied { read } for name="u:object_r:vendor_scroll_prop:s0" dev="tmpfs" ino=16517 scontext=u:r:zygote:s0 tcontext=u:object_r:vendor_scroll_prop:s0 tclass=file permissive=0
09-13 17:03:49.296 531 4487 I OPCAMERA_VFB: sensor_config: enable cfg for imx298
09-13 17:03:49.297 531 4452 I OPCAMERA_SFB: init_module: module=0xe1f9e040 private=0xe1fdfe00 list=0xe1fb10b0
09-13 17:03:49.297 531 4489 I OPCAMERA_SFB: sensor_config: imx298.is_sensor_cfg=1
09-13 17:03:49.297 531 4452 E OneplusCamera: createFaceBeautyLevelString facebeauty levels=0,1,2,3,4,5,6,7,8
09-13 17:03:49.299 531 4452 I OPCAMERA_VFB: deinit_module: module=0xe8c97cb8 private=0xe10cc000 list=0x0
09-13 17:03:49.300 531 4452 I OPCAMERA_SFB: deinit_module: module=0xe1f9e040 private=0xe1fdfe00 list=0x0
09-13 17:03:49.305 1010 4481 E mm-camera: 2966: sensor_get_cur_chromatix_name: Sensor name:imx298,sensor id:0x0, vendor id:4, lens id:0
09-13 17:03:49.305 1010 4481 E mm-camera: 3129: sensor_get_cur_chromatix_name: 3A chromatix : imx298_zsl_preview
09-13 17:03:49.307 531 4452 I QCamera2HWI: QCamera2HardwareInterface::dequeueDeferredWork id=69
09-13 17:03:49.310 531 531 I CamDev@1.0-impl: Closing camera 0
09-13 17:03:49.310 531 531 I QCamera : close_camera_device: 1649: [KPI Perf]: E camera id 0
09-13 17:03:49.311 531 531 I QCameraStateMachine: E
09-13 17:03:49.314 531 4450 I QCameraStateMachine: QCAMERA_SM_CMD_TYPE_EXIT
09-13 17:03:49.314 531 4450 I QCameraStateMachine: X
09-13 17:03:49.314 531 531 I QCameraStateMachine: X
09-13 17:03:49.314 531 531 I QCamera : closeCamera: 2479: E
09-13 17:03:49.314 531 531 I QCamera : closeCamera: 2484: [KPI Perf]: E PROFILE_CLOSE_CAMERA camera id 0
09-13 17:03:49.315 531 531 E OneplusCamera: acquire: fail
09-13 17:03:49.315 1010 4481 I : sensor_pick_resolution res_idx: 2
09-13 17:03:49.315 1010 4481 I : sensor_pick_resolution Matched pick_w:2328, pick_h:1748, pick_fps:30.020000, pick_clk:299300000, pick_mode:1
09-13 17:03:49.316 1010 1310 E mm-camera: 303: AllocateBuffers: Invalid dimensions 0x0
09-13 17:03:49.316 1010 1310 E mm-camera: 203: img_algo_preload: Preload: Failed to allocate buffer, rc -4
09-13 17:03:49.316 1010 1310 E mm-camera: 117: module_imgbase_client_preload_exec: IMG_CORE_PRELOAD failed -4
09-13 17:03:49.318 4409 4409 I Zygote : ...preloaded 6535 classes in 488ms.
09-13 17:03:49.318 4409 4409 I zygote64: VMRuntime.preloadDexCaches starting
09-13 17:03:49.319 531 531 I QCameraParameters: Close flash fd: 34
09-13 17:03:49.320 531 531 D QCameraPostProc: stop: E
09-13 17:03:49.320 531 531 E QCameraPostProc: stop: X
09-13 17:03:49.322 531 4484 D : cmdtype=MM_CAMERA_CMD_TYPE_EXIT
09-13 17:03:49.323 1010 1010 E mm-camera: 916: isp_port_check_caps_unreserve: ISP session resource not dellocated in time
09-13 17:03:49.325 4408 4408 D sound_trigger_platform: call audio_hw_acdb_init_v2
09-13 17:03:49.325 4408 4408 E platform_info: param tag only supported with CONFIG_PARAMS section
09-13 17:03:49.325 4408 4408 I chatty : uid=1041(audioserver) audio@2.0-servi identical 3 lines
09-13 17:03:49.325 4408 4408 E platform_info: param tag only supported with CONFIG_PARAMS section
09-13 17:03:49.330 4408 4408 E audio_hw_acdb: acdb_init_v2: dlsym error undefined symbol: acdb_loader_init_v4 for acdb_loader_init_v4
09-13 17:03:49.331 4408 4408 D ACDB-LOADER: ACDB -> No .acdb files found in /vendor/etc/acdbdata!
09-13 17:03:49.331 4408 4408 D ACDB-LOADER: ACDB -> found 0 form factor & soundcard independant files
09-13 17:03:49.331 4408 4408 D ACDB-LOADER: ACDB -> Load file: /vendor/etc/acdbdata/MTP/MTP_Speaker_cal.acdb
09-13 17:03:49.331 4408 4408 D ACDB-LOADER: ACDB -> Load file: /vendor/etc/acdbdata/MTP/MTP_Bluetooth_cal.acdb
09-13 17:03:49.331 4408 4408 D ACDB-LOADER: ACDB -> Load file: /vendor/etc/acdbdata/MTP/MTP_Global_cal.acdb
09-13 17:03:49.331 4408 4408 D ACDB-LOADER: ACDB -> Load file: /vendor/etc/acdbdata/MTP/MTP_General_cal.acdb
09-13 17:03:49.331 4408 4408 D ACDB-LOADER: ACDB -> Load file: /vendor/etc/acdbdata/MTP/MTP_Headset_cal.acdb
09-13 17:03:49.331 4408 4408 D ACDB-LOADER: ACDB -> Load file: /vendor/etc/acdbdata/MTP/MTP_Hdmi_cal.acdb
09-13 17:03:49.331 4408 4408 D ACDB-LOADER: ACDB -> Load file: /vendor/etc/acdbdata/MTP/MTP_Handset_cal.acdb
09-13 17:03:49.331 4408 4408 D ACDB-LOADER: ACDB -> ACDB_CMD_INITIALIZE_V2
09-13 17:03:49.332 4408 4408 D : [ACDB Command]->SW Minor/Major/Revision version info for /vendor/etc/acdbdata/MTP/MTP_Speaker_cal.acdb
09-13 17:03:49.332 4408 4408 D : [ACDB Command]->ACDB Sw Major = 9, ACDB Sw Minor = 0, ACDB Sw Revision = 4, ACDB Sw Cpl Number = 0
09-13 17:03:49.332 4408 4408 D : [ACDB Command]->ACDB File Major = 7, ACDB File Minor = 0, ACDB File Revision = 5
09-13 17:03:49.332 4408 4408 D : [ACDB Command]->SW Minor/Major/Revision version info for /vendor/etc/acdbdata/MTP/MTP_Bluetooth_cal.acdb
09-13 17:03:49.332 4408 4408 D : [ACDB Command]->ACDB Sw Major = 9, ACDB Sw Minor = 0, ACDB Sw Revision = 4, ACDB Sw Cpl Number = 0
09-13 17:03:49.332 4408 4408 D : [ACDB Command]->ACDB File Major = 7, ACDB File Minor = 0, ACDB File Revision = 5
09-13 17:03:49.332 4408 4408 D : [ACDB Command]->SW Minor/Major/Revision version info for /vendor/etc/acdbdata/MTP/MTP_Global_cal.acdb
