09-13 17:03:29.897 3476 3476 I system_server: at java.lang.Runnable com.android.internal.os.ZygoteInit.zygoteInit(int, java.lang.String[], java.lang.ClassLoader) (ZygoteInit.java:912)
09-13 17:03:29.897 3476 3476 I system_server: at java.lang.Runnable com.android.internal.os.ZygoteInit.handleSystemServerProcess(com.android.internal.os.ZygoteConnection$Arguments) (ZygoteInit.java:506)
09-13 17:03:29.897 3476 3476 I system_server: at java.lang.Runnable com.android.internal.os.ZygoteInit.forkSystemServer(java.lang.String, java.lang.String, com.android.internal.os.ZygoteServer) (ZygoteInit.java:730)
09-13 17:03:29.897 3476 3476 I system_server: at void com.android.internal.os.ZygoteInit.main(java.lang.String[]) (ZygoteInit.java:833)
09-13 17:03:29.897 3476 3476 I system_server: Caused by: java.lang.ClassNotFoundException: Didn't find class "android.view.WindowManagerPolicy$WindowManagerFuncs" on path: DexPathList[[zip file "/system/framework/services.jar", zip file "/system/framework/ethernet-service.jar", zip file "/system/framework/wifi-service.jar", zip file "/system/framework/com.android.location.provider.jar"],nativeLibraryDirectories=[/system/lib64, /system/vendor/lib64, /system/lib64, /system/vendor/lib64]]
09-13 17:03:29.897 3476 3476 I system_server: at java.lang.Class dalvik.system.BaseDexClassLoader.findClass(java.lang.String) (BaseDexClassLoader.java:169)
09-13 17:03:29.897 3476 3476 I system_server: at java.lang.Class java.lang.ClassLoader.loadClass(java.lang.String, boolean) (ClassLoader.java:379)
09-13 17:03:29.897 3476 3476 I system_server: at java.lang.Class java.lang.ClassLoader.loadClass(java.lang.String) (ClassLoader.java:312)
09-13 17:03:29.897 3476 3476 I system_server: at java.lang.Class java.lang.Class.classForName(java.lang.String, boolean, java.lang.ClassLoader) (Class.java:-2)
09-13 17:03:29.897 3476 3476 I system_server: at java.lang.Class java.lang.Class.forName(java.lang.String, boolean, java.lang.ClassLoader) (Class.java:453)
09-13 17:03:29.897 3476 3476 I system_server: at java.lang.Runnable com.android.internal.os.RuntimeInit.findStaticMain(java.lang.String, java.lang.String[], java.lang.ClassLoader) (RuntimeInit.java:336)
09-13 17:03:29.897 3476 3476 I system_server: at java.lang.Runnable com.android.internal.os.RuntimeInit.applicationInit(int, java.lang.String[], java.lang.ClassLoader) (RuntimeInit.java:409)
09-13 17:03:29.897 3476 3476 I system_server: at java.lang.Runnable com.android.internal.os.ZygoteInit.zygoteInit(int, java.lang.String[], java.lang.ClassLoader) (ZygoteInit.java:912)
09-13 17:03:29.897 3476 3476 I system_server: at java.lang.Runnable com.android.internal.os.ZygoteInit.handleSystemServerProcess(com.android.internal.os.ZygoteConnection$Arguments) (ZygoteInit.java:506)
09-13 17:03:29.897 3476 3476 I system_server: at java.lang.Runnable com.android.internal.os.ZygoteInit.forkSystemServer(java.lang.String, java.lang.String, com.android.internal.os.ZygoteServer) (ZygoteInit.java:730)
09-13 17:03:29.897 3476 3476 I system_server: at void com.android.internal.os.ZygoteInit.main(java.lang.String[]) (ZygoteInit.java:833)
09-13 17:03:29.897 3476 3476 I system_server:
09-13 17:03:29.899 3476 3476 I system_server: Rejecting re-init on previously-failed class java.lang.Class: java.lang.NoClassDefFoundError: Failed resolution of: Landroid/view/WindowManagerPolicy$WindowManagerFuncs;
09-13 17:03:29.899 3476 3476 I system_server: at java.lang.Class java.lang.Class.classForName(java.lang.String, boolean, java.lang.ClassLoader) (Class.java:-2)
09-13 17:03:29.899 3476 3476 I system_server: at java.lang.Class java.lang.Class.forName(java.lang.String, boolean, java.lang.ClassLoader) (Class.java:453)
09-13 17:03:29.899 3476 3476 I system_server: at java.lang.Runnable com.android.internal.os.RuntimeInit.findStaticMain(java.lang.String, java.lang.String[], java.lang.ClassLoader) (RuntimeInit.java:336)
09-13 17:03:29.899 3476 3476 I system_server: at java.lang.Runnable com.android.internal.os.RuntimeInit.applicationInit(int, java.lang.String[], java.lang.ClassLoader) (RuntimeInit.java:409)
09-13 17:03:29.899 3476 3476 I system_server: at java.lang.Runnable com.android.internal.os.ZygoteInit.zygoteInit(int, java.lang.String[], java.lang.ClassLoader) (ZygoteInit.java:912)
09-13 17:03:29.899 3476 3476 I system_server: at java.lang.Runnable com.android.internal.os.ZygoteInit.handleSystemServerProcess(com.android.internal.os.ZygoteConnection$Arguments) (ZygoteInit.java:506)
09-13 17:03:29.899 3476 3476 I system_server: at java.lang.Runnable com.android.internal.os.ZygoteInit.forkSystemServer(java.lang.String, java.lang.String, com.android.internal.os.ZygoteServer) (ZygoteInit.java:730)
09-13 17:03:29.899 3476 3476 I system_server: at void com.android.internal.os.ZygoteInit.main(java.lang.String[]) (ZygoteInit.java:833)
09-13 17:03:29.899 3476 3476 I system_server: Caused by: java.lang.ClassNotFoundException: Didn't find class "android.view.WindowManagerPolicy$WindowManagerFuncs" on path: DexPathList[[zip file "/system/framework/services.jar", zip file "/system/framework/ethernet-service.jar", zip file "/system/framework/wifi-service.jar", zip file "/system/framework/com.android.location.provider.jar"],nativeLibraryDirectories=[/system/lib64, /system/vendor/lib64, /system/lib64, /system/vendor/lib64]]
09-13 17:03:29.899 3476 3476 I system_server: at java.lang.Class dalvik.system.BaseDexClassLoader.findClass(java.lang.String) (BaseDexClassLoader.java:169)
09-13 17:03:29.899 3476 3476 I system_server: at java.lang.Class java.lang.ClassLoader.loadClass(java.lang.String, boolean) (ClassLoader.java:379)
09-13 17:03:29.899 3476 3476 I system_server: at java.lang.Class java.lang.ClassLoader.loadClass(java.lang.String) (ClassLoader.java:312)
09-13 17:03:29.899 3476 3476 I system_server: at java.lang.Class java.lang.Class.classForName(java.lang.String, boolean, java.lang.ClassLoader) (Class.java:-2)
09-13 17:03:29.899 3476 3476 I system_server: at java.lang.Class java.lang.Class.forName(java.lang.String, boolean, java.lang.ClassLoader) (Class.java:453)
09-13 17:03:29.899 3476 3476 I system_server: at java.lang.Runnable com.android.internal.os.RuntimeInit.findStaticMain(java.lang.String, java.lang.String[], java.lang.ClassLoader) (RuntimeInit.java:336)
09-13 17:03:29.899 3476 3476 I system_server: at java.lang.Runnable com.android.internal.os.RuntimeInit.applicationInit(int, java.lang.String[], java.lang.ClassLoader) (RuntimeInit.java:409)
09-13 17:03:29.899 3476 3476 I system_server: at java.lang.Runnable com.android.internal.os.ZygoteInit.zygoteInit(int, java.lang.String[], java.lang.ClassLoader) (ZygoteInit.java:912)
09-13 17:03:29.899 3476 3476 I system_server: at java.lang.Runnable com.android.internal.os.ZygoteInit.handleSystemServerProcess(com.android.internal.os.ZygoteConnection$Arguments) (ZygoteInit.java:506)
09-13 17:03:29.899 3476 3476 I system_server: at java.lang.Runnable com.android.internal.os.ZygoteInit.forkSystemServer(java.lang.String, java.lang.String, com.android.internal.os.ZygoteServer) (ZygoteInit.java:730)
09-13 17:03:29.899 3476 3476 I system_server: at void com.android.internal.os.ZygoteInit.main(java.lang.String[]) (ZygoteInit.java:833)
09-13 17:03:29.899 3476 3476 I system_server:
09-13 17:03:29.899 3476 3476 I system_server: Rejecting re-init on previously-failed class java.lang.Class: java.lang.NoClassDefFoundError: Failed resolution of: Landroid/view/WindowManagerPolicy$WindowManagerFuncs;
09-13 17:03:29.899 3476 3476 I system_server: at java.lang.Class java.lang.Class.classForName(java.lang.String, boolean, java.lang.ClassLoader) (Class.java:-2)
09-13 17:03:29.899 3476 3476 I system_server: at java.lang.Class java.lang.Class.forName(java.lang.String, boolean, java.lang.ClassLoader) (Class.java:453)
09-13 17:03:29.899 3476 3476 I system_server: at java.lang.Runnable com.android.internal.os.RuntimeInit.findStaticMain(java.lang.String, java.lang.String[], java.lang.ClassLoader) (RuntimeInit.java:336)
09-13 17:03:29.899 3476 3476 I system_server: at java.lang.Runnable com.android.internal.os.RuntimeInit.applicationInit(int, java.lang.String[], java.lang.ClassLoader) (RuntimeInit.java:409)
09-13 17:03:29.899 3476 3476 I system_server: at java.lang.Runnable com.android.internal.os.ZygoteInit.zygoteInit(int, java.lang.String[], java.lang.ClassLoader) (ZygoteInit.java:912)
09-13 17:03:29.899 3476 3476 I system_server: at java.lang.Runnable com.android.internal.os.ZygoteInit.handleSystemServerProcess(com.android.internal.os.ZygoteConnection$Arguments) (ZygoteInit.java:506)
09-13 17:03:29.899 3476 3476 I system_server: at java.lang.Runnable com.android.internal.os.ZygoteInit.forkSystemServer(java.lang.String, java.lang.String, com.android.internal.os.ZygoteServer) (ZygoteInit.java:730)
09-13 17:03:29.899 3476 3476 I system_server: at void com.android.internal.os.ZygoteInit.main(java.lang.String[]) (ZygoteInit.java:833)
09-13 17:03:29.899 3476 3476 I system_server: Caused by: java.lang.ClassNotFoundException: Didn't find class "android.view.WindowManagerPolicy$WindowManagerFuncs" on path: DexPathList[[zip file "/system/framework/services.jar", zip file "/system/framework/ethernet-service.jar", zip file "/system/framework/wifi-service.jar", zip file "/system/framework/com.android.location.provider.jar"],nativeLibraryDirectories=[/system/lib64, /system/vendor/lib64, /system/lib64, /system/vendor/lib64]]
09-13 17:03:29.899 3476 3476 I system_server: at java.lang.Class dalvik.system.BaseDexClassLoader.findClass(java.lang.String) (BaseDexClassLoader.java:169)
09-13 17:03:29.899 3476 3476 I system_server: at java.lang.Class java.lang.ClassLoader.loadClass(java.lang.String, boolean) (ClassLoader.java:379)
09-13 17:03:29.899 3476 3476 I system_server: at java.lang.Class java.lang.ClassLoader.loadClass(java.lang.String) (ClassLoader.java:312)
09-13 17:03:29.899 3476 3476 I system_server: at java.lang.Class java.lang.Class.classForName(java.lang.String, boolean, java.lang.ClassLoader) (Class.java:-2)
09-13 17:03:29.899 3476 3476 I system_server: at java.lang.Class java.lang.Class.forName(java.lang.String, boolean, java.lang.ClassLoader) (Class.java:453)
09-13 17:03:29.899 3476 3476 I system_server: at java.lang.Runnable com.android.internal.os.RuntimeInit.findStaticMain(java.lang.String, java.lang.String[], java.lang.ClassLoader) (RuntimeInit.java:336)
09-13 17:03:29.899 3476 3476 I system_server: at java.lang.Runnable com.android.internal.os.RuntimeInit.applicationInit(int, java.lang.String[], java.lang.ClassLoader) (RuntimeInit.java:409)
09-13 17:03:29.899 3476 3476 I system_server: at java.lang.Runnable com.android.internal.os.ZygoteInit.zygoteInit(int, java.lang.String[], java.lang.ClassLoader) (ZygoteInit.java:912)
09-13 17:03:29.899 3476 3476 I system_server: at java.lang.Runnable com.android.internal.os.ZygoteInit.handleSystemServerProcess(com.android.internal.os.ZygoteConnection$Arguments) (ZygoteInit.java:506)
09-13 17:03:29.899 3476 3476 I system_server: at java.lang.Runnable com.android.internal.os.ZygoteInit.forkSystemServer(java.lang.String, java.lang.String, com.android.internal.os.ZygoteServer) (ZygoteInit.java:730)
09-13 17:03:29.899 3476 3476 I system_server: at void com.android.internal.os.ZygoteInit.main(java.lang.String[]) (ZygoteInit.java:833)
09-13 17:03:29.899 3476 3476 I system_server:
09-13 17:03:29.903 3476 3476 E Zygote : System zygote died with exception
09-13 17:03:29.903 3476 3476 E Zygote : java.lang.NoClassDefFoundError: Failed resolution of: Landroid/util/BootTimingsTraceLog;
09-13 17:03:29.903 3476 3476 E Zygote : at com.android.server.SystemServer.(SystemServer.java:153)
09-13 17:03:29.903 3476 3476 E Zygote : at java.lang.Class.classForName(Native Method)
09-13 17:03:29.903 3476 3476 E Zygote : at java.lang.Class.forName(Class.java:453)
09-13 17:03:29.903 3476 3476 E Zygote : at com.android.internal.os.RuntimeInit.findStaticMain(RuntimeInit.java:336)
09-13 17:03:29.903 3476 3476 E Zygote : at com.android.internal.os.RuntimeInit.applicationInit(RuntimeInit.java:409)
09-13 17:03:29.903 3476 3476 E Zygote : at com.android.internal.os.ZygoteInit.zygoteInit(ZygoteInit.java:912)
09-13 17:03:29.903 3476 3476 E Zygote : at com.android.internal.os.ZygoteInit.handleSystemServerProcess(ZygoteInit.java:506)
09-13 17:03:29.903 3476 3476 E Zygote : at com.android.internal.os.ZygoteInit.forkSystemServer(ZygoteInit.java:730)
09-13 17:03:29.903 3476 3476 E Zygote : at com.android.internal.os.ZygoteInit.main(ZygoteInit.java:833)
09-13 17:03:29.903 3476 3476 E Zygote : Caused by: java.lang.ClassNotFoundException: Didn't find class "android.util.BootTimingsTraceLog" on path: DexPathList[[zip file "/system/framework/services.jar", zip file "/system/framework/ethernet-service.jar", zip file "/system/framework/wifi-service.jar", zip file "/system/framework/com.android.location.provider.jar"],nativeLibraryDirectories=[/system/lib64, /system/vendor/lib64, /system/lib64, /system/vendor/lib64]]
09-13 17:03:29.903 3476 3476 E Zygote : at dalvik.system.BaseDexClassLoader.findClass(BaseDexClassLoader.java:169)
09-13 17:03:29.903 3476 3476 E Zygote : at java.lang.ClassLoader.loadClass(ClassLoader.java:379)
09-13 17:03:29.903 3476 3476 E Zygote : at java.lang.ClassLoader.loadClass(ClassLoader.java:312)
09-13 17:03:29.903 3476 3476 E Zygote : ... 9 more
09-13 17:03:29.904 3476 3476 D AndroidRuntime: Shutting down VM
09-13 17:03:29.904 3476 3476 E AndroidRuntime: *** FATAL EXCEPTION IN SYSTEM PROCESS: main
09-13 17:03:29.904 3476 3476 E AndroidRuntime: java.lang.NoClassDefFoundError: Failed resolution of: Landroid/util/BootTimingsTraceLog;
09-13 17:03:29.904 3476 3476 E AndroidRuntime: at com.android.server.SystemServer.(SystemServer.java:153)
09-13 17:03:29.904 3476 3476 E AndroidRuntime: at java.lang.Class.classForName(Native Method)
09-13 17:03:29.904 3476 3476 E AndroidRuntime: at java.lang.Class.forName(Class.java:453)
09-13 17:03:29.904 3476 3476 E AndroidRuntime: at com.android.internal.os.RuntimeInit.findStaticMain(RuntimeInit.java:336)
09-13 17:03:29.904 3476 3476 E AndroidRuntime: at com.android.internal.os.RuntimeInit.applicationInit(RuntimeInit.java:409)
09-13 17:03:29.904 3476 3476 E AndroidRuntime: at com.android.internal.os.ZygoteInit.zygoteInit(ZygoteInit.java:912)
09-13 17:03:29.904 3476 3476 E AndroidRuntime: at com.android.internal.os.ZygoteInit.handleSystemServerProcess(ZygoteInit.java:506)
09-13 17:03:29.904 3476 3476 E AndroidRuntime: at com.android.internal.os.ZygoteInit.forkSystemServer(ZygoteInit.java:730)
09-13 17:03:29.904 3476 3476 E AndroidRuntime: at com.android.internal.os.ZygoteInit.main(ZygoteInit.java:833)
09-13 17:03:29.904 3476 3476 E AndroidRuntime: Caused by: java.lang.ClassNotFoundException: Didn't find class "android.util.BootTimingsTraceLog" on path: DexPathList[[zip file "/system/framework/services.jar", zip file "/system/framework/ethernet-service.jar", zip file "/system/framework/wifi-service.jar", zip file "/system/framework/com.android.location.provider.jar"],nativeLibraryDirectories=[/system/lib64, /system/vendor/lib64, /system/lib64, /system/vendor/lib64]]
09-13 17:03:29.904 3476 3476 E AndroidRuntime: at dalvik.system.BaseDexClassLoader.findClass(BaseDexClassLoader.java:169)
09-13 17:03:29.904 3476 3476 E AndroidRuntime: at java.lang.ClassLoader.loadClass(ClassLoader.java:379)
09-13 17:03:29.904 3476 3476 E AndroidRuntime: at java.lang.ClassLoader.loadClass(ClassLoader.java:312)
09-13 17:03:29.904 3476 3476 E AndroidRuntime: ... 9 more
09-13 17:03:29.904 3476 3476 E AndroidRuntime: *** FATAL EXCEPTION IN SYSTEM PROCESS: main
09-13 17:03:29.904 3476 3476 E AndroidRuntime: java.lang.NoClassDefFoundError: Failed resolution of: Landroid/util/BootTimingsTraceLog;
09-13 17:03:29.904 3476 3476 E AndroidRuntime: at com.android.server.SystemServer.(SystemServer.java:153)
09-13 17:03:29.904 3476 3476 E AndroidRuntime: at java.lang.Class.classForName(Native Method)
09-13 17:03:29.904 3476 3476 E AndroidRuntime: at java.lang.Class.forName(Class.java:453)
09-13 17:03:29.904 3476 3476 E AndroidRuntime: at com.android.internal.os.RuntimeInit.findStaticMain(RuntimeInit.java:336)
09-13 17:03:29.904 3476 3476 E AndroidRuntime: at com.android.internal.os.RuntimeInit.applicationInit(RuntimeInit.java:409)
09-13 17:03:29.904 3476 3476 E AndroidRuntime: at com.android.internal.os.ZygoteInit.zygoteInit(ZygoteInit.java:912)
09-13 17:03:29.904 3476 3476 E AndroidRuntime: at com.android.internal.os.ZygoteInit.handleSystemServerProcess(ZygoteInit.java:506)
09-13 17:03:29.904 3476 3476 E AndroidRuntime: at com.android.internal.os.ZygoteInit.forkSystemServer(ZygoteInit.java:730)
09-13 17:03:29.904 3476 3476 E AndroidRuntime: at com.android.internal.os.ZygoteInit.main(ZygoteInit.java:833)
09-13 17:03:29.904 3476 3476 E AndroidRuntime: Caused by: java.lang.ClassNotFoundException: Didn't find class "android.util.BootTimingsTraceLog" on path: DexPathList[[zip file "/system/framework/services.jar", zip file "/system/framework/ethernet-service.jar", zip file "/system/framework/wifi-service.jar", zip file "/system/framework/com.android.location.provider.jar"],nativeLibraryDirectories=[/system/lib64, /system/vendor/lib64, /system/lib64, /system/vendor/lib64]]
09-13 17:03:29.904 3476 3476 E AndroidRuntime: at dalvik.system.BaseDexClassLoader.findClass(BaseDexClassLoader.java:169)
09-13 17:03:29.904 3476 3476 E AndroidRuntime: at java.lang.ClassLoader.loadClass(ClassLoader.java:379)
09-13 17:03:29.904 3476 3476 E AndroidRuntime: at java.lang.ClassLoader.loadClass(ClassLoader.java:312)
09-13 17:03:29.904 3476 3476 E AndroidRuntime: ... 9 more
09-13 17:03:29.907 3476 3476 E AndroidRuntime: Error reporting crash
09-13 17:03:29.907 3476 3476 E AndroidRuntime: java.lang.NullPointerException: Attempt to invoke interface method 'void android.app.IActivityManager.handleApplicationCrash(android.os.IBinder, android.app.ApplicationErrorReport$ParcelableCrashInfo)' on a null object reference
09-13 17:03:29.907 3476 3476 E AndroidRuntime: at com.android.internal.os.RuntimeInit$KillApplicationHandler.uncaughtException(RuntimeInit.java:187)
09-13 17:03:29.907 3476 3476 E AndroidRuntime: at java.lang.ThreadGroup.uncaughtException(ThreadGroup.java:1068)
09-13 17:03:29.907 3476 3476 E AndroidRuntime: at java.lang.ThreadGroup.uncaughtException(ThreadGroup.java:1063)
09-13 17:03:29.907 3476 3476 E AndroidRuntime: at java.lang.Thread.dispatchUncaughtException(Thread.java:1955)
09-13 17:03:29.908 3476 3476 E Process : try to kill system_server
09-13 17:03:29.908 3476 3476 I Process : Sending signal. PID: 3476 SIG: 9
09-13 17:03:29.932 3263 3263 I Zygote : Process 3476 exited due to signal (9)
09-13 17:03:29.933 3263 3263 E Zygote : Exit zygote because system server (3476) has terminated
09-13 17:03:29.968 478 478 I ServiceManager: service 'media.audio_flinger' died
09-13 17:03:29.974 478 478 I ServiceManager: service 'media.player' died
09-13 17:03:29.974 478 478 I ServiceManager: service 'media.resource_manager' died
09-13 17:03:29.981 478 478 I ServiceManager: service 'netd' died
09-13 17:03:29.981 1169 1557 E QC-NETMGR-LIB: serviceDied(): Netd service died
09-13 17:03:30.107 478 478 I ServiceManager: service 'wificond' died
09-13 17:03:30.233 3510 3510 W iptables-wrappe: type=1400 audit(0.0:702): avc: denied { read write } for path="/dev/diag" dev="tmpfs" ino=7350 scontext=u:r:netutils_wrapper:s0 tcontext=u:object_r:diag_device:s0 tclass=chr_file permissive=0
09-13 17:03:30.253 3511 3511 W iptables-wrappe: type=1400 audit(0.0:703): avc: denied { read write } for path="/dev/diag" dev="tmpfs" ino=7350 scontext=u:r:netutils_wrapper:s0 tcontext=u:object_r:diag_device:s0 tclass=chr_file permissive=0
09-13 17:03:30.273 3512 3512 W iptables-wrappe: type=1400 audit(0.0:704): avc: denied { read write } for path="/dev/diag" dev="tmpfs" ino=7350 scontext=u:r:netutils_wrapper:s0 tcontext=u:object_r:diag_device:s0 tclass=chr_file permissive=0
09-13 17:03:30.293 3513 3513 W iptables-wrappe: type=1400 audit(0.0:705): avc: denied { read write } for path="/dev/diag" dev="tmpfs" ino=7350 scontext=u:r:netutils_wrapper:s0 tcontext=u:object_r:diag_device:s0 tclass=chr_file permissive=0
09-13 17:03:30.313 3514 3514 W iptables-wrappe: type=1400 audit(0.0:706): avc: denied { read write } for path="/dev/diag" dev="tmpfs" ino=7350 scontext=u:r:netutils_wrapper:s0 tcontext=u:object_r:diag_device:s0 tclass=chr_file permissive=0
09-13 17:03:30.511 1031 1086 W ServiceManagement: Waited one second for android.frameworks.sensorservice@1.0::ISensorManager/default
09-13 17:03:30.513 1031 1086 I ServiceManagement: getService: Trying again for android.frameworks.sensorservice@1.0::ISensorManager/default...
09-13 17:03:30.701 1169 1225 I QC-NETMGR-LIB: NetmgrNetdClientSetIpForwardEnable(): Looking for Netd service
09-13 17:03:30.701 1169 1225 I QC-NETMGR-LIB: NetmgrNetdClientSetIpForwardEnable(): starting command
09-13 17:03:30.701 1169 1225 E QC-NETMGR-LIB: setIpForwardEnable(): mService is NULL
09-13 17:03:31.513 1031 1086 W ServiceManagement: Waited one second for android.frameworks.sensorservice@1.0::ISensorManager/default
09-13 17:03:31.515 1031 1086 I ServiceManagement: getService: Trying again for android.frameworks.sensorservice@1.0::ISensorManager/default...
09-13 17:03:32.515 1031 1086 W ServiceManagement: Waited one second for android.frameworks.sensorservice@1.0::ISensorManager/default
09-13 17:03:32.517 1031 1086 I ServiceManagement: getService: Trying again for android.frameworks.sensorservice@1.0::ISensorManager/default...
09-13 17:03:33.224 3538 3538 D vndksupport: Loading /vendor/lib/hw/android.hardware.audio@4.0-impl.so from current namespace instead of sphal namespace.
09-13 17:03:33.229 3538 3538 I ServiceManagement: Removing namespace from process name android.hardware.audio@2.0-service to audio@2.0-service.
09-13 17:03:33.230 3538 3538 I audiohalservice: Registration complete for android.hardware.audio@4.0::IDevicesFactory/default.
09-13 17:03:33.231 3538 3538 D vndksupport: Loading /vendor/lib/hw/android.hardware.audio.effect@4.0-impl.so from current namespace instead of sphal namespace.
09-13 17:03:33.240 3538 3538 I audiohalservice: Registration complete for android.hardware.audio.effect@4.0::IEffectsFactory/default.
09-13 17:03:33.241 3538 3538 D vndksupport: Loading /vendor/lib/hw/android.hardware.soundtrigger@2.1-impl.so from current namespace instead of sphal namespace.
09-13 17:03:33.243 3538 3538 D vndksupport: Loading /vendor/lib/hw/sound_trigger.primary.msm8996.so from current namespace instead of sphal namespace.
09-13 17:03:33.245 3538 3538 D sound_trigger_hw: stdev_open: Enter
09-13 17:03:33.247 3538 3538 I sound_trigger_platform: platform_stdev_init: Enter
09-13 17:03:33.251 3538 3538 D audio_hw_utils: audio_extn_utils_open_snd_mixer: snd_card_name: msm8996-tasha-mtp-snd-card
09-13 17:03:33.251 3538 3538 W hardware_info: update_hardware_info_8996: Not a 8996 device
09-13 17:03:33.251 3538 3538 D audio_hw_utils: audio_extn_utils_open_snd_mixer: Opened sound card:0
09-13 17:03:33.296 3540 3540 I Dpps : GetInstance: DppsServer ref count increased to 1
09-13 17:03:33.350 3540 3540 I Dpps : InitPrimaryContextFeatures():298 Dpps feature enable properties are false, skipping primary feature context init
09-13 17:03:33.401 3548 3548 I wificond: wificond is starting up...
09-13 17:03:33.451 3539 3539 D AndroidRuntime: >>>>>> START com.android.internal.os.ZygoteInit uid 0 <<<<<<
09-13 17:03:33.451 3539 3539 E AndroidRuntime: hot count path: /proc/3539/page_hot_count
09-13 17:03:33.451 3539 3539 E AndroidRuntime: open page_hot_count failed
09-13 17:03:33.458 3539 3539 I zygote64: option[0]=-Xzygote
09-13 17:03:33.458 3539 3539 I zygote64: option[1]=-Xusetombstonedtraces
09-13 17:03:33.458 3539 3539 I zygote64: option[2]=exit
09-13 17:03:33.458 3539 3539 I zygote64: option[3]=vfprintf
09-13 17:03:33.458 3539 3539 I zygote64: option[4]=sensitiveThread
09-13 17:03:33.458 3539 3539 I zygote64: option[5]=-verbose:gc
09-13 17:03:33.458 3539 3539 I zygote64: option[6]=-Xms8m
09-13 17:03:33.458 3539 3539 I zygote64: option[7]=-Xmx512m
09-13 17:03:33.458 3539 3539 I zygote64: option[8]=-XX:HeapGrowthLimit=256m
09-13 17:03:33.458 3539 3539 I zygote64: option[9]=-XX:HeapMinFree=512k
09-13 17:03:33.458 3539 3539 I zygote64: option[10]=-XX:HeapMaxFree=8m
09-13 17:03:33.458 3539 3539 I zygote64: option[11]=-XX:HeapTargetUtilization=0.75
09-13 17:03:33.458 3539 3539 I zygote64: option[12]=-Xusejit:true
09-13 17:03:33.458 3539 3539 I zygote64: option[13]=-Xjitsaveprofilinginfo
09-13 17:03:33.458 3539 3539 I zygote64: option[14]=-XjdwpOptions:suspend=n,server=y
09-13 17:03:33.458 3539 3539 I zygote64: option[15]=-XjdwpProvider:default
09-13 17:03:33.458 3539 3539 I zygote64: option[16]=-Ximage-compiler-option
09-13 17:03:33.458 3539 3539 I zygote64: option[17]=--runtime-arg
09-13 17:03:33.458 3539 3539 I zygote64: option[18]=-Ximage-compiler-option
09-13 17:03:33.458 3539 3539 I zygote64: option[19]=-Xms64m
09-13 17:03:33.458 3539 3539 I zygote64: option[20]=-Ximage-compiler-option
09-13 17:03:33.458 3539 3539 I zygote64: option[21]=--runtime-arg
09-13 17:03:33.458 3539 3539 I zygote64: option[22]=-Ximage-compiler-option
09-13 17:03:33.459 3539 3539 I zygote64: option[23]=-Xmx64m
09-13 17:03:33.459 3539 3539 I zygote64: option[24]=-Ximage-compiler-option
09-13 17:03:33.459 3539 3539 I zygote64: option[25]=--profile-file=/system/etc/boot-image.prof
09-13 17:03:33.459 3539 3539 I zygote64: option[26]=-Ximage-compiler-option
09-13 17:03:33.459 3539 3539 I zygote64: option[27]=--compiler-filter=speed-profile
09-13 17:03:33.459 3539 3539 I zygote64: option[28]=-Xcompiler-option
09-13 17:03:33.459 3539 3539 I zygote64: option[29]=--runtime-arg
09-13 17:03:33.459 3539 3539 I zygote64: option[30]=-Xcompiler-option
09-13 17:03:33.459 3539 3539 I zygote64: option[31]=-Xms64m
09-13 17:03:33.459 3539 3539 I zygote64: option[32]=-Xcompiler-option
09-13 17:03:33.459 3539 3539 I zygote64: option[33]=--runtime-arg
09-13 17:03:33.459 3539 3539 I zygote64: option[34]=-Xcompiler-option
09-13 17:03:33.459 3539 3539 I zygote64: option[35]=-Xmx512m
09-13 17:03:33.459 3539 3539 I zygote64: option[36]=-Ximage-compiler-option
09-13 17:03:33.459 3539 3539 I zygote64: option[37]=--instruction-set-variant=kryo
09-13 17:03:33.459 3539 3539 I zygote64: option[38]=-Xcompiler-option
09-13 17:03:33.459 3539 3539 I zygote64: option[39]=--instruction-set-variant=kryo
09-13 17:03:33.459 3539 3539 I zygote64: option[40]=-Ximage-compiler-option
09-13 17:03:33.459 3539 3539 I zygote64: option[41]=--instruction-set-features=default
09-13 17:03:33.459 3539 3539 I zygote64: option[42]=-Xcompiler-option
09-13 17:03:33.459 3539 3539 I zygote64: option[43]=--instruction-set-features=default
09-13 17:03:33.459 3539 3539 I zygote64: option[44]=-Duser.locale=en-NL
09-13 17:03:33.459 3539 3539 I zygote64: option[45]=--cpu-abilist=arm64-v8a
09-13 17:03:33.459 3539 3539 I zygote64: option[46]=-Xfingerprint:OnePlus/OnePlus3/OnePlus3:9/PKQ1.181203.001/1907311932:user/release-keys
09-13 17:03:33.470 3539 3539 I zygote64: VerifyImage: /system/bin/patchoat --input-image-location=/system/framework/boot.art --output-image-directory=/data/dalvik-cache/arm64 --instruction-set=arm64 --verify
09-13 17:03:33.503 3547 3547 I Netd : Netd 1.0 starting
09-13 17:03:33.503 3547 3547 D TetherController: Setting IP forward enable = 0
09-13 17:03:33.517 1031 1086 W ServiceManagement: Waited one second for android.frameworks.sensorservice@1.0::ISensorManager/default
09-13 17:03:33.518 1031 1086 I ServiceManagement: getService: Trying again for android.frameworks.sensorservice@1.0::ISensorManager/default...
09-13 17:03:33.596 3547 3547 I Netd : Creating child chains: 44.5ms
09-13 17:03:33.596 3547 3547 I Netd : Setting up OEM hooks: 0.1ms
09-13 17:03:33.608 3547 3547 I Netd : Setting up FirewallController hooks: 12.3ms
09-13 17:03:33.619 3547 3547 I Netd : Setting up TetherController hooks: 10.7ms
09-13 17:03:33.630 3547 3547 I Netd : Setting up BandwidthController hooks: 10.9ms
09-13 17:03:33.630 3547 3547 I Netd : Setting up IdletimerController hooks: 0.1ms
09-13 17:03:33.630 3547 3547 I Netd : initializing traffic control: 0.0ms
09-13 17:03:33.642 3547 3547 I Netd : Disabling bandwidth control: 12.8ms
09-13 17:03:33.644 3547 3547 E Netd : Error adding route 0.0.0.0/0 -> (null) dummy0 to table 1003: File exists
09-13 17:03:33.644 3547 3547 I Netd : Initializing RouteController: 1.5ms
09-13 17:03:33.644 3547 3547 D XfrmController: Sending Netlink XFRM Message: XFRM_MSG_FLUSHSA
09-13 17:03:33.644 3547 3547 D XfrmController: Sending Netlink XFRM Message: XFRM_MSG_FLUSHPOLICY
09-13 17:03:33.644 3547 3547 I Netd : Initializing XfrmController: 0.4ms
09-13 17:03:33.645 3547 3547 E Netd : Unable to create netlink socket: Protocol not supported
09-13 17:03:33.645 3547 3547 W Netd : Unable to open qlog quota socket, check if xt_quota2 can send via UeventHandler
09-13 17:03:33.645 3547 3547 D MDnsDS : MDnsSdListener::Hander starting up
09-13 17:03:33.648 3547 3547 I Netd : Registering NetdNativeService: 3.1ms
09-13 17:03:33.649 3547 3547 I Netd : Starting CommandListener: 0.1ms
09-13 17:03:33.650 3547 3547 I Netd : Registering NetdHwService: 1.9ms
09-13 17:03:33.650 3547 3547 I Netd : Netd started in 147ms
09-13 17:03:33.650 1169 1557 I QC-NETMGR-LIB: onRegistration(): Starting Netd getService thread
09-13 17:03:33.656 3546 3546 I mediaserver: ServiceManager: 0xece9c1c0
09-13 17:03:33.656 3546 3546 W BatteryNotifier: batterystats service unavailable!
09-13 17:03:33.657 3547 3559 D MDnsDS : MDnsSdListener starting to monitor
09-13 17:03:33.657 3547 3559 D MDnsDS : Going to poll with pollCount 1
09-13 17:03:33.663 1169 3565 I QC-NETMGR-LIB: getServiceImpl(): INetd discovered
09-13 17:03:33.664 1169 3565 I QC-NETMGR-LIB: registerLinkToDeath(): Success registerLinkToDeath!
09-13 17:03:33.664 1169 1557 D QC-NETMGR-LIB: onRegistration(): netd restart detected
09-13 17:03:33.664 1169 1225 I QC-NETMGR-LIB: NetmgrNetdClientRegisterNetwork(): Looking for Netd service
09-13 17:03:33.664 1169 1225 I QC-NETMGR-LIB: NetmgrNetdClientRegisterNetwork(): register to create new OEM network
09-13 17:03:33.664 1169 1225 I QC-NETMGR-LIB: registerNetwork(): Attempting createOemNetwork
09-13 17:03:33.667 3547 3564 D TcpSocketMonitor: suspending tcpinfo polling
09-13 17:03:33.667 1169 1225 I QC-NETMGR-LIB: registerNetwork(): command completed!
09-13 17:03:33.667 1169 1225 I QC-NETMGR-LIB: registerNetwork(): createOemNetwork succeeded [packet mark : 0xf0001] [net id : 1] [network handle : 0x1cafed00d]
09-13 17:03:33.667 1169 1225 I QC-NETMGR-LIB: NetmgrNetdClientRegisterNetwork(): [packet mark : 0xf0001] [network handle : 0x1cafed00d]
09-13 17:03:33.663 3567 3567 W iptables-wrappe: type=1400 audit(0.0:726): avc: denied { read write } for path="/dev/diag" dev="tmpfs" ino=7350 scontext=u:r:netutils_wrapper:s0 tcontext=u:object_r:diag_device:s0 tclass=chr_file permissive=0
09-13 17:03:33.693 3568 3568 W iptables-wrappe: type=1400 audit(0.0:727): avc: denied { read write } for path="/dev/diag" dev="tmpfs" ino=7350 scontext=u:r:netutils_wrapper:s0 tcontext=u:object_r:diag_device:s0 tclass=chr_file permissive=0
09-13 17:03:33.699 3541 3541 D AndroidRuntime: >>>>>> START com.android.internal.os.ZygoteInit uid 0 <<<<<<
09-13 17:03:33.700 3541 3541 E AndroidRuntime: hot count path: /proc/3541/page_hot_count
09-13 17:03:33.700 3541 3541 E AndroidRuntime: open page_hot_count failed
09-13 17:03:33.709 3541 3541 I zygote : option[0]=-Xzygote
09-13 17:03:33.709 3541 3541 I zygote : option[1]=-Xusetombstonedtraces
09-13 17:03:33.709 3541 3541 I zygote : option[2]=exit
09-13 17:03:33.709 3541 3541 I zygote : option[3]=vfprintf
09-13 17:03:33.709 3541 3541 I zygote : option[4]=sensitiveThread
09-13 17:03:33.709 3541 3541 I zygote : option[5]=-verbose:gc
09-13 17:03:33.709 3541 3541 I zygote : option[6]=-Xms8m
09-13 17:03:33.709 3541 3541 I zygote : option[7]=-Xmx512m
09-13 17:03:33.709 3541 3541 I zygote : option[8]=-XX:HeapGrowthLimit=256m
09-13 17:03:33.709 3541 3541 I zygote : option[9]=-XX:HeapMinFree=512k
09-13 17:03:33.709 3541 3541 I zygote : option[10]=-XX:HeapMaxFree=8m
09-13 17:03:33.709 3541 3541 I zygote : option[11]=-XX:HeapTargetUtilization=0.75
09-13 17:03:33.709 3541 3541 I zygote : option[12]=-Xusejit:true
09-13 17:03:33.709 3541 3541 I zygote : option[13]=-Xjitsaveprofilinginfo
09-13 17:03:33.709 3541 3541 I zygote : option[14]=-XjdwpOptions:suspend=n,server=y
09-13 17:03:33.709 3541 3541 I zygote : option[15]=-XjdwpProvider:default
09-13 17:03:33.709 3541 3541 I zygote : option[16]=-Ximage-compiler-option
09-13 17:03:33.710 3541 3541 I zygote : option[17]=--runtime-arg
09-13 17:03:33.710 3541 3541 I zygote : option[18]=-Ximage-compiler-option
09-13 17:03:33.710 3541 3541 I zygote : option[19]=-Xms64m
09-13 17:03:33.710 3541 3541 I zygote : option[20]=-Ximage-compiler-option
09-13 17:03:33.710 3541 3541 I zygote : option[21]=--runtime-arg
09-13 17:03:33.710 3541 3541 I zygote : option[22]=-Ximage-compiler-option
09-13 17:03:33.710 3541 3541 I zygote : option[23]=-Xmx64m
09-13 17:03:33.710 3541 3541 I zygote : option[24]=-Ximage-compiler-option
09-13 17:03:33.710 3541 3541 I zygote : option[25]=--profile-file=/system/etc/boot-image.prof
09-13 17:03:33.710 3541 3541 I zygote : option[26]=-Ximage-compiler-option
09-13 17:03:33.710 3541 3541 I zygote : option[27]=--compiler-filter=speed-profile
09-13 17:03:33.710 3541 3541 I zygote : option[28]=-Xcompiler-option
09-13 17:03:33.710 3541 3541 I zygote : option[29]=--runtime-arg
09-13 17:03:33.710 3541 3541 I zygote : option[30]=-Xcompiler-option
09-13 17:03:33.710 3541 3541 I zygote : option[31]=-Xms64m
09-13 17:03:33.710 3541 3541 I zygote : option[32]=-Xcompiler-option
09-13 17:03:33.710 3541 3541 I zygote : option[33]=--runtime-arg
09-13 17:03:33.710 3541 3541 I zygote : option[34]=-Xcompiler-option
09-13 17:03:33.710 3541 3541 I zygote : option[35]=-Xmx512m
09-13 17:03:33.710 3541 3541 I zygote : option[36]=-Ximage-compiler-option
09-13 17:03:33.710 3541 3541 I zygote : option[37]=--instruction-set-variant=cortex-a53
09-13 17:03:33.710 3541 3541 I zygote : option[38]=-Xcompiler-option
09-13 17:03:33.710 3541 3541 I zygote : option[39]=--instruction-set-variant=cortex-a53
09-13 17:03:33.710 3541 3541 I zygote : option[40]=-Ximage-compiler-option
09-13 17:03:33.711 3541 3541 I zygote : option[41]=--instruction-set-features=default
09-13 17:03:33.711 3541 3541 I zygote : option[42]=-Xcompiler-option
09-13 17:03:33.711 3541 3541 I zygote : option[43]=--instruction-set-features=default
09-13 17:03:33.711 3541 3541 I zygote : option[44]=-Duser.locale=en-NL
09-13 17:03:33.711 3541 3541 I zygote : option[45]=--cpu-abilist=armeabi-v7a,armeabi
09-13 17:03:33.711 3541 3541 I zygote : option[46]=-Xfingerprint:OnePlus/OnePlus3/OnePlus3:9/PKQ1.181203.001/1907311932:user/release-keys
09-13 17:03:33.733 3570 3570 W iptables-wrappe: type=1400 audit(0.0:728): avc: denied { read write } for path="/dev/diag" dev="tmpfs" ino=7350 scontext=u:r:netutils_wrapper:s0 tcontext=u:object_r:diag_device:s0 tclass=chr_file permissive=0
09-13 17:03:33.724 3541 3541 I zygote : VerifyImage: /system/bin/patchoat --input-image-location=/system/framework/boot.art --output-image-directory=/data/dalvik-cache/arm --instruction-set=arm --verify
09-13 17:03:33.763 3575 3575 W ip6tables-wrapp: type=1400 audit(0.0:729): avc: denied { read write } for path="/dev/diag" dev="tmpfs" ino=7350 scontext=u:r:netutils_wrapper:s0 tcontext=u:object_r:diag_device:s0 tclass=chr_file permissive=0
09-13 17:03:33.783 3539 3539 D Zygote : begin preload
09-13 17:03:33.783 3539 3539 I Zygote : Installing ICU cache reference pinning...
09-13 17:03:33.783 3539 3539 I Zygote : Preloading ICU data...
09-13 17:03:33.796 3539 3539 I Zygote : Preloading classes...
09-13 17:03:33.793 3576 3576 W iptables-wrappe: type=1400 audit(0.0:730): avc: denied { read write } for path="/dev/diag" dev="tmpfs" ino=7350 scontext=u:r:netutils_wrapper:s0 tcontext=u:object_r:diag_device:s0 tclass=chr_file permissive=0
09-13 17:03:33.814 3539 3539 I PackageBackwardCompatibility: Loaded android.content.pm.OrgApacheHttpLegacyUpdater
09-13 17:03:33.814 3539 3539 I PackageBackwardCompatibility: Could not find android.content.pm.AndroidTestBaseUpdater, ignoring
09-13 17:03:33.885 3539 3539 E Typeface: Error mapping font file /system/fonts/RobotoCondensed-Thin.ttf
09-13 17:03:33.901 3539 3539 E Typeface: Error mapping font file /system/fonts/NotoSansKhmer-Regular.ttf
09-13 17:03:33.901 3539 3539 E Typeface: Error mapping font file /system/fonts/NotoSansKhmer-Bold.ttf
09-13 17:03:33.901 3539 3539 E Typeface: Unable to load Family: null : [und-Khmr]
09-13 17:03:33.920 3539 3539 E Typeface: Error mapping font file /system/fonts/DroidSansFallback.ttf
09-13 17:03:33.920 3539 3539 E Typeface: Unable to load Family: null : null
09-13 17:03:34.072 3539 3539 E ActivityRecognitionHardware: activity_recognition HAL is deprecated. class_init is effectively a no-op
09-13 17:03:34.107 3544 3544 I cameraserver: ServiceManager: 0xf311c1c0
09-13 17:03:34.107 3544 3544 I CameraService: CameraService started (pid=3544)
09-13 17:03:34.107 3544 3544 I CameraService: CameraService process starting
09-13 17:03:34.107 3544 3544 W BatteryNotifier: batterystats service unavailable!
09-13 17:03:34.107 3544 3544 W BatteryNotifier: batterystats service unavailable!
09-13 17:03:34.121 3544 3544 I CameraProviderManager: Connecting to new camera provider: legacy/0, isRemote? 1
09-13 17:03:34.122 3544 3544 I CameraProviderManager: Enumerating new camera device: device@1.0/legacy/0
09-13 17:03:34.124 531 1509 I CamDev@1.0-impl: Opening camera 0
09-13 17:03:34.125 531 1509 I QCamera : openLegacy: 680: openLegacy halVersion: 256
09-13 17:03:34.140 3539 3539 I zygote64: Thread[1,tid=3539,Native,Thread*=0x727ae14c00,peer=0x130c0228,"main"] recursive attempt to load library "/system/lib64/libmedia_jni.so"
09-13 17:03:34.140 3539 3539 D MtpDeviceJNI: register_android_mtp_MtpDevice
09-13 17:03:34.140 3539 3539 I zygote64: Thread[1,tid=3539,Native,Thread*=0x727ae14c00,peer=0x130c0228,"main"] recursive attempt to load library "/system/lib64/libmedia_jni.so"
09-13 17:03:34.140 3539 3539 I zygote64: Thread[1,tid=3539,Native,Thread*=0x727ae14c00,peer=0x130c0228,"main"] recursive attempt to load library "/system/lib64/libmedia_jni.so"
09-13 17:03:34.142 531 3584 I QCameraHWI_Mem: memoryPoolThread: E
09-13 17:03:34.142 531 3584 I QCameraHWI_Mem: memoryPoolThread: start proc
09-13 17:03:34.142 531 1509 I OneplusCamera: initClientPackageNameFlag: com.android.facelock
09-13 17:03:34.143 531 1509 D vndksupport: Loading /vendor/lib/hw/power.qcom.so from current namespace instead of sphal namespace.
09-13 17:03:34.149 531 1509 I QCamera2HWI: QCamera2HardwareInterface: mClientPackageName = com.android.facelock
09-13 17:03:34.150 531 1509 I QCamera : openCamera: 2057: [KPI Perf]: E PROFILE_OPEN_CAMERA camera id 0
09-13 17:03:34.150 531 1509 I OPCAMERA_SERVICE: init_module: module=0xe1f9e010 private=0xe1fa2e40 list=0xe1fb1090
09-13 17:03:34.152 531 1509 E OneplusCamera: acquire: fail
09-13 17:03:34.152 3544 3544 W CameraProviderManager: Camera provider legacy/0 says an unknown camera device@1.0/legacy/0 now has torch status 0. Curious.
09-13 17:03:34.152 531 3583 I QCameraStateMachine: E
09-13 17:03:34.156 3544 3544 W CameraProviderManager: Camera provider legacy/0 says an unknown camera device@3.3/legacy/0 now has torch status 0. Curious.
09-13 17:03:34.157 531 3589 I QCamera2HWI: QCamera2HardwareInterface::deferredWorkRoutine id=49
09-13 17:03:34.160 531 3589 I QCamera2HWI: QCamera2HardwareInterface::dequeueDeferredWork id=49
09-13 17:03:34.160 531 3589 I QCamera2HWI: QCamera2HardwareInterface::deferredWorkRoutine id=50
09-13 17:03:34.170 531 3589 I QCamera2HWI: QCamera2HardwareInterface::dequeueDeferredWork id=50
09-13 17:03:34.198 1010 3598 E mm-3a-core: light_sensor_init init fail
09-13 17:03:34.199 1010 3598 E mm-camera: 448: dsps_open: try to sensor1_open()
09-13 17:03:34.227 3541 3541 I zygote : Explicit concurrent copying GC freed 199(19KB) AllocSpace objects, 0(0B) LOS objects, 97% free, 44KB/1580KB, paused 140us total 7.632ms
09-13 17:03:34.228 1010 1010 I mm-camera: < INFO> 292: af_core_init: af_core_init
09-13 17:03:34.229 1010 1010 E mm-camera: 2865: stats_port_check_caps_reserve: Invalid Port capability type!
09-13 17:03:34.229 1010 1010 I chatty : uid=1006(camera) mm-qcamera-daem identical 3 lines
09-13 17:03:34.229 1010 1010 E mm-camera: 2865: stats_port_check_caps_reserve: Invalid Port capability type!
09-13 17:03:34.229 1010 1010 I mm-3a-core: q3a_thread_aecawb_start Enter
09-13 17:03:34.242 3539 3539 E libc : Access denied finding property "vendor.perf.gestureflingboost.enable"
09-13 17:03:34.243 3541 3541 I zygote : Explicit concurrent copying GC freed 5(32KB) AllocSpace objects, 0(0B) LOS objects, 97% free, 44KB/1580KB, paused 99us total 10.081ms
09-13 17:03:34.248 3539 3539 E libc : Access denied finding property "vendor.perf.gestureflingboost.enable"
09-13 17:03:34.254 531 1509 I QCamera : openCamera: 2070: [KPI Perf]: X PROFILE_OPEN_CAMERA camera id 0, rc: 0
09-13 17:03:34.254 531 1509 I CamDev@1.0-impl: could not cast ICameraDeviceCallback to IQCameraDeviceCallback
09-13 17:03:34.255 531 3589 I QCamera2HWI: QCamera2HardwareInterface::deferredWorkRoutine id=51
09-13 17:03:34.265 531 3589 I QCameraParameters: Open flash for camera Id: 0 (flash fd: 34)
09-13 17:03:34.270 3542 3542 I FastMixerState: sMaxFastTracks = 8
09-13 17:03:34.271 3542 3542 V MediaUtils: physMem: 4294967295
09-13 17:03:34.271 3542 3542 V MediaUtils: requested limit: 536870912
09-13 17:03:34.271 3542 3542 V MediaUtils: actual limit: 536870912
09-13 17:03:34.271 3542 3542 V MediaUtils: original limits: 4294967295/4294967295
09-13 17:03:34.271 3542 3542 V MediaUtils: new limits: 536870912/4294967295
09-13 17:03:34.275 3539 3539 I DpmTcmClient: DpmTcmClient constructor
09-13 17:03:34.277 3542 3542 I audioserver: ServiceManager: 0xeb61c1c0
09-13 17:03:34.277 3542 3542 D audioserver: audioserver get Service Manager need time 5 ms
09-13 17:03:34.277 3542 3542 W BatteryNotifier: batterystats service unavailable!
09-13 17:03:34.282 531 3589 I QCameraParameters: init: no sensor name matched
09-13 17:03:34.282 531 3589 D QCameraParameters: sensor_active_size is 4656 3496
09-13 17:03:34.282 3541 3541 I Zygote : Accepting command socket connections
09-13 17:03:34.285 531 3589 I QCamera : setFocusMode: 7701: Setting focus mode auto
09-13 17:03:34.285 531 3589 I QCamera : setFocusAreas: 9967: Default ROI
09-13 17:03:34.286 531 3589 I OPCAMERA_VFB: init_module: module=0xe1f9e020 private=0xe109e000 list=0xe1fb11c0
09-13 17:03:34.297 531 3621 I OPCAMERA_VFB: sensor_config: enable cfg for imx298
09-13 17:03:34.297 531 3589 I OPCAMERA_SFB: init_module: module=0xe1f9e008 private=0xe1fdf700 list=0xe1fb11a0
09-13 17:03:34.308 3538 3538 D sound_trigger_platform: call audio_hw_acdb_init_v2
09-13 17:03:34.308 531 3623 I OPCAMERA_SFB: sensor_config: imx298.is_sensor_cfg=1
09-13 17:03:34.308 3538 3538 E platform_info: param tag only supported with CONFIG_PARAMS section
09-13 17:03:34.308 3538 3538 I chatty : uid=1041(audioserver) audio@2.0-servi identical 2 lines
09-13 17:03:34.308 3538 3538 E platform_info: param tag only supported with CONFIG_PARAMS section
09-13 17:03:34.308 531 3589 E OneplusCamera: createFaceBeautyLevelString facebeauty levels=0,1,2,3,4,5,6,7,8
09-13 17:03:34.308 3538 3538 E platform_info: param tag only supported with CONFIG_PARAMS section
09-13 17:03:34.309 531 3589 I OPCAMERA_VFB: deinit_module: module=0xe1f9e020 private=0xe109e000 list=0x0
09-13 17:03:34.309 531 3589 I OPCAMERA_SFB: deinit_module: module=0xe1f9e008 private=0xe1fdf700 list=0x0
09-13 17:03:34.311 3538 3538 E audio_hw_acdb: acdb_init_v2: dlsym error undefined symbol: acdb_loader_init_v4 for acdb_loader_init_v4
09-13 17:03:34.311 1010 3614 E mm-camera: 2966: sensor_get_cur_chromatix_name: Sensor name:imx298,sensor id:0x0, vendor id:4, lens id:0
09-13 17:03:34.311 1010 3614 E mm-camera: 3129: sensor_get_cur_chromatix_name: 3A chromatix : imx298_zsl_preview
09-13 17:03:34.313 3538 3538 D ACDB-LOADER: ACDB -> No .acdb files found in /vendor/etc/acdbdata!
09-13 17:03:34.313 3538 3538 D ACDB-LOADER: ACDB -> found 0 form factor & soundcard independant files
09-13 17:03:34.313 3538 3538 D ACDB-LOADER: ACDB -> Load file: /vendor/etc/acdbdata/MTP/MTP_Speaker_cal.acdb
09-13 17:03:34.313 3538 3538 D ACDB-LOADER: ACDB -> Load file: /vendor/etc/acdbdata/MTP/MTP_Bluetooth_cal.acdb
09-13 17:03:34.313 3538 3538 D ACDB-LOADER: ACDB -> Load file: /vendor/etc/acdbdata/MTP/MTP_Global_cal.acdb
09-13 17:03:34.313 3538 3538 D ACDB-LOADER: ACDB -> Load file: /vendor/etc/acdbdata/MTP/MTP_General_cal.acdb
09-13 17:03:34.313 3538 3538 D ACDB-LOADER: ACDB -> Load file: /vendor/etc/acdbdata/MTP/MTP_Headset_cal.acdb
09-13 17:03:34.313 3538 3538 D ACDB-LOADER: ACDB -> Load file: /vendor/etc/acdbdata/MTP/MTP_Hdmi_cal.acdb
09-13 17:03:34.313 3538 3538 D ACDB-LOADER: ACDB -> Load file: /vendor/etc/acdbdata/MTP/MTP_Handset_cal.acdb
09-13 17:03:34.313 3538 3538 D ACDB-LOADER: ACDB -> ACDB_CMD_INITIALIZE_V2
09-13 17:03:34.313 531 3589 I QCamera2HWI: QCamera2HardwareInterface::dequeueDeferredWork id=51
09-13 17:03:34.313 3538 3538 D : [ACDB Command]->SW Minor/Major/Revision version info for /vendor/etc/acdbdata/MTP/MTP_Speaker_cal.acdb
09-13 17:03:34.313 3538 3538 D : [ACDB Command]->ACDB Sw Major = 9, ACDB Sw Minor = 0, ACDB Sw Revision = 4, ACDB Sw Cpl Number = 0
09-13 17:03:34.313 3538 3538 D : [ACDB Command]->ACDB File Major = 7, ACDB File Minor = 0, ACDB File Revision = 5
09-13 17:03:34.314 3538 3538 D : [ACDB Command]->SW Minor/Major/Revision version info for /vendor/etc/acdbdata/MTP/MTP_Bluetooth_cal.acdb
09-13 17:03:34.314 3538 3538 D : [ACDB Command]->ACDB Sw Major = 9, ACDB Sw Minor = 0, ACDB Sw Revision = 4, ACDB Sw Cpl Number = 0
09-13 17:03:34.314 3538 3538 D : [ACDB Command]->ACDB File Major = 7, ACDB File Minor = 0, ACDB File Revision = 5
09-13 17:03:34.314 3538 3538 D : [ACDB Command]->SW Minor/Major/Revision version info for /vendor/etc/acdbdata/MTP/MTP_Global_cal.acdb
09-13 17:03:34.314 3538 3538 D : [ACDB Command]->ACDB Sw Major = 9, ACDB Sw Minor = 0, ACDB Sw Revision = 4, ACDB Sw Cpl Number = 0
09-13 17:03:34.314 3538 3538 D : [ACDB Command]->ACDB File Major = 7, ACDB File Minor = 0, ACDB File Revision = 5
09-13 17:03:34.314 3538 3538 D : [ACDB Command]->SW Minor/Major/Revision version info for /vendor/etc/acdbdata/MTP/MTP_General_cal.acdb
09-13 17:03:34.314 3538 3538 D : [ACDB Command]->ACDB Sw Major = 9, ACDB Sw Minor = 0, ACDB Sw Revision = 4, ACDB Sw Cpl Number = 0
09-13 17:03:34.314 3538 3538 D : [ACDB Command]->ACDB File Major = 7, ACDB File Minor = 0, ACDB File Revision = 5
09-13 17:03:34.314 3538 3538 D : [ACDB Command]->SW Minor/Major/Revision version info for /vendor/etc/acdbdata/MTP/MTP_Headset_cal.acdb
09-13 17:03:34.314 3538 3538 D : [ACDB Command]->ACDB Sw Major = 9, ACDB Sw Minor = 0, ACDB Sw Revision = 4, ACDB Sw Cpl Number = 0
09-13 17:03:34.314 3538 3538 D : [ACDB Command]->ACDB File Major = 7, ACDB File Minor = 0, ACDB File Revision = 5
09-13 17:03:34.315 3538 3538 D : [ACDB Command]->SW Minor/Major/Revision version info for /vendor/etc/acdbdata/MTP/MTP_Hdmi_cal.acdb
09-13 17:03:34.315 3538 3538 D : [ACDB Command]->ACDB Sw Major = 9, ACDB Sw Minor = 0, ACDB Sw Revision = 4, ACDB Sw Cpl Number = 0
09-13 17:03:34.315 3538 3538 D : [ACDB Command]->ACDB File Major = 7, ACDB File Minor = 0, ACDB File Revision = 5
09-13 17:03:34.315 3538 3538 D : [ACDB Command]->SW Minor/Major/Revision version info for /vendor/etc/acdbdata/MTP/MTP_Handset_cal.acdb
09-13 17:03:34.315 3538 3538 D : [ACDB Command]->ACDB Sw Major = 9, ACDB Sw Minor = 0, ACDB Sw Revision = 4, ACDB Sw Cpl Number = 0
09-13 17:03:34.315 3538 3538 D : [ACDB Command]->ACDB File Major = 7, ACDB File Minor = 0, ACDB File Revision = 5
09-13 17:03:34.315 3538 3538 D ACDB-LOADER: ACDB -> ACPH INIT
09-13 17:03:34.315 3538 3538 D : [ACPH]->Online service registered with ACPH
09-13 17:03:34.317 3539 3539 I Zygote : ...preloaded 6535 classes in 521ms.
09-13 17:03:34.317 3539 3539 I zygote64: VMRuntime.preloadDexCaches starting
09-13 17:03:34.317 531 1509 I CamDev@1.0-impl: Closing camera 0
09-13 17:03:34.317 531 1509 I QCamera : close_camera_device: 1649: [KPI Perf]: E camera id 0
09-13 17:03:34.319 531 1509 I QCameraStateMachine: E
09-13 17:03:34.319 531 3583 I QCameraStateMachine: QCAMERA_SM_CMD_TYPE_EXIT
09-13 17:03:34.319 531 3583 I QCameraStateMachine: X
09-13 17:03:34.319 3538 3538 D : [ACPH]->ACPH init success
09-13 17:03:34.319 3538 3538 D ACDB-LOADER: ACDB -> RTAC INIT
09-13 17:03:34.319 3538 3538 D : [ACPH]->DSP RTC service registered with ACPH
09-13 17:03:34.319 3538 3538 D ACDB-LOADER: ACDB -> MCS, FTS INIT
09-13 17:03:34.319 3538 3538 E ACDB-MCS: acdb_mcs_init: /vendor/etc/audio_tuning_mixer_tasha.txt not present, using /vendor/etc/audio_tuning_mixer.txt config file
09-13 17:03:34.320 531 1509 I QCameraStateMachine: X
09-13 17:03:34.320 531 1509 I QCamera : closeCamera: 2479: E
09-13 17:03:34.320 531 1509 I QCamera : closeCamera: 2484: [KPI Perf]: E PROFILE_CLOSE_CAMERA camera id 0
09-13 17:03:34.320 3538 3538 D : [ACPH]->MCS RTC service registered with ACPH
09-13 17:03:34.321 3538 3538 D : [ACPH]->FTS RTC service registered with ACPH
09-13 17:03:34.321 3538 3538 D ACDB-LOADER: ACDB -> ADIE RTAC INIT
09-13 17:03:34.321 3538 3538 D : [ACPH]->ADIE RTC service registered with ACPH
09-13 17:03:34.321 3538 3538 D ACDB-LOADER: ACDB -> ACDB_CMD_GET_VOC_PROC_DYNAMIC_TABLE_SIZE
09-13 17:03:34.322 531 1509 E OneplusCamera: acquire: fail
09-13 17:03:34.322 1010 3614 I : sensor_pick_resolution res_idx: 2
09-13 17:03:34.322 1010 3614 I : sensor_pick_resolution Matched pick_w:2328, pick_h:1748, pick_fps:30.020000, pick_clk:299300000, pick_mode:1
09-13 17:03:34.323 1010 1310 E mm-camera: 303: AllocateBuffers: Invalid dimensions 0x0
