09-13 17:03:18.848 1010 1010 I mm-3a-core: q3a_thread_aecawb_start Enter
09-13 17:03:18.854 2725 2725 E Typeface: Error mapping font file /system/fonts/RobotoCondensed-Thin.ttf
09-13 17:03:18.871 2725 2725 E Typeface: Error mapping font file /system/fonts/NotoSansKhmer-Regular.ttf
09-13 17:03:18.871 2725 2725 E Typeface: Error mapping font file /system/fonts/NotoSansKhmer-Bold.ttf
09-13 17:03:18.871 2725 2725 E Typeface: Unable to load Family: null : [und-Khmr]
09-13 17:03:18.874 531 531 I QCamera : openCamera: 2070: [KPI Perf]: X PROFILE_OPEN_CAMERA camera id 0, rc: 0
09-13 17:03:18.874 531 531 I CamDev@1.0-impl: could not cast ICameraDeviceCallback to IQCameraDeviceCallback
09-13 17:03:18.874 531 2754 I QCamera2HWI: QCamera2HardwareInterface::deferredWorkRoutine id=33
09-13 17:03:18.874 531 2754 I QCameraParameters: Open flash for camera Id: 0 (flash fd: 34)
09-13 17:03:18.877 531 2754 I QCameraParameters: init: no sensor name matched
09-13 17:03:18.877 531 2754 D QCameraParameters: sensor_active_size is 4656 3496
09-13 17:03:18.878 531 2754 I QCamera : setFocusMode: 7701: Setting focus mode auto
09-13 17:03:18.878 531 2754 I QCamera : setFocusAreas: 9967: Default ROI
09-13 17:03:18.878 531 2754 I OPCAMERA_VFB: init_module: module=0xe8c97cc0 private=0xe10e1000 list=0xe1fb1070
09-13 17:03:18.873 2796 2796 W iptables-wrappe: type=1400 audit(0.0:543): avc: denied { read write } for path="/dev/diag" dev="tmpfs" ino=7350 scontext=u:r:netutils_wrapper:s0 tcontext=u:object_r:diag_device:s0 tclass=chr_file permissive=0
09-13 17:03:18.884 531 2798 I OPCAMERA_VFB: sensor_config: enable cfg for imx298
09-13 17:03:18.885 531 2754 I OPCAMERA_SFB: init_module: module=0xe1f9e020 private=0xe1fdf700 list=0xe1fb10d0
09-13 17:03:18.889 2725 2725 E Typeface: Error mapping font file /system/fonts/DroidSansFallback.ttf
09-13 17:03:18.889 2725 2725 E Typeface: Unable to load Family: null : null
09-13 17:03:18.891 531 2800 I OPCAMERA_SFB: sensor_config: imx298.is_sensor_cfg=1
09-13 17:03:18.891 531 2754 E OneplusCamera: createFaceBeautyLevelString facebeauty levels=0,1,2,3,4,5,6,7,8
09-13 17:03:18.892 531 2754 I OPCAMERA_VFB: deinit_module: module=0xe8c97cc0 private=0xe10e1000 list=0x0
09-13 17:03:18.892 531 2754 I OPCAMERA_SFB: deinit_module: module=0xe1f9e020 private=0xe1fdf700 list=0x0
09-13 17:03:18.896 1010 2791 E mm-camera: 2966: sensor_get_cur_chromatix_name: Sensor name:imx298,sensor id:0x0, vendor id:4, lens id:0
09-13 17:03:18.896 1010 2791 E mm-camera: 3129: sensor_get_cur_chromatix_name: 3A chromatix : imx298_zsl_preview
09-13 17:03:18.897 531 2754 I QCamera2HWI: QCamera2HardwareInterface::dequeueDeferredWork id=33
09-13 17:03:18.900 531 531 I CamDev@1.0-impl: Closing camera 0
09-13 17:03:18.900 531 531 I QCamera : close_camera_device: 1649: [KPI Perf]: E camera id 0
09-13 17:03:18.902 531 531 I QCameraStateMachine: E
09-13 17:03:18.904 531 2752 I QCameraStateMachine: QCAMERA_SM_CMD_TYPE_EXIT
09-13 17:03:18.904 531 2752 I QCameraStateMachine: X
09-13 17:03:18.905 531 531 I QCameraStateMachine: X
09-13 17:03:18.905 531 531 I QCamera : closeCamera: 2479: E
09-13 17:03:18.905 531 531 I QCamera : closeCamera: 2484: [KPI Perf]: E PROFILE_CLOSE_CAMERA camera id 0
09-13 17:03:18.905 531 531 E OneplusCamera: acquire: fail
09-13 17:03:18.905 1010 2791 I : sensor_pick_resolution res_idx: 2
09-13 17:03:18.906 1010 2791 I : sensor_pick_resolution Matched pick_w:2328, pick_h:1748, pick_fps:30.020000, pick_clk:299300000, pick_mode:1
09-13 17:03:18.906 1010 1310 E mm-camera: 303: AllocateBuffers: Invalid dimensions 0x0
09-13 17:03:18.906 1010 1310 E mm-camera: 203: img_algo_preload: Preload: Failed to allocate buffer, rc -4
09-13 17:03:18.906 1010 1310 E mm-camera: 117: module_imgbase_client_preload_exec: IMG_CORE_PRELOAD failed -4
09-13 17:03:18.910 531 531 I QCameraParameters: Close flash fd: 34
09-13 17:03:18.912 531 531 D QCameraPostProc: stop: E
09-13 17:03:18.912 531 531 E QCameraPostProc: stop: X
09-13 17:03:18.912 531 2794 D : cmdtype=MM_CAMERA_CMD_TYPE_EXIT
09-13 17:03:18.913 1010 1010 E mm-camera: 916: isp_port_check_caps_unreserve: ISP session resource not dellocated in time
09-13 17:03:18.934 1010 2804 E mm-camera: 528: isp_module_stop_session: warning: ISP resource is not freed on time!
09-13 17:03:18.923 2803 2803 W iptables-wrappe: type=1400 audit(0.0:544): avc: denied { read write } for path="/dev/diag" dev="tmpfs" ino=7350 scontext=u:r:netutils_wrapper:s0 tcontext=u:object_r:diag_device:s0 tclass=chr_file permissive=0
09-13 17:03:18.953 2808 2808 W ip6tables-wrapp: type=1400 audit(0.0:545): avc: denied { read write } for path="/dev/diag" dev="tmpfs" ino=7350 scontext=u:r:netutils_wrapper:s0 tcontext=u:object_r:diag_device:s0 tclass=chr_file permissive=0
09-13 17:03:18.978 1010 2764 E mm-camera: 731: eeprom_process: failed NULL pointer detected: eeprom_ctrl :
09-13 17:03:18.978 1010 2764 E mm-camera: 325: module_sensor_offload_ois_init_calibrate: Get Is OIS calibration failed
09-13 17:03:18.983 2809 2809 W iptables-wrappe: type=1400 audit(0.0:546): avc: denied { read write } for path="/dev/diag" dev="tmpfs" ino=7350 scontext=u:r:netutils_wrapper:s0 tcontext=u:object_r:diag_device:s0 tclass=chr_file permissive=0
09-13 17:03:19.033 2729 2729 W CameraProviderManager: Camera provider legacy/0 says an unknown camera device@1.0/legacy/0 now has torch status 1. Curious.
09-13 17:03:19.033 2729 2729 W CameraProviderManager: Camera provider legacy/0 says an unknown camera device@3.3/legacy/0 now has torch status 1. Curious.
09-13 17:03:19.034 531 531 I OPCAMERA_SERVICE: deinit_module: module=0xe8c97c28 private=0xe1fa2020 list=0x0
09-13 17:03:19.034 531 531 I QCamera : closeCamera: 2575: [KPI Perf]: X PROFILE_CLOSE_CAMERA camera id 0, rc: 0
09-13 17:03:19.034 531 2753 I QCameraHWI_Mem: memoryPoolThread: stop proc
09-13 17:03:19.034 531 2753 I QCameraHWI_Mem: memoryPoolThread: X
09-13 17:03:19.035 531 531 I QCamera : close_camera_device: 1651: [KPI Perf]: X
09-13 17:03:19.035 2729 2729 I CameraProviderManager: Enumerating new camera device: device@3.3/legacy/0
09-13 17:03:19.036 2729 2729 I CameraProviderManager: Enumerating new camera device: device@1.0/legacy/1
09-13 17:03:19.039 531 531 I CamDev@1.0-impl: Opening camera 1
09-13 17:03:19.039 531 531 I QCamera : openLegacy: 680: openLegacy halVersion: 256
09-13 17:03:19.045 2725 2725 E ActivityRecognitionHardware: activity_recognition HAL is deprecated. class_init is effectively a no-op
09-13 17:03:19.046 531 2812 I QCameraHWI_Mem: memoryPoolThread: E
09-13 17:03:19.046 531 2812 I QCameraHWI_Mem: memoryPoolThread: start proc
09-13 17:03:19.047 531 531 I OneplusCamera: initClientPackageNameFlag: com.android.facelock
09-13 17:03:19.047 531 531 D vndksupport: Loading /vendor/lib/hw/power.qcom.so from current namespace instead of sphal namespace.
09-13 17:03:19.052 531 531 I QCamera2HWI: QCamera2HardwareInterface: mClientPackageName = com.android.facelock
09-13 17:03:19.052 531 531 I QCamera : openCamera: 2057: [KPI Perf]: E PROFILE_OPEN_CAMERA camera id 1
09-13 17:03:19.053 531 531 I OPCAMERA_SERVICE: init_module: module=0xe8c97cb0 private=0xe1fa2020 list=0xe26c3310
09-13 17:03:19.056 531 531 E OneplusCamera: acquire: fail
09-13 17:03:19.070 531 2811 I QCameraStateMachine: E
09-13 17:03:19.070 531 2813 I QCamera2HWI: QCamera2HardwareInterface::deferredWorkRoutine id=34
09-13 17:03:19.070 531 2813 I QCamera2HWI: QCamera2HardwareInterface::dequeueDeferredWork id=34
09-13 17:03:19.070 531 2813 I QCamera2HWI: QCamera2HardwareInterface::deferredWorkRoutine id=35
09-13 17:03:19.071 531 2813 I QCamera2HWI: QCamera2HardwareInterface::dequeueDeferredWork id=35
09-13 17:03:19.088 2725 2725 I zygote64: Thread[1,tid=2725,Native,Thread*=0x7914814c00,peer=0x130c0088,"main"] recursive attempt to load library "/system/lib64/libmedia_jni.so"
09-13 17:03:19.088 2725 2725 D MtpDeviceJNI: register_android_mtp_MtpDevice
09-13 17:03:19.089 2725 2725 I zygote64: Thread[1,tid=2725,Native,Thread*=0x7914814c00,peer=0x130c0088,"main"] recursive attempt to load library "/system/lib64/libmedia_jni.so"
09-13 17:03:19.089 2725 2725 I zygote64: Thread[1,tid=2725,Native,Thread*=0x7914814c00,peer=0x130c0088,"main"] recursive attempt to load library "/system/lib64/libmedia_jni.so"
09-13 17:03:19.117 2728 2728 I FastMixerState: sMaxFastTracks = 8
09-13 17:03:19.117 2728 2728 V MediaUtils: physMem: 4294967295
09-13 17:03:19.118 2728 2728 V MediaUtils: requested limit: 536870912
09-13 17:03:19.118 2728 2728 V MediaUtils: actual limit: 536870912
09-13 17:03:19.118 2728 2728 V MediaUtils: original limits: 4294967295/4294967295
09-13 17:03:19.118 2728 2728 V MediaUtils: new limits: 536870912/4294967295
09-13 17:03:19.119 2728 2728 I audioserver: ServiceManager: 0xe529c1c0
09-13 17:03:19.119 2728 2728 D audioserver: audioserver get Service Manager need time 0 ms
09-13 17:03:19.119 2728 2728 W BatteryNotifier: batterystats service unavailable!
09-13 17:03:19.145 1010 2818 I mm-camera: sony_imx179_eeprom_get_calibration_items: A light valid page:0, D50 valid page:0
09-13 17:03:19.147 1010 2821 E mm-3a-core: light_sensor_init init fail
09-13 17:03:19.152 1010 2821 E mm-camera: 448: dsps_open: try to sensor1_open()
09-13 17:03:19.186 2725 2725 E libc : Access denied finding property "vendor.perf.gestureflingboost.enable"
09-13 17:03:19.193 2725 2725 E libc : Access denied finding property "vendor.perf.gestureflingboost.enable"
09-13 17:03:19.213 2725 2725 I DpmTcmClient: DpmTcmClient constructor
09-13 17:03:19.251 2725 2725 I Zygote : ...preloaded 6535 classes in 474ms.
09-13 17:03:19.251 2725 2725 I zygote64: VMRuntime.preloadDexCaches starting
09-13 17:03:19.287 1010 1010 I mm-camera: < INFO> 292: af_core_init: af_core_init
09-13 17:03:19.288 1010 1010 E mm-camera: 2865: stats_port_check_caps_reserve: Invalid Port capability type!
09-13 17:03:19.288 1010 1010 I chatty : uid=1006(camera) mm-qcamera-daem identical 3 lines
09-13 17:03:19.288 1010 1010 E mm-camera: 2865: stats_port_check_caps_reserve: Invalid Port capability type!
09-13 17:03:19.289 1010 1010 I mm-3a-core: q3a_thread_aecawb_start Enter
09-13 17:03:19.302 2725 2725 I zygote64: VMRuntime.preloadDexCaches strings total=356396 before=14612 after=14612
09-13 17:03:19.302 2725 2725 I zygote64: VMRuntime.preloadDexCaches types total=32715 before=8120 after=8129
09-13 17:03:19.302 2725 2725 I zygote64: VMRuntime.preloadDexCaches fields total=146899 before=9193 after=9207
09-13 17:03:19.302 2725 2725 I zygote64: VMRuntime.preloadDexCaches methods total=256431 before=13225 after=13240
09-13 17:03:19.302 2725 2725 I zygote64: VMRuntime.preloadDexCaches finished
09-13 17:03:19.307 531 531 I QCamera : openCamera: 2070: [KPI Perf]: X PROFILE_OPEN_CAMERA camera id 1, rc: 0
09-13 17:03:19.307 531 531 I CamDev@1.0-impl: could not cast ICameraDeviceCallback to IQCameraDeviceCallback
09-13 17:03:19.307 531 2813 I QCamera2HWI: QCamera2HardwareInterface::deferredWorkRoutine id=36
09-13 17:03:19.308 531 2813 D QCameraParameters: sensor_active_size is 3288 2480
09-13 17:03:19.309 531 2813 I QCamera : setFocusMode: 7701: Setting focus mode fixed
09-13 17:03:19.309 531 2813 I OPCAMERA_VFB: init_module: module=0xe8c97cc0 private=0xe10e2000 list=0xe1fb1070
09-13 17:03:19.310 531 2850 I OPCAMERA_VFB: sensor_config: enable cfg for imx179
09-13 17:03:19.310 531 2813 I OPCAMERA_SFB: init_module: module=0xe1f9e020 private=0xe1fdf700 list=0xe1fb10d0
09-13 17:03:19.310 531 2852 I OPCAMERA_SFB: sensor_config: imx179.is_sensor_cfg=1
09-13 17:03:19.311 531 2813 E OneplusCamera: createFaceBeautyLevelString facebeauty levels=0,1,2,3,4,5,6,7,8
09-13 17:03:19.311 531 2813 I OPCAMERA_VFB: deinit_module: module=0xe8c97cc0 private=0xe10e2000 list=0x0
09-13 17:03:19.313 531 2813 I OPCAMERA_SFB: deinit_module: module=0xe1f9e020 private=0xe1fdf700 list=0x0
09-13 17:03:19.315 1010 2842 E mm-camera: 2966: sensor_get_cur_chromatix_name: Sensor name:imx179,sensor id:0x0, vendor id:0, lens id:0
09-13 17:03:19.315 1010 2842 E mm-camera: 3129: sensor_get_cur_chromatix_name: 3A chromatix : imx179_3a_3280x2464_30fps_preview
09-13 17:03:19.317 531 2813 I QCamera2HWI: QCamera2HardwareInterface::dequeueDeferredWork id=36
09-13 17:03:19.318 531 531 I CamDev@1.0-impl: Closing camera 1
09-13 17:03:19.319 531 531 I QCamera : close_camera_device: 1649: [KPI Perf]: E camera id 1
09-13 17:03:19.320 531 531 I QCameraStateMachine: E
09-13 17:03:19.321 531 2811 I QCameraStateMachine: QCAMERA_SM_CMD_TYPE_EXIT
09-13 17:03:19.321 531 2811 I QCameraStateMachine: X
09-13 17:03:19.322 531 531 I QCameraStateMachine: X
09-13 17:03:19.322 531 531 I QCamera : closeCamera: 2479: E
09-13 17:03:19.322 531 531 I QCamera : closeCamera: 2484: [KPI Perf]: E PROFILE_CLOSE_CAMERA camera id 1
09-13 17:03:19.322 531 531 E OneplusCamera: acquire: fail
09-13 17:03:19.323 1010 2842 I : sensor_pick_resolution res_idx: 2
09-13 17:03:19.323 1010 2842 I : sensor_pick_resolution Matched pick_w:1640, pick_h:924, pick_fps:30.000000, pick_clk:136000000, pick_mode:1
09-13 17:03:19.323 1010 1310 E mm-camera: 303: AllocateBuffers: Invalid dimensions 0x0
09-13 17:03:19.323 1010 1310 E mm-camera: 203: img_algo_preload: Preload: Failed to allocate buffer, rc -4
09-13 17:03:19.323 1010 1310 E mm-camera: 117: module_imgbase_client_preload_exec: IMG_CORE_PRELOAD failed -4
09-13 17:03:19.326 531 531 D QCameraPostProc: stop: E
09-13 17:03:19.326 531 531 E QCameraPostProc: stop: X
09-13 17:03:19.327 531 2846 D : cmdtype=MM_CAMERA_CMD_TYPE_EXIT
09-13 17:03:19.328 1010 1010 E mm-camera: 916: isp_port_check_caps_unreserve: ISP session resource not dellocated in time
09-13 17:03:19.336 2724 2724 D sound_trigger_platform: call audio_hw_acdb_init_v2
09-13 17:03:19.336 2724 2724 E platform_info: param tag only supported with CONFIG_PARAMS section
09-13 17:03:19.336 2724 2724 I chatty : uid=1041(audioserver) audio@2.0-servi identical 3 lines
09-13 17:03:19.336 2724 2724 E platform_info: param tag only supported with CONFIG_PARAMS section
09-13 17:03:19.338 2724 2724 E audio_hw_acdb: acdb_init_v2: dlsym error undefined symbol: acdb_loader_init_v4 for acdb_loader_init_v4
09-13 17:03:19.338 2724 2724 D ACDB-LOADER: ACDB -> No .acdb files found in /vendor/etc/acdbdata!
09-13 17:03:19.338 2724 2724 D ACDB-LOADER: ACDB -> found 0 form factor & soundcard independant files
09-13 17:03:19.338 2724 2724 D ACDB-LOADER: ACDB -> Load file: /vendor/etc/acdbdata/MTP/MTP_Speaker_cal.acdb
09-13 17:03:19.338 2724 2724 D ACDB-LOADER: ACDB -> Load file: /vendor/etc/acdbdata/MTP/MTP_Bluetooth_cal.acdb
09-13 17:03:19.338 2724 2724 D ACDB-LOADER: ACDB -> Load file: /vendor/etc/acdbdata/MTP/MTP_Global_cal.acdb
09-13 17:03:19.338 2724 2724 D ACDB-LOADER: ACDB -> Load file: /vendor/etc/acdbdata/MTP/MTP_General_cal.acdb
09-13 17:03:19.338 2724 2724 D ACDB-LOADER: ACDB -> Load file: /vendor/etc/acdbdata/MTP/MTP_Headset_cal.acdb
09-13 17:03:19.338 2724 2724 D ACDB-LOADER: ACDB -> Load file: /vendor/etc/acdbdata/MTP/MTP_Hdmi_cal.acdb
09-13 17:03:19.338 2724 2724 D ACDB-LOADER: ACDB -> Load file: /vendor/etc/acdbdata/MTP/MTP_Handset_cal.acdb
09-13 17:03:19.338 2724 2724 D ACDB-LOADER: ACDB -> ACDB_CMD_INITIALIZE_V2
09-13 17:03:19.339 2724 2724 D : [ACDB Command]->SW Minor/Major/Revision version info for /vendor/etc/acdbdata/MTP/MTP_Speaker_cal.acdb
09-13 17:03:19.339 2724 2724 D : [ACDB Command]->ACDB Sw Major = 9, ACDB Sw Minor = 0, ACDB Sw Revision = 4, ACDB Sw Cpl Number = 0
09-13 17:03:19.339 2724 2724 D : [ACDB Command]->ACDB File Major = 7, ACDB File Minor = 0, ACDB File Revision = 5
09-13 17:03:19.339 2724 2724 D : [ACDB Command]->SW Minor/Major/Revision version info for /vendor/etc/acdbdata/MTP/MTP_Bluetooth_cal.acdb
09-13 17:03:19.339 2724 2724 D : [ACDB Command]->ACDB Sw Major = 9, ACDB Sw Minor = 0, ACDB Sw Revision = 4, ACDB Sw Cpl Number = 0
09-13 17:03:19.339 2724 2724 D : [ACDB Command]->ACDB File Major = 7, ACDB File Minor = 0, ACDB File Revision = 5
09-13 17:03:19.339 2724 2724 D : [ACDB Command]->SW Minor/Major/Revision version info for /vendor/etc/acdbdata/MTP/MTP_Global_cal.acdb
09-13 17:03:19.339 2724 2724 D : [ACDB Command]->ACDB Sw Major = 9, ACDB Sw Minor = 0, ACDB Sw Revision = 4, ACDB Sw Cpl Number = 0
09-13 17:03:19.339 2724 2724 D : [ACDB Command]->ACDB File Major = 7, ACDB File Minor = 0, ACDB File Revision = 5
09-13 17:03:19.340 2724 2724 D : [ACDB Command]->SW Minor/Major/Revision version info for /vendor/etc/acdbdata/MTP/MTP_General_cal.acdb
09-13 17:03:19.340 2724 2724 D : [ACDB Command]->ACDB Sw Major = 9, ACDB Sw Minor = 0, ACDB Sw Revision = 4, ACDB Sw Cpl Number = 0
09-13 17:03:19.340 2724 2724 D : [ACDB Command]->ACDB File Major = 7, ACDB File Minor = 0, ACDB File Revision = 5
09-13 17:03:19.340 969 1038 I cnss-daemon: WLPS service connected
09-13 17:03:19.341 2724 2724 D : [ACDB Command]->SW Minor/Major/Revision version info for /vendor/etc/acdbdata/MTP/MTP_Headset_cal.acdb
09-13 17:03:19.341 2724 2724 D : [ACDB Command]->ACDB Sw Major = 9, ACDB Sw Minor = 0, ACDB Sw Revision = 4, ACDB Sw Cpl Number = 0
09-13 17:03:19.341 2724 2724 D : [ACDB Command]->ACDB File Major = 7, ACDB File Minor = 0, ACDB File Revision = 5
09-13 17:03:19.341 2724 2724 D : [ACDB Command]->SW Minor/Major/Revision version info for /vendor/etc/acdbdata/MTP/MTP_Hdmi_cal.acdb
09-13 17:03:19.341 2724 2724 D : [ACDB Command]->ACDB Sw Major = 9, ACDB Sw Minor = 0, ACDB Sw Revision = 4, ACDB Sw Cpl Number = 0
09-13 17:03:19.341 2724 2724 D : [ACDB Command]->ACDB File Major = 7, ACDB File Minor = 0, ACDB File Revision = 5
09-13 17:03:19.341 2724 2724 D : [ACDB Command]->SW Minor/Major/Revision version info for /vendor/etc/acdbdata/MTP/MTP_Handset_cal.acdb
09-13 17:03:19.341 2724 2724 D : [ACDB Command]->ACDB Sw Major = 9, ACDB Sw Minor = 0, ACDB Sw Revision = 4, ACDB Sw Cpl Number = 0
09-13 17:03:19.341 2724 2724 D : [ACDB Command]->ACDB File Major = 7, ACDB File Minor = 0, ACDB File Revision = 5
09-13 17:03:19.342 2724 2724 D ACDB-LOADER: ACDB -> ACPH INIT
09-13 17:03:19.342 2724 2724 D : [ACPH]->Online service registered with ACPH
09-13 17:03:19.343 2724 2724 D : [ACPH]->ACPH init success
09-13 17:03:19.343 2724 2724 D ACDB-LOADER: ACDB -> RTAC INIT
09-13 17:03:19.343 2724 2724 D : [ACPH]->DSP RTC service registered with ACPH
09-13 17:03:19.343 2724 2724 D ACDB-LOADER: ACDB -> MCS, FTS INIT
09-13 17:03:19.343 2724 2724 E ACDB-MCS: acdb_mcs_init: /vendor/etc/audio_tuning_mixer_tasha.txt not present, using /vendor/etc/audio_tuning_mixer.txt config file
09-13 17:03:19.343 2724 2724 D : [ACPH]->MCS RTC service registered with ACPH
09-13 17:03:19.343 2724 2724 D : [ACPH]->FTS RTC service registered with ACPH
09-13 17:03:19.343 2724 2724 D ACDB-LOADER: ACDB -> ADIE RTAC INIT
09-13 17:03:19.343 2724 2724 D : [ACPH]->ADIE RTC service registered with ACPH
09-13 17:03:19.344 2724 2724 D ACDB-LOADER: ACDB -> ACDB_CMD_GET_VOC_PROC_DYNAMIC_TABLE_SIZE
09-13 17:03:19.345 1010 2858 E mm-camera: 528: isp_module_stop_session: warning: ISP resource is not freed on time!
09-13 17:03:19.358 2724 2724 D ACDB-LOADER: ACDB -> send_common_custom_topology
09-13 17:03:19.358 2724 2724 D ACDB-LOADER: ACDB -> ACDB_CMD_GET_AVCS_CUSTOM_TOPO_INFO_SIZE
09-13 17:03:19.358 2724 2724 D ACDB-LOADER: ACDB -> ACDB_CMD_GET_AVCS_CUSTOM_TOPO_INFO
09-13 17:03:19.358 2724 2724 D ACDB-LOADER: ACDB -> ACDB_CMD_GET_AVCS_CUSTOM_TOPO_INFO: size:0x1ec ret=0
09-13 17:03:19.358 2724 2724 D ACDB-LOADER: ACDB -> CORE_CUSTOM_TOPOLOGIES
09-13 17:03:19.359 531 531 I OPCAMERA_SERVICE: deinit_module: module=0xe8c97cb0 private=0xe1fa2020 list=0x0
09-13 17:03:19.360 531 531 I QCamera : closeCamera: 2575: [KPI Perf]: X PROFILE_CLOSE_CAMERA camera id 1, rc: 0
09-13 17:03:19.360 531 2812 I QCameraHWI_Mem: memoryPoolThread: stop proc
09-13 17:03:19.360 531 2812 I QCameraHWI_Mem: memoryPoolThread: X
09-13 17:03:19.360 531 531 I QCamera : close_camera_device: 1651: [KPI Perf]: X
09-13 17:03:19.361 2729 2729 I CameraProviderManager: Enumerating new camera device: device@3.3/legacy/1
09-13 17:03:19.362 2729 2729 I CameraProviderManager: Camera provider legacy/0 ready with 4 camera devices
09-13 17:03:19.363 479 479 W hwservicemanager: getTransport: Cannot find entry android.hardware.camera.provider@2.4::ICameraProvider/external/0 in either framework or device manifest.
09-13 17:03:19.364 2729 2729 D vndksupport: Loading /vendor/lib/hw/android.hardware.camera.provider@2.4-impl.so from current namespace instead of sphal namespace.
09-13 17:03:19.374 2724 2724 E ACDB-LOADER: AUDIO_SET_CALIBRATION, Error = -1
09-13 17:03:19.374 2724 2724 D ACDB-LOADER: ACDB -> acdb_loader_send_common_custom_topology: Common custom topology not in use
09-13 17:03:19.374 2724 2724 D ACDB-LOADER: ACDB -> send_afe_custom_topology
09-13 17:03:19.374 2724 2724 D ACDB-LOADER: ACDB -> ACDB_CMD_GET_AFE_TOPOLOGIES
09-13 17:03:19.374 2724 2724 D : ACDBFILE_MGR: Property for the pid 000130DE not found
09-13 17:03:19.374 2724 2724 D : ACDB_COMMAND: Failed to fetch the property info for pid 000130DE
09-13 17:03:19.374 2724 2724 E ACDB-LOADER: Error: ACDB get afe custom topologies returned = -18
09-13 17:03:19.374 2724 2724 D ACDB-LOADER: ACDB -> ACDB_CMD_GET_AFE_TOPOLOGIES: size:0x0 ret=-18
09-13 17:03:19.374 2724 2724 D ACDB-LOADER: ACDB -> AUDIO_SET_AFE_CUSTOM_TOPOLOGY
09-13 17:03:19.374 2724 2724 D ACDB-LOADER: ACDB -> send_adm_custom_topology
09-13 17:03:19.374 2724 2724 D ACDB-LOADER: ACDB -> ACDB_CMD_GET_AUDIO_COPP_TOPOLOGIES
09-13 17:03:19.374 2724 2724 D ACDB-LOADER: ACDB -> AUDIO_SET_ADM_CUSTOM_TOPOLOGY
09-13 17:03:19.374 2724 2724 D ACDB-LOADER: ACDB -> send_asm_custom_topology
09-13 17:03:19.374 2724 2724 D ACDB-LOADER: ACDB -> ACDB_CMD_GET_AUDIO_POPP_TOPOLOGIES
09-13 17:03:19.374 2724 2724 D ACDB-LOADER: ACDB -> AUDIO_SET_ASM_CUSTOM_TOPOLOGY
09-13 17:03:19.374 2724 2724 D ACDB-LOADER: ACDB -> send_lsm_custom_topology
09-13 17:03:19.374 2724 2724 D ACDB-LOADER: ACDB -> ACDB_CMD_GET_LSM_TOPOLOGIES
09-13 17:03:19.374 2724 2724 D ACDB-LOADER: ACDB -> AUDIO_SET_LSM_CUSTOM_TOPOLOGY
09-13 17:03:19.374 2724 2724 D ACDB-LOADER: ACDB -> init done!
09-13 17:03:19.374 2724 2724 D audio_hw_acdb: acdb_init_v2: ACDB Instance ID support after ACDB init:0
09-13 17:03:19.374 2724 2724 D sound_trigger_platform: platform_stdev_init Opening device /dev/snd/hwC0D1000
09-13 17:03:19.375 2724 2724 D sound_trigger_platform: get_codec_version: codec version WCD9335_2_0
09-13 17:03:19.375 2724 2724 I SoundTriggerHalImpl: onFirstRef() mModuleName primary mHwDevice 0xed43a300
09-13 17:03:19.375 2725 2725 I AssetManager: no overlays.list file found
09-13 17:03:19.377 2725 2725 I Zygote : Preloading resources...
09-13 17:03:19.377 2729 2729 E ExtCamUtils@3.4: loadFromCfg: Unable to load external camera config file '/vendor/etc/external_camera_config.xml'. Error: XML_ERROR_FILE_NOT_FOUND
09-13 17:03:19.378 2729 2729 I CameraProviderManager: Connecting to new camera provider: external/0, isRemote? 0
09-13 17:03:19.379 2729 2729 I CameraProviderManager: Camera provider external/0 ready with 0 camera devices
09-13 17:03:19.379 2729 2743 W CameraProviderManager: addProviderLocked: Camera provider HAL with name 'legacy/0' already registered
09-13 17:03:19.380 2729 2729 I CameraService: onDeviceStatusChanged: Status changed for cameraId=1, newStatus=1
09-13 17:03:19.380 2729 2729 I CameraService: onDeviceStatusChanged: Unknown camera ID 1, a new camera is added
09-13 17:03:19.381 2729 2729 I CameraService: onDeviceStatusChanged: Status changed for cameraId=0, newStatus=1
09-13 17:03:19.381 2729 2729 I CameraService: onDeviceStatusChanged: Unknown camera ID 0, a new camera is added
09-13 17:03:19.382 2729 2743 I CameraService: onDeviceStatusChanged: Status changed for cameraId=1, newStatus=1
09-13 17:03:19.382 2729 2743 E CameraService: onDeviceStatusChanged: State transition to the same status 0x1 not allowed
09-13 17:03:19.382 2729 2743 I CameraService: onDeviceStatusChanged: Status changed for cameraId=0, newStatus=1
09-13 17:03:19.382 2724 2724 I audiohalservice: Registration complete for android.hardware.soundtrigger@2.1::ISoundTriggerHw/default.
09-13 17:03:19.382 2729 2729 I : Waiting for activity service
09-13 17:03:19.382 479 479 W hwservicemanager: getTransport: Cannot find entry android.hardware.bluetooth.a2dp@1.0::IBluetoothAudioOffload/default in either framework or device manifest.
09-13 17:03:19.383 2724 2724 E audiohalservice: Could not get passthrough implementation for android.hardware.bluetooth.a2dp@1.0::IBluetoothAudioOffload/default.
09-13 17:03:19.383 2724 2724 W audiohalservice: Could not register Bluetooth audio offload 1.0
09-13 17:03:19.386 2724 2724 E audiohalservice: Could not get passthrough implementation for com.qualcomm.qti.bluetooth_audio@1.0::IBluetoothAudio/default.
09-13 17:03:19.386 2724 2724 W audiohalservice: Could not register bluetooth_audio service
09-13 17:03:19.390 479 479 W hwservicemanager: getTransport: Cannot find entry android.hardware.audio@4.0::IDevicesFactory/msd in either framework or device manifest.
09-13 17:03:19.390 2725 2725 W Resources: Preloaded drawable resource #0x1080265 (android:drawable/dialog_background_material) that varies with configuration!!
09-13 17:03:19.391 2728 2728 D vndksupport: Loading /vendor/lib/hw/android.hardware.audio@4.0-impl.so from current namespace instead of sphal namespace.
09-13 17:03:19.400 2728 2728 I AudioFlinger: Using default 3000 mSec as standby time.
09-13 17:03:19.401 2728 2728 D audioserver: audioserver audio flinger init need time 282 ms
09-13 17:03:19.402 2728 2728 E APM::Serializer: deserialize: Could not parse /odm/etc/audio_policy_configuration.xml document.
09-13 17:03:19.410 2725 2725 I Zygote : ...preloaded 64 resources in 34ms.
09-13 17:03:19.415 2725 2725 I Zygote : ...preloaded 41 resources in 4ms.
09-13 17:03:19.415 2725 2725 D vndksupport: Loading /vendor/lib64/hw/android.hardware.graphics.mapper@2.0-impl.so from current namespace instead of sphal namespace.
09-13 17:03:19.418 2725 2725 D vndksupport: Loading /vendor/lib64/egl/libEGL_adreno.so from current namespace instead of sphal namespace.
09-13 17:03:19.419 2725 2725 D libEGL : loaded /vendor/lib64/egl/libEGL_adreno.so
09-13 17:03:19.424 2725 2725 D vndksupport: Loading /vendor/lib64/egl/libGLESv1_CM_adreno.so from current namespace instead of sphal namespace.
09-13 17:03:19.425 2725 2725 D libEGL : loaded /vendor/lib64/egl/libGLESv1_CM_adreno.so
09-13 17:03:19.433 2724 2869 D vndksupport: Loading /vendor/lib/hw/audio.primary.msm8996.so from current namespace instead of sphal namespace.
09-13 17:03:19.433 2724 2869 D audio_hw_primary: adev_open: enter
09-13 17:03:19.433 2724 2869 D audio_log_utils: registered, module hal
09-13 17:03:19.434 2724 2869 D audio_hw_utils: audio_extn_utils_open_snd_mixer: snd_card_name: msm8996-tasha-mtp-snd-card
09-13 17:03:19.434 2724 2869 W hardware_info: update_hardware_info_8996: Not a 8996 device
09-13 17:03:19.435 2724 2869 D audio_hw_utils: audio_extn_utils_open_snd_mixer: Opened sound card:0
09-13 17:03:19.435 2724 2869 D msm8974_platform: platform_init: Opened sound card:0
09-13 17:03:19.435 2724 2869 W hardware_info: update_hardware_info_8996: Not a 8996 device
09-13 17:03:19.435 2724 2869 D msm8974_platform: platform_init: Loading mixer file: /vendor/etc/mixer_paths_tasha.xml
09-13 17:03:19.438 2725 2725 D vndksupport: Loading /vendor/lib64/egl/libGLESv2_adreno.so from current namespace instead of sphal namespace.
09-13 17:03:19.439 2725 2725 D libEGL : loaded /vendor/lib64/egl/libGLESv2_adreno.so
09-13 17:03:19.447 1010 2877 I mm-camera: sony_imx179_eeprom_get_calibration_items: A light valid page:0, D50 valid page:0
09-13 17:03:19.449 1010 2880 E mm-3a-core: light_sensor_init init fail
09-13 17:03:19.450 1010 2880 E mm-camera: 448: dsps_open: try to sensor1_open()
09-13 17:03:19.453 2725 2725 I Zygote : Preloading shared libraries...
09-13 17:03:19.458 2725 2725 I Zygote : Uninstalled ICU cache reference pinning...
09-13 17:03:19.459 2725 2725 I Zygote : Installed AndroidKeyStoreProvider in 1ms.
09-13 17:03:19.481 1010 1010 I mm-camera: < INFO> 292: af_core_init: af_core_init
09-13 17:03:19.482 1010 1010 E mm-camera: 2865: stats_port_check_caps_reserve: Invalid Port capability type!
09-13 17:03:19.482 1010 1010 I chatty : uid=1006(camera) mm-qcamera-daem identical 3 lines
09-13 17:03:19.482 1010 1010 E mm-camera: 2865: stats_port_check_caps_reserve: Invalid Port capability type!
09-13 17:03:19.482 1010 1010 I mm-3a-core: q3a_thread_aecawb_start Enter
09-13 17:03:19.489 2725 2725 I Zygote : Warmed up JCA providers in 30ms.
09-13 17:03:19.489 2725 2725 D Zygote : end preload
09-13 17:03:19.489 2725 2725 I zygote64: Waiting for a blocking GC Explicit
09-13 17:03:19.495 1031 1086 W ServiceManagement: Waited one second for android.frameworks.sensorservice@1.0::ISensorManager/default
09-13 17:03:19.495 1010 2900 E mm-camera: 2966: sensor_get_cur_chromatix_name: Sensor name:imx179,sensor id:0x0, vendor id:0, lens id:0
09-13 17:03:19.495 1010 2900 E mm-camera: 3129: sensor_get_cur_chromatix_name: 3A chromatix : imx179_3a_3280x2464_30fps_preview
09-13 17:03:19.496 1031 1086 I ServiceManagement: getService: Trying again for android.frameworks.sensorservice@1.0::ISensorManager/default...
09-13 17:03:19.496 1010 2900 E mm-camera: 4205: mct_pipeline_process_get: NULL ptr detected! query_buf = [0x0] module list = [0xeb91f980]
09-13 17:03:19.496 2729 2864 E CamPvdr@2.4-external: deviceAdded v4l2 QUERYCAP /dev/video3 failed
09-13 17:03:19.500 2725 2725 I zygote64: WaitForGcToComplete blocked Explicit on None for 11.456ms
09-13 17:03:19.531 2725 2725 I zygote64: Explicit concurrent copying GC freed 2480(98KB) AllocSpace objects, 0(0B) LOS objects, 50% free, 2MB/4MB, paused 60us total 30.834ms
09-13 17:03:19.549 1010 2916 E mm-3a-core: light_sensor_init init fail
09-13 17:03:19.551 1010 2916 E mm-camera: 448: dsps_open: try to sensor1_open()
09-13 17:03:19.563 2725 2725 I zygote64: Explicit concurrent copying GC freed 301(45KB) AllocSpace objects, 0(0B) LOS objects, 50% free, 2MB/4MB, paused 79us total 30.757ms
09-13 17:03:19.586 1010 1010 I mm-camera: < INFO> 292: af_core_init: af_core_init
09-13 17:03:19.588 1010 1010 E mm-camera: 2865: stats_port_check_caps_reserve: Invalid Port capability type!
09-13 17:03:19.588 1010 1010 I chatty : uid=1006(camera) mm-qcamera-daem identical 3 lines
09-13 17:03:19.588 1010 1010 E mm-camera: 2865: stats_port_check_caps_reserve: Invalid Port capability type!
09-13 17:03:19.588 1010 1010 I mm-3a-core: q3a_thread_aecawb_start Enter
09-13 17:03:19.648 1010 2933 E mm-camera: 2966: sensor_get_cur_chromatix_name: Sensor name:imx298,sensor id:0x0, vendor id:4, lens id:0
09-13 17:03:19.648 1010 2933 E mm-camera: 3129: sensor_get_cur_chromatix_name: 3A chromatix : imx298_zsl_preview
09-13 17:03:19.648 1010 2933 E mm-camera: 4205: mct_pipeline_process_get: NULL ptr detected! query_buf = [0x0] module list = [0xeb91f980]
09-13 17:03:19.649 2729 2864 E CamPvdr@2.4-external: deviceAdded v4l2 QUERYCAP /dev/video2 failed
09-13 17:03:19.675 2725 2725 I Zygote : System server process 2942 has been created
09-13 17:03:19.676 2725 2725 I Zygote : Accepting command socket connections
09-13 17:03:19.698 2942 2942 E system_server: Not starting debugger since process cannot load the jdwp agent.
09-13 17:03:19.712 2942 2942 I Zygote : Process: zygote socket RESERVED/zygote_secondary opened, supported ABIS: armeabi-v7a,armeabi
09-13 17:03:19.730 2942 2942 W system_server: ClassLoaderContext size mismatch. expected=1, actual=2 (PCL[] | PCL[];PCL[])
09-13 17:03:19.738 2942 2942 I system_server: The ClassLoaderContext is a special shared library.
09-13 17:03:19.741 2942 2942 I chatty : uid=1000 system_server identical 1 line
09-13 17:03:19.744 2942 2942 I system_server: The ClassLoaderContext is a special shared library.
09-13 17:03:19.783 2961 2961 W ip6tables-wrapp: type=1400 audit(0.0:573): avc: denied { read write } for path="/dev/diag" dev="tmpfs" ino=7350 scontext=u:r:netutils_wrapper:s0 tcontext=u:object_r:diag_device:s0 tclass=chr_file permissive=0
09-13 17:03:19.782 2942 2942 I system_server: Rejecting re-init on previously-failed class java.lang.Class: java.lang.NoClassDefFoundError: Failed resolution of: Landroid/view/WindowManagerPolicy;
09-13 17:03:19.782 2942 2942 I system_server: at java.lang.Class java.lang.Class.classForName(java.lang.String, boolean, java.lang.ClassLoader) (Class.java:-2)
09-13 17:03:19.782 2942 2942 I system_server: at java.lang.Class java.lang.Class.forName(java.lang.String, boolean, java.lang.ClassLoader) (Class.java:453)
09-13 17:03:19.782 2942 2942 I system_server: at java.lang.Runnable com.android.internal.os.RuntimeInit.findStaticMain(java.lang.String, java.lang.String[], java.lang.ClassLoader) (RuntimeInit.java:336)
09-13 17:03:19.782 2942 2942 I system_server: at java.lang.Runnable com.android.internal.os.RuntimeInit.applicationInit(int, java.lang.String[], java.lang.ClassLoader) (RuntimeInit.java:409)
09-13 17:03:19.782 2942 2942 I system_server: at java.lang.Runnable com.android.internal.os.ZygoteInit.zygoteInit(int, java.lang.String[], java.lang.ClassLoader) (ZygoteInit.java:912)
09-13 17:03:19.783 2942 2942 I system_server: at java.lang.Runnable com.android.internal.os.ZygoteInit.handleSystemServerProcess(com.android.internal.os.ZygoteConnection$Arguments) (ZygoteInit.java:506)
09-13 17:03:19.783 2942 2942 I system_server: at java.lang.Runnable com.android.internal.os.ZygoteInit.forkSystemServer(java.lang.String, java.lang.String, com.android.internal.os.ZygoteServer) (ZygoteInit.java:730)
09-13 17:03:19.783 2942 2942 I system_server: at void com.android.internal.os.ZygoteInit.main(java.lang.String[]) (ZygoteInit.java:833)
09-13 17:03:19.783 2942 2942 I system_server: Caused by: java.lang.ClassNotFoundException: Didn't find class "android.view.WindowManagerPolicy" on path: DexPathList[[zip file "/system/framework/services.jar", zip file "/system/framework/ethernet-service.jar", zip file "/system/framework/wifi-service.jar", zip file "/system/framework/com.android.location.provider.jar"],nativeLibraryDirectories=[/system/lib64, /system/vendor/lib64, /system/lib64, /system/vendor/lib64]]
09-13 17:03:19.783 2942 2942 I system_server: at java.lang.Class dalvik.system.BaseDexClassLoader.findClass(java.lang.String) (BaseDexClassLoader.java:169)
09-13 17:03:19.783 2942 2942 I system_server: at java.lang.Class java.lang.ClassLoader.loadClass(java.lang.String, boolean) (ClassLoader.java:379)
09-13 17:03:19.783 2942 2942 I system_server: at java.lang.Class java.lang.ClassLoader.loadClass(java.lang.String) (ClassLoader.java:312)
09-13 17:03:19.783 2942 2942 I system_server: at java.lang.Class java.lang.Class.classForName(java.lang.String, boolean, java.lang.ClassLoader) (Class.java:-2)
09-13 17:03:19.783 2942 2942 I system_server: at java.lang.Class java.lang.Class.forName(java.lang.String, boolean, java.lang.ClassLoader) (Class.java:453)
09-13 17:03:19.783 2942 2942 I system_server: at java.lang.Runnable com.android.internal.os.RuntimeInit.findStaticMain(java.lang.String, java.lang.String[], java.lang.ClassLoader) (RuntimeInit.java:336)
09-13 17:03:19.783 2942 2942 I system_server: at java.lang.Runnable com.android.internal.os.RuntimeInit.applicationInit(int, java.lang.String[], java.lang.ClassLoader) (RuntimeInit.java:409)
09-13 17:03:19.783 2942 2942 I system_server: at java.lang.Runnable com.android.internal.os.ZygoteInit.zygoteInit(int, java.lang.String[], java.lang.ClassLoader) (ZygoteInit.java:912)
09-13 17:03:19.783 2942 2942 I system_server: at java.lang.Runnable com.android.internal.os.ZygoteInit.handleSystemServerProcess(com.android.internal.os.ZygoteConnection$Arguments) (ZygoteInit.java:506)
09-13 17:03:19.783 2942 2942 I system_server: at java.lang.Runnable com.android.internal.os.ZygoteInit.forkSystemServer(java.lang.String, java.lang.String, com.android.internal.os.ZygoteServer) (ZygoteInit.java:730)
09-13 17:03:19.783 2942 2942 I system_server: at void com.android.internal.os.ZygoteInit.main(java.lang.String[]) (ZygoteInit.java:833)
09-13 17:03:19.783 2942 2942 I system_server:
09-13 17:03:19.783 2942 2942 I system_server: Rejecting re-init on previously-failed class java.lang.Class: java.lang.NoClassDefFoundError: Failed resolution of: Lcom/android/server/policy/PhoneWindowManager;
09-13 17:03:19.783 2942 2942 I system_server: at java.lang.Class java.lang.Class.classForName(java.lang.String, boolean, java.lang.ClassLoader) (Class.java:-2)
09-13 17:03:19.783 2942 2942 I system_server: at java.lang.Class java.lang.Class.forName(java.lang.String, boolean, java.lang.ClassLoader) (Class.java:453)
09-13 17:03:19.783 2942 2942 I system_server: at java.lang.Runnable com.android.internal.os.RuntimeInit.findStaticMain(java.lang.String, java.lang.String[], java.lang.ClassLoader) (RuntimeInit.java:336)
09-13 17:03:19.783 2942 2942 I system_server: at java.lang.Runnable com.android.internal.os.RuntimeInit.applicationInit(int, java.lang.String[], java.lang.ClassLoader) (RuntimeInit.java:409)
09-13 17:03:19.783 2942 2942 I system_server: at java.lang.Runnable com.android.internal.os.ZygoteInit.zygoteInit(int, java.lang.String[], java.lang.ClassLoader) (ZygoteInit.java:912)
09-13 17:03:19.783 2942 2942 I system_server: at java.lang.Runnable com.android.internal.os.ZygoteInit.handleSystemServerProcess(com.android.internal.os.ZygoteConnection$Arguments) (ZygoteInit.java:506)
09-13 17:03:19.783 2942 2942 I system_server: at java.lang.Runnable com.android.internal.os.ZygoteInit.forkSystemServer(java.lang.String, java.lang.String, com.android.internal.os.ZygoteServer) (ZygoteInit.java:730)
09-13 17:03:19.783 2942 2942 I system_server: at void com.android.internal.os.ZygoteInit.main(java.lang.String[]) (ZygoteInit.java:833)
09-13 17:03:19.783 2942 2942 I system_server: Caused by: java.lang.ClassNotFoundException: com.android.server.policy.PhoneWindowManager
09-13 17:03:19.783 2942 2942 I system_server: at java.lang.Class java.lang.VMClassLoader.findLoadedClass(java.lang.ClassLoader, java.lang.String) (VMClassLoader.java:-2)
09-13 17:03:19.783 2942 2942 I system_server: at java.lang.Class java.lang.ClassLoader.findLoadedClass(java.lang.String) (ClassLoader.java:738)
09-13 17:03:19.783 2942 2942 I system_server: at java.lang.Class java.lang.ClassLoader.loadClass(java.lang.String, boolean) (ClassLoader.java:363)
09-13 17:03:19.783 2942 2942 I system_server: at java.lang.Class java.lang.ClassLoader.loadClass(java.lang.String) (ClassLoader.java:312)
09-13 17:03:19.783 2942 2942 I system_server: at java.lang.Class java.lang.Class.classForName(java.lang.String, boolean, java.lang.ClassLoader) (Class.java:-2)
09-13 17:03:19.783 2942 2942 I system_server: at java.lang.Class java.lang.Class.forName(java.lang.String, boolean, java.lang.ClassLoader) (Class.java:453)
09-13 17:03:19.783 2942 2942 I system_server: at java.lang.Runnable com.android.internal.os.RuntimeInit.findStaticMain(java.lang.String, java.lang.String[], java.lang.ClassLoader) (RuntimeInit.java:336)
09-13 17:03:19.783 2942 2942 I system_server: at java.lang.Runnable com.android.internal.os.RuntimeInit.applicationInit(int, java.lang.String[], java.lang.ClassLoader) (RuntimeInit.java:409)
09-13 17:03:19.783 2942 2942 I system_server: at java.lang.Runnable com.android.internal.os.ZygoteInit.zygoteInit(int, java.lang.String[], java.lang.ClassLoader) (ZygoteInit.java:912)
09-13 17:03:19.783 2942 2942 I system_server: at java.lang.Runnable com.android.internal.os.ZygoteInit.handleSystemServerProcess(com.android.internal.os.ZygoteConnection$Arguments) (ZygoteInit.java:506)
09-13 17:03:19.783 2942 2942 I system_server: at java.lang.Runnable com.android.internal.os.ZygoteInit.forkSystemServer(java.lang.String, java.lang.String, com.android.internal.os.ZygoteServer) (ZygoteInit.java:730)
09-13 17:03:19.783 2942 2942 I system_server: at void com.android.internal.os.ZygoteInit.main(java.lang.String[]) (ZygoteInit.java:833)
09-13 17:03:19.783 2942 2942 I system_server:
09-13 17:03:19.783 2942 2942 I system_server: Rejecting re-init on previously-failed class java.lang.Class: java.lang.NoClassDefFoundError: Failed resolution of: Lcom/android/server/policy/PhoneWindowManager;
09-13 17:03:19.783 2942 2942 I system_server: at java.lang.Class java.lang.Class.classForName(java.lang.String, boolean, java.lang.ClassLoader) (Class.java:-2)
09-13 17:03:19.783 2942 2942 I system_server: at java.lang.Class java.lang.Class.forName(java.lang.String, boolean, java.lang.ClassLoader) (Class.java:453)
09-13 17:03:19.783 2942 2942 I system_server: at java.lang.Runnable com.android.internal.os.RuntimeInit.findStaticMain(java.lang.String, java.lang.String[], java.lang.ClassLoader) (RuntimeInit.java:336)
09-13 17:03:19.783 2942 2942 I system_server: at java.lang.Runnable com.android.internal.os.RuntimeInit.applicationInit(int, java.lang.String[], java.lang.ClassLoader) (RuntimeInit.java:409)
09-13 17:03:19.783 2942 2942 I system_server: at java.lang.Runnable com.android.internal.os.ZygoteInit.zygoteInit(int, java.lang.String[], java.lang.ClassLoader) (ZygoteInit.java:912)
09-13 17:03:19.783 2942 2942 I system_server: at java.lang.Runnable com.android.internal.os.ZygoteInit.handleSystemServerProcess(com.android.internal.os.ZygoteConnection$Arguments) (ZygoteInit.java:506)
09-13 17:03:19.783 2942 2942 I system_server: at java.lang.Runnable com.android.internal.os.ZygoteInit.forkSystemServer(java.lang.String, java.lang.String, com.android.internal.os.ZygoteServer) (ZygoteInit.java:730)
09-13 17:03:19.783 2942 2942 I system_server: at void com.android.internal.os.ZygoteInit.main(java.lang.String[]) (ZygoteInit.java:833)
09-13 17:03:19.783 2942 2942 I system_server: Caused by: java.lang.ClassNotFoundException: com.android.server.policy.PhoneWindowManager
09-13 17:03:19.783 2942 2942 I system_server: at java.lang.Class java.lang.VMClassLoader.findLoadedClass(java.lang.ClassLoader, java.lang.String) (VMClassLoader.java:-2)
09-13 17:03:19.784 2942 2942 I system_server: at java.lang.Class java.lang.ClassLoader.findLoadedClass(java.lang.String) (ClassLoader.java:738)
09-13 17:03:19.784 2942 2942 I system_server: at java.lang.Class java.lang.ClassLoader.loadClass(java.lang.String, boolean) (ClassLoader.java:363)
09-13 17:03:19.784 2942 2942 I system_server: at java.lang.Class java.lang.ClassLoader.loadClass(java.lang.String) (ClassLoader.java:312)
09-13 17:03:19.784 2942 2942 I system_server: at java.lang.Class java.lang.Class.classForName(java.lang.String, boolean, java.lang.ClassLoader) (Class.java:-2)
09-13 17:03:19.784 2942 2942 I system_server: at java.lang.Class java.lang.Class.forName(java.lang.String, boolean, java.lang.ClassLoader) (Class.java:453)
09-13 17:03:19.784 2942 2942 I system_server: at java.lang.Runnable com.android.internal.os.RuntimeInit.findStaticMain(java.lang.String, java.lang.String[], java.lang.ClassLoader) (RuntimeInit.java:336)
09-13 17:03:19.784 2942 2942 I system_server: at java.lang.Runnable com.android.internal.os.RuntimeInit.applicationInit(int, java.lang.String[], java.lang.ClassLoader) (RuntimeInit.java:409)
09-13 17:03:19.784 2942 2942 I system_server: at java.lang.Runnable com.android.internal.os.ZygoteInit.zygoteInit(int, java.lang.String[], java.lang.ClassLoader) (ZygoteInit.java:912)
09-13 17:03:19.784 2942 2942 I system_server: at java.lang.Runnable com.android.internal.os.ZygoteInit.handleSystemServerProcess(com.android.internal.os.ZygoteConnection$Arguments) (ZygoteInit.java:506)
09-13 17:03:19.784 2942 2942 I system_server: at java.lang.Runnable com.android.internal.os.ZygoteInit.forkSystemServer(java.lang.String, java.lang.String, com.android.internal.os.ZygoteServer) (ZygoteInit.java:730)
09-13 17:03:19.784 2942 2942 I system_server: at void com.android.internal.os.ZygoteInit.main(java.lang.String[]) (ZygoteInit.java:833)
09-13 17:03:19.784 2942 2942 I system_server:
09-13 17:03:19.784 2942 2942 I system_server: Rejecting re-init on previously-failed class java.lang.Class: java.lang.NoClassDefFoundError: Failed resolution of: Lcom/android/server/policy/PhoneWindowManager;
09-13 17:03:19.784 2942 2942 I system_server: at java.lang.Class java.lang.Class.classForName(java.lang.String, boolean, java.lang.ClassLoader) (Class.java:-2)
09-13 17:03:19.784 2942 2942 I system_server: at java.lang.Class java.lang.Class.forName(java.lang.String, boolean, java.lang.ClassLoader) (Class.java:453)
09-13 17:03:19.784 2942 2942 I system_server: at java.lang.Runnable com.android.internal.os.RuntimeInit.findStaticMain(java.lang.String, java.lang.String[], java.lang.ClassLoader) (RuntimeInit.java:336)
09-13 17:03:19.784 2942 2942 I system_server: at java.lang.Runnable com.android.internal.os.RuntimeInit.applicationInit(int, java.lang.String[], java.lang.ClassLoader) (RuntimeInit.java:409)
09-13 17:03:19.784 2942 2942 I system_server: at java.lang.Runnable com.android.internal.os.ZygoteInit.zygoteInit(int, java.lang.String[], java.lang.ClassLoader) (ZygoteInit.java:912)
09-13 17:03:19.784 2942 2942 I system_server: at java.lang.Runnable com.android.internal.os.ZygoteInit.handleSystemServerProcess(com.android.internal.os.ZygoteConnection$Arguments) (ZygoteInit.java:506)
09-13 17:03:19.784 2942 2942 I system_server: at java.lang.Runnable com.android.internal.os.ZygoteInit.forkSystemServer(java.lang.String, java.lang.String, com.android.internal.os.ZygoteServer) (ZygoteInit.java:730)
09-13 17:03:19.784 2942 2942 I system_server: at void com.android.internal.os.ZygoteInit.main(java.lang.String[]) (ZygoteInit.java:833)
09-13 17:03:19.784 2942 2942 I system_server: Caused by: java.lang.ClassNotFoundException: com.android.server.policy.PhoneWindowManager
09-13 17:03:19.784 2942 2942 I system_server: at java.lang.Class java.lang.VMClassLoader.findLoadedClass(java.lang.ClassLoader, java.lang.String) (VMClassLoader.java:-2)
09-13 17:03:19.784 2942 2942 I system_server: at java.lang.Class java.lang.ClassLoader.findLoadedClass(java.lang.String) (ClassLoader.java:738)
09-13 17:03:19.784 2942 2942 I system_server: at java.lang.Class java.lang.ClassLoader.loadClass(java.lang.String, boolean) (ClassLoader.java:363)
09-13 17:03:19.784 2942 2942 I system_server: at java.lang.Class java.lang.ClassLoader.loadClass(java.lang.String) (ClassLoader.java:312)
09-13 17:03:19.784 2942 2942 I system_server: at java.lang.Class java.lang.Class.classForName(java.lang.String, boolean, java.lang.ClassLoader) (Class.java:-2)
09-13 17:03:19.784 2942 2942 I system_server: at java.lang.Class java.lang.Class.forName(java.lang.String, boolean, java.lang.ClassLoader) (Class.java:453)
09-13 17:03:19.784 2942 2942 I system_server: at java.lang.Runnable com.android.internal.os.RuntimeInit.findStaticMain(java.lang.String, java.lang.String[], java.lang.ClassLoader) (RuntimeInit.java:336)
09-13 17:03:19.784 2942 2942 I system_server: at java.lang.Runnable com.android.internal.os.RuntimeInit.applicationInit(int, java.lang.String[], java.lang.ClassLoader) (RuntimeInit.java:409)
09-13 17:03:19.784 2942 2942 I system_server: at java.lang.Runnable com.android.internal.os.ZygoteInit.zygoteInit(int, java.lang.String[], java.lang.ClassLoader) (ZygoteInit.java:912)
09-13 17:03:19.784 2942 2942 I system_server: at java.lang.Runnable com.android.internal.os.ZygoteInit.handleSystemServerProcess(com.android.internal.os.ZygoteConnection$Arguments) (ZygoteInit.java:506)
09-13 17:03:19.784 2942 2942 I system_server: at java.lang.Runnable com.android.internal.os.ZygoteInit.forkSystemServer(java.lang.String, java.lang.String, com.android.internal.os.ZygoteServer) (ZygoteInit.java:730)
09-13 17:03:19.784 2942 2942 I system_server: at void com.android.internal.os.ZygoteInit.main(java.lang.String[]) (ZygoteInit.java:833)
09-13 17:03:19.784 2942 2942 I system_server:
09-13 17:03:19.786 2942 2942 I system_server: Rejecting re-init on previously-failed class java.lang.Class: java.lang.NoClassDefFoundError: Failed resolution of: Landroid/view/WindowManagerPolicy$WindowManagerFuncs;
09-13 17:03:19.786 2942 2942 I system_server: at java.lang.Class java.lang.Class.classForName(java.lang.String, boolean, java.lang.ClassLoader) (Class.java:-2)
09-13 17:03:19.786 2942 2942 I system_server: at java.lang.Class java.lang.Class.forName(java.lang.String, boolean, java.lang.ClassLoader) (Class.java:453)
09-13 17:03:19.786 2942 2942 I system_server: at java.lang.Runnable com.android.internal.os.RuntimeInit.findStaticMain(java.lang.String, java.lang.String[], java.lang.ClassLoader) (RuntimeInit.java:336)
09-13 17:03:19.786 2942 2942 I system_server: at java.lang.Runnable com.android.internal.os.RuntimeInit.applicationInit(int, java.lang.String[], java.lang.ClassLoader) (RuntimeInit.java:409)
09-13 17:03:19.786 2942 2942 I system_server: at java.lang.Runnable com.android.internal.os.ZygoteInit.zygoteInit(int, java.lang.String[], java.lang.ClassLoader) (ZygoteInit.java:912)
09-13 17:03:19.786 2942 2942 I system_server: at java.lang.Runnable com.android.internal.os.ZygoteInit.handleSystemServerProcess(com.android.internal.os.ZygoteConnection$Arguments) (ZygoteInit.java:506)
09-13 17:03:19.786 2942 2942 I system_server: at java.lang.Runnable com.android.internal.os.ZygoteInit.forkSystemServer(java.lang.String, java.lang.String, com.android.internal.os.ZygoteServer) (ZygoteInit.java:730)
09-13 17:03:19.786 2942 2942 I system_server: at void com.android.internal.os.ZygoteInit.main(java.lang.String[]) (ZygoteInit.java:833)
09-13 17:03:19.786 2942 2942 I system_server: Caused by: java.lang.ClassNotFoundException: Didn't find class "android.view.WindowManagerPolicy$WindowManagerFuncs" on path: DexPathList[[zip file "/system/framework/services.jar", zip file "/system/framework/ethernet-service.jar", zip file "/system/framework/wifi-service.jar", zip file "/system/framework/com.android.location.provider.jar"],nativeLibraryDirectories=[/system/lib64, /system/vendor/lib64, /system/lib64, /system/vendor/lib64]]
09-13 17:03:19.786 2942 2942 I system_server: at java.lang.Class dalvik.system.BaseDexClassLoader.findClass(java.lang.String) (BaseDexClassLoader.java:169)
