09-13 17:03:13.309 2434 2434 D vndksupport: Loading /vendor/lib/hw/android.hardware.audio.effect@4.0-impl.so from current namespace instead of sphal namespace.
09-13 17:03:13.316 2444 2444 I wificond: wificond is starting up...
09-13 17:03:13.323 2434 2434 I audiohalservice: Registration complete for android.hardware.audio.effect@4.0::IEffectsFactory/default.
09-13 17:03:13.324 2434 2434 D vndksupport: Loading /vendor/lib/hw/android.hardware.soundtrigger@2.1-impl.so from current namespace instead of sphal namespace.
09-13 17:03:13.326 2434 2434 D vndksupport: Loading /vendor/lib/hw/sound_trigger.primary.msm8996.so from current namespace instead of sphal namespace.
09-13 17:03:13.328 2434 2434 D sound_trigger_hw: stdev_open: Enter
09-13 17:03:13.330 2434 2434 I sound_trigger_platform: platform_stdev_init: Enter
09-13 17:03:13.331 2434 2434 D audio_hw_utils: audio_extn_utils_open_snd_mixer: snd_card_name: msm8996-tasha-mtp-snd-card
09-13 17:03:13.332 2434 2434 W hardware_info: update_hardware_info_8996: Not a 8996 device
09-13 17:03:13.332 2434 2434 D audio_hw_utils: audio_extn_utils_open_snd_mixer: Opened sound card:0
09-13 17:03:13.334 2436 2436 I Dpps : GetInstance: DppsServer ref count increased to 1
09-13 17:03:13.335 2436 2436 I Dpps : InitPrimaryContextFeatures():298 Dpps feature enable properties are false, skipping primary feature context init
09-13 17:03:13.361 2443 2443 I Netd : Netd 1.0 starting
09-13 17:03:13.362 2443 2443 D TetherController: Setting IP forward enable = 0
09-13 17:03:13.437 2435 2435 D AndroidRuntime: >>>>>> START com.android.internal.os.ZygoteInit uid 0 <<<<<<
09-13 17:03:13.437 2435 2435 E AndroidRuntime: hot count path: /proc/2435/page_hot_count
09-13 17:03:13.437 2435 2435 E AndroidRuntime: open page_hot_count failed
09-13 17:03:13.439 2443 2443 I Netd : Creating child chains: 35.4ms
09-13 17:03:13.439 2443 2443 I Netd : Setting up OEM hooks: 0.1ms
09-13 17:03:13.444 2435 2435 I zygote64: option[0]=-Xzygote
09-13 17:03:13.444 2435 2435 I zygote64: option[1]=-Xusetombstonedtraces
09-13 17:03:13.444 2435 2435 I zygote64: option[2]=exit
09-13 17:03:13.444 2435 2435 I zygote64: option[3]=vfprintf
09-13 17:03:13.444 2435 2435 I zygote64: option[4]=sensitiveThread
09-13 17:03:13.444 2435 2435 I zygote64: option[5]=-verbose:gc
09-13 17:03:13.444 2435 2435 I zygote64: option[6]=-Xms8m
09-13 17:03:13.444 2435 2435 I zygote64: option[7]=-Xmx512m
09-13 17:03:13.444 2435 2435 I zygote64: option[8]=-XX:HeapGrowthLimit=256m
09-13 17:03:13.444 2435 2435 I zygote64: option[9]=-XX:HeapMinFree=512k
09-13 17:03:13.444 2435 2435 I zygote64: option[10]=-XX:HeapMaxFree=8m
09-13 17:03:13.444 2435 2435 I zygote64: option[11]=-XX:HeapTargetUtilization=0.75
09-13 17:03:13.444 2435 2435 I zygote64: option[12]=-Xusejit:true
09-13 17:03:13.444 2435 2435 I zygote64: option[13]=-Xjitsaveprofilinginfo
09-13 17:03:13.444 2435 2435 I zygote64: option[14]=-XjdwpOptions:suspend=n,server=y
09-13 17:03:13.444 2435 2435 I zygote64: option[15]=-XjdwpProvider:default
09-13 17:03:13.444 2435 2435 I zygote64: option[16]=-Ximage-compiler-option
09-13 17:03:13.444 2435 2435 I zygote64: option[17]=--runtime-arg
09-13 17:03:13.444 2435 2435 I zygote64: option[18]=-Ximage-compiler-option
09-13 17:03:13.444 2435 2435 I zygote64: option[19]=-Xms64m
09-13 17:03:13.444 2435 2435 I zygote64: option[20]=-Ximage-compiler-option
09-13 17:03:13.444 2435 2435 I zygote64: option[21]=--runtime-arg
09-13 17:03:13.444 2435 2435 I zygote64: option[22]=-Ximage-compiler-option
09-13 17:03:13.444 2435 2435 I zygote64: option[23]=-Xmx64m
09-13 17:03:13.444 2435 2435 I zygote64: option[24]=-Ximage-compiler-option
09-13 17:03:13.444 2435 2435 I zygote64: option[25]=--profile-file=/system/etc/boot-image.prof
09-13 17:03:13.444 2435 2435 I zygote64: option[26]=-Ximage-compiler-option
09-13 17:03:13.444 2435 2435 I zygote64: option[27]=--compiler-filter=speed-profile
09-13 17:03:13.444 2435 2435 I zygote64: option[28]=-Xcompiler-option
09-13 17:03:13.444 2435 2435 I zygote64: option[29]=--runtime-arg
09-13 17:03:13.444 2435 2435 I zygote64: option[30]=-Xcompiler-option
09-13 17:03:13.444 2435 2435 I zygote64: option[31]=-Xms64m
09-13 17:03:13.444 2435 2435 I zygote64: option[32]=-Xcompiler-option
09-13 17:03:13.444 2435 2435 I zygote64: option[33]=--runtime-arg
09-13 17:03:13.444 2435 2435 I zygote64: option[34]=-Xcompiler-option
09-13 17:03:13.444 2435 2435 I zygote64: option[35]=-Xmx512m
09-13 17:03:13.444 2435 2435 I zygote64: option[36]=-Ximage-compiler-option
09-13 17:03:13.444 2435 2435 I zygote64: option[37]=--instruction-set-variant=kryo
09-13 17:03:13.444 2435 2435 I zygote64: option[38]=-Xcompiler-option
09-13 17:03:13.444 2435 2435 I zygote64: option[39]=--instruction-set-variant=kryo
09-13 17:03:13.444 2435 2435 I zygote64: option[40]=-Ximage-compiler-option
09-13 17:03:13.444 2435 2435 I zygote64: option[41]=--instruction-set-features=default
09-13 17:03:13.444 2435 2435 I zygote64: option[42]=-Xcompiler-option
09-13 17:03:13.444 2435 2435 I zygote64: option[43]=--instruction-set-features=default
09-13 17:03:13.444 2435 2435 I zygote64: option[44]=-Duser.locale=en-NL
09-13 17:03:13.444 2435 2435 I zygote64: option[45]=--cpu-abilist=arm64-v8a
09-13 17:03:13.444 2435 2435 I zygote64: option[46]=-Xfingerprint:OnePlus/OnePlus3/OnePlus3:9/PKQ1.181203.001/1907311932:user/release-keys
09-13 17:03:13.453 2435 2435 I zygote64: VerifyImage: /system/bin/patchoat --input-image-location=/system/framework/boot.art --output-image-directory=/data/dalvik-cache/arm64 --instruction-set=arm64 --verify
09-13 17:03:13.457 2443 2443 I Netd : Setting up FirewallController hooks: 18.5ms
09-13 17:03:13.487 1031 1086 W ServiceManagement: Waited one second for android.frameworks.sensorservice@1.0::ISensorManager/default
09-13 17:03:13.488 1031 1086 I ServiceManagement: getService: Trying again for android.frameworks.sensorservice@1.0::ISensorManager/default...
09-13 17:03:13.518 2443 2443 I Netd : Setting up TetherController hooks: 61.3ms
09-13 17:03:13.522 2443 2443 I Netd : Setting up BandwidthController hooks: 3.5ms
09-13 17:03:13.522 2443 2443 I Netd : Setting up IdletimerController hooks: 0.1ms
09-13 17:03:13.522 2443 2443 I Netd : initializing traffic control: 0.0ms
09-13 17:03:13.529 2443 2443 I Netd : Disabling bandwidth control: 6.6ms
09-13 17:03:13.530 2443 2443 E Netd : Error adding route 0.0.0.0/0 -> (null) dummy0 to table 1003: File exists
09-13 17:03:13.530 2443 2443 I Netd : Initializing RouteController: 1.5ms
09-13 17:03:13.530 2443 2443 D XfrmController: Sending Netlink XFRM Message: XFRM_MSG_FLUSHSA
09-13 17:03:13.531 2443 2443 D XfrmController: Sending Netlink XFRM Message: XFRM_MSG_FLUSHPOLICY
09-13 17:03:13.531 2443 2443 I Netd : Initializing XfrmController: 0.4ms
09-13 17:03:13.531 2443 2443 E Netd : Unable to create netlink socket: Protocol not supported
09-13 17:03:13.531 2443 2443 W Netd : Unable to open qlog quota socket, check if xt_quota2 can send via UeventHandler
09-13 17:03:13.532 2443 2443 D MDnsDS : MDnsSdListener::Hander starting up
09-13 17:03:13.533 2443 2455 D MDnsDS : MDnsSdListener starting to monitor
09-13 17:03:13.533 2443 2455 D MDnsDS : Going to poll with pollCount 1
09-13 17:03:13.533 2443 2443 I Netd : Registering NetdNativeService: 1.3ms
09-13 17:03:13.533 2443 2443 I Netd : Starting CommandListener: 0.1ms
09-13 17:03:13.535 2443 2443 I Netd : Registering NetdHwService: 2.2ms
09-13 17:03:13.535 1169 1557 I QC-NETMGR-LIB: onRegistration(): Starting Netd getService thread
09-13 17:03:13.535 2443 2443 I Netd : Netd started in 174ms
09-13 17:03:13.583 2437 2437 D AndroidRuntime: >>>>>> START com.android.internal.os.ZygoteInit uid 0 <<<<<<
09-13 17:03:13.583 2437 2437 E AndroidRuntime: hot count path: /proc/2437/page_hot_count
09-13 17:03:13.583 2437 2437 E AndroidRuntime: open page_hot_count failed
09-13 17:03:13.590 2437 2437 I zygote : option[0]=-Xzygote
09-13 17:03:13.590 2437 2437 I zygote : option[1]=-Xusetombstonedtraces
09-13 17:03:13.590 2437 2437 I zygote : option[2]=exit
09-13 17:03:13.590 2437 2437 I zygote : option[3]=vfprintf
09-13 17:03:13.590 2437 2437 I zygote : option[4]=sensitiveThread
09-13 17:03:13.590 2437 2437 I zygote : option[5]=-verbose:gc
09-13 17:03:13.590 2437 2437 I zygote : option[6]=-Xms8m
09-13 17:03:13.590 2437 2437 I zygote : option[7]=-Xmx512m
09-13 17:03:13.590 2437 2437 I zygote : option[8]=-XX:HeapGrowthLimit=256m
09-13 17:03:13.590 2437 2437 I zygote : option[9]=-XX:HeapMinFree=512k
09-13 17:03:13.590 2437 2437 I zygote : option[10]=-XX:HeapMaxFree=8m
09-13 17:03:13.590 2437 2437 I zygote : option[11]=-XX:HeapTargetUtilization=0.75
09-13 17:03:13.591 2437 2437 I zygote : option[12]=-Xusejit:true
09-13 17:03:13.591 2437 2437 I zygote : option[13]=-Xjitsaveprofilinginfo
09-13 17:03:13.591 2437 2437 I zygote : option[14]=-XjdwpOptions:suspend=n,server=y
09-13 17:03:13.591 2437 2437 I zygote : option[15]=-XjdwpProvider:default
09-13 17:03:13.591 2437 2437 I zygote : option[16]=-Ximage-compiler-option
09-13 17:03:13.591 2437 2437 I zygote : option[17]=--runtime-arg
09-13 17:03:13.591 2437 2437 I zygote : option[18]=-Ximage-compiler-option
09-13 17:03:13.591 2437 2437 I zygote : option[19]=-Xms64m
09-13 17:03:13.591 2437 2437 I zygote : option[20]=-Ximage-compiler-option
09-13 17:03:13.591 2437 2437 I zygote : option[21]=--runtime-arg
09-13 17:03:13.591 2437 2437 I zygote : option[22]=-Ximage-compiler-option
09-13 17:03:13.591 2437 2437 I zygote : option[23]=-Xmx64m
09-13 17:03:13.591 2437 2437 I zygote : option[24]=-Ximage-compiler-option
09-13 17:03:13.591 2437 2437 I zygote : option[25]=--profile-file=/system/etc/boot-image.prof
09-13 17:03:13.591 2437 2437 I zygote : option[26]=-Ximage-compiler-option
09-13 17:03:13.591 2437 2437 I zygote : option[27]=--compiler-filter=speed-profile
09-13 17:03:13.591 2437 2437 I zygote : option[28]=-Xcompiler-option
09-13 17:03:13.591 2437 2437 I zygote : option[29]=--runtime-arg
09-13 17:03:13.591 2437 2437 I zygote : option[30]=-Xcompiler-option
09-13 17:03:13.591 2437 2437 I zygote : option[31]=-Xms64m
09-13 17:03:13.591 2437 2437 I zygote : option[32]=-Xcompiler-option
09-13 17:03:13.591 2437 2437 I zygote : option[33]=--runtime-arg
09-13 17:03:13.591 2437 2437 I zygote : option[34]=-Xcompiler-option
09-13 17:03:13.591 2437 2437 I zygote : option[35]=-Xmx512m
09-13 17:03:13.591 2437 2437 I zygote : option[36]=-Ximage-compiler-option
09-13 17:03:13.591 2437 2437 I zygote : option[37]=--instruction-set-variant=cortex-a53
09-13 17:03:13.591 2437 2437 I zygote : option[38]=-Xcompiler-option
09-13 17:03:13.591 2437 2437 I zygote : option[39]=--instruction-set-variant=cortex-a53
09-13 17:03:13.591 2437 2437 I zygote : option[40]=-Ximage-compiler-option
09-13 17:03:13.592 2437 2437 I zygote : option[41]=--instruction-set-features=default
09-13 17:03:13.592 2437 2437 I zygote : option[42]=-Xcompiler-option
09-13 17:03:13.592 2437 2437 I zygote : option[43]=--instruction-set-features=default
09-13 17:03:13.592 2437 2437 I zygote : option[44]=-Duser.locale=en-NL
09-13 17:03:13.592 2437 2437 I zygote : option[45]=--cpu-abilist=armeabi-v7a,armeabi
09-13 17:03:13.592 2437 2437 I zygote : option[46]=-Xfingerprint:OnePlus/OnePlus3/OnePlus3:9/PKQ1.181203.001/1907311932:user/release-keys
09-13 17:03:13.597 2437 2437 W zygote : Could not reserve sentinel fault page
09-13 17:03:13.602 1169 2461 I QC-NETMGR-LIB: getServiceImpl(): INetd discovered
09-13 17:03:13.602 1169 2461 I QC-NETMGR-LIB: registerLinkToDeath(): Success registerLinkToDeath!
09-13 17:03:13.602 1169 1557 D QC-NETMGR-LIB: onRegistration(): netd restart detected
09-13 17:03:13.602 2437 2437 I zygote : VerifyImage: /system/bin/patchoat --input-image-location=/system/framework/boot.art --output-image-directory=/data/dalvik-cache/arm --instruction-set=arm --verify
09-13 17:03:13.643 2463 2463 W iptables-wrappe: type=1400 audit(0.0:461): avc: denied { read write } for path="/dev/diag" dev="tmpfs" ino=7350 scontext=u:r:netutils_wrapper:s0 tcontext=u:object_r:diag_device:s0 tclass=chr_file permissive=0
09-13 17:03:13.607 1169 1225 I QC-NETMGR-LIB: NetmgrNetdClientRegisterNetwork(): Looking for Netd service
09-13 17:03:13.607 1169 1225 I QC-NETMGR-LIB: NetmgrNetdClientRegisterNetwork(): register to create new OEM network
09-13 17:03:13.607 1169 1225 I QC-NETMGR-LIB: registerNetwork(): Attempting createOemNetwork
09-13 17:03:13.607 2443 2460 D TcpSocketMonitor: suspending tcpinfo polling
09-13 17:03:13.610 1169 1225 I QC-NETMGR-LIB: registerNetwork(): command completed!
09-13 17:03:13.610 1169 1225 I QC-NETMGR-LIB: registerNetwork(): createOemNetwork succeeded [packet mark : 0xf0001] [net id : 1] [network handle : 0x1cafed00d]
09-13 17:03:13.610 1169 1225 I QC-NETMGR-LIB: NetmgrNetdClientRegisterNetwork(): [packet mark : 0xf0001] [network handle : 0x1cafed00d]
09-13 17:03:13.703 2464 2464 W iptables-wrappe: type=1400 audit(0.0:462): avc: denied { read write } for path="/dev/diag" dev="tmpfs" ino=7350 scontext=u:r:netutils_wrapper:s0 tcontext=u:object_r:diag_device:s0 tclass=chr_file permissive=0
09-13 17:03:13.747 2442 2442 I mediaserver: ServiceManager: 0xf371c1c0
09-13 17:03:13.748 2442 2442 W BatteryNotifier: batterystats service unavailable!
09-13 17:03:13.773 2470 2470 W iptables-wrappe: type=1400 audit(0.0:463): avc: denied { read write } for path="/dev/diag" dev="tmpfs" ino=7350 scontext=u:r:netutils_wrapper:s0 tcontext=u:object_r:diag_device:s0 tclass=chr_file permissive=0
09-13 17:03:13.781 2435 2435 D Zygote : begin preload
09-13 17:03:13.781 2435 2435 I Zygote : Installing ICU cache reference pinning...
09-13 17:03:13.781 2435 2435 I Zygote : Preloading ICU data...
09-13 17:03:13.794 2435 2435 I Zygote : Preloading classes...
09-13 17:03:13.812 2435 2435 I PackageBackwardCompatibility: Loaded android.content.pm.OrgApacheHttpLegacyUpdater
09-13 17:03:13.812 2435 2435 I PackageBackwardCompatibility: Could not find android.content.pm.AndroidTestBaseUpdater, ignoring
09-13 17:03:13.873 2471 2471 W ip6tables-wrapp: type=1400 audit(0.0:464): avc: denied { read write } for path="/dev/diag" dev="tmpfs" ino=7350 scontext=u:r:netutils_wrapper:s0 tcontext=u:object_r:diag_device:s0 tclass=chr_file permissive=0
09-13 17:03:13.905 2435 2435 E Typeface: Error mapping font file /system/fonts/RobotoCondensed-Thin.ttf
09-13 17:03:13.923 2472 2472 W iptables-wrappe: type=1400 audit(0.0:465): avc: denied { read write } for path="/dev/diag" dev="tmpfs" ino=7350 scontext=u:r:netutils_wrapper:s0 tcontext=u:object_r:diag_device:s0 tclass=chr_file permissive=0
09-13 17:03:13.926 2435 2435 E Typeface: Error mapping font file /system/fonts/NotoSansKhmer-Regular.ttf
09-13 17:03:13.927 2435 2435 E Typeface: Error mapping font file /system/fonts/NotoSansKhmer-Bold.ttf
09-13 17:03:13.927 2435 2435 E Typeface: Unable to load Family: null : [und-Khmr]
09-13 17:03:13.948 2435 2435 E Typeface: Error mapping font file /system/fonts/DroidSansFallback.ttf
09-13 17:03:13.948 2435 2435 E Typeface: Unable to load Family: null : null
09-13 17:03:13.951 2438 2438 I FastMixerState: sMaxFastTracks = 8
09-13 17:03:13.951 2438 2438 V MediaUtils: physMem: 4294967295
09-13 17:03:13.951 2438 2438 V MediaUtils: requested limit: 536870912
09-13 17:03:13.952 2438 2438 V MediaUtils: actual limit: 536870912
09-13 17:03:13.952 2438 2438 V MediaUtils: original limits: 4294967295/4294967295
09-13 17:03:13.952 2438 2438 V MediaUtils: new limits: 536870912/4294967295
09-13 17:03:13.952 2438 2438 I audioserver: ServiceManager: 0xeb91c1c0
09-13 17:03:13.952 2438 2438 D audioserver: audioserver get Service Manager need time 0 ms
09-13 17:03:13.952 2438 2438 W BatteryNotifier: batterystats service unavailable!
09-13 17:03:13.985 2439 2439 I cameraserver: ServiceManager: 0xf0a1c1c0
09-13 17:03:13.985 2439 2439 I CameraService: CameraService started (pid=2439)
09-13 17:03:13.985 2439 2439 I CameraService: CameraService process starting
09-13 17:03:13.986 2439 2439 W BatteryNotifier: batterystats service unavailable!
09-13 17:03:13.986 2439 2439 W BatteryNotifier: batterystats service unavailable!
09-13 17:03:13.991 2439 2439 I CameraProviderManager: Connecting to new camera provider: legacy/0, isRemote? 1
09-13 17:03:13.992 2439 2439 I CameraProviderManager: Enumerating new camera device: device@1.0/legacy/0
09-13 17:03:13.994 531 1509 I CamDev@1.0-impl: Opening camera 0
09-13 17:03:13.995 531 1509 I QCamera : openLegacy: 680: openLegacy halVersion: 256
09-13 17:03:14.017 531 2480 I QCameraHWI_Mem: memoryPoolThread: E
09-13 17:03:14.017 531 2480 I QCameraHWI_Mem: memoryPoolThread: start proc
09-13 17:03:14.017 531 2479 I QCameraStateMachine: E
09-13 17:03:14.032 2437 2437 I zygote : Explicit concurrent copying GC freed 199(19KB) AllocSpace objects, 0(0B) LOS objects, 98% free, 28KB/1564KB, paused 126us total 5.510ms
09-13 17:03:14.033 531 1509 I OneplusCamera: initClientPackageNameFlag: com.android.facelock
09-13 17:03:14.033 531 1509 D vndksupport: Loading /vendor/lib/hw/power.qcom.so from current namespace instead of sphal namespace.
09-13 17:03:14.038 531 1509 I QCamera2HWI: QCamera2HardwareInterface: mClientPackageName = com.android.facelock
09-13 17:03:14.039 531 1509 I QCamera : openCamera: 2057: [KPI Perf]: E PROFILE_OPEN_CAMERA camera id 0
09-13 17:03:14.039 531 1509 I OPCAMERA_SERVICE: init_module: module=0xe1f9e010 private=0xe2833d80 list=0xe1fb1090
09-13 17:03:14.040 531 1509 E OneplusCamera: acquire: fail
09-13 17:03:14.040 2439 2439 W CameraProviderManager: Camera provider legacy/0 says an unknown camera device@1.0/legacy/0 now has torch status 0. Curious.
09-13 17:03:14.040 2439 2439 W CameraProviderManager: Camera provider legacy/0 says an unknown camera device@3.3/legacy/0 now has torch status 0. Curious.
09-13 17:03:14.044 2437 2437 I zygote : Explicit concurrent copying GC freed 5(32KB) AllocSpace objects, 0(0B) LOS objects, 98% free, 28KB/1564KB, paused 92us total 9.902ms
09-13 17:03:14.063 531 2484 I QCamera2HWI: QCamera2HardwareInterface::deferredWorkRoutine id=25
09-13 17:03:14.074 2437 2437 I Zygote : Accepting command socket connections
09-13 17:03:14.075 531 2484 I QCamera2HWI: QCamera2HardwareInterface::dequeueDeferredWork id=25
09-13 17:03:14.075 531 2484 I QCamera2HWI: QCamera2HardwareInterface::deferredWorkRoutine id=26
09-13 17:03:14.076 531 2484 I QCamera2HWI: QCamera2HardwareInterface::dequeueDeferredWork id=26
09-13 17:03:14.081 1010 2492 E mm-3a-core: light_sensor_init init fail
09-13 17:03:14.082 1010 2492 E mm-camera: 448: dsps_open: try to sensor1_open()
09-13 17:03:14.106 1010 1010 I mm-camera: < INFO> 292: af_core_init: af_core_init
09-13 17:03:14.107 1010 1010 E mm-camera: 2865: stats_port_check_caps_reserve: Invalid Port capability type!
09-13 17:03:14.107 1010 1010 I chatty : uid=1006(camera) mm-qcamera-daem identical 3 lines
09-13 17:03:14.107 1010 1010 E mm-camera: 2865: stats_port_check_caps_reserve: Invalid Port capability type!
09-13 17:03:14.107 1010 1010 I mm-3a-core: q3a_thread_aecawb_start Enter
09-13 17:03:14.117 2435 2435 E ActivityRecognitionHardware: activity_recognition HAL is deprecated. class_init is effectively a no-op
09-13 17:03:14.119 531 1509 I QCamera : openCamera: 2070: [KPI Perf]: X PROFILE_OPEN_CAMERA camera id 0, rc: 0
09-13 17:03:14.119 531 1509 I CamDev@1.0-impl: could not cast ICameraDeviceCallback to IQCameraDeviceCallback
09-13 17:03:14.119 531 2484 I QCamera2HWI: QCamera2HardwareInterface::deferredWorkRoutine id=27
09-13 17:03:14.119 531 2484 I QCameraParameters: Open flash for camera Id: 0 (flash fd: 34)
09-13 17:03:14.120 531 2484 I QCameraParameters: init: no sensor name matched
09-13 17:03:14.120 531 2484 D QCameraParameters: sensor_active_size is 4656 3496
09-13 17:03:14.121 531 2484 I QCamera : setFocusMode: 7701: Setting focus mode auto
09-13 17:03:14.121 531 2484 I QCamera : setFocusAreas: 9967: Default ROI
09-13 17:03:14.121 531 2484 I OPCAMERA_VFB: init_module: module=0xe1f9e020 private=0xe10b3000 list=0xe1fb1120
09-13 17:03:14.133 531 2516 I OPCAMERA_VFB: sensor_config: enable cfg for imx298
09-13 17:03:14.134 531 2484 I OPCAMERA_SFB: init_module: module=0xe1f9e008 private=0xe10b8000 list=0xe1fb10c0
09-13 17:03:14.134 531 2518 I OPCAMERA_SFB: sensor_config: imx298.is_sensor_cfg=1
09-13 17:03:14.134 531 2484 E OneplusCamera: createFaceBeautyLevelString facebeauty levels=0,1,2,3,4,5,6,7,8
09-13 17:03:14.134 531 2484 I OPCAMERA_VFB: deinit_module: module=0xe1f9e020 private=0xe10b3000 list=0x0
09-13 17:03:14.135 531 2484 I OPCAMERA_SFB: deinit_module: module=0xe1f9e008 private=0xe10b8000 list=0x0
09-13 17:03:14.149 1010 2510 E mm-camera: 2966: sensor_get_cur_chromatix_name: Sensor name:imx298,sensor id:0x0, vendor id:4, lens id:0
09-13 17:03:14.149 1010 2510 E mm-camera: 3129: sensor_get_cur_chromatix_name: 3A chromatix : imx298_zsl_preview
09-13 17:03:14.151 531 2484 I QCamera2HWI: QCamera2HardwareInterface::dequeueDeferredWork id=27
09-13 17:03:14.153 531 1509 I CamDev@1.0-impl: Closing camera 0
09-13 17:03:14.153 531 1509 I QCamera : close_camera_device: 1649: [KPI Perf]: E camera id 0
09-13 17:03:14.156 531 1509 I QCameraStateMachine: E
09-13 17:03:14.156 531 2479 I QCameraStateMachine: QCAMERA_SM_CMD_TYPE_EXIT
09-13 17:03:14.156 531 2479 I QCameraStateMachine: X
09-13 17:03:14.157 531 1509 I QCameraStateMachine: X
09-13 17:03:14.157 531 1509 I QCamera : closeCamera: 2479: E
09-13 17:03:14.157 531 1509 I QCamera : closeCamera: 2484: [KPI Perf]: E PROFILE_CLOSE_CAMERA camera id 0
09-13 17:03:14.158 531 1509 E OneplusCamera: acquire: fail
09-13 17:03:14.159 1010 2510 I : sensor_pick_resolution res_idx: 2
09-13 17:03:14.159 1010 2510 I : sensor_pick_resolution Matched pick_w:2328, pick_h:1748, pick_fps:30.020000, pick_clk:299300000, pick_mode:1
09-13 17:03:14.160 1010 1310 E mm-camera: 303: AllocateBuffers: Invalid dimensions 0x0
09-13 17:03:14.160 1010 1310 E mm-camera: 203: img_algo_preload: Preload: Failed to allocate buffer, rc -4
09-13 17:03:14.160 1010 1310 E mm-camera: 117: module_imgbase_client_preload_exec: IMG_CORE_PRELOAD failed -4
09-13 17:03:14.163 531 1509 I QCameraParameters: Close flash fd: 34
09-13 17:03:14.168 531 1509 D QCameraPostProc: stop: E
09-13 17:03:14.168 531 1509 E QCameraPostProc: stop: X
09-13 17:03:14.169 531 2513 D : cmdtype=MM_CAMERA_CMD_TYPE_EXIT
09-13 17:03:14.172 1010 1010 E mm-camera: 916: isp_port_check_caps_unreserve: ISP session resource not dellocated in time
09-13 17:03:14.181 2435 2435 I zygote64: Thread[1,tid=2435,Native,Thread*=0x7b19e14c00,peer=0x130c0228,"main"] recursive attempt to load library "/system/lib64/libmedia_jni.so"
09-13 17:03:14.181 2435 2435 D MtpDeviceJNI: register_android_mtp_MtpDevice
09-13 17:03:14.181 2435 2435 I zygote64: Thread[1,tid=2435,Native,Thread*=0x7b19e14c00,peer=0x130c0228,"main"] recursive attempt to load library "/system/lib64/libmedia_jni.so"
09-13 17:03:14.181 2435 2435 I zygote64: Thread[1,tid=2435,Native,Thread*=0x7b19e14c00,peer=0x130c0228,"main"] recursive attempt to load library "/system/lib64/libmedia_jni.so"
09-13 17:03:14.195 1010 2523 E mm-camera: 528: isp_module_stop_session: warning: ISP resource is not freed on time!
09-13 17:03:14.262 2435 2435 E libc : Access denied finding property "vendor.perf.gestureflingboost.enable"
09-13 17:03:14.269 2435 2435 E libc : Access denied finding property "vendor.perf.gestureflingboost.enable"
09-13 17:03:14.291 2435 2435 I DpmTcmClient: DpmTcmClient constructor
09-13 17:03:14.295 2434 2434 D sound_trigger_platform: call audio_hw_acdb_init_v2
09-13 17:03:14.296 2434 2434 E platform_info: param tag only supported with CONFIG_PARAMS section
09-13 17:03:14.296 2434 2434 I chatty : uid=1041(audioserver) audio@2.0-servi identical 3 lines
09-13 17:03:14.296 2434 2434 E platform_info: param tag only supported with CONFIG_PARAMS section
09-13 17:03:14.297 2434 2434 E audio_hw_acdb: acdb_init_v2: dlsym error undefined symbol: acdb_loader_init_v4 for acdb_loader_init_v4
09-13 17:03:14.298 2434 2434 D ACDB-LOADER: ACDB -> No .acdb files found in /vendor/etc/acdbdata!
09-13 17:03:14.298 2434 2434 D ACDB-LOADER: ACDB -> found 0 form factor & soundcard independant files
09-13 17:03:14.298 2434 2434 D ACDB-LOADER: ACDB -> Load file: /vendor/etc/acdbdata/MTP/MTP_Speaker_cal.acdb
09-13 17:03:14.298 2434 2434 D ACDB-LOADER: ACDB -> Load file: /vendor/etc/acdbdata/MTP/MTP_Bluetooth_cal.acdb
09-13 17:03:14.298 2434 2434 D ACDB-LOADER: ACDB -> Load file: /vendor/etc/acdbdata/MTP/MTP_Global_cal.acdb
09-13 17:03:14.298 2434 2434 D ACDB-LOADER: ACDB -> Load file: /vendor/etc/acdbdata/MTP/MTP_General_cal.acdb
09-13 17:03:14.298 2434 2434 D ACDB-LOADER: ACDB -> Load file: /vendor/etc/acdbdata/MTP/MTP_Headset_cal.acdb
09-13 17:03:14.298 2434 2434 D ACDB-LOADER: ACDB -> Load file: /vendor/etc/acdbdata/MTP/MTP_Hdmi_cal.acdb
09-13 17:03:14.298 2434 2434 D ACDB-LOADER: ACDB -> Load file: /vendor/etc/acdbdata/MTP/MTP_Handset_cal.acdb
09-13 17:03:14.298 2434 2434 D ACDB-LOADER: ACDB -> ACDB_CMD_INITIALIZE_V2
09-13 17:03:14.298 2434 2434 D : [ACDB Command]->SW Minor/Major/Revision version info for /vendor/etc/acdbdata/MTP/MTP_Speaker_cal.acdb
09-13 17:03:14.299 2434 2434 D : [ACDB Command]->ACDB Sw Major = 9, ACDB Sw Minor = 0, ACDB Sw Revision = 4, ACDB Sw Cpl Number = 0
09-13 17:03:14.299 2434 2434 D : [ACDB Command]->ACDB File Major = 7, ACDB File Minor = 0, ACDB File Revision = 5
09-13 17:03:14.299 2434 2434 D : [ACDB Command]->SW Minor/Major/Revision version info for /vendor/etc/acdbdata/MTP/MTP_Bluetooth_cal.acdb
09-13 17:03:14.299 2434 2434 D : [ACDB Command]->ACDB Sw Major = 9, ACDB Sw Minor = 0, ACDB Sw Revision = 4, ACDB Sw Cpl Number = 0
09-13 17:03:14.299 2434 2434 D : [ACDB Command]->ACDB File Major = 7, ACDB File Minor = 0, ACDB File Revision = 5
09-13 17:03:14.299 2434 2434 D : [ACDB Command]->SW Minor/Major/Revision version info for /vendor/etc/acdbdata/MTP/MTP_Global_cal.acdb
09-13 17:03:14.299 2434 2434 D : [ACDB Command]->ACDB Sw Major = 9, ACDB Sw Minor = 0, ACDB Sw Revision = 4, ACDB Sw Cpl Number = 0
09-13 17:03:14.299 2434 2434 D : [ACDB Command]->ACDB File Major = 7, ACDB File Minor = 0, ACDB File Revision = 5
09-13 17:03:14.299 2434 2434 D : [ACDB Command]->SW Minor/Major/Revision version info for /vendor/etc/acdbdata/MTP/MTP_General_cal.acdb
09-13 17:03:14.299 2434 2434 D : [ACDB Command]->ACDB Sw Major = 9, ACDB Sw Minor = 0, ACDB Sw Revision = 4, ACDB Sw Cpl Number = 0
09-13 17:03:14.299 2434 2434 D : [ACDB Command]->ACDB File Major = 7, ACDB File Minor = 0, ACDB File Revision = 5
09-13 17:03:14.300 2434 2434 D : [ACDB Command]->SW Minor/Major/Revision version info for /vendor/etc/acdbdata/MTP/MTP_Headset_cal.acdb
09-13 17:03:14.300 2434 2434 D : [ACDB Command]->ACDB Sw Major = 9, ACDB Sw Minor = 0, ACDB Sw Revision = 4, ACDB Sw Cpl Number = 0
09-13 17:03:14.300 2434 2434 D : [ACDB Command]->ACDB File Major = 7, ACDB File Minor = 0, ACDB File Revision = 5
09-13 17:03:14.300 2434 2434 D : [ACDB Command]->SW Minor/Major/Revision version info for /vendor/etc/acdbdata/MTP/MTP_Hdmi_cal.acdb
09-13 17:03:14.300 2434 2434 D : [ACDB Command]->ACDB Sw Major = 9, ACDB Sw Minor = 0, ACDB Sw Revision = 4, ACDB Sw Cpl Number = 0
09-13 17:03:14.300 2434 2434 D : [ACDB Command]->ACDB File Major = 7, ACDB File Minor = 0, ACDB File Revision = 5
09-13 17:03:14.300 2434 2434 D : [ACDB Command]->SW Minor/Major/Revision version info for /vendor/etc/acdbdata/MTP/MTP_Handset_cal.acdb
09-13 17:03:14.300 2434 2434 D : [ACDB Command]->ACDB Sw Major = 9, ACDB Sw Minor = 0, ACDB Sw Revision = 4, ACDB Sw Cpl Number = 0
09-13 17:03:14.300 2434 2434 D : [ACDB Command]->ACDB File Major = 7, ACDB File Minor = 0, ACDB File Revision = 5
09-13 17:03:14.301 2434 2434 D ACDB-LOADER: ACDB -> ACPH INIT
09-13 17:03:14.301 2434 2434 D : [ACPH]->Online service registered with ACPH
09-13 17:03:14.303 2434 2434 D : [ACPH]->ACPH init success
09-13 17:03:14.303 2434 2434 D ACDB-LOADER: ACDB -> RTAC INIT
09-13 17:03:14.304 2434 2434 D : [ACPH]->DSP RTC service registered with ACPH
09-13 17:03:14.306 2434 2434 D ACDB-LOADER: ACDB -> MCS, FTS INIT
09-13 17:03:14.306 2434 2434 E ACDB-MCS: acdb_mcs_init: /vendor/etc/audio_tuning_mixer_tasha.txt not present, using /vendor/etc/audio_tuning_mixer.txt config file
09-13 17:03:14.306 2434 2434 D : [ACPH]->MCS RTC service registered with ACPH
09-13 17:03:14.306 2434 2434 D : [ACPH]->FTS RTC service registered with ACPH
09-13 17:03:14.306 2434 2434 D ACDB-LOADER: ACDB -> ADIE RTAC INIT
09-13 17:03:14.306 2434 2434 D : [ACPH]->ADIE RTC service registered with ACPH
09-13 17:03:14.307 2434 2434 D ACDB-LOADER: ACDB -> ACDB_CMD_GET_VOC_PROC_DYNAMIC_TABLE_SIZE
09-13 17:03:14.323 2434 2434 D ACDB-LOADER: ACDB -> send_common_custom_topology
09-13 17:03:14.323 2434 2434 D ACDB-LOADER: ACDB -> ACDB_CMD_GET_AVCS_CUSTOM_TOPO_INFO_SIZE
09-13 17:03:14.323 2434 2434 D ACDB-LOADER: ACDB -> ACDB_CMD_GET_AVCS_CUSTOM_TOPO_INFO
09-13 17:03:14.323 2434 2434 D ACDB-LOADER: ACDB -> ACDB_CMD_GET_AVCS_CUSTOM_TOPO_INFO: size:0x1ec ret=0
09-13 17:03:14.323 2434 2434 D ACDB-LOADER: ACDB -> CORE_CUSTOM_TOPOLOGIES
09-13 17:03:14.326 2434 2434 E ACDB-LOADER: AUDIO_SET_CALIBRATION, Error = -1
09-13 17:03:14.326 2434 2434 D ACDB-LOADER: ACDB -> acdb_loader_send_common_custom_topology: Common custom topology not in use
09-13 17:03:14.326 2434 2434 D ACDB-LOADER: ACDB -> send_afe_custom_topology
09-13 17:03:14.326 2434 2434 D ACDB-LOADER: ACDB -> ACDB_CMD_GET_AFE_TOPOLOGIES
09-13 17:03:14.326 2434 2434 D : ACDBFILE_MGR: Property for the pid 000130DE not found
09-13 17:03:14.326 2434 2434 D : ACDB_COMMAND: Failed to fetch the property info for pid 000130DE
09-13 17:03:14.326 2434 2434 E ACDB-LOADER: Error: ACDB get afe custom topologies returned = -18
09-13 17:03:14.326 2434 2434 D ACDB-LOADER: ACDB -> ACDB_CMD_GET_AFE_TOPOLOGIES: size:0x0 ret=-18
09-13 17:03:14.326 2434 2434 D ACDB-LOADER: ACDB -> AUDIO_SET_AFE_CUSTOM_TOPOLOGY
09-13 17:03:14.326 2434 2434 D ACDB-LOADER: ACDB -> send_adm_custom_topology
09-13 17:03:14.326 2434 2434 D ACDB-LOADER: ACDB -> ACDB_CMD_GET_AUDIO_COPP_TOPOLOGIES
09-13 17:03:14.326 2434 2434 D ACDB-LOADER: ACDB -> AUDIO_SET_ADM_CUSTOM_TOPOLOGY
09-13 17:03:14.326 2434 2434 D ACDB-LOADER: ACDB -> send_asm_custom_topology
09-13 17:03:14.326 2434 2434 D ACDB-LOADER: ACDB -> ACDB_CMD_GET_AUDIO_POPP_TOPOLOGIES
09-13 17:03:14.326 2434 2434 D ACDB-LOADER: ACDB -> AUDIO_SET_ASM_CUSTOM_TOPOLOGY
09-13 17:03:14.326 2434 2434 D ACDB-LOADER: ACDB -> send_lsm_custom_topology
09-13 17:03:14.326 2434 2434 D ACDB-LOADER: ACDB -> ACDB_CMD_GET_LSM_TOPOLOGIES
09-13 17:03:14.327 2434 2434 D ACDB-LOADER: ACDB -> AUDIO_SET_LSM_CUSTOM_TOPOLOGY
09-13 17:03:14.327 2434 2434 D ACDB-LOADER: ACDB -> init done!
09-13 17:03:14.328 2434 2434 D audio_hw_acdb: acdb_init_v2: ACDB Instance ID support after ACDB init:0
09-13 17:03:14.328 2434 2434 D sound_trigger_platform: platform_stdev_init Opening device /dev/snd/hwC0D1000
09-13 17:03:14.328 2434 2434 D sound_trigger_platform: get_codec_version: codec version WCD9335_2_0
09-13 17:03:14.328 2434 2434 I SoundTriggerHalImpl: onFirstRef() mModuleName primary mHwDevice 0xf273a300
09-13 17:03:14.329 2435 2435 I Zygote : ...preloaded 6535 classes in 534ms.
09-13 17:03:14.329 2435 2435 I zygote64: VMRuntime.preloadDexCaches starting
09-13 17:03:14.332 2434 2434 I audiohalservice: Registration complete for android.hardware.soundtrigger@2.1::ISoundTriggerHw/default.
09-13 17:03:14.333 1010 2489 E mm-camera: 731: eeprom_process: failed NULL pointer detected: eeprom_ctrl :
09-13 17:03:14.333 479 479 W hwservicemanager: getTransport: Cannot find entry android.hardware.bluetooth.a2dp@1.0::IBluetoothAudioOffload/default in either framework or device manifest.
09-13 17:03:14.333 1010 2489 E mm-camera: 325: module_sensor_offload_ois_init_calibrate: Get Is OIS calibration failed
09-13 17:03:14.335 2434 2434 E audiohalservice: Could not get passthrough implementation for android.hardware.bluetooth.a2dp@1.0::IBluetoothAudioOffload/default.
09-13 17:03:14.335 2434 2434 W audiohalservice: Could not register Bluetooth audio offload 1.0
09-13 17:03:14.338 2434 2434 E audiohalservice: Could not get passthrough implementation for com.qualcomm.qti.bluetooth_audio@1.0::IBluetoothAudio/default.
09-13 17:03:14.338 2434 2434 W audiohalservice: Could not register bluetooth_audio service
09-13 17:03:14.342 479 479 W hwservicemanager: getTransport: Cannot find entry android.hardware.audio@4.0::IDevicesFactory/msd in either framework or device manifest.
09-13 17:03:14.343 2438 2438 D vndksupport: Loading /vendor/lib/hw/android.hardware.audio@4.0-impl.so from current namespace instead of sphal namespace.
09-13 17:03:14.351 2439 2439 W CameraProviderManager: Camera provider legacy/0 says an unknown camera device@1.0/legacy/0 now has torch status 1. Curious.
09-13 17:03:14.352 2439 2439 W CameraProviderManager: Camera provider legacy/0 says an unknown camera device@3.3/legacy/0 now has torch status 1. Curious.
09-13 17:03:14.353 531 1509 I OPCAMERA_SERVICE: deinit_module: module=0xe1f9e010 private=0xe2833d80 list=0x0
09-13 17:03:14.353 531 1509 I QCamera : closeCamera: 2575: [KPI Perf]: X PROFILE_CLOSE_CAMERA camera id 0, rc: 0
09-13 17:03:14.353 531 2480 I QCameraHWI_Mem: memoryPoolThread: stop proc
09-13 17:03:14.356 2438 2438 I AudioFlinger: Using default 3000 mSec as standby time.
09-13 17:03:14.362 2438 2438 D audioserver: audioserver audio flinger init need time 409 ms
09-13 17:03:14.363 2438 2438 E APM::Serializer: deserialize: Could not parse /odm/etc/audio_policy_configuration.xml document.
09-13 17:03:14.365 531 2480 I QCameraHWI_Mem: memoryPoolThread: X
09-13 17:03:14.366 531 1509 I QCamera : close_camera_device: 1651: [KPI Perf]: X
09-13 17:03:14.366 2439 2439 I CameraProviderManager: Enumerating new camera device: device@3.3/legacy/0
09-13 17:03:14.368 2439 2439 I CameraProviderManager: Enumerating new camera device: device@1.0/legacy/1
09-13 17:03:14.370 531 1509 I CamDev@1.0-impl: Opening camera 1
09-13 17:03:14.371 531 1509 I QCamera : openLegacy: 680: openLegacy halVersion: 256
09-13 17:03:14.377 2435 2435 I zygote64: VMRuntime.preloadDexCaches strings total=356396 before=14612 after=14612
09-13 17:03:14.377 2435 2435 I zygote64: VMRuntime.preloadDexCaches types total=32715 before=8120 after=8129
09-13 17:03:14.377 2435 2435 I zygote64: VMRuntime.preloadDexCaches fields total=146899 before=9193 after=9207
09-13 17:03:14.377 2435 2435 I zygote64: VMRuntime.preloadDexCaches methods total=256431 before=13225 after=13240
09-13 17:03:14.377 2435 2435 I zygote64: VMRuntime.preloadDexCaches finished
09-13 17:03:14.381 2434 2532 D vndksupport: Loading /vendor/lib/hw/audio.primary.msm8996.so from current namespace instead of sphal namespace.
09-13 17:03:14.381 2434 2532 D audio_hw_primary: adev_open: enter
09-13 17:03:14.381 2434 2532 D audio_log_utils: registered, module hal
09-13 17:03:14.383 531 2543 I QCameraHWI_Mem: memoryPoolThread: E
09-13 17:03:14.383 531 2543 I QCameraHWI_Mem: memoryPoolThread: start proc
09-13 17:03:14.383 531 1509 I OneplusCamera: initClientPackageNameFlag: com.android.facelock
09-13 17:03:14.383 2434 2532 D audio_hw_utils: audio_extn_utils_open_snd_mixer: snd_card_name: msm8996-tasha-mtp-snd-card
09-13 17:03:14.383 2434 2532 W hardware_info: update_hardware_info_8996: Not a 8996 device
09-13 17:03:14.383 2434 2532 D audio_hw_utils: audio_extn_utils_open_snd_mixer: Opened sound card:0
09-13 17:03:14.383 2434 2532 D msm8974_platform: platform_init: Opened sound card:0
09-13 17:03:14.383 2434 2532 W hardware_info: update_hardware_info_8996: Not a 8996 device
09-13 17:03:14.383 2434 2532 D msm8974_platform: platform_init: Loading mixer file: /vendor/etc/mixer_paths_tasha.xml
09-13 17:03:14.383 531 1509 D vndksupport: Loading /vendor/lib/hw/power.qcom.so from current namespace instead of sphal namespace.
09-13 17:03:14.396 531 2542 I QCameraStateMachine: E
09-13 17:03:14.402 531 1509 I QCamera2HWI: QCamera2HardwareInterface: mClientPackageName = com.android.facelock
09-13 17:03:14.402 531 1509 I QCamera : openCamera: 2057: [KPI Perf]: E PROFILE_OPEN_CAMERA camera id 1
09-13 17:03:14.404 531 1509 I OPCAMERA_SERVICE: init_module: module=0xe1f9e000 private=0xe2833d80 list=0xe1fb10f0
09-13 17:03:14.404 531 1509 E OneplusCamera: acquire: fail
09-13 17:03:14.405 531 2547 I QCamera2HWI: QCamera2HardwareInterface::deferredWorkRoutine id=28
09-13 17:03:14.406 531 2547 I QCamera2HWI: QCamera2HardwareInterface::dequeueDeferredWork id=28
09-13 17:03:14.407 531 2547 I QCamera2HWI: QCamera2HardwareInterface::deferredWorkRoutine id=29
09-13 17:03:14.408 531 2547 I QCamera2HWI: QCamera2HardwareInterface::dequeueDeferredWork id=29
09-13 17:03:14.420 1010 2555 E mm-3a-core: light_sensor_init init fail
09-13 17:03:14.421 1010 2555 E mm-camera: 448: dsps_open: try to sensor1_open()
09-13 17:03:14.432 1010 2551 I mm-camera: sony_imx179_eeprom_get_calibration_items: A light valid page:0, D50 valid page:0
09-13 17:03:14.442 2435 2435 I AssetManager: no overlays.list file found
09-13 17:03:14.443 2435 2435 I Zygote : Preloading resources...
09-13 17:03:14.453 2435 2435 W Resources: Preloaded drawable resource #0x1080265 (android:drawable/dialog_background_material) that varies with configuration!!
09-13 17:03:14.460 1010 1010 I mm-camera: < INFO> 292: af_core_init: af_core_init
09-13 17:03:14.460 1010 1010 E mm-camera: 2865: stats_port_check_caps_reserve: Invalid Port capability type!
09-13 17:03:14.461 1010 1010 I chatty : uid=1006(camera) mm-qcamera-daem identical 3 lines
09-13 17:03:14.461 1010 1010 E mm-camera: 2865: stats_port_check_caps_reserve: Invalid Port capability type!
09-13 17:03:14.461 1010 1010 I mm-3a-core: q3a_thread_aecawb_start Enter
09-13 17:03:14.474 2435 2435 I Zygote : ...preloaded 64 resources in 31ms.
09-13 17:03:14.479 2435 2435 I Zygote : ...preloaded 41 resources in 5ms.
09-13 17:03:14.479 2435 2435 D vndksupport: Loading /vendor/lib64/hw/android.hardware.graphics.mapper@2.0-impl.so from current namespace instead of sphal namespace.
09-13 17:03:14.480 2435 2435 D vndksupport: Loading /vendor/lib64/egl/libEGL_adreno.so from current namespace instead of sphal namespace.
09-13 17:03:14.482 2435 2435 D libEGL : loaded /vendor/lib64/egl/libEGL_adreno.so
09-13 17:03:14.484 531 1509 I QCamera : openCamera: 2070: [KPI Perf]: X PROFILE_OPEN_CAMERA camera id 1, rc: 0
09-13 17:03:14.484 531 1509 I CamDev@1.0-impl: could not cast ICameraDeviceCallback to IQCameraDeviceCallback
09-13 17:03:14.484 531 2547 I QCamera2HWI: QCamera2HardwareInterface::deferredWorkRoutine id=30
09-13 17:03:14.485 531 2547 D QCameraParameters: sensor_active_size is 3288 2480
09-13 17:03:14.485 531 2547 I QCamera : setFocusMode: 7701: Setting focus mode fixed
09-13 17:03:14.485 531 2547 I OPCAMERA_VFB: init_module: module=0xe1f9e018 private=0xe1083000 list=0xe1fb11b0
09-13 17:03:14.487 2435 2435 D vndksupport: Loading /vendor/lib64/egl/libGLESv1_CM_adreno.so from current namespace instead of sphal namespace.
09-13 17:03:14.488 2435 2435 D libEGL : loaded /vendor/lib64/egl/libGLESv1_CM_adreno.so
09-13 17:03:14.488 1031 1086 W ServiceManagement: Waited one second for android.frameworks.sensorservice@1.0::ISensorManager/default
09-13 17:03:14.489 1031 1086 I ServiceManagement: getService: Trying again for android.frameworks.sensorservice@1.0::ISensorManager/default...
09-13 17:03:14.497 531 2580 I OPCAMERA_VFB: sensor_config: enable cfg for imx179
09-13 17:03:14.497 531 2547 I OPCAMERA_SFB: init_module: module=0xe1f9e038 private=0xe1088000 list=0xe1fb11c0
09-13 17:03:14.499 531 2583 I OPCAMERA_SFB: sensor_config: imx179.is_sensor_cfg=1
09-13 17:03:14.499 531 2547 E OneplusCamera: createFaceBeautyLevelString facebeauty levels=0,1,2,3,4,5,6,7,8
09-13 17:03:14.500 531 2547 I OPCAMERA_VFB: deinit_module: module=0xe1f9e018 private=0xe1083000 list=0x0
09-13 17:03:14.500 531 2547 I OPCAMERA_SFB: deinit_module: module=0xe1f9e038 private=0xe1088000 list=0x0
09-13 17:03:14.501 2435 2435 D vndksupport: Loading /vendor/lib64/egl/libGLESv2_adreno.so from current namespace instead of sphal namespace.
09-13 17:03:14.501 2435 2435 D libEGL : loaded /vendor/lib64/egl/libGLESv2_adreno.so
09-13 17:03:14.502 1010 2573 E mm-camera: 2966: sensor_get_cur_chromatix_name: Sensor name:imx179,sensor id:0x0, vendor id:0, lens id:0
09-13 17:03:14.502 1010 2573 E mm-camera: 3129: sensor_get_cur_chromatix_name: 3A chromatix : imx179_3a_3280x2464_30fps_preview
09-13 17:03:14.504 531 2547 I QCamera2HWI: QCamera2HardwareInterface::dequeueDeferredWork id=30
09-13 17:03:14.507 531 1509 I CamDev@1.0-impl: Closing camera 1
09-13 17:03:14.507 531 1509 I QCamera : close_camera_device: 1649: [KPI Perf]: E camera id 1
09-13 17:03:14.508 531 1509 I QCameraStateMachine: E
09-13 17:03:14.508 531 2542 I QCameraStateMachine: QCAMERA_SM_CMD_TYPE_EXIT
09-13 17:03:14.508 531 2542 I QCameraStateMachine: X
09-13 17:03:14.509 531 1509 I QCameraStateMachine: X
09-13 17:03:14.509 531 1509 I QCamera : closeCamera: 2479: E
09-13 17:03:14.509 531 1509 I QCamera : closeCamera: 2484: [KPI Perf]: E PROFILE_CLOSE_CAMERA camera id 1
09-13 17:03:14.509 531 1509 E OneplusCamera: acquire: fail
09-13 17:03:14.509 1010 2573 I : sensor_pick_resolution res_idx: 2
09-13 17:03:14.509 1010 2573 I : sensor_pick_resolution Matched pick_w:1640, pick_h:924, pick_fps:30.000000, pick_clk:136000000, pick_mode:1
09-13 17:03:14.510 1010 1310 E mm-camera: 303: AllocateBuffers: Invalid dimensions 0x0
09-13 17:03:14.510 1010 1310 E mm-camera: 203: img_algo_preload: Preload: Failed to allocate buffer, rc -4
09-13 17:03:14.510 1010 1310 E mm-camera: 117: module_imgbase_client_preload_exec: IMG_CORE_PRELOAD failed -4
09-13 17:03:14.513 531 1509 D QCameraPostProc: stop: E
09-13 17:03:14.513 531 1509 E QCameraPostProc: stop: X
09-13 17:03:14.513 531 2577 D : cmdtype=MM_CAMERA_CMD_TYPE_EXIT
09-13 17:03:14.515 1010 1010 E mm-camera: 916: isp_port_check_caps_unreserve: ISP session resource not dellocated in time
09-13 17:03:14.516 2435 2435 I Zygote : Preloading shared libraries...
09-13 17:03:14.521 2435 2435 I Zygote : Uninstalled ICU cache reference pinning...
09-13 17:03:14.522 2435 2435 I Zygote : Installed AndroidKeyStoreProvider in 1ms.
09-13 17:03:14.535 2435 2435 I Zygote : Warmed up JCA providers in 13ms.
09-13 17:03:14.535 2435 2435 D Zygote : end preload
09-13 17:03:14.535 2435 2435 I zygote64: Waiting for a blocking GC Explicit
09-13 17:03:14.546 1010 2588 E mm-camera: 528: isp_module_stop_session: warning: ISP resource is not freed on time!
09-13 17:03:14.566 2435 2435 I zygote64: WaitForGcToComplete blocked Explicit on None for 30.512ms
09-13 17:03:14.588 531 1509 I OPCAMERA_SERVICE: deinit_module: module=0xe1f9e000 private=0xe2833d80 list=0x0
09-13 17:03:14.588 531 1509 I QCamera : closeCamera: 2575: [KPI Perf]: X PROFILE_CLOSE_CAMERA camera id 1, rc: 0
09-13 17:03:14.588 531 2543 I QCameraHWI_Mem: memoryPoolThread: stop proc
09-13 17:03:14.588 531 2543 I QCameraHWI_Mem: memoryPoolThread: X
09-13 17:03:14.588 531 1509 I QCamera : close_camera_device: 1651: [KPI Perf]: X
09-13 17:03:14.589 2439 2439 I CameraProviderManager: Enumerating new camera device: device@3.3/legacy/1
09-13 17:03:14.591 2439 2439 I CameraProviderManager: Camera provider legacy/0 ready with 4 camera devices
09-13 17:03:14.592 479 479 W hwservicemanager: getTransport: Cannot find entry android.hardware.camera.provider@2.4::ICameraProvider/external/0 in either framework or device manifest.
09-13 17:03:14.593 2439 2439 D vndksupport: Loading /vendor/lib/hw/android.hardware.camera.provider@2.4-impl.so from current namespace instead of sphal namespace.
09-13 17:03:14.598 2435 2435 I zygote64: Explicit concurrent copying GC freed 4548(207KB) AllocSpace objects, 0(0B) LOS objects, 49% free, 2MB/4MB, paused 46us total 32.308ms
09-13 17:03:14.604 2439 2439 E ExtCamUtils@3.4: loadFromCfg: Unable to load external camera config file '/vendor/etc/external_camera_config.xml'. Error: XML_ERROR_FILE_NOT_FOUND
09-13 17:03:14.608 2439 2439 I CameraProviderManager: Connecting to new camera provider: external/0, isRemote? 0
09-13 17:03:14.608 2439 2439 I CameraProviderManager: Camera provider external/0 ready with 0 camera devices
09-13 17:03:14.608 2439 2478 W CameraProviderManager: addProviderLocked: Camera provider HAL with name 'legacy/0' already registered
09-13 17:03:14.609 2439 2439 I CameraService: onDeviceStatusChanged: Status changed for cameraId=1, newStatus=1
09-13 17:03:14.609 2439 2439 I CameraService: onDeviceStatusChanged: Unknown camera ID 1, a new camera is added
09-13 17:03:14.610 2439 2478 I CameraService: onDeviceStatusChanged: Status changed for cameraId=1, newStatus=1
09-13 17:03:14.610 2439 2478 I CameraService: onDeviceStatusChanged: Status changed for cameraId=0, newStatus=1
09-13 17:03:14.610 2439 2478 I CameraService: onDeviceStatusChanged: Unknown camera ID 0, a new camera is added
09-13 17:03:14.611 2439 2439 I CameraService: onDeviceStatusChanged: Status changed for cameraId=0, newStatus=1
09-13 17:03:14.611 2439 2439 E CameraService: onDeviceStatusChanged: State transition to the same status 0x1 not allowed
09-13 17:03:14.612 2439 2439 I : Waiting for activity service
09-13 17:03:14.630 2435 2435 I zygote64: Explicit concurrent copying GC freed 1579(94KB) AllocSpace objects, 0(0B) LOS objects, 50% free, 2MB/4MB, paused 45us total 30.899ms
09-13 17:03:14.642 1010 2603 E mm-3a-core: light_sensor_init init fail
09-13 17:03:14.647 1010 2598 I mm-camera: sony_imx179_eeprom_get_calibration_items: A light valid page:0, D50 valid page:0
09-13 17:03:14.649 1010 2603 E mm-camera: 448: dsps_open: try to sensor1_open()
09-13 17:03:14.681 1010 1010 I mm-camera: < INFO> 292: af_core_init: af_core_init
09-13 17:03:14.682 1010 1010 E mm-camera: 2865: stats_port_check_caps_reserve: Invalid Port capability type!
09-13 17:03:14.683 1010 1010 I chatty : uid=1006(camera) mm-qcamera-daem identical 3 lines
09-13 17:03:14.683 1010 1010 E mm-camera: 2865: stats_port_check_caps_reserve: Invalid Port capability type!
09-13 17:03:14.683 1010 1010 I mm-3a-core: q3a_thread_aecawb_start Enter
09-13 17:03:14.663 2614 2614 W iptables-wrappe: type=1400 audit(0.0:493): avc: denied { read write } for path="/dev/diag" dev="tmpfs" ino=7350 scontext=u:r:netutils_wrapper:s0 tcontext=u:object_r:diag_device:s0 tclass=chr_file permissive=0
09-13 17:03:14.693 2616 2616 W ip6tables-wrapp: type=1400 audit(0.0:494): avc: denied { read write } for path="/dev/diag" dev="tmpfs" ino=7350 scontext=u:r:netutils_wrapper:s0 tcontext=u:object_r:diag_device:s0 tclass=chr_file permissive=0
09-13 17:03:14.713 2624 2624 W iptables-wrappe: type=1400 audit(0.0:495): avc: denied { read write } for path="/dev/diag" dev="tmpfs" ino=7350 scontext=u:r:netutils_wrapper:s0 tcontext=u:object_r:diag_device:s0 tclass=chr_file permissive=0
09-13 17:03:14.721 1010 2621 E mm-camera: 2966: sensor_get_cur_chromatix_name: Sensor name:imx179,sensor id:0x0, vendor id:0, lens id:0
09-13 17:03:14.721 1010 2621 E mm-camera: 3129: sensor_get_cur_chromatix_name: 3A chromatix : imx179_3a_3280x2464_30fps_preview
09-13 17:03:14.721 1010 2621 E mm-camera: 4205: mct_pipeline_process_get: NULL ptr detected! query_buf = [0x0] module list = [0xeb91f980]
09-13 17:03:14.723 2435 2435 I Zygote : System server process 2625 has been created
09-13 17:03:14.725 2435 2435 I Zygote : Accepting command socket connections
09-13 17:03:14.726 2439 2595 E CamPvdr@2.4-external: deviceAdded v4l2 QUERYCAP /dev/video3 failed
09-13 17:03:14.743 2644 2644 W ip6tables-wrapp: type=1400 audit(0.0:496): avc: denied { read write } for path="/dev/diag" dev="tmpfs" ino=7350 scontext=u:r:netutils_wrapper:s0 tcontext=u:object_r:diag_device:s0 tclass=chr_file permissive=0
09-13 17:03:14.755 2625 2625 E system_server: Not starting debugger since process cannot load the jdwp agent.
09-13 17:03:14.763 2625 2625 I Zygote : Process: zygote socket RESERVED/zygote_secondary opened, supported ABIS: armeabi-v7a,armeabi
09-13 17:03:14.771 1010 2642 E mm-3a-core: light_sensor_init init fail
09-13 17:03:14.773 1010 2642 E mm-camera: 448: dsps_open: try to sensor1_open()
09-13 17:03:14.774 1169 1225 I QC-NETMGR-LIB: NetmgrNetdClientRegisterNetwork(): Looking for Netd service
09-13 17:03:14.774 1169 1225 I QC-NETMGR-LIB: NetmgrNetdClientRegisterNetwork(): register to create new OEM network
09-13 17:03:14.774 1169 1225 I QC-NETMGR-LIB: registerNetwork(): Attempting createOemNetwork
09-13 17:03:14.774 2443 2460 D TcpSocketMonitor: suspending tcpinfo polling
09-13 17:03:14.774 1169 1225 I QC-NETMGR-LIB: registerNetwork(): command completed!
09-13 17:03:14.774 1169 1225 I QC-NETMGR-LIB: registerNetwork(): createOemNetwork succeeded [packet mark : 0xf0002] [net id : 2] [network handle : 0x2cafed00d]
09-13 17:03:14.774 1169 1225 I QC-NETMGR-LIB: NetmgrNetdClientRegisterNetwork(): [packet mark : 0xf0002] [network handle : 0x2cafed00d]
09-13 17:03:14.780 2625 2625 W system_server: ClassLoaderContext size mismatch. expected=1, actual=2 (PCL[] | PCL[];PCL[])
09-13 17:03:14.773 2659 2659 W iptables-wrappe: type=1400 audit(0.0:497): avc: denied { read write } for path="/dev/diag" dev="tmpfs" ino=7350 scontext=u:r:netutils_wrapper:s0 tcontext=u:object_r:diag_device:s0 tclass=chr_file permissive=0
09-13 17:03:14.784 2625 2625 I system_server: The ClassLoaderContext is a special shared library.
09-13 17:03:14.787 2625 2625 I chatty : uid=1000 system_server identical 1 line
09-13 17:03:14.790 2625 2625 I system_server: The ClassLoaderContext is a special shared library.
09-13 17:03:14.808 1010 1010 I mm-camera: < INFO> 292: af_core_init: af_core_init
09-13 17:03:14.809 1010 1010 E mm-camera: 2865: stats_port_check_caps_reserve: Invalid Port capability type!
09-13 17:03:14.809 1010 1010 I chatty : uid=1006(camera) mm-qcamera-daem identical 3 lines
09-13 17:03:14.809 1010 1010 E mm-camera: 2865: stats_port_check_caps_reserve: Invalid Port capability type!
09-13 17:03:14.809 1010 1010 I mm-3a-core: q3a_thread_aecawb_start Enter
