09-13 17:03:49.332 4408 4408 D : [ACDB Command]->ACDB Sw Major = 9, ACDB Sw Minor = 0, ACDB Sw Revision = 4, ACDB Sw Cpl Number = 0
09-13 17:03:49.332 4408 4408 D : [ACDB Command]->ACDB File Major = 7, ACDB File Minor = 0, ACDB File Revision = 5
09-13 17:03:49.333 4408 4408 D : [ACDB Command]->SW Minor/Major/Revision version info for /vendor/etc/acdbdata/MTP/MTP_General_cal.acdb
09-13 17:03:49.333 4408 4408 D : [ACDB Command]->ACDB Sw Major = 9, ACDB Sw Minor = 0, ACDB Sw Revision = 4, ACDB Sw Cpl Number = 0
09-13 17:03:49.333 4408 4408 D : [ACDB Command]->ACDB File Major = 7, ACDB File Minor = 0, ACDB File Revision = 5
09-13 17:03:49.333 4408 4408 D : [ACDB Command]->SW Minor/Major/Revision version info for /vendor/etc/acdbdata/MTP/MTP_Headset_cal.acdb
09-13 17:03:49.333 4408 4408 D : [ACDB Command]->ACDB Sw Major = 9, ACDB Sw Minor = 0, ACDB Sw Revision = 4, ACDB Sw Cpl Number = 0
09-13 17:03:49.333 4408 4408 D : [ACDB Command]->ACDB File Major = 7, ACDB File Minor = 0, ACDB File Revision = 5
09-13 17:03:49.333 4408 4408 D : [ACDB Command]->SW Minor/Major/Revision version info for /vendor/etc/acdbdata/MTP/MTP_Hdmi_cal.acdb
09-13 17:03:49.333 4408 4408 D : [ACDB Command]->ACDB Sw Major = 9, ACDB Sw Minor = 0, ACDB Sw Revision = 4, ACDB Sw Cpl Number = 0
09-13 17:03:49.333 4408 4408 D : [ACDB Command]->ACDB File Major = 7, ACDB File Minor = 0, ACDB File Revision = 5
09-13 17:03:49.334 4408 4408 D : [ACDB Command]->SW Minor/Major/Revision version info for /vendor/etc/acdbdata/MTP/MTP_Handset_cal.acdb
09-13 17:03:49.334 4408 4408 D : [ACDB Command]->ACDB Sw Major = 9, ACDB Sw Minor = 0, ACDB Sw Revision = 4, ACDB Sw Cpl Number = 0
09-13 17:03:49.334 4408 4408 D : [ACDB Command]->ACDB File Major = 7, ACDB File Minor = 0, ACDB File Revision = 5
09-13 17:03:49.334 4408 4408 D ACDB-LOADER: ACDB -> ACPH INIT
09-13 17:03:49.334 4408 4408 D : [ACPH]->Online service registered with ACPH
09-13 17:03:49.336 4411 4411 I zygote : Explicit concurrent copying GC freed 199(19KB) AllocSpace objects, 0(0B) LOS objects, 98% free, 28KB/1564KB, paused 204us total 7.384ms
09-13 17:03:49.339 4408 4408 D : [ACPH]->ACPH init success
09-13 17:03:49.339 4408 4408 D ACDB-LOADER: ACDB -> RTAC INIT
09-13 17:03:49.339 4408 4408 D : [ACPH]->DSP RTC service registered with ACPH
09-13 17:03:49.339 4408 4408 D ACDB-LOADER: ACDB -> MCS, FTS INIT
09-13 17:03:49.339 4408 4408 E ACDB-MCS: acdb_mcs_init: /vendor/etc/audio_tuning_mixer_tasha.txt not present, using /vendor/etc/audio_tuning_mixer.txt config file
09-13 17:03:49.339 4408 4408 D : [ACPH]->MCS RTC service registered with ACPH
09-13 17:03:49.339 4408 4408 D : [ACPH]->FTS RTC service registered with ACPH
09-13 17:03:49.339 4408 4408 D ACDB-LOADER: ACDB -> ADIE RTAC INIT
09-13 17:03:49.339 4408 4408 D : [ACPH]->ADIE RTC service registered with ACPH
09-13 17:03:49.339 4408 4408 D ACDB-LOADER: ACDB -> ACDB_CMD_GET_VOC_PROC_DYNAMIC_TABLE_SIZE
09-13 17:03:49.340 1010 4493 E mm-camera: 528: isp_module_stop_session: warning: ISP resource is not freed on time!
09-13 17:03:49.355 4411 4411 I zygote : Explicit concurrent copying GC freed 5(32KB) AllocSpace objects, 0(0B) LOS objects, 97% free, 44KB/1580KB, paused 105us total 16.032ms
09-13 17:03:49.362 4408 4408 D ACDB-LOADER: ACDB -> send_common_custom_topology
09-13 17:03:49.362 4408 4408 D ACDB-LOADER: ACDB -> ACDB_CMD_GET_AVCS_CUSTOM_TOPO_INFO_SIZE
09-13 17:03:49.362 4408 4408 D ACDB-LOADER: ACDB -> ACDB_CMD_GET_AVCS_CUSTOM_TOPO_INFO
09-13 17:03:49.362 4408 4408 D ACDB-LOADER: ACDB -> ACDB_CMD_GET_AVCS_CUSTOM_TOPO_INFO: size:0x1ec ret=0
09-13 17:03:49.362 4408 4408 D ACDB-LOADER: ACDB -> CORE_CUSTOM_TOPOLOGIES
09-13 17:03:49.366 4408 4408 E ACDB-LOADER: AUDIO_SET_CALIBRATION, Error = -1
09-13 17:03:49.366 4408 4408 D ACDB-LOADER: ACDB -> acdb_loader_send_common_custom_topology: Common custom topology not in use
09-13 17:03:49.366 4408 4408 D ACDB-LOADER: ACDB -> send_afe_custom_topology
09-13 17:03:49.366 4408 4408 D ACDB-LOADER: ACDB -> ACDB_CMD_GET_AFE_TOPOLOGIES
09-13 17:03:49.366 4408 4408 D : ACDBFILE_MGR: Property for the pid 000130DE not found
09-13 17:03:49.366 4408 4408 D : ACDB_COMMAND: Failed to fetch the property info for pid 000130DE
09-13 17:03:49.366 4408 4408 E ACDB-LOADER: Error: ACDB get afe custom topologies returned = -18
09-13 17:03:49.366 4408 4408 D ACDB-LOADER: ACDB -> ACDB_CMD_GET_AFE_TOPOLOGIES: size:0x0 ret=-18
09-13 17:03:49.366 4408 4408 D ACDB-LOADER: ACDB -> AUDIO_SET_AFE_CUSTOM_TOPOLOGY
09-13 17:03:49.366 4408 4408 D ACDB-LOADER: ACDB -> send_adm_custom_topology
09-13 17:03:49.366 4408 4408 D ACDB-LOADER: ACDB -> ACDB_CMD_GET_AUDIO_COPP_TOPOLOGIES
09-13 17:03:49.366 4408 4408 D ACDB-LOADER: ACDB -> AUDIO_SET_ADM_CUSTOM_TOPOLOGY
09-13 17:03:49.366 4408 4408 D ACDB-LOADER: ACDB -> send_asm_custom_topology
09-13 17:03:49.366 4408 4408 D ACDB-LOADER: ACDB -> ACDB_CMD_GET_AUDIO_POPP_TOPOLOGIES
09-13 17:03:49.366 4408 4408 D ACDB-LOADER: ACDB -> AUDIO_SET_ASM_CUSTOM_TOPOLOGY
09-13 17:03:49.366 4408 4408 D ACDB-LOADER: ACDB -> send_lsm_custom_topology
09-13 17:03:49.366 4408 4408 D ACDB-LOADER: ACDB -> ACDB_CMD_GET_LSM_TOPOLOGIES
09-13 17:03:49.366 4408 4408 D ACDB-LOADER: ACDB -> AUDIO_SET_LSM_CUSTOM_TOPOLOGY
09-13 17:03:49.366 4408 4408 D ACDB-LOADER: ACDB -> init done!
09-13 17:03:49.366 4408 4408 D audio_hw_acdb: acdb_init_v2: ACDB Instance ID support after ACDB init:0
09-13 17:03:49.366 4408 4408 D sound_trigger_platform: platform_stdev_init Opening device /dev/snd/hwC0D1000
09-13 17:03:49.372 4409 4409 I zygote64: VMRuntime.preloadDexCaches strings total=356396 before=14612 after=14612
09-13 17:03:49.372 4409 4409 I zygote64: VMRuntime.preloadDexCaches types total=32715 before=8120 after=8129
09-13 17:03:49.372 4409 4409 I zygote64: VMRuntime.preloadDexCaches fields total=146899 before=9193 after=9207
09-13 17:03:49.372 4409 4409 I zygote64: VMRuntime.preloadDexCaches methods total=256431 before=13225 after=13240
09-13 17:03:49.372 4409 4409 I zygote64: VMRuntime.preloadDexCaches finished
09-13 17:03:49.378 4408 4408 D sound_trigger_platform: get_codec_version: codec version WCD9335_2_0
09-13 17:03:49.379 4408 4408 I SoundTriggerHalImpl: onFirstRef() mModuleName primary mHwDevice 0xe783a300
09-13 17:03:49.383 4408 4408 I audiohalservice: Registration complete for android.hardware.soundtrigger@2.1::ISoundTriggerHw/default.
09-13 17:03:49.384 479 479 W hwservicemanager: getTransport: Cannot find entry android.hardware.bluetooth.a2dp@1.0::IBluetoothAudioOffload/default in either framework or device manifest.
09-13 17:03:49.385 4408 4408 E audiohalservice: Could not get passthrough implementation for android.hardware.bluetooth.a2dp@1.0::IBluetoothAudioOffload/default.
09-13 17:03:49.385 4408 4408 W audiohalservice: Could not register Bluetooth audio offload 1.0
09-13 17:03:49.387 4408 4408 E audiohalservice: Could not get passthrough implementation for com.qualcomm.qti.bluetooth_audio@1.0::IBluetoothAudio/default.
09-13 17:03:49.387 4408 4408 W audiohalservice: Could not register bluetooth_audio service
09-13 17:03:49.391 479 479 W hwservicemanager: getTransport: Cannot find entry android.hardware.audio@4.0::IDevicesFactory/msd in either framework or device manifest.
09-13 17:03:49.392 4412 4412 D vndksupport: Loading /vendor/lib/hw/android.hardware.audio@4.0-impl.so from current namespace instead of sphal namespace.
09-13 17:03:49.396 4411 4411 I Zygote : Accepting command socket connections
09-13 17:03:49.402 4412 4412 I AudioFlinger: Using default 3000 mSec as standby time.
09-13 17:03:49.404 4412 4412 D audioserver: audioserver audio flinger init need time 177 ms
09-13 17:03:49.405 4412 4412 E APM::Serializer: deserialize: Could not parse /odm/etc/audio_policy_configuration.xml document.
09-13 17:03:49.427 4408 4500 D vndksupport: Loading /vendor/lib/hw/audio.primary.msm8996.so from current namespace instead of sphal namespace.
09-13 17:03:49.427 4408 4500 D audio_hw_primary: adev_open: enter
09-13 17:03:49.427 4408 4500 D audio_log_utils: registered, module hal
09-13 17:03:49.428 4408 4500 D audio_hw_utils: audio_extn_utils_open_snd_mixer: snd_card_name: msm8996-tasha-mtp-snd-card
09-13 17:03:49.428 4408 4500 W hardware_info: update_hardware_info_8996: Not a 8996 device
09-13 17:03:49.428 4408 4500 D audio_hw_utils: audio_extn_utils_open_snd_mixer: Opened sound card:0
09-13 17:03:49.428 4408 4500 D msm8974_platform: platform_init: Opened sound card:0
09-13 17:03:49.429 4408 4500 W hardware_info: update_hardware_info_8996: Not a 8996 device
09-13 17:03:49.429 4408 4500 D msm8974_platform: platform_init: Loading mixer file: /vendor/etc/mixer_paths_tasha.xml
09-13 17:03:49.439 4409 4409 I AssetManager: no overlays.list file found
09-13 17:03:49.441 4409 4409 I Zygote : Preloading resources...
09-13 17:03:49.449 4409 4409 W Resources: Preloaded drawable resource #0x1080265 (android:drawable/dialog_background_material) that varies with configuration!!
09-13 17:03:49.467 1010 4458 E mm-camera: 731: eeprom_process: failed NULL pointer detected: eeprom_ctrl :
09-13 17:03:49.467 1010 4458 E mm-camera: 325: module_sensor_offload_ois_init_calibrate: Get Is OIS calibration failed
09-13 17:03:49.467 4409 4409 I Zygote : ...preloaded 64 resources in 26ms.
09-13 17:03:49.472 4409 4409 I Zygote : ...preloaded 41 resources in 5ms.
09-13 17:03:49.472 4409 4409 D vndksupport: Loading /vendor/lib64/hw/android.hardware.graphics.mapper@2.0-impl.so from current namespace instead of sphal namespace.
09-13 17:03:49.473 4409 4409 D vndksupport: Loading /vendor/lib64/egl/libEGL_adreno.so from current namespace instead of sphal namespace.
09-13 17:03:49.475 4409 4409 D libEGL : loaded /vendor/lib64/egl/libEGL_adreno.so
09-13 17:03:49.480 4409 4409 D vndksupport: Loading /vendor/lib64/egl/libGLESv1_CM_adreno.so from current namespace instead of sphal namespace.
09-13 17:03:49.481 4409 4409 D libEGL : loaded /vendor/lib64/egl/libGLESv1_CM_adreno.so
09-13 17:03:49.495 4409 4409 D vndksupport: Loading /vendor/lib64/egl/libGLESv2_adreno.so from current namespace instead of sphal namespace.
09-13 17:03:49.496 4409 4409 D libEGL : loaded /vendor/lib64/egl/libGLESv2_adreno.so
09-13 17:03:49.511 4409 4409 I Zygote : Preloading shared libraries...
09-13 17:03:49.516 4409 4409 I Zygote : Uninstalled ICU cache reference pinning...
09-13 17:03:49.517 4409 4409 I Zygote : Installed AndroidKeyStoreProvider in 1ms.
09-13 17:03:49.525 4409 4409 I Zygote : Warmed up JCA providers in 8ms.
09-13 17:03:49.525 4409 4409 D Zygote : end preload
09-13 17:03:49.533 4414 4414 W CameraProviderManager: Camera provider legacy/0 says an unknown camera device@1.0/legacy/0 now has torch status 1. Curious.
09-13 17:03:49.534 4414 4414 W CameraProviderManager: Camera provider legacy/0 says an unknown camera device@3.3/legacy/0 now has torch status 1. Curious.
09-13 17:03:49.534 531 531 I OPCAMERA_SERVICE: deinit_module: module=0xe8c97c28 private=0xe1fa2d80 list=0x0
09-13 17:03:49.535 531 531 I QCamera : closeCamera: 2575: [KPI Perf]: X PROFILE_CLOSE_CAMERA camera id 0, rc: 0
09-13 17:03:49.535 531 4451 I QCameraHWI_Mem: memoryPoolThread: stop proc
09-13 17:03:49.535 531 4451 I QCameraHWI_Mem: memoryPoolThread: X
09-13 17:03:49.535 531 531 I QCamera : close_camera_device: 1651: [KPI Perf]: X
09-13 17:03:49.535 4414 4414 I CameraProviderManager: Enumerating new camera device: device@3.3/legacy/0
09-13 17:03:49.537 4414 4414 I CameraProviderManager: Enumerating new camera device: device@1.0/legacy/1
09-13 17:03:49.540 531 531 I CamDev@1.0-impl: Opening camera 1
09-13 17:03:49.540 531 531 I QCamera : openLegacy: 680: openLegacy halVersion: 256
09-13 17:03:49.547 531 4516 I QCameraHWI_Mem: memoryPoolThread: E
09-13 17:03:49.547 531 4516 I QCameraHWI_Mem: memoryPoolThread: start proc
09-13 17:03:49.547 531 531 I OneplusCamera: initClientPackageNameFlag: com.android.facelock
09-13 17:03:49.548 531 531 D vndksupport: Loading /vendor/lib/hw/power.qcom.so from current namespace instead of sphal namespace.
09-13 17:03:49.553 531 531 I QCamera2HWI: QCamera2HardwareInterface: mClientPackageName = com.android.facelock
09-13 17:03:49.553 531 531 I QCamera : openCamera: 2057: [KPI Perf]: E PROFILE_OPEN_CAMERA camera id 1
09-13 17:03:49.553 531 531 I OPCAMERA_SERVICE: init_module: module=0xe8c97cb0 private=0xe1fa2d80 list=0xe26c32b0
09-13 17:03:49.554 531 531 E OneplusCamera: acquire: fail
09-13 17:03:49.560 4409 4409 I zygote64: Explicit concurrent copying GC freed 19598(1130KB) AllocSpace objects, 0(0B) LOS objects, 50% free, 2MB/4MB, paused 67us total 34.383ms
09-13 17:03:49.562 531 4517 I QCamera2HWI: QCamera2HardwareInterface::deferredWorkRoutine id=70
09-13 17:03:49.562 531 4515 I QCameraStateMachine: E
09-13 17:03:49.563 531 4517 I QCamera2HWI: QCamera2HardwareInterface::dequeueDeferredWork id=70
09-13 17:03:49.563 531 4517 I QCamera2HWI: QCamera2HardwareInterface::deferredWorkRoutine id=71
09-13 17:03:49.564 531 4517 I QCamera2HWI: QCamera2HardwareInterface::dequeueDeferredWork id=71
09-13 17:03:49.570 1031 1086 W ServiceManagement: Waited one second for android.frameworks.sensorservice@1.0::ISensorManager/default
09-13 17:03:49.571 1031 1086 I ServiceManagement: getService: Trying again for android.frameworks.sensorservice@1.0::ISensorManager/default...
09-13 17:03:49.596 4409 4409 I zygote64: Explicit concurrent copying GC freed 1669(97KB) AllocSpace objects, 0(0B) LOS objects, 50% free, 2MB/4MB, paused 48us total 34.632ms
09-13 17:03:49.598 1010 4526 E mm-3a-core: light_sensor_init init fail
09-13 17:03:49.637 1010 4521 I mm-camera: sony_imx179_eeprom_get_calibration_items: A light valid page:0, D50 valid page:0
09-13 17:03:49.637 1010 4526 E mm-camera: 448: dsps_open: try to sensor1_open()
09-13 17:03:49.659 1010 1010 I mm-camera: < INFO> 292: af_core_init: af_core_init
09-13 17:03:49.660 1010 1010 E mm-camera: 2865: stats_port_check_caps_reserve: Invalid Port capability type!
09-13 17:03:49.660 1010 1010 I chatty : uid=1006(camera) mm-qcamera-daem identical 3 lines
09-13 17:03:49.660 1010 1010 E mm-camera: 2865: stats_port_check_caps_reserve: Invalid Port capability type!
09-13 17:03:49.660 1010 1010 I mm-3a-core: q3a_thread_aecawb_start Enter
09-13 17:03:49.693 4409 4409 I Zygote : System server process 4551 has been created
09-13 17:03:49.694 4409 4409 I Zygote : Accepting command socket connections
09-13 17:03:49.698 531 531 I QCamera : openCamera: 2070: [KPI Perf]: X PROFILE_OPEN_CAMERA camera id 1, rc: 0
09-13 17:03:49.698 531 4517 I QCamera2HWI: QCamera2HardwareInterface::deferredWorkRoutine id=72
09-13 17:03:49.698 531 531 I CamDev@1.0-impl: could not cast ICameraDeviceCallback to IQCameraDeviceCallback
09-13 17:03:49.707 531 4517 D QCameraParameters: sensor_active_size is 3288 2480
09-13 17:03:49.708 531 4517 I QCamera : setFocusMode: 7701: Setting focus mode fixed
09-13 17:03:49.709 531 4517 I OPCAMERA_VFB: init_module: module=0xe8c97cc0 private=0xe10cc000 list=0xe1fb1090
09-13 17:03:49.715 4551 4551 E system_server: Not starting debugger since process cannot load the jdwp agent.
09-13 17:03:49.718 4551 4551 I Zygote : Process: zygote socket RESERVED/zygote_secondary opened, supported ABIS: armeabi-v7a,armeabi
09-13 17:03:49.721 531 4557 I OPCAMERA_VFB: sensor_config: enable cfg for imx179
09-13 17:03:49.722 531 4517 I OPCAMERA_SFB: init_module: module=0xe1f9e040 private=0xe1fdfe00 list=0xe1fb10e0
09-13 17:03:49.729 4551 4551 W system_server: ClassLoaderContext size mismatch. expected=1, actual=2 (PCL[] | PCL[];PCL[])
09-13 17:03:49.733 4551 4551 I system_server: The ClassLoaderContext is a special shared library.
09-13 17:03:49.732 531 4564 I OPCAMERA_SFB: sensor_config: imx179.is_sensor_cfg=1
09-13 17:03:49.734 531 4517 E OneplusCamera: createFaceBeautyLevelString facebeauty levels=0,1,2,3,4,5,6,7,8
09-13 17:03:49.735 531 4517 I OPCAMERA_VFB: deinit_module: module=0xe8c97cc0 private=0xe10cc000 list=0x0
09-13 17:03:49.736 531 4517 I OPCAMERA_SFB: deinit_module: module=0xe1f9e040 private=0xe1fdfe00 list=0x0
09-13 17:03:49.736 4551 4551 I system_server: The ClassLoaderContext is a special shared library.
09-13 17:03:49.739 1010 4545 E mm-camera: 2966: sensor_get_cur_chromatix_name: Sensor name:imx179,sensor id:0x0, vendor id:0, lens id:0
09-13 17:03:49.739 1010 4545 E mm-camera: 3129: sensor_get_cur_chromatix_name: 3A chromatix : imx179_3a_3280x2464_30fps_preview
09-13 17:03:49.739 4551 4551 I system_server: The ClassLoaderContext is a special shared library.
09-13 17:03:49.741 531 4517 I QCamera2HWI: QCamera2HardwareInterface::dequeueDeferredWork id=72
09-13 17:03:49.743 531 531 I CamDev@1.0-impl: Closing camera 1
09-13 17:03:49.743 531 531 I QCamera : close_camera_device: 1649: [KPI Perf]: E camera id 1
09-13 17:03:49.745 531 531 I QCameraStateMachine: E
09-13 17:03:49.745 531 4515 I QCameraStateMachine: QCAMERA_SM_CMD_TYPE_EXIT
09-13 17:03:49.745 531 4515 I QCameraStateMachine: X
09-13 17:03:49.745 531 531 I QCameraStateMachine: X
09-13 17:03:49.745 531 531 I QCamera : closeCamera: 2479: E
09-13 17:03:49.745 531 531 I QCamera : closeCamera: 2484: [KPI Perf]: E PROFILE_CLOSE_CAMERA camera id 1
09-13 17:03:49.746 531 531 E OneplusCamera: acquire: fail
09-13 17:03:49.746 1010 4545 I : sensor_pick_resolution res_idx: 2
09-13 17:03:49.746 1010 4545 I : sensor_pick_resolution Matched pick_w:1640, pick_h:924, pick_fps:30.000000, pick_clk:136000000, pick_mode:1
09-13 17:03:49.747 1010 1310 E mm-camera: 303: AllocateBuffers: Invalid dimensions 0x0
09-13 17:03:49.747 1010 1310 E mm-camera: 203: img_algo_preload: Preload: Failed to allocate buffer, rc -4
09-13 17:03:49.747 1010 1310 E mm-camera: 117: module_imgbase_client_preload_exec: IMG_CORE_PRELOAD failed -4
09-13 17:03:49.751 531 531 D QCameraPostProc: stop: E
09-13 17:03:49.751 531 531 E QCameraPostProc: stop: X
09-13 17:03:49.751 531 4548 D : cmdtype=MM_CAMERA_CMD_TYPE_EXIT
09-13 17:03:49.752 1010 1010 E mm-camera: 916: isp_port_check_caps_unreserve: ISP session resource not dellocated in time
09-13 17:03:49.774 1010 4571 E mm-camera: 528: isp_module_stop_session: warning: ISP resource is not freed on time!
09-13 17:03:49.788 531 531 I OPCAMERA_SERVICE: deinit_module: module=0xe8c97cb0 private=0xe1fa2d80 list=0x0
09-13 17:03:49.789 531 531 I QCamera : closeCamera: 2575: [KPI Perf]: X PROFILE_CLOSE_CAMERA camera id 1, rc: 0
09-13 17:03:49.789 531 4516 I QCameraHWI_Mem: memoryPoolThread: stop proc
09-13 17:03:49.789 531 4516 I QCameraHWI_Mem: memoryPoolThread: X
09-13 17:03:49.790 531 531 I QCamera : close_camera_device: 1651: [KPI Perf]: X
09-13 17:03:49.790 4551 4551 I system_server: Rejecting re-init on previously-failed class java.lang.Class: java.lang.NoClassDefFoundError: Failed resolution of: Landroid/view/WindowManagerPolicy;
09-13 17:03:49.790 4551 4551 I system_server: at java.lang.Class java.lang.Class.classForName(java.lang.String, boolean, java.lang.ClassLoader) (Class.java:-2)
09-13 17:03:49.790 4551 4551 I system_server: at java.lang.Class java.lang.Class.forName(java.lang.String, boolean, java.lang.ClassLoader) (Class.java:453)
09-13 17:03:49.790 4551 4551 I system_server: at java.lang.Runnable com.android.internal.os.RuntimeInit.findStaticMain(java.lang.String, java.lang.String[], java.lang.ClassLoader) (RuntimeInit.java:336)
09-13 17:03:49.790 4551 4551 I system_server: at java.lang.Runnable com.android.internal.os.RuntimeInit.applicationInit(int, java.lang.String[], java.lang.ClassLoader) (RuntimeInit.java:409)
09-13 17:03:49.790 4551 4551 I system_server: at java.lang.Runnable com.android.internal.os.ZygoteInit.zygoteInit(int, java.lang.String[], java.lang.ClassLoader) (ZygoteInit.java:912)
09-13 17:03:49.790 4551 4551 I system_server: at java.lang.Runnable com.android.internal.os.ZygoteInit.handleSystemServerProcess(com.android.internal.os.ZygoteConnection$Arguments) (ZygoteInit.java:506)
09-13 17:03:49.790 4551 4551 I system_server: at java.lang.Runnable com.android.internal.os.ZygoteInit.forkSystemServer(java.lang.String, java.lang.String, com.android.internal.os.ZygoteServer) (ZygoteInit.java:730)
09-13 17:03:49.790 4551 4551 I system_server: at void com.android.internal.os.ZygoteInit.main(java.lang.String[]) (ZygoteInit.java:833)
09-13 17:03:49.790 4551 4551 I system_server: Caused by: java.lang.ClassNotFoundException: Didn't find class "android.view.WindowManagerPolicy" on path: DexPathList[[zip file "/system/framework/services.jar", zip file "/system/framework/ethernet-service.jar", zip file "/system/framework/wifi-service.jar", zip file "/system/framework/com.android.location.provider.jar"],nativeLibraryDirectories=[/system/lib64, /system/vendor/lib64, /system/lib64, /system/vendor/lib64]]
09-13 17:03:49.790 4551 4551 I system_server: at java.lang.Class dalvik.system.BaseDexClassLoader.findClass(java.lang.String) (BaseDexClassLoader.java:169)
09-13 17:03:49.790 4551 4551 I system_server: at java.lang.Class java.lang.ClassLoader.loadClass(java.lang.String, boolean) (ClassLoader.java:379)
09-13 17:03:49.790 4551 4551 I system_server: at java.lang.Class java.lang.ClassLoader.loadClass(java.lang.String) (ClassLoader.java:312)
09-13 17:03:49.790 4551 4551 I system_server: at java.lang.Class java.lang.Class.classForName(java.lang.String, boolean, java.lang.ClassLoader) (Class.java:-2)
09-13 17:03:49.790 4551 4551 I system_server: at java.lang.Class java.lang.Class.forName(java.lang.String, boolean, java.lang.ClassLoader) (Class.java:453)
09-13 17:03:49.790 4551 4551 I system_server: at java.lang.Runnable com.android.internal.os.RuntimeInit.findStaticMain(java.lang.String, java.lang.String[], java.lang.ClassLoader) (RuntimeInit.java:336)
09-13 17:03:49.790 4551 4551 I system_server: at java.lang.Runnable com.android.internal.os.RuntimeInit.applicationInit(int, java.lang.String[], java.lang.ClassLoader) (RuntimeInit.java:409)
09-13 17:03:49.790 4551 4551 I system_server: at java.lang.Runnable com.android.internal.os.ZygoteInit.zygoteInit(int, java.lang.String[], java.lang.ClassLoader) (ZygoteInit.java:912)
09-13 17:03:49.790 4551 4551 I system_server: at java.lang.Runnable com.android.internal.os.ZygoteInit.handleSystemServerProcess(com.android.internal.os.ZygoteConnection$Arguments) (ZygoteInit.java:506)
09-13 17:03:49.790 4551 4551 I system_server: at java.lang.Runnable com.android.internal.os.ZygoteInit.forkSystemServer(java.lang.String, java.lang.String, com.android.internal.os.ZygoteServer) (ZygoteInit.java:730)
09-13 17:03:49.790 4551 4551 I system_server: at void com.android.internal.os.ZygoteInit.main(java.lang.String[]) (ZygoteInit.java:833)
09-13 17:03:49.790 4551 4551 I system_server:
09-13 17:03:49.790 4414 4414 I CameraProviderManager: Enumerating new camera device: device@3.3/legacy/1
09-13 17:03:49.790 4551 4551 I system_server: Rejecting re-init on previously-failed class java.lang.Class: java.lang.NoClassDefFoundError: Failed resolution of: Lcom/android/server/policy/PhoneWindowManager;
09-13 17:03:49.791 4551 4551 I system_server: at java.lang.Class java.lang.Class.classForName(java.lang.String, boolean, java.lang.ClassLoader) (Class.java:-2)
09-13 17:03:49.791 4551 4551 I system_server: at java.lang.Class java.lang.Class.forName(java.lang.String, boolean, java.lang.ClassLoader) (Class.java:453)
09-13 17:03:49.791 4551 4551 I system_server: at java.lang.Runnable com.android.internal.os.RuntimeInit.findStaticMain(java.lang.String, java.lang.String[], java.lang.ClassLoader) (RuntimeInit.java:336)
09-13 17:03:49.791 4551 4551 I system_server: at java.lang.Runnable com.android.internal.os.RuntimeInit.applicationInit(int, java.lang.String[], java.lang.ClassLoader) (RuntimeInit.java:409)
09-13 17:03:49.791 4551 4551 I system_server: at java.lang.Runnable com.android.internal.os.ZygoteInit.zygoteInit(int, java.lang.String[], java.lang.ClassLoader) (ZygoteInit.java:912)
09-13 17:03:49.791 4551 4551 I system_server: at java.lang.Runnable com.android.internal.os.ZygoteInit.handleSystemServerProcess(com.android.internal.os.ZygoteConnection$Arguments) (ZygoteInit.java:506)
09-13 17:03:49.791 4551 4551 I system_server: at java.lang.Runnable com.android.internal.os.ZygoteInit.forkSystemServer(java.lang.String, java.lang.String, com.android.internal.os.ZygoteServer) (ZygoteInit.java:730)
09-13 17:03:49.791 4551 4551 I system_server: at void com.android.internal.os.ZygoteInit.main(java.lang.String[]) (ZygoteInit.java:833)
09-13 17:03:49.791 4551 4551 I system_server: Caused by: java.lang.ClassNotFoundException: com.android.server.policy.PhoneWindowManager
09-13 17:03:49.791 4551 4551 I system_server: at java.lang.Class java.lang.VMClassLoader.findLoadedClass(java.lang.ClassLoader, java.lang.String) (VMClassLoader.java:-2)
09-13 17:03:49.791 4551 4551 I system_server: at java.lang.Class java.lang.ClassLoader.findLoadedClass(java.lang.String) (ClassLoader.java:738)
09-13 17:03:49.791 4551 4551 I system_server: at java.lang.Class java.lang.ClassLoader.loadClass(java.lang.String, boolean) (ClassLoader.java:363)
09-13 17:03:49.791 4551 4551 I system_server: at java.lang.Class java.lang.ClassLoader.loadClass(java.lang.String) (ClassLoader.java:312)
09-13 17:03:49.791 4551 4551 I system_server: at java.lang.Class java.lang.Class.classForName(java.lang.String, boolean, java.lang.ClassLoader) (Class.java:-2)
09-13 17:03:49.791 4551 4551 I system_server: at java.lang.Class java.lang.Class.forName(java.lang.String, boolean, java.lang.ClassLoader) (Class.java:453)
09-13 17:03:49.791 4551 4551 I system_server: at java.lang.Runnable com.android.internal.os.RuntimeInit.findStaticMain(java.lang.String, java.lang.String[], java.lang.ClassLoader) (RuntimeInit.java:336)
09-13 17:03:49.791 4551 4551 I system_server: at java.lang.Runnable com.android.internal.os.RuntimeInit.applicationInit(int, java.lang.String[], java.lang.ClassLoader) (RuntimeInit.java:409)
09-13 17:03:49.791 4551 4551 I system_server: at java.lang.Runnable com.android.internal.os.ZygoteInit.zygoteInit(int, java.lang.String[], java.lang.ClassLoader) (ZygoteInit.java:912)
09-13 17:03:49.791 4551 4551 I system_server: at java.lang.Runnable com.android.internal.os.ZygoteInit.handleSystemServerProcess(com.android.internal.os.ZygoteConnection$Arguments) (ZygoteInit.java:506)
09-13 17:03:49.791 4551 4551 I system_server: at java.lang.Runnable com.android.internal.os.ZygoteInit.forkSystemServer(java.lang.String, java.lang.String, com.android.internal.os.ZygoteServer) (ZygoteInit.java:730)
09-13 17:03:49.791 4551 4551 I system_server: at void com.android.internal.os.ZygoteInit.main(java.lang.String[]) (ZygoteInit.java:833)
09-13 17:03:49.791 4551 4551 I system_server:
09-13 17:03:49.791 4551 4551 I system_server: Rejecting re-init on previously-failed class java.lang.Class: java.lang.NoClassDefFoundError: Failed resolution of: Lcom/android/server/policy/PhoneWindowManager;
09-13 17:03:49.791 4551 4551 I system_server: at java.lang.Class java.lang.Class.classForName(java.lang.String, boolean, java.lang.ClassLoader) (Class.java:-2)
09-13 17:03:49.791 4551 4551 I system_server: at java.lang.Class java.lang.Class.forName(java.lang.String, boolean, java.lang.ClassLoader) (Class.java:453)
09-13 17:03:49.791 4551 4551 I system_server: at java.lang.Runnable com.android.internal.os.RuntimeInit.findStaticMain(java.lang.String, java.lang.String[], java.lang.ClassLoader) (RuntimeInit.java:336)
09-13 17:03:49.791 4551 4551 I system_server: at java.lang.Runnable com.android.internal.os.RuntimeInit.applicationInit(int, java.lang.String[], java.lang.ClassLoader) (RuntimeInit.java:409)
09-13 17:03:49.791 4551 4551 I system_server: at java.lang.Runnable com.android.internal.os.ZygoteInit.zygoteInit(int, java.lang.String[], java.lang.ClassLoader) (ZygoteInit.java:912)
09-13 17:03:49.791 4551 4551 I system_server: at java.lang.Runnable com.android.internal.os.ZygoteInit.handleSystemServerProcess(com.android.internal.os.ZygoteConnection$Arguments) (ZygoteInit.java:506)
09-13 17:03:49.791 4551 4551 I system_server: at java.lang.Runnable com.android.internal.os.ZygoteInit.forkSystemServer(java.lang.String, java.lang.String, com.android.internal.os.ZygoteServer) (ZygoteInit.java:730)
09-13 17:03:49.791 4551 4551 I system_server: at void com.android.internal.os.ZygoteInit.main(java.lang.String[]) (ZygoteInit.java:833)
09-13 17:03:49.791 4551 4551 I system_server: Caused by: java.lang.ClassNotFoundException: com.android.server.policy.PhoneWindowManager
09-13 17:03:49.791 4551 4551 I system_server: at java.lang.Class java.lang.VMClassLoader.findLoadedClass(java.lang.ClassLoader, java.lang.String) (VMClassLoader.java:-2)
09-13 17:03:49.791 4551 4551 I system_server: at java.lang.Class java.lang.ClassLoader.findLoadedClass(java.lang.String) (ClassLoader.java:738)
09-13 17:03:49.791 4551 4551 I system_server: at java.lang.Class java.lang.ClassLoader.loadClass(java.lang.String, boolean) (ClassLoader.java:363)
09-13 17:03:49.791 4551 4551 I system_server: at java.lang.Class java.lang.ClassLoader.loadClass(java.lang.String) (ClassLoader.java:312)
09-13 17:03:49.791 4551 4551 I system_server: at java.lang.Class java.lang.Class.classForName(java.lang.String, boolean, java.lang.ClassLoader) (Class.java:-2)
09-13 17:03:49.791 4551 4551 I system_server: at java.lang.Class java.lang.Class.forName(java.lang.String, boolean, java.lang.ClassLoader) (Class.java:453)
09-13 17:03:49.791 4551 4551 I system_server: at java.lang.Runnable com.android.internal.os.RuntimeInit.findStaticMain(java.lang.String, java.lang.String[], java.lang.ClassLoader) (RuntimeInit.java:336)
09-13 17:03:49.791 4551 4551 I system_server: at java.lang.Runnable com.android.internal.os.RuntimeInit.applicationInit(int, java.lang.String[], java.lang.ClassLoader) (RuntimeInit.java:409)
09-13 17:03:49.791 4551 4551 I system_server: at java.lang.Runnable com.android.internal.os.ZygoteInit.zygoteInit(int, java.lang.String[], java.lang.ClassLoader) (ZygoteInit.java:912)
09-13 17:03:49.791 4551 4551 I system_server: at java.lang.Runnable com.android.internal.os.ZygoteInit.handleSystemServerProcess(com.android.internal.os.ZygoteConnection$Arguments) (ZygoteInit.java:506)
09-13 17:03:49.791 4551 4551 I system_server: at java.lang.Runnable com.android.internal.os.ZygoteInit.forkSystemServer(java.lang.String, java.lang.String, com.android.internal.os.ZygoteServer) (ZygoteInit.java:730)
09-13 17:03:49.791 4551 4551 I system_server: at void com.android.internal.os.ZygoteInit.main(java.lang.String[]) (ZygoteInit.java:833)
09-13 17:03:49.791 4551 4551 I system_server:
09-13 17:03:49.791 4551 4551 I system_server: Rejecting re-init on previously-failed class java.lang.Class: java.lang.NoClassDefFoundError: Failed resolution of: Lcom/android/server/policy/PhoneWindowManager;
09-13 17:03:49.791 4551 4551 I system_server: at java.lang.Class java.lang.Class.classForName(java.lang.String, boolean, java.lang.ClassLoader) (Class.java:-2)
09-13 17:03:49.791 4551 4551 I system_server: at java.lang.Class java.lang.Class.forName(java.lang.String, boolean, java.lang.ClassLoader) (Class.java:453)
09-13 17:03:49.791 4551 4551 I system_server: at java.lang.Runnable com.android.internal.os.RuntimeInit.findStaticMain(java.lang.String, java.lang.String[], java.lang.ClassLoader) (RuntimeInit.java:336)
09-13 17:03:49.791 4551 4551 I system_server: at java.lang.Runnable com.android.internal.os.RuntimeInit.applicationInit(int, java.lang.String[], java.lang.ClassLoader) (RuntimeInit.java:409)
09-13 17:03:49.791 4551 4551 I system_server: at java.lang.Runnable com.android.internal.os.ZygoteInit.zygoteInit(int, java.lang.String[], java.lang.ClassLoader) (ZygoteInit.java:912)
09-13 17:03:49.791 4551 4551 I system_server: at java.lang.Runnable com.android.internal.os.ZygoteInit.handleSystemServerProcess(com.android.internal.os.ZygoteConnection$Arguments) (ZygoteInit.java:506)
09-13 17:03:49.791 4551 4551 I system_server: at java.lang.Runnable com.android.internal.os.ZygoteInit.forkSystemServer(java.lang.String, java.lang.String, com.android.internal.os.ZygoteServer) (ZygoteInit.java:730)
09-13 17:03:49.791 4551 4551 I system_server: at void com.android.internal.os.ZygoteInit.main(java.lang.String[]) (ZygoteInit.java:833)
09-13 17:03:49.791 4551 4551 I system_server: Caused by: java.lang.ClassNotFoundException: com.android.server.policy.PhoneWindowManager
09-13 17:03:49.791 4551 4551 I system_server: at java.lang.Class java.lang.VMClassLoader.findLoadedClass(java.lang.ClassLoader, java.lang.String) (VMClassLoader.java:-2)
09-13 17:03:49.791 4551 4551 I system_server: at java.lang.Class java.lang.ClassLoader.findLoadedClass(java.lang.String) (ClassLoader.java:738)
09-13 17:03:49.791 4551 4551 I system_server: at java.lang.Class java.lang.ClassLoader.loadClass(java.lang.String, boolean) (ClassLoader.java:363)
09-13 17:03:49.791 4551 4551 I system_server: at java.lang.Class java.lang.ClassLoader.loadClass(java.lang.String) (ClassLoader.java:312)
09-13 17:03:49.791 4551 4551 I system_server: at java.lang.Class java.lang.Class.classForName(java.lang.String, boolean, java.lang.ClassLoader) (Class.java:-2)
09-13 17:03:49.791 4551 4551 I system_server: at java.lang.Class java.lang.Class.forName(java.lang.String, boolean, java.lang.ClassLoader) (Class.java:453)
09-13 17:03:49.791 4551 4551 I system_server: at java.lang.Runnable com.android.internal.os.RuntimeInit.findStaticMain(java.lang.String, java.lang.String[], java.lang.ClassLoader) (RuntimeInit.java:336)
09-13 17:03:49.792 4551 4551 I system_server: at java.lang.Runnable com.android.internal.os.RuntimeInit.applicationInit(int, java.lang.String[], java.lang.ClassLoader) (RuntimeInit.java:409)
09-13 17:03:49.792 4551 4551 I system_server: at java.lang.Runnable com.android.internal.os.ZygoteInit.zygoteInit(int, java.lang.String[], java.lang.ClassLoader) (ZygoteInit.java:912)
09-13 17:03:49.792 4551 4551 I system_server: at java.lang.Runnable com.android.internal.os.ZygoteInit.handleSystemServerProcess(com.android.internal.os.ZygoteConnection$Arguments) (ZygoteInit.java:506)
09-13 17:03:49.792 4551 4551 I system_server: at java.lang.Runnable com.android.internal.os.ZygoteInit.forkSystemServer(java.lang.String, java.lang.String, com.android.internal.os.ZygoteServer) (ZygoteInit.java:730)
09-13 17:03:49.792 4551 4551 I system_server: at void com.android.internal.os.ZygoteInit.main(java.lang.String[]) (ZygoteInit.java:833)
09-13 17:03:49.792 4551 4551 I system_server:
09-13 17:03:49.793 4551 4551 I system_server: Rejecting re-init on previously-failed class java.lang.Class: java.lang.NoClassDefFoundError: Failed resolution of: Landroid/view/WindowManagerPolicy$WindowManagerFuncs;
09-13 17:03:49.793 4551 4551 I system_server: at java.lang.Class java.lang.Class.classForName(java.lang.String, boolean, java.lang.ClassLoader) (Class.java:-2)
09-13 17:03:49.793 4551 4551 I system_server: at java.lang.Class java.lang.Class.forName(java.lang.String, boolean, java.lang.ClassLoader) (Class.java:453)
09-13 17:03:49.793 4551 4551 I system_server: at java.lang.Runnable com.android.internal.os.RuntimeInit.findStaticMain(java.lang.String, java.lang.String[], java.lang.ClassLoader) (RuntimeInit.java:336)
09-13 17:03:49.793 4551 4551 I system_server: at java.lang.Runnable com.android.internal.os.RuntimeInit.applicationInit(int, java.lang.String[], java.lang.ClassLoader) (RuntimeInit.java:409)
09-13 17:03:49.793 4551 4551 I system_server: at java.lang.Runnable com.android.internal.os.ZygoteInit.zygoteInit(int, java.lang.String[], java.lang.ClassLoader) (ZygoteInit.java:912)
09-13 17:03:49.793 4551 4551 I system_server: at java.lang.Runnable com.android.internal.os.ZygoteInit.handleSystemServerProcess(com.android.internal.os.ZygoteConnection$Arguments) (ZygoteInit.java:506)
09-13 17:03:49.793 4551 4551 I system_server: at java.lang.Runnable com.android.internal.os.ZygoteInit.forkSystemServer(java.lang.String, java.lang.String, com.android.internal.os.ZygoteServer) (ZygoteInit.java:730)
09-13 17:03:49.793 4551 4551 I system_server: at void com.android.internal.os.ZygoteInit.main(java.lang.String[]) (ZygoteInit.java:833)
09-13 17:03:49.793 4551 4551 I system_server: Caused by: java.lang.ClassNotFoundException: Didn't find class "android.view.WindowManagerPolicy$WindowManagerFuncs" on path: DexPathList[[zip file "/system/framework/services.jar", zip file "/system/framework/ethernet-service.jar", zip file "/system/framework/wifi-service.jar", zip file "/system/framework/com.android.location.provider.jar"],nativeLibraryDirectories=[/system/lib64, /system/vendor/lib64, /system/lib64, /system/vendor/lib64]]
09-13 17:03:49.793 4551 4551 I system_server: at java.lang.Class dalvik.system.BaseDexClassLoader.findClass(java.lang.String) (BaseDexClassLoader.java:169)
09-13 17:03:49.793 4551 4551 I system_server: at java.lang.Class java.lang.ClassLoader.loadClass(java.lang.String, boolean) (ClassLoader.java:379)
09-13 17:03:49.793 4551 4551 I system_server: at java.lang.Class java.lang.ClassLoader.loadClass(java.lang.String) (ClassLoader.java:312)
09-13 17:03:49.793 4551 4551 I system_server: at java.lang.Class java.lang.Class.classForName(java.lang.String, boolean, java.lang.ClassLoader) (Class.java:-2)
09-13 17:03:49.793 4551 4551 I system_server: at java.lang.Class java.lang.Class.forName(java.lang.String, boolean, java.lang.ClassLoader) (Class.java:453)
09-13 17:03:49.793 4551 4551 I system_server: at java.lang.Runnable com.android.internal.os.RuntimeInit.findStaticMain(java.lang.String, java.lang.String[], java.lang.ClassLoader) (RuntimeInit.java:336)
09-13 17:03:49.793 4551 4551 I system_server: at java.lang.Runnable com.android.internal.os.RuntimeInit.applicationInit(int, java.lang.String[], java.lang.ClassLoader) (RuntimeInit.java:409)
09-13 17:03:49.793 4551 4551 I system_server: at java.lang.Runnable com.android.internal.os.ZygoteInit.zygoteInit(int, java.lang.String[], java.lang.ClassLoader) (ZygoteInit.java:912)
09-13 17:03:49.793 4551 4551 I system_server: at java.lang.Runnable com.android.internal.os.ZygoteInit.handleSystemServerProcess(com.android.internal.os.ZygoteConnection$Arguments) (ZygoteInit.java:506)
09-13 17:03:49.793 4551 4551 I system_server: at java.lang.Runnable com.android.internal.os.ZygoteInit.forkSystemServer(java.lang.String, java.lang.String, com.android.internal.os.ZygoteServer) (ZygoteInit.java:730)
09-13 17:03:49.793 4551 4551 I system_server: at void com.android.internal.os.ZygoteInit.main(java.lang.String[]) (ZygoteInit.java:833)
09-13 17:03:49.793 4551 4551 I system_server:
09-13 17:03:49.794 4551 4551 I system_server: Rejecting re-init on previously-failed class java.lang.Class: java.lang.NoClassDefFoundError: Failed resolution of: Landroid/view/WindowManagerPolicy$WindowManagerFuncs;
09-13 17:03:49.794 4551 4551 I system_server: at java.lang.Class java.lang.Class.classForName(java.lang.String, boolean, java.lang.ClassLoader) (Class.java:-2)
09-13 17:03:49.794 4551 4551 I system_server: at java.lang.Class java.lang.Class.forName(java.lang.String, boolean, java.lang.ClassLoader) (Class.java:453)
09-13 17:03:49.794 4551 4551 I system_server: at java.lang.Runnable com.android.internal.os.RuntimeInit.findStaticMain(java.lang.String, java.lang.String[], java.lang.ClassLoader) (RuntimeInit.java:336)
09-13 17:03:49.794 4551 4551 I system_server: at java.lang.Runnable com.android.internal.os.RuntimeInit.applicationInit(int, java.lang.String[], java.lang.ClassLoader) (RuntimeInit.java:409)
09-13 17:03:49.794 4551 4551 I system_server: at java.lang.Runnable com.android.internal.os.ZygoteInit.zygoteInit(int, java.lang.String[], java.lang.ClassLoader) (ZygoteInit.java:912)
09-13 17:03:49.794 4551 4551 I system_server: at java.lang.Runnable com.android.internal.os.ZygoteInit.handleSystemServerProcess(com.android.internal.os.ZygoteConnection$Arguments) (ZygoteInit.java:506)
09-13 17:03:49.794 4551 4551 I system_server: at java.lang.Runnable com.android.internal.os.ZygoteInit.forkSystemServer(java.lang.String, java.lang.String, com.android.internal.os.ZygoteServer) (ZygoteInit.java:730)
09-13 17:03:49.794 4551 4551 I system_server: at void com.android.internal.os.ZygoteInit.main(java.lang.String[]) (ZygoteInit.java:833)
09-13 17:03:49.794 4551 4551 I system_server: Caused by: java.lang.ClassNotFoundException: Didn't find class "android.view.WindowManagerPolicy$WindowManagerFuncs" on path: DexPathList[[zip file "/system/framework/services.jar", zip file "/system/framework/ethernet-service.jar", zip file "/system/framework/wifi-service.jar", zip file "/system/framework/com.android.location.provider.jar"],nativeLibraryDirectories=[/system/lib64, /system/vendor/lib64, /system/lib64, /system/vendor/lib64]]
09-13 17:03:49.794 4551 4551 I system_server: at java.lang.Class dalvik.system.BaseDexClassLoader.findClass(java.lang.String) (BaseDexClassLoader.java:169)
09-13 17:03:49.794 4551 4551 I system_server: at java.lang.Class java.lang.ClassLoader.loadClass(java.lang.String, boolean) (ClassLoader.java:379)
09-13 17:03:49.794 4551 4551 I system_server: at java.lang.Class java.lang.ClassLoader.loadClass(java.lang.String) (ClassLoader.java:312)
09-13 17:03:49.794 4551 4551 I system_server: at java.lang.Class java.lang.Class.classForName(java.lang.String, boolean, java.lang.ClassLoader) (Class.java:-2)
09-13 17:03:49.794 4551 4551 I system_server: at java.lang.Class java.lang.Class.forName(java.lang.String, boolean, java.lang.ClassLoader) (Class.java:453)
09-13 17:03:49.794 4551 4551 I system_server: at java.lang.Runnable com.android.internal.os.RuntimeInit.findStaticMain(java.lang.String, java.lang.String[], java.lang.ClassLoader) (RuntimeInit.java:336)
09-13 17:03:49.794 4551 4551 I system_server: at java.lang.Runnable com.android.internal.os.RuntimeInit.applicationInit(int, java.lang.String[], java.lang.ClassLoader) (RuntimeInit.java:409)
09-13 17:03:49.794 4551 4551 I system_server: at java.lang.Runnable com.android.internal.os.ZygoteInit.zygoteInit(int, java.lang.String[], java.lang.ClassLoader) (ZygoteInit.java:912)
09-13 17:03:49.794 4551 4551 I system_server: at java.lang.Runnable com.android.internal.os.ZygoteInit.handleSystemServerProcess(com.android.internal.os.ZygoteConnection$Arguments) (ZygoteInit.java:506)
09-13 17:03:49.794 4551 4551 I system_server: at java.lang.Runnable com.android.internal.os.ZygoteInit.forkSystemServer(java.lang.String, java.lang.String, com.android.internal.os.ZygoteServer) (ZygoteInit.java:730)
09-13 17:03:49.794 4551 4551 I system_server: at void com.android.internal.os.ZygoteInit.main(java.lang.String[]) (ZygoteInit.java:833)
09-13 17:03:49.794 4551 4551 I system_server:
09-13 17:03:49.795 4414 4414 I CameraProviderManager: Camera provider legacy/0 ready with 4 camera devices
09-13 17:03:49.795 479 479 W hwservicemanager: getTransport: Cannot find entry android.hardware.camera.provider@2.4::ICameraProvider/external/0 in either framework or device manifest.
09-13 17:03:49.798 4414 4414 D vndksupport: Loading /vendor/lib/hw/android.hardware.camera.provider@2.4-impl.so from current namespace instead of sphal namespace.
09-13 17:03:49.804 4551 4551 I system_server: Rejecting re-init on previously-failed class java.lang.Class: java.lang.NoClassDefFoundError: Failed resolution of: Landroid/view/WindowManagerPolicy$WindowManagerFuncs;
09-13 17:03:49.804 4551 4551 I system_server: at java.lang.Class java.lang.Class.classForName(java.lang.String, boolean, java.lang.ClassLoader) (Class.java:-2)
09-13 17:03:49.804 4551 4551 I system_server: at java.lang.Class java.lang.Class.forName(java.lang.String, boolean, java.lang.ClassLoader) (Class.java:453)
09-13 17:03:49.804 4551 4551 I system_server: at java.lang.Runnable com.android.internal.os.RuntimeInit.findStaticMain(java.lang.String, java.lang.String[], java.lang.ClassLoader) (RuntimeInit.java:336)
09-13 17:03:49.804 4551 4551 I system_server: at java.lang.Runnable com.android.internal.os.RuntimeInit.applicationInit(int, java.lang.String[], java.lang.ClassLoader) (RuntimeInit.java:409)
09-13 17:03:49.804 4551 4551 I system_server: at java.lang.Runnable com.android.internal.os.ZygoteInit.zygoteInit(int, java.lang.String[], java.lang.ClassLoader) (ZygoteInit.java:912)
09-13 17:03:49.804 4551 4551 I system_server: at java.lang.Runnable com.android.internal.os.ZygoteInit.handleSystemServerProcess(com.android.internal.os.ZygoteConnection$Arguments) (ZygoteInit.java:506)
09-13 17:03:49.804 4551 4551 I system_server: at java.lang.Runnable com.android.internal.os.ZygoteInit.forkSystemServer(java.lang.String, java.lang.String, com.android.internal.os.ZygoteServer) (ZygoteInit.java:730)
09-13 17:03:49.804 4551 4551 I system_server: at void com.android.internal.os.ZygoteInit.main(java.lang.String[]) (ZygoteInit.java:833)
09-13 17:03:49.804 4551 4551 I system_server: Caused by: java.lang.ClassNotFoundException: Didn't find class "android.view.WindowManagerPolicy$WindowManagerFuncs" on path: DexPathList[[zip file "/system/framework/services.jar", zip file "/system/framework/ethernet-service.jar", zip file "/system/framework/wifi-service.jar", zip file "/system/framework/com.android.location.provider.jar"],nativeLibraryDirectories=[/system/lib64, /system/vendor/lib64, /system/lib64, /system/vendor/lib64]]
09-13 17:03:49.804 4551 4551 I system_server: at java.lang.Class dalvik.system.BaseDexClassLoader.findClass(java.lang.String) (BaseDexClassLoader.java:169)
09-13 17:03:49.804 4551 4551 I system_server: at java.lang.Class java.lang.ClassLoader.loadClass(java.lang.String, boolean) (ClassLoader.java:379)
09-13 17:03:49.804 4551 4551 I system_server: at java.lang.Class java.lang.ClassLoader.loadClass(java.lang.String) (ClassLoader.java:312)
09-13 17:03:49.804 4551 4551 I system_server: at java.lang.Class java.lang.Class.classForName(java.lang.String, boolean, java.lang.ClassLoader) (Class.java:-2)
09-13 17:03:49.804 4551 4551 I system_server: at java.lang.Class java.lang.Class.forName(java.lang.String, boolean, java.lang.ClassLoader) (Class.java:453)
09-13 17:03:49.804 4551 4551 I system_server: at java.lang.Runnable com.android.internal.os.RuntimeInit.findStaticMain(java.lang.String, java.lang.String[], java.lang.ClassLoader) (RuntimeInit.java:336)
09-13 17:03:49.804 4551 4551 I system_server: at java.lang.Runnable com.android.internal.os.RuntimeInit.applicationInit(int, java.lang.String[], java.lang.ClassLoader) (RuntimeInit.java:409)
09-13 17:03:49.804 4551 4551 I system_server: at java.lang.Runnable com.android.internal.os.ZygoteInit.zygoteInit(int, java.lang.String[], java.lang.ClassLoader) (ZygoteInit.java:912)
09-13 17:03:49.804 4551 4551 I system_server: at java.lang.Runnable com.android.internal.os.ZygoteInit.handleSystemServerProcess(com.android.internal.os.ZygoteConnection$Arguments) (ZygoteInit.java:506)
09-13 17:03:49.804 4551 4551 I system_server: at java.lang.Runnable com.android.internal.os.ZygoteInit.forkSystemServer(java.lang.String, java.lang.String, com.android.internal.os.ZygoteServer) (ZygoteInit.java:730)
09-13 17:03:49.804 4551 4551 I system_server: at void com.android.internal.os.ZygoteInit.main(java.lang.String[]) (ZygoteInit.java:833)
09-13 17:03:49.804 4551 4551 I system_server:
09-13 17:03:49.806 4414 4414 E ExtCamUtils@3.4: loadFromCfg: Unable to load external camera config file '/vendor/etc/external_camera_config.xml'. Error: XML_ERROR_FILE_NOT_FOUND
09-13 17:03:49.806 4551 4551 I system_server: Rejecting re-init on previously-failed class java.lang.Class: java.lang.NoClassDefFoundError: Failed resolution of: Landroid/view/WindowManagerPolicy$WindowManagerFuncs;
09-13 17:03:49.806 4551 4551 I system_server: at java.lang.Class java.lang.Class.classForName(java.lang.String, boolean, java.lang.ClassLoader) (Class.java:-2)
09-13 17:03:49.806 4551 4551 I system_server: at java.lang.Class java.lang.Class.forName(java.lang.String, boolean, java.lang.ClassLoader) (Class.java:453)
09-13 17:03:49.806 4551 4551 I system_server: at java.lang.Runnable com.android.internal.os.RuntimeInit.findStaticMain(java.lang.String, java.lang.String[], java.lang.ClassLoader) (RuntimeInit.java:336)
09-13 17:03:49.806 4551 4551 I system_server: at java.lang.Runnable com.android.internal.os.RuntimeInit.applicationInit(int, java.lang.String[], java.lang.ClassLoader) (RuntimeInit.java:409)
09-13 17:03:49.806 4551 4551 I system_server: at java.lang.Runnable com.android.internal.os.ZygoteInit.zygoteInit(int, java.lang.String[], java.lang.ClassLoader) (ZygoteInit.java:912)
09-13 17:03:49.806 4551 4551 I system_server: at java.lang.Runnable com.android.internal.os.ZygoteInit.handleSystemServerProcess(com.android.internal.os.ZygoteConnection$Arguments) (ZygoteInit.java:506)
09-13 17:03:49.806 4551 4551 I system_server: at java.lang.Runnable com.android.internal.os.ZygoteInit.forkSystemServer(java.lang.String, java.lang.String, com.android.internal.os.ZygoteServer) (ZygoteInit.java:730)
09-13 17:03:49.806 4551 4551 I system_server: at void com.android.internal.os.ZygoteInit.main(java.lang.String[]) (ZygoteInit.java:833)
09-13 17:03:49.806 4551 4551 I system_server: Caused by: java.lang.ClassNotFoundException: Didn't find class "android.view.WindowManagerPolicy$WindowManagerFuncs" on path: DexPathList[[zip file "/system/framework/services.jar", zip file "/system/framework/ethernet-service.jar", zip file "/system/framework/wifi-service.jar", zip file "/system/framework/com.android.location.provider.jar"],nativeLibraryDirectories=[/system/lib64, /system/vendor/lib64, /system/lib64, /system/vendor/lib64]]
09-13 17:03:49.806 4551 4551 I system_server: at java.lang.Class dalvik.system.BaseDexClassLoader.findClass(java.lang.String) (BaseDexClassLoader.java:169)
09-13 17:03:49.806 4551 4551 I system_server: at java.lang.Class java.lang.ClassLoader.loadClass(java.lang.String, boolean) (ClassLoader.java:379)
09-13 17:03:49.806 4551 4551 I system_server: at java.lang.Class java.lang.ClassLoader.loadClass(java.lang.String) (ClassLoader.java:312)
09-13 17:03:49.806 4551 4551 I system_server: at java.lang.Class java.lang.Class.classForName(java.lang.String, boolean, java.lang.ClassLoader) (Class.java:-2)
